[INFO] fetching crate tokio-scheduler-rs 1.0.0...
[INFO] testing tokio-scheduler-rs-1.0.0 against 1.69.0 for beta-1.70-1
[INFO] extracting crate tokio-scheduler-rs 1.0.0 into /workspace/builds/worker-0-tc1/source
[INFO] validating manifest of crates.io crate tokio-scheduler-rs 1.0.0 on toolchain 1.69.0
[INFO] running `Command { std: CARGO_HOME="/workspace/cargo-home" RUSTUP_HOME="/workspace/rustup-home" "/workspace/cargo-home/bin/cargo" "+1.69.0" "metadata" "--manifest-path" "Cargo.toml" "--no-deps", kill_on_drop: false }`
[INFO] started tweaking crates.io crate tokio-scheduler-rs 1.0.0
[INFO] finished tweaking crates.io crate tokio-scheduler-rs 1.0.0
[INFO] tweaked toml for crates.io crate tokio-scheduler-rs 1.0.0 written to /workspace/builds/worker-0-tc1/source/Cargo.toml
[INFO] crate crates.io crate tokio-scheduler-rs 1.0.0 already has a lockfile, it will not be regenerated
[INFO] running `Command { std: CARGO_HOME="/workspace/cargo-home" RUSTUP_HOME="/workspace/rustup-home" "/workspace/cargo-home/bin/cargo" "+1.69.0" "fetch" "--manifest-path" "Cargo.toml", kill_on_drop: false }`
[INFO] [stderr]  Downloading crates ...
[INFO] [stderr]   Downloaded cron v0.12.0
[INFO] running `Command { std: "docker" "create" "-v" "/var/lib/crater-agent-workspace/builds/worker-0-tc1/target:/opt/rustwide/target:rw,Z" "-v" "/var/lib/crater-agent-workspace/builds/worker-0-tc1/source:/opt/rustwide/workdir:ro,Z" "-v" "/var/lib/crater-agent-workspace/cargo-home:/opt/rustwide/cargo-home:ro,Z" "-v" "/var/lib/crater-agent-workspace/rustup-home:/opt/rustwide/rustup-home:ro,Z" "-e" "SOURCE_DIR=/opt/rustwide/workdir" "-e" "CARGO_TARGET_DIR=/opt/rustwide/target" "-e" "CARGO_HOME=/opt/rustwide/cargo-home" "-e" "RUSTUP_HOME=/opt/rustwide/rustup-home" "-w" "/opt/rustwide/workdir" "-m" "1610612736" "--user" "0:0" "--network" "none" "ghcr.io/rust-lang/crates-build-env/linux@sha256:5ff2268d62e97bff2cde7d5815dd6ed5b47097566f13b8d0ca110b04b60e07ed" "/opt/rustwide/cargo-home/bin/cargo" "+1.69.0" "metadata" "--no-deps" "--format-version=1", kill_on_drop: false }`
[INFO] [stdout] ea6024ec27870e6037baff939459665f6a7f6aa8178573a9baefd6a87bd4662d
[INFO] running `Command { std: "docker" "start" "-a" "ea6024ec27870e6037baff939459665f6a7f6aa8178573a9baefd6a87bd4662d", kill_on_drop: false }`
[INFO] running `Command { std: "docker" "inspect" "ea6024ec27870e6037baff939459665f6a7f6aa8178573a9baefd6a87bd4662d", kill_on_drop: false }`
[INFO] running `Command { std: "docker" "rm" "-f" "ea6024ec27870e6037baff939459665f6a7f6aa8178573a9baefd6a87bd4662d", kill_on_drop: false }`
[INFO] [stdout] ea6024ec27870e6037baff939459665f6a7f6aa8178573a9baefd6a87bd4662d
[INFO] running `Command { std: "docker" "create" "-v" "/var/lib/crater-agent-workspace/builds/worker-0-tc1/target:/opt/rustwide/target:rw,Z" "-v" "/var/lib/crater-agent-workspace/builds/worker-0-tc1/source:/opt/rustwide/workdir:ro,Z" "-v" "/var/lib/crater-agent-workspace/cargo-home:/opt/rustwide/cargo-home:ro,Z" "-v" "/var/lib/crater-agent-workspace/rustup-home:/opt/rustwide/rustup-home:ro,Z" "-e" "SOURCE_DIR=/opt/rustwide/workdir" "-e" "CARGO_TARGET_DIR=/opt/rustwide/target" "-e" "CARGO_INCREMENTAL=0" "-e" "RUST_BACKTRACE=full" "-e" "RUSTFLAGS=--cap-lints=warn" "-e" "RUSTDOCFLAGS=--cap-lints=warn" "-e" "CARGO_HOME=/opt/rustwide/cargo-home" "-e" "RUSTUP_HOME=/opt/rustwide/rustup-home" "-w" "/opt/rustwide/workdir" "-m" "1610612736" "--user" "0:0" "--network" "none" "ghcr.io/rust-lang/crates-build-env/linux@sha256:5ff2268d62e97bff2cde7d5815dd6ed5b47097566f13b8d0ca110b04b60e07ed" "/opt/rustwide/cargo-home/bin/cargo" "+1.69.0" "build" "--frozen" "--message-format=json", kill_on_drop: false }`
[INFO] [stdout] 2180ac75601a7c18f0be7591439b8eb75803fb802eb12c57dd7f60a941aaf471
[INFO] running `Command { std: "docker" "start" "-a" "2180ac75601a7c18f0be7591439b8eb75803fb802eb12c57dd7f60a941aaf471", kill_on_drop: false }`
[INFO] [stderr]    Compiling libc v0.2.141
[INFO] [stderr]    Compiling futures-core v0.3.28
[INFO] [stderr]    Compiling tokio v1.27.0
[INFO] [stderr]    Compiling hashbrown v0.12.3
[INFO] [stderr]    Compiling tokio-macros v2.0.0
[INFO] [stderr]    Compiling futures-channel v0.3.28
[INFO] [stderr]    Compiling futures-util v0.3.28
[INFO] [stderr]    Compiling getrandom v0.2.9
[INFO] [stderr]    Compiling parking_lot_core v0.9.7
[INFO] [stderr]    Compiling time v0.1.45
[INFO] [stderr]    Compiling mio v0.8.6
[INFO] [stderr]    Compiling socket2 v0.4.9
[INFO] [stderr]    Compiling signal-hook-registry v1.4.1
[INFO] [stderr]    Compiling num_cpus v1.15.0
[INFO] [stderr]    Compiling rand_core v0.6.4
[INFO] [stderr]    Compiling parking_lot v0.12.1
[INFO] [stderr]    Compiling dashmap v5.4.0
[INFO] [stderr]    Compiling chrono v0.4.24
[INFO] [stderr]    Compiling rand_chacha v0.3.1
[INFO] [stderr]    Compiling rand v0.8.5
[INFO] [stderr]    Compiling uuid v1.3.1
[INFO] [stderr]    Compiling cron v0.12.0
[INFO] [stderr]    Compiling futures-executor v0.3.28
[INFO] [stderr]    Compiling futures v0.3.28
[INFO] [stderr]    Compiling tokio-scheduler-rs v1.0.0 (/opt/rustwide/workdir)
[INFO] [stderr]     Finished dev [unoptimized + debuginfo] target(s) in 6.18s
[INFO] running `Command { std: "docker" "inspect" "2180ac75601a7c18f0be7591439b8eb75803fb802eb12c57dd7f60a941aaf471", kill_on_drop: false }`
[INFO] running `Command { std: "docker" "rm" "-f" "2180ac75601a7c18f0be7591439b8eb75803fb802eb12c57dd7f60a941aaf471", kill_on_drop: false }`
[INFO] [stdout] 2180ac75601a7c18f0be7591439b8eb75803fb802eb12c57dd7f60a941aaf471
[INFO] running `Command { std: "docker" "create" "-v" "/var/lib/crater-agent-workspace/builds/worker-0-tc1/target:/opt/rustwide/target:rw,Z" "-v" "/var/lib/crater-agent-workspace/builds/worker-0-tc1/source:/opt/rustwide/workdir:ro,Z" "-v" "/var/lib/crater-agent-workspace/cargo-home:/opt/rustwide/cargo-home:ro,Z" "-v" "/var/lib/crater-agent-workspace/rustup-home:/opt/rustwide/rustup-home:ro,Z" "-e" "SOURCE_DIR=/opt/rustwide/workdir" "-e" "CARGO_TARGET_DIR=/opt/rustwide/target" "-e" "CARGO_INCREMENTAL=0" "-e" "RUST_BACKTRACE=full" "-e" "RUSTFLAGS=--cap-lints=warn" "-e" "RUSTDOCFLAGS=--cap-lints=warn" "-e" "CARGO_HOME=/opt/rustwide/cargo-home" "-e" "RUSTUP_HOME=/opt/rustwide/rustup-home" "-w" "/opt/rustwide/workdir" "-m" "1610612736" "--user" "0:0" "--network" "none" "ghcr.io/rust-lang/crates-build-env/linux@sha256:5ff2268d62e97bff2cde7d5815dd6ed5b47097566f13b8d0ca110b04b60e07ed" "/opt/rustwide/cargo-home/bin/cargo" "+1.69.0" "test" "--frozen" "--no-run" "--message-format=json", kill_on_drop: false }`
[INFO] [stdout] 98da975764745e3670832f81db44bb4aa29a9e08773fc9104f8307538ca527b8
[INFO] running `Command { std: "docker" "start" "-a" "98da975764745e3670832f81db44bb4aa29a9e08773fc9104f8307538ca527b8", kill_on_drop: false }`
[INFO] [stderr]    Compiling siphasher v0.3.10
[INFO] [stderr]    Compiling rand_core v0.6.4
[INFO] [stderr]    Compiling regex-syntax v0.6.29
[INFO] [stderr]    Compiling rand v0.8.5
[INFO] [stderr]    Compiling phf_shared v0.11.1
[INFO] [stderr]    Compiling phf v0.11.1
[INFO] [stderr]    Compiling phf_generator v0.11.1
[INFO] [stderr]    Compiling phf_codegen v0.11.1
[INFO] [stderr]    Compiling regex v1.7.3
[INFO] [stderr]    Compiling parse-zoneinfo v0.3.0
[INFO] [stderr]    Compiling chrono-tz-build v0.1.0
[INFO] [stderr]    Compiling chrono-tz v0.8.2
[INFO] [stderr]    Compiling tokio-scheduler-rs v1.0.0 (/opt/rustwide/workdir)
[INFO] [stderr]     Finished test [unoptimized + debuginfo] target(s) in 7.69s
[INFO] running `Command { std: "docker" "inspect" "98da975764745e3670832f81db44bb4aa29a9e08773fc9104f8307538ca527b8", kill_on_drop: false }`
[INFO] running `Command { std: "docker" "rm" "-f" "98da975764745e3670832f81db44bb4aa29a9e08773fc9104f8307538ca527b8", kill_on_drop: false }`
[INFO] [stdout] 98da975764745e3670832f81db44bb4aa29a9e08773fc9104f8307538ca527b8
[INFO] running `Command { std: "docker" "create" "-v" "/var/lib/crater-agent-workspace/builds/worker-0-tc1/target:/opt/rustwide/target:rw,Z" "-v" "/var/lib/crater-agent-workspace/builds/worker-0-tc1/source:/opt/rustwide/workdir:ro,Z" "-v" "/var/lib/crater-agent-workspace/cargo-home:/opt/rustwide/cargo-home:ro,Z" "-v" "/var/lib/crater-agent-workspace/rustup-home:/opt/rustwide/rustup-home:ro,Z" "-e" "SOURCE_DIR=/opt/rustwide/workdir" "-e" "CARGO_TARGET_DIR=/opt/rustwide/target" "-e" "CARGO_INCREMENTAL=0" "-e" "RUST_BACKTRACE=full" "-e" "RUSTFLAGS=--cap-lints=warn" "-e" "RUSTDOCFLAGS=--cap-lints=warn" "-e" "CARGO_HOME=/opt/rustwide/cargo-home" "-e" "RUSTUP_HOME=/opt/rustwide/rustup-home" "-w" "/opt/rustwide/workdir" "-m" "1610612736" "--user" "0:0" "--network" "none" "ghcr.io/rust-lang/crates-build-env/linux@sha256:5ff2268d62e97bff2cde7d5815dd6ed5b47097566f13b8d0ca110b04b60e07ed" "/opt/rustwide/cargo-home/bin/cargo" "+1.69.0" "test" "--frozen", kill_on_drop: false }`
[INFO] [stdout] 31a327a58757f064a6856984cdd61400432505a3a84012b14b61603a68c6a68b
[INFO] running `Command { std: "docker" "start" "-a" "31a327a58757f064a6856984cdd61400432505a3a84012b14b61603a68c6a68b", kill_on_drop: false }`
[INFO] [stderr]     Finished test [unoptimized + debuginfo] target(s) in 0.07s
[INFO] [stderr]      Running unittests src/lib.rs (/opt/rustwide/target/debug/deps/tokio_scheduler_rs-712cce63b122577b)
[INFO] [stdout] 
[INFO] [stdout] running 0 tests
[INFO] [stdout] 
[INFO] [stdout] test result: ok. 0 passed; 0 failed; 0 ignored; 0 measured; 0 filtered out; finished in 0.00s
[INFO] [stdout] 
[INFO] [stderr]    Doc-tests tokio-scheduler-rs
[INFO] [stdout] 
[INFO] [stdout] running 8 tests
[INFO] [stdout] test src/job_scheduler.rs - job_scheduler::JobScheduler<'a,Tz>::default_with_timezone (line 53) ... FAILED
[INFO] [stdout] test src/job.rs - job::ScheduleJob (line 9) ... FAILED
[INFO] [stdout] test src/job_scheduler.rs - job_scheduler::JobScheduler<'a,Tz>::default_with_timezone (line 63) ... FAILED
[INFO] [stdout] test src/job_scheduler.rs - job_scheduler::JobScheduler<'a,Tz>::new (line 35) ... FAILED
[INFO] [stdout] test src/job_scheduler.rs - job_scheduler::JobScheduler<'a,Tz>::register_job (line 78) ... FAILED
[INFO] [stdout] test src/job_scheduler.rs - job_scheduler::JobScheduler<'a,Tz>::add_job (line 92) ... FAILED
[INFO] [stdout] test src/job_scheduler.rs - job_scheduler::JobScheduler (line 14) ... FAILED
[INFO] [stdout] test src/lib.rs - (line 6) ... FAILED
[INFO] [stdout] 
[INFO] [stdout] failures:
[INFO] [stdout] 
[INFO] [stdout] ---- src/job_scheduler.rs - job_scheduler::JobScheduler<'a,Tz>::default_with_timezone (line 53) stdout ----
[INFO] [stdout] error[E0061]: this function takes 3 arguments but 1 argument was supplied
[INFO] [stdout]   --> src/job_scheduler.rs:59:47
[INFO] [stdout]    |
[INFO] [stdout] 9  | let scheduler = JobScheduler::new(job_storage,DefaultJobExecutor::new(job_storage));
[INFO] [stdout]    |                                               ^^^^^^^^^^^^^^^^^^^^^^^------------- two arguments of type `Option<u64>` and `Option<Box<(dyn JobHook + 'static)>>` are missing
[INFO] [stdout]    |
[INFO] [stdout] note: associated function defined here
[INFO] [stdout]   --> /opt/rustwide/workdir/src/job_executor.rs:39:12
[INFO] [stdout]    |
[INFO] [stdout] 39 |     pub fn new(
[INFO] [stdout]    |            ^^^
[INFO] [stdout] help: provide the arguments
[INFO] [stdout]    |
[INFO] [stdout] 9  | let scheduler = JobScheduler::new(job_storage,DefaultJobExecutor::new(job_storage, /* Option<u64> */, /* Option<Box<(dyn JobHook + 'static)>> */));
[INFO] [stdout]    |                                                                      ~~~~~~~~~~~~~~~~~~~~~~~~~~~~~~~~~~~~~~~~~~~~~~~~~~~~~~~~~~~~~~~~~~~~~~~~~~~~
[INFO] [stdout] 
[INFO] [stdout] error: aborting due to previous error
[INFO] [stdout] 
[INFO] [stdout] For more information about this error, try `rustc --explain E0061`.
[INFO] [stdout] Couldn't compile the test.
[INFO] [stdout] ---- src/job.rs - job::ScheduleJob (line 9) stdout ----
[INFO] [stdout] error[E0050]: method `execute` has 3 parameters but the declaration in trait `execute` has 2
[INFO] [stdout]   --> src/job.rs:20:20
[INFO] [stdout]    |
[INFO] [stdout] 14 |         fn execute(&self,id:String,_:Option<serde_json::Value>) -> Pin<Box<dyn Future<Output=()>>> {
[INFO] [stdout]    |                    ^^^^^^^^^^^^^^^^^^^^^^^^^^^^^^^^^^^^^^^^^^^ expected 2 parameters, found 3
[INFO] [stdout]    |
[INFO] [stdout]    = note: `execute` from trait: `fn(&Self, JobContext) -> Pin<Box<(dyn Future<Output = Result<Value, Value>> + Send + 'static)>>`
[INFO] [stdout] 
[INFO] [stdout] error: aborting due to previous error
[INFO] [stdout] 
[INFO] [stdout] For more information about this error, try `rustc --explain E0050`.
[INFO] [stdout] Couldn't compile the test.
[INFO] [stdout] ---- src/job_scheduler.rs - job_scheduler::JobScheduler<'a,Tz>::default_with_timezone (line 63) stdout ----
[INFO] [stdout] error[E0423]: expected value, found module `chrono_tz::US`
[INFO] [stdout]  --> src/job_scheduler.rs:65:53
[INFO] [stdout]   |
[INFO] [stdout] 5 | let scheduler = JobScheduler::default_with_timezone(chrono_tz::US);
[INFO] [stdout]   |                                                     ^^^^^^^^^^^^^ not a value
[INFO] [stdout] 
[INFO] [stdout] error: aborting due to previous error
[INFO] [stdout] 
[INFO] [stdout] For more information about this error, try `rustc --explain E0423`.
[INFO] [stdout] Couldn't compile the test.
[INFO] [stdout] ---- src/job_scheduler.rs - job_scheduler::JobScheduler<'a,Tz>::new (line 35) stdout ----
[INFO] [stdout] error[E0423]: expected value, found module `chrono_tz::US`
[INFO] [stdout]  --> src/job_scheduler.rs:40:50
[INFO] [stdout]   |
[INFO] [stdout] 8 | let job_storage = Arc::new(MemoryJobStorage::new(chrono_tz::US));
[INFO] [stdout]   |                                                  ^^^^^^^^^^^^^ not a value
[INFO] [stdout] 
[INFO] [stdout] error[E0061]: this function takes 3 arguments but 1 argument was supplied
[INFO] [stdout]   --> src/job_scheduler.rs:41:47
[INFO] [stdout]    |
[INFO] [stdout] 9  | let scheduler = JobScheduler::new(job_storage,DefaultJobExecutor::new(job_storage));
[INFO] [stdout]    |                                               ^^^^^^^^^^^^^^^^^^^^^^^------------- two arguments of type `Option<u64>` and `Option<Box<(dyn JobHook + 'static)>>` are missing
[INFO] [stdout]    |
[INFO] [stdout] note: associated function defined here
[INFO] [stdout]   --> /opt/rustwide/workdir/src/job_executor.rs:39:12
[INFO] [stdout]    |
[INFO] [stdout] 39 |     pub fn new(
[INFO] [stdout]    |            ^^^
[INFO] [stdout] help: provide the arguments
[INFO] [stdout]    |
[INFO] [stdout] 9  | let scheduler = JobScheduler::new(job_storage,DefaultJobExecutor::new(job_storage, /* Option<u64> */, /* Option<Box<(dyn JobHook + 'static)>> */));
[INFO] [stdout]    |                                                                      ~~~~~~~~~~~~~~~~~~~~~~~~~~~~~~~~~~~~~~~~~~~~~~~~~~~~~~~~~~~~~~~~~~~~~~~~~~~~
[INFO] [stdout] 
[INFO] [stdout] error: aborting due to 2 previous errors
[INFO] [stdout] 
[INFO] [stdout] Some errors have detailed explanations: E0061, E0423.
[INFO] [stdout] For more information about an error, try `rustc --explain E0061`.
[INFO] [stdout] Couldn't compile the test.
[INFO] [stdout] ---- src/job_scheduler.rs - job_scheduler::JobScheduler<'a,Tz>::register_job (line 78) stdout ----
[INFO] [stdout] error[E0425]: cannot find value `HelloWorldJob` in this scope
[INFO] [stdout]  --> src/job_scheduler.rs:82:33
[INFO] [stdout]   |
[INFO] [stdout] 7 | scheduler.register_job(Box::new(HelloWorldJob)).unwrap();
[INFO] [stdout]   |                                 ^^^^^^^^^^^^^ not found in this scope
[INFO] [stdout] 
[INFO] [stdout] error[E0599]: no method named `unwrap` found for opaque type `impl Future<Output = Result<(), SchedulerError>>` in the current scope
[INFO] [stdout]  --> src/job_scheduler.rs:82:49
[INFO] [stdout]   |
[INFO] [stdout] 7 | scheduler.register_job(Box::new(HelloWorldJob)).unwrap();
[INFO] [stdout]   |                                                 ^^^^^^ method not found in `impl Future<Output = Result<(), SchedulerError>>`
[INFO] [stdout]   |
[INFO] [stdout] help: consider `await`ing on the `Future` and calling the method on its `Output`
[INFO] [stdout]   |
[INFO] [stdout] 7 | scheduler.register_job(Box::new(HelloWorldJob)).await.unwrap();
[INFO] [stdout]   |                                                 ++++++
[INFO] [stdout] 
[INFO] [stdout] error: aborting due to 2 previous errors
[INFO] [stdout] 
[INFO] [stdout] Some errors have detailed explanations: E0425, E0599.
[INFO] [stdout] For more information about an error, try `rustc --explain E0425`.
[INFO] [stdout] Couldn't compile the test.
[INFO] [stdout] ---- src/job_scheduler.rs - job_scheduler::JobScheduler<'a,Tz>::add_job (line 92) stdout ----
[INFO] [stdout] error[E0425]: cannot find value `HelloWorldJob` in this scope
[INFO] [stdout]  --> src/job_scheduler.rs:95:34
[INFO] [stdout]   |
[INFO] [stdout] 6 |  scheduler.register_job(Box::new(HelloWorldJob)).unwrap();
[INFO] [stdout]   |                                  ^^^^^^^^^^^^^ not found in this scope
[INFO] [stdout] 
[INFO] [stdout] error[E0728]: `await` is only allowed inside `async` functions and blocks
[INFO] [stdout]  --> src/job_scheduler.rs:96:86
[INFO] [stdout]   |
[INFO] [stdout] 3 | fn main() { #[allow(non_snake_case)] fn _doctest_main_src_job_scheduler_rs_92_0() {
[INFO] [stdout]   |                                         --------------------------------------- this is not `async`
[INFO] [stdout] ...
[INFO] [stdout] 7 |  let job_id = scheduler.add_job("HelloWorldJob".into(),"*/5 * * * * * *".into(),None).await.unwrap();
[INFO] [stdout]   |                                                                                      ^^^^^^ only allowed inside `async` functions and blocks
[INFO] [stdout] 
[INFO] [stdout] error[E0599]: no method named `unwrap` found for opaque type `impl Future<Output = Result<(), SchedulerError>>` in the current scope
[INFO] [stdout]  --> src/job_scheduler.rs:95:50
[INFO] [stdout]   |
[INFO] [stdout] 6 |  scheduler.register_job(Box::new(HelloWorldJob)).unwrap();
[INFO] [stdout]   |                                                  ^^^^^^ method not found in `impl Future<Output = Result<(), SchedulerError>>`
[INFO] [stdout]   |
[INFO] [stdout] help: consider `await`ing on the `Future` and calling the method on its `Output`
[INFO] [stdout]   |
[INFO] [stdout] 6 |  scheduler.register_job(Box::new(HelloWorldJob)).await.unwrap();
[INFO] [stdout]   |                                                  ++++++
[INFO] [stdout] 
[INFO] [stdout] error[E0308]: mismatched types
[INFO] [stdout]    --> src/job_scheduler.rs:96:81
[INFO] [stdout]     |
[INFO] [stdout] 7   |  let job_id = scheduler.add_job("HelloWorldJob".into(),"*/5 * * * * * *".into(),None).await.unwrap();
[INFO] [stdout]     |                         -------                                                 ^^^^
[INFO] [stdout]     |                         |                                                       |
[INFO] [stdout]     |                         |                                                       expected `&Option<Value>`, found `Option<_>`
[INFO] [stdout]     |                         arguments to this method are incorrect                  help: consider borrowing here: `&None`
[INFO] [stdout]     |
[INFO] [stdout]     = note: expected reference `&Option<Value>`
[INFO] [stdout]                     found enum `Option<_>`
[INFO] [stdout] note: method defined here
[INFO] [stdout]    --> /opt/rustwide/workdir/src/job_scheduler.rs:101:18
[INFO] [stdout]     |
[INFO] [stdout] 101 |     pub async fn add_job(&self,job_name:&str,job_cron:&str,args:&Option<serde_json::Value>)->Result<String,SchedulerError>{
[INFO] [stdout]     |                  ^^^^^^^
[INFO] [stdout] 
[INFO] [stdout] error: aborting due to 4 previous errors
[INFO] [stdout] 
[INFO] [stdout] Some errors have detailed explanations: E0308, E0425, E0599, E0728.
[INFO] [stdout] For more information about an error, try `rustc --explain E0308`.
[INFO] [stdout] Couldn't compile the test.
[INFO] [stdout] ---- src/job_scheduler.rs - job_scheduler::JobScheduler (line 14) stdout ----
[INFO] [stdout] error[E0425]: cannot find value `HelloWorldJob` in this scope
[INFO] [stdout]  --> src/job_scheduler.rs:17:33
[INFO] [stdout]   |
[INFO] [stdout] 6 | scheduler.register_job(Box::new(HelloWorldJob)).unwrap();
[INFO] [stdout]   |                                 ^^^^^^^^^^^^^ not found in this scope
[INFO] [stdout] 
[INFO] [stdout] error[E0728]: `await` is only allowed inside `async` functions and blocks
[INFO] [stdout]  --> src/job_scheduler.rs:18:72
[INFO] [stdout]   |
[INFO] [stdout] 3 | fn main() { #[allow(non_snake_case)] fn _doctest_main_src_job_scheduler_rs_14_0() {
[INFO] [stdout]   |                                         --------------------------------------- this is not `async`
[INFO] [stdout] ...
[INFO] [stdout] 7 | scheduler.add_job("HelloWorldJob".into(),"*/5 * * * * * *".into(),None).await.unwrap();
[INFO] [stdout]   |                                                                        ^^^^^^ only allowed inside `async` functions and blocks
[INFO] [stdout] 
[INFO] [stdout] error[E0728]: `await` is only allowed inside `async` functions and blocks
[INFO] [stdout]  --> src/job_scheduler.rs:19:25
[INFO] [stdout]   |
[INFO] [stdout] 3 | fn main() { #[allow(non_snake_case)] fn _doctest_main_src_job_scheduler_rs_14_0() {
[INFO] [stdout]   |                                         --------------------------------------- this is not `async`
[INFO] [stdout] ...
[INFO] [stdout] 8 | scheduler.restore_jobs().await.unwrap(); // This step is used to restore job execute status.
[INFO] [stdout]   |                         ^^^^^^ only allowed inside `async` functions and blocks
[INFO] [stdout] 
[INFO] [stdout] error[E0728]: `await` is only allowed inside `async` functions and blocks
[INFO] [stdout]   --> src/job_scheduler.rs:21:18
[INFO] [stdout]    |
[INFO] [stdout] 3  | fn main() { #[allow(non_snake_case)] fn _doctest_main_src_job_scheduler_rs_14_0() {
[INFO] [stdout]    |                                         --------------------------------------- this is not `async`
[INFO] [stdout] ...
[INFO] [stdout] 10 | scheduler.start().await.unwrap(); // `start()` returns a tokio::JoinHandle<()>, you can continue this program if you don't await it.
[INFO] [stdout]    |                  ^^^^^^ only allowed inside `async` functions and blocks
[INFO] [stdout] 
[INFO] [stdout] error[E0599]: no method named `unwrap` found for opaque type `impl Future<Output = Result<(), SchedulerError>>` in the current scope
[INFO] [stdout]  --> src/job_scheduler.rs:17:49
[INFO] [stdout]   |
[INFO] [stdout] 6 | scheduler.register_job(Box::new(HelloWorldJob)).unwrap();
[INFO] [stdout]   |                                                 ^^^^^^ method not found in `impl Future<Output = Result<(), SchedulerError>>`
[INFO] [stdout]   |
[INFO] [stdout] help: consider `await`ing on the `Future` and calling the method on its `Output`
[INFO] [stdout]   |
[INFO] [stdout] 6 | scheduler.register_job(Box::new(HelloWorldJob)).await.unwrap();
[INFO] [stdout]   |                                                 ++++++
[INFO] [stdout] 
[INFO] [stdout] error[E0308]: mismatched types
[INFO] [stdout]    --> src/job_scheduler.rs:18:67
[INFO] [stdout]     |
[INFO] [stdout] 7   | scheduler.add_job("HelloWorldJob".into(),"*/5 * * * * * *".into(),None).await.unwrap();
[INFO] [stdout]     |           -------                                                 ^^^^
[INFO] [stdout]     |           |                                                       |
[INFO] [stdout]     |           |                                                       expected `&Option<Value>`, found `Option<_>`
[INFO] [stdout]     |           arguments to this method are incorrect                  help: consider borrowing here: `&None`
[INFO] [stdout]     |
[INFO] [stdout]     = note: expected reference `&Option<Value>`
[INFO] [stdout]                     found enum `Option<_>`
[INFO] [stdout] note: method defined here
[INFO] [stdout]    --> /opt/rustwide/workdir/src/job_scheduler.rs:101:18
[INFO] [stdout]     |
[INFO] [stdout] 101 |     pub async fn add_job(&self,job_name:&str,job_cron:&str,args:&Option<serde_json::Value>)->Result<String,SchedulerError>{
[INFO] [stdout]     |                  ^^^^^^^
[INFO] [stdout] 
[INFO] [stdout] error: aborting due to 6 previous errors
[INFO] [stdout] 
[INFO] [stdout] Some errors have detailed explanations: E0308, E0425, E0599, E0728.
[INFO] [stdout] For more information about an error, try `rustc --explain E0308`.
[INFO] [stdout] Couldn't compile the test.
[INFO] [stdout] ---- src/lib.rs - (line 6) stdout ----
[INFO] [stdout] error[E0425]: cannot find value `HelloWorldJob` in this scope
[INFO] [stdout]  --> src/lib.rs:9:33
[INFO] [stdout]   |
[INFO] [stdout] 6 | scheduler.register_job(Box::new(HelloWorldJob)).unwrap();
[INFO] [stdout]   |                                 ^^^^^^^^^^^^^ not found in this scope
[INFO] [stdout] 
[INFO] [stdout] error[E0728]: `await` is only allowed inside `async` functions and blocks
[INFO] [stdout]  --> src/lib.rs:10:72
[INFO] [stdout]   |
[INFO] [stdout] 3 | fn main() { #[allow(non_snake_case)] fn _doctest_main_src_lib_rs_6_0() {
[INFO] [stdout]   |                                         ---------------------------- this is not `async`
[INFO] [stdout] ...
[INFO] [stdout] 7 | scheduler.add_job("HelloWorldJob".into(),"*/5 * * * * * *".into(),None).await.unwrap();
[INFO] [stdout]   |                                                                        ^^^^^^ only allowed inside `async` functions and blocks
[INFO] [stdout] 
[INFO] [stdout] error[E0728]: `await` is only allowed inside `async` functions and blocks
[INFO] [stdout]  --> src/lib.rs:11:25
[INFO] [stdout]   |
[INFO] [stdout] 3 | fn main() { #[allow(non_snake_case)] fn _doctest_main_src_lib_rs_6_0() {
[INFO] [stdout]   |                                         ---------------------------- this is not `async`
[INFO] [stdout] ...
[INFO] [stdout] 8 | scheduler.restore_jobs().await.unwrap(); // This step is used to restore job execute status.
[INFO] [stdout]   |                         ^^^^^^ only allowed inside `async` functions and blocks
[INFO] [stdout] 
[INFO] [stdout] error[E0728]: `await` is only allowed inside `async` functions and blocks
[INFO] [stdout]   --> src/lib.rs:13:18
[INFO] [stdout]    |
[INFO] [stdout] 3  | fn main() { #[allow(non_snake_case)] fn _doctest_main_src_lib_rs_6_0() {
[INFO] [stdout]    |                                         ---------------------------- this is not `async`
[INFO] [stdout] ...
[INFO] [stdout] 10 | scheduler.start().await.unwrap(); // `start()` returns a tokio::JoinHandle<()>, you can continue this program if you don't await it.
[INFO] [stdout]    |                  ^^^^^^ only allowed inside `async` functions and blocks
[INFO] [stdout] 
[INFO] [stdout] error[E0599]: no method named `unwrap` found for opaque type `impl Future<Output = Result<(), SchedulerError>>` in the current scope
[INFO] [stdout]  --> src/lib.rs:9:49
[INFO] [stdout]   |
[INFO] [stdout] 6 | scheduler.register_job(Box::new(HelloWorldJob)).unwrap();
[INFO] [stdout]   |                                                 ^^^^^^ method not found in `impl Future<Output = Result<(), SchedulerError>>`
[INFO] [stdout]   |
[INFO] [stdout] help: consider `await`ing on the `Future` and calling the method on its `Output`
[INFO] [stdout]   |
[INFO] [stdout] 6 | scheduler.register_job(Box::new(HelloWorldJob)).await.unwrap();
[INFO] [stdout]   |                                                 ++++++
[INFO] [stdout] 
[INFO] [stdout] error[E0308]: mismatched types
[INFO] [stdout]    --> src/lib.rs:10:67
[INFO] [stdout]     |
[INFO] [stdout] 7   | scheduler.add_job("HelloWorldJob".into(),"*/5 * * * * * *".into(),None).await.unwrap();
[INFO] [stdout]     |           -------                                                 ^^^^
[INFO] [stdout]     |           |                                                       |
[INFO] [stdout]     |           |                                                       expected `&Option<Value>`, found `Option<_>`
[INFO] [stdout]     |           arguments to this method are incorrect                  help: consider borrowing here: `&None`
[INFO] [stdout]     |
[INFO] [stdout]     = note: expected reference `&Option<Value>`
[INFO] [stdout]                     found enum `Option<_>`
[INFO] [stdout] note: method defined here
[INFO] [stdout]    --> /opt/rustwide/workdir/src/job_scheduler.rs:101:18
[INFO] [stdout]     |
[INFO] [stdout] 101 |     pub async fn add_job(&self,job_name:&str,job_cron:&str,args:&Option<serde_json::Value>)->Result<String,SchedulerError>{
[INFO] [stdout]     |                  ^^^^^^^
[INFO] [stdout] 
[INFO] [stdout] error: aborting due to 6 previous errors
[INFO] [stdout] 
[INFO] [stdout] Some errors have detailed explanations: E0308, E0425, E0599, E0728.
[INFO] [stdout] For more information about an error, try `rustc --explain E0308`.
[INFO] [stdout] Couldn't compile the test.
[INFO] [stdout] 
[INFO] [stdout] failures:
[INFO] [stdout]     src/job.rs - job::ScheduleJob (line 9)
[INFO] [stdout]     src/job_scheduler.rs - job_scheduler::JobScheduler (line 14)
[INFO] [stdout]     src/job_scheduler.rs - job_scheduler::JobScheduler<'a,Tz>::add_job (line 92)
[INFO] [stdout]     src/job_scheduler.rs - job_scheduler::JobScheduler<'a,Tz>::default_with_timezone (line 53)
[INFO] [stdout]     src/job_scheduler.rs - job_scheduler::JobScheduler<'a,Tz>::default_with_timezone (line 63)
[INFO] [stdout]     src/job_scheduler.rs - job_scheduler::JobScheduler<'a,Tz>::new (line 35)
[INFO] [stdout]     src/job_scheduler.rs - job_scheduler::JobScheduler<'a,Tz>::register_job (line 78)
[INFO] [stdout]     src/lib.rs - (line 6)
[INFO] [stdout] 
[INFO] [stdout] test result: FAILED. 0 passed; 8 failed; 0 ignored; 0 measured; 0 filtered out; finished in 0.09s
[INFO] [stdout] 
[INFO] [stderr] error: doctest failed, to rerun pass `--doc`
[INFO] running `Command { std: "docker" "inspect" "31a327a58757f064a6856984cdd61400432505a3a84012b14b61603a68c6a68b", kill_on_drop: false }`
[INFO] running `Command { std: "docker" "rm" "-f" "31a327a58757f064a6856984cdd61400432505a3a84012b14b61603a68c6a68b", kill_on_drop: false }`
[INFO] [stdout] 31a327a58757f064a6856984cdd61400432505a3a84012b14b61603a68c6a68b
