[INFO] fetching crate tokio-pipe 0.2.12...
[INFO] testing tokio-pipe-0.2.12 against 1.69.0 for beta-1.70-1
[INFO] extracting crate tokio-pipe 0.2.12 into /workspace/builds/worker-3-tc1/source
[INFO] validating manifest of crates.io crate tokio-pipe 0.2.12 on toolchain 1.69.0
[INFO] running `Command { std: CARGO_HOME="/workspace/cargo-home" RUSTUP_HOME="/workspace/rustup-home" "/workspace/cargo-home/bin/cargo" "+1.69.0" "metadata" "--manifest-path" "Cargo.toml" "--no-deps", kill_on_drop: false }`
[INFO] started tweaking crates.io crate tokio-pipe 0.2.12
[INFO] finished tweaking crates.io crate tokio-pipe 0.2.12
[INFO] tweaked toml for crates.io crate tokio-pipe 0.2.12 written to /workspace/builds/worker-3-tc1/source/Cargo.toml
[INFO] running `Command { std: CARGO_HOME="/workspace/cargo-home" RUSTUP_HOME="/workspace/rustup-home" __CARGO_TEST_CHANNEL_OVERRIDE_DO_NOT_USE_THIS="nightly" "/workspace/cargo-home/bin/cargo" "+1.69.0" "generate-lockfile" "--manifest-path" "Cargo.toml" "-Zno-index-update", kill_on_drop: false }`
[INFO] running `Command { std: CARGO_HOME="/workspace/cargo-home" RUSTUP_HOME="/workspace/rustup-home" "/workspace/cargo-home/bin/cargo" "+1.69.0" "fetch" "--manifest-path" "Cargo.toml", kill_on_drop: false }`
[INFO] running `Command { std: "docker" "create" "-v" "/var/lib/crater-agent-workspace/builds/worker-3-tc1/target:/opt/rustwide/target:rw,Z" "-v" "/var/lib/crater-agent-workspace/builds/worker-3-tc1/source:/opt/rustwide/workdir:ro,Z" "-v" "/var/lib/crater-agent-workspace/cargo-home:/opt/rustwide/cargo-home:ro,Z" "-v" "/var/lib/crater-agent-workspace/rustup-home:/opt/rustwide/rustup-home:ro,Z" "-e" "SOURCE_DIR=/opt/rustwide/workdir" "-e" "CARGO_TARGET_DIR=/opt/rustwide/target" "-e" "CARGO_HOME=/opt/rustwide/cargo-home" "-e" "RUSTUP_HOME=/opt/rustwide/rustup-home" "-w" "/opt/rustwide/workdir" "-m" "1610612736" "--user" "0:0" "--network" "none" "ghcr.io/rust-lang/crates-build-env/linux@sha256:5ff2268d62e97bff2cde7d5815dd6ed5b47097566f13b8d0ca110b04b60e07ed" "/opt/rustwide/cargo-home/bin/cargo" "+1.69.0" "metadata" "--no-deps" "--format-version=1", kill_on_drop: false }`
[INFO] [stdout] ca311b61183693f5e97644982595dc60100438d3eef8b1e6473bc6c96d29a743
[INFO] running `Command { std: "docker" "start" "-a" "ca311b61183693f5e97644982595dc60100438d3eef8b1e6473bc6c96d29a743", kill_on_drop: false }`
[INFO] running `Command { std: "docker" "inspect" "ca311b61183693f5e97644982595dc60100438d3eef8b1e6473bc6c96d29a743", kill_on_drop: false }`
[INFO] running `Command { std: "docker" "rm" "-f" "ca311b61183693f5e97644982595dc60100438d3eef8b1e6473bc6c96d29a743", kill_on_drop: false }`
[INFO] [stdout] ca311b61183693f5e97644982595dc60100438d3eef8b1e6473bc6c96d29a743
[INFO] running `Command { std: "docker" "create" "-v" "/var/lib/crater-agent-workspace/builds/worker-3-tc1/target:/opt/rustwide/target:rw,Z" "-v" "/var/lib/crater-agent-workspace/builds/worker-3-tc1/source:/opt/rustwide/workdir:ro,Z" "-v" "/var/lib/crater-agent-workspace/cargo-home:/opt/rustwide/cargo-home:ro,Z" "-v" "/var/lib/crater-agent-workspace/rustup-home:/opt/rustwide/rustup-home:ro,Z" "-e" "SOURCE_DIR=/opt/rustwide/workdir" "-e" "CARGO_TARGET_DIR=/opt/rustwide/target" "-e" "CARGO_INCREMENTAL=0" "-e" "RUST_BACKTRACE=full" "-e" "RUSTFLAGS=--cap-lints=warn" "-e" "RUSTDOCFLAGS=--cap-lints=warn" "-e" "CARGO_HOME=/opt/rustwide/cargo-home" "-e" "RUSTUP_HOME=/opt/rustwide/rustup-home" "-w" "/opt/rustwide/workdir" "-m" "1610612736" "--user" "0:0" "--network" "none" "ghcr.io/rust-lang/crates-build-env/linux@sha256:5ff2268d62e97bff2cde7d5815dd6ed5b47097566f13b8d0ca110b04b60e07ed" "/opt/rustwide/cargo-home/bin/cargo" "+1.69.0" "build" "--frozen" "--message-format=json", kill_on_drop: false }`
[INFO] [stdout] ef7018726f2f721d9b56b3cc0536b28aa42e6b36ff20130cdb88defc0b01959f
[INFO] running `Command { std: "docker" "start" "-a" "ef7018726f2f721d9b56b3cc0536b28aa42e6b36ff20130cdb88defc0b01959f", kill_on_drop: false }`
[INFO] [stderr]    Compiling tokio v1.28.0
[INFO] [stderr]    Compiling socket2 v0.4.9
[INFO] [stderr]    Compiling signal-hook-registry v1.4.1
[INFO] [stderr]    Compiling mio v0.8.6
[INFO] [stderr]    Compiling tokio-pipe v0.2.12 (/opt/rustwide/workdir)
[INFO] [stderr]     Finished dev [unoptimized + debuginfo] target(s) in 4.11s
[INFO] running `Command { std: "docker" "inspect" "ef7018726f2f721d9b56b3cc0536b28aa42e6b36ff20130cdb88defc0b01959f", kill_on_drop: false }`
[INFO] running `Command { std: "docker" "rm" "-f" "ef7018726f2f721d9b56b3cc0536b28aa42e6b36ff20130cdb88defc0b01959f", kill_on_drop: false }`
[INFO] [stdout] ef7018726f2f721d9b56b3cc0536b28aa42e6b36ff20130cdb88defc0b01959f
[INFO] running `Command { std: "docker" "create" "-v" "/var/lib/crater-agent-workspace/builds/worker-3-tc1/target:/opt/rustwide/target:rw,Z" "-v" "/var/lib/crater-agent-workspace/builds/worker-3-tc1/source:/opt/rustwide/workdir:ro,Z" "-v" "/var/lib/crater-agent-workspace/cargo-home:/opt/rustwide/cargo-home:ro,Z" "-v" "/var/lib/crater-agent-workspace/rustup-home:/opt/rustwide/rustup-home:ro,Z" "-e" "SOURCE_DIR=/opt/rustwide/workdir" "-e" "CARGO_TARGET_DIR=/opt/rustwide/target" "-e" "CARGO_INCREMENTAL=0" "-e" "RUST_BACKTRACE=full" "-e" "RUSTFLAGS=--cap-lints=warn" "-e" "RUSTDOCFLAGS=--cap-lints=warn" "-e" "CARGO_HOME=/opt/rustwide/cargo-home" "-e" "RUSTUP_HOME=/opt/rustwide/rustup-home" "-w" "/opt/rustwide/workdir" "-m" "1610612736" "--user" "0:0" "--network" "none" "ghcr.io/rust-lang/crates-build-env/linux@sha256:5ff2268d62e97bff2cde7d5815dd6ed5b47097566f13b8d0ca110b04b60e07ed" "/opt/rustwide/cargo-home/bin/cargo" "+1.69.0" "test" "--frozen" "--no-run" "--message-format=json", kill_on_drop: false }`
[INFO] [stdout] bff50d940a0ed4e270d25465110d5605c8cd3706dd5ef0aac92130d830a7be0d
[INFO] running `Command { std: "docker" "start" "-a" "bff50d940a0ed4e270d25465110d5605c8cd3706dd5ef0aac92130d830a7be0d", kill_on_drop: false }`
[INFO] [stderr]    Compiling anyhow v1.0.71
[INFO] [stderr]    Compiling tokio-pipe v0.2.12 (/opt/rustwide/workdir)
[INFO] [stderr]     Finished test [unoptimized + debuginfo] target(s) in 2.12s
[INFO] running `Command { std: "docker" "inspect" "bff50d940a0ed4e270d25465110d5605c8cd3706dd5ef0aac92130d830a7be0d", kill_on_drop: false }`
[INFO] running `Command { std: "docker" "rm" "-f" "bff50d940a0ed4e270d25465110d5605c8cd3706dd5ef0aac92130d830a7be0d", kill_on_drop: false }`
[INFO] [stdout] bff50d940a0ed4e270d25465110d5605c8cd3706dd5ef0aac92130d830a7be0d
[INFO] running `Command { std: "docker" "create" "-v" "/var/lib/crater-agent-workspace/builds/worker-3-tc1/target:/opt/rustwide/target:rw,Z" "-v" "/var/lib/crater-agent-workspace/builds/worker-3-tc1/source:/opt/rustwide/workdir:ro,Z" "-v" "/var/lib/crater-agent-workspace/cargo-home:/opt/rustwide/cargo-home:ro,Z" "-v" "/var/lib/crater-agent-workspace/rustup-home:/opt/rustwide/rustup-home:ro,Z" "-e" "SOURCE_DIR=/opt/rustwide/workdir" "-e" "CARGO_TARGET_DIR=/opt/rustwide/target" "-e" "CARGO_INCREMENTAL=0" "-e" "RUST_BACKTRACE=full" "-e" "RUSTFLAGS=--cap-lints=warn" "-e" "RUSTDOCFLAGS=--cap-lints=warn" "-e" "CARGO_HOME=/opt/rustwide/cargo-home" "-e" "RUSTUP_HOME=/opt/rustwide/rustup-home" "-w" "/opt/rustwide/workdir" "-m" "1610612736" "--user" "0:0" "--network" "none" "ghcr.io/rust-lang/crates-build-env/linux@sha256:5ff2268d62e97bff2cde7d5815dd6ed5b47097566f13b8d0ca110b04b60e07ed" "/opt/rustwide/cargo-home/bin/cargo" "+1.69.0" "test" "--frozen", kill_on_drop: false }`
[INFO] [stdout] 2b6411ae1276429050daa8b1b4b70eedc393dd4e0120f8ed60c082f71ec06f1b
[INFO] running `Command { std: "docker" "start" "-a" "2b6411ae1276429050daa8b1b4b70eedc393dd4e0120f8ed60c082f71ec06f1b", kill_on_drop: false }`
[INFO] [stderr]     Finished test [unoptimized + debuginfo] target(s) in 0.02s
[INFO] [stderr]      Running unittests src/lib.rs (/opt/rustwide/target/debug/deps/tokio_pipe-761d4c7bb78a0ec1)
[INFO] [stdout] 
[INFO] [stdout] running 17 tests
[INFO] [stdout] test tests::test_piperead_from_raw_fd_checked_failure_not_read_end ... ok
[INFO] [stdout] test tests::test_piperead_from_raw_fd_checked_failure_not_pipe ... ok
[INFO] [stdout] test tests::test_pipewrite_from_raw_fd_checked_failure_not_pipe ... ok
[INFO] [stdout] test tests::test_piperead_from_raw_fd_checked_success ... ok
[INFO] [stdout] test tests::test_from_child_stdio ... FAILED
[INFO] [stdout] test tests::test_pipewrite_from_raw_fd_checked_success ... ok
[INFO] [stdout] test tests::test_from_child_no_stdio ... FAILED
[INFO] [stdout] test tests::test_pipewrite_from_raw_fd_checked_failure_not_write_end ... ok
[INFO] [stdout] test tests::test_read_to_end ... ok
[INFO] [stdout] test tests::test_write_after_shutdown ... ok
[INFO] [stdout] test tests::test_writev ... ok
[INFO] [stdout] test tests::test_splice ... ok
[INFO] [stdout] test tests::test_tee ... ok
[INFO] [stdout] test tests::test ... ok
[INFO] [stdout] test tests::test_atomic_write_io_slices ... ok
[INFO] [stdout] test tests::test_splice_no_inf_loop ... ok
[INFO] [stdout] test tests::test_tee_no_inf_loop ... ok
[INFO] [stdout] 
[INFO] [stdout] failures:
[INFO] [stdout] 
[INFO] [stdout] ---- tests::test_from_child_stdio stdout ----
[INFO] [stdout] Error: Os { code: 2, kind: NotFound, message: "No such file or directory" }
[INFO] [stdout] 
[INFO] [stdout] ---- tests::test_from_child_no_stdio stdout ----
[INFO] [stdout] Error: Os { code: 2, kind: NotFound, message: "No such file or directory" }
[INFO] [stdout] 
[INFO] [stdout] 
[INFO] [stdout] failures:
[INFO] [stdout]     tests::test_from_child_no_stdio
[INFO] [stdout]     tests::test_from_child_stdio
[INFO] [stdout] 
[INFO] [stdout] test result: FAILED. 15 passed; 2 failed; 0 ignored; 0 measured; 0 filtered out; finished in 0.21s
[INFO] [stdout] 
[INFO] [stderr] error: test failed, to rerun pass `--lib`
[INFO] running `Command { std: "docker" "inspect" "2b6411ae1276429050daa8b1b4b70eedc393dd4e0120f8ed60c082f71ec06f1b", kill_on_drop: false }`
[INFO] running `Command { std: "docker" "rm" "-f" "2b6411ae1276429050daa8b1b4b70eedc393dd4e0120f8ed60c082f71ec06f1b", kill_on_drop: false }`
[INFO] [stdout] 2b6411ae1276429050daa8b1b4b70eedc393dd4e0120f8ed60c082f71ec06f1b
