[INFO] fetching crate tokio-macros 2.1.0...
[INFO] testing tokio-macros-2.1.0 against 1.69.0 for beta-1.70-1
[INFO] extracting crate tokio-macros 2.1.0 into /workspace/builds/worker-2-tc1/source
[INFO] validating manifest of crates.io crate tokio-macros 2.1.0 on toolchain 1.69.0
[INFO] running `Command { std: CARGO_HOME="/workspace/cargo-home" RUSTUP_HOME="/workspace/rustup-home" "/workspace/cargo-home/bin/cargo" "+1.69.0" "metadata" "--manifest-path" "Cargo.toml" "--no-deps", kill_on_drop: false }`
[INFO] started tweaking crates.io crate tokio-macros 2.1.0
[INFO] finished tweaking crates.io crate tokio-macros 2.1.0
[INFO] tweaked toml for crates.io crate tokio-macros 2.1.0 written to /workspace/builds/worker-2-tc1/source/Cargo.toml
[INFO] running `Command { std: CARGO_HOME="/workspace/cargo-home" RUSTUP_HOME="/workspace/rustup-home" __CARGO_TEST_CHANNEL_OVERRIDE_DO_NOT_USE_THIS="nightly" "/workspace/cargo-home/bin/cargo" "+1.69.0" "generate-lockfile" "--manifest-path" "Cargo.toml" "-Zno-index-update", kill_on_drop: false }`
[INFO] running `Command { std: CARGO_HOME="/workspace/cargo-home" RUSTUP_HOME="/workspace/rustup-home" "/workspace/cargo-home/bin/cargo" "+1.69.0" "fetch" "--manifest-path" "Cargo.toml", kill_on_drop: false }`
[INFO] running `Command { std: "docker" "create" "-v" "/var/lib/crater-agent-workspace/builds/worker-2-tc1/target:/opt/rustwide/target:rw,Z" "-v" "/var/lib/crater-agent-workspace/builds/worker-2-tc1/source:/opt/rustwide/workdir:ro,Z" "-v" "/var/lib/crater-agent-workspace/cargo-home:/opt/rustwide/cargo-home:ro,Z" "-v" "/var/lib/crater-agent-workspace/rustup-home:/opt/rustwide/rustup-home:ro,Z" "-e" "SOURCE_DIR=/opt/rustwide/workdir" "-e" "CARGO_TARGET_DIR=/opt/rustwide/target" "-e" "CARGO_HOME=/opt/rustwide/cargo-home" "-e" "RUSTUP_HOME=/opt/rustwide/rustup-home" "-w" "/opt/rustwide/workdir" "-m" "1610612736" "--user" "0:0" "--network" "none" "ghcr.io/rust-lang/crates-build-env/linux@sha256:5ff2268d62e97bff2cde7d5815dd6ed5b47097566f13b8d0ca110b04b60e07ed" "/opt/rustwide/cargo-home/bin/cargo" "+1.69.0" "metadata" "--no-deps" "--format-version=1", kill_on_drop: false }`
[INFO] [stdout] 4ae8c1c5a50dc00719b450597c1de623538873ae463262b1e5712da03250fb92
[INFO] running `Command { std: "docker" "start" "-a" "4ae8c1c5a50dc00719b450597c1de623538873ae463262b1e5712da03250fb92", kill_on_drop: false }`
[INFO] running `Command { std: "docker" "inspect" "4ae8c1c5a50dc00719b450597c1de623538873ae463262b1e5712da03250fb92", kill_on_drop: false }`
[INFO] running `Command { std: "docker" "rm" "-f" "4ae8c1c5a50dc00719b450597c1de623538873ae463262b1e5712da03250fb92", kill_on_drop: false }`
[INFO] [stdout] 4ae8c1c5a50dc00719b450597c1de623538873ae463262b1e5712da03250fb92
[INFO] running `Command { std: "docker" "create" "-v" "/var/lib/crater-agent-workspace/builds/worker-2-tc1/target:/opt/rustwide/target:rw,Z" "-v" "/var/lib/crater-agent-workspace/builds/worker-2-tc1/source:/opt/rustwide/workdir:ro,Z" "-v" "/var/lib/crater-agent-workspace/cargo-home:/opt/rustwide/cargo-home:ro,Z" "-v" "/var/lib/crater-agent-workspace/rustup-home:/opt/rustwide/rustup-home:ro,Z" "-e" "SOURCE_DIR=/opt/rustwide/workdir" "-e" "CARGO_TARGET_DIR=/opt/rustwide/target" "-e" "CARGO_INCREMENTAL=0" "-e" "RUST_BACKTRACE=full" "-e" "RUSTFLAGS=--cap-lints=warn" "-e" "RUSTDOCFLAGS=--cap-lints=warn" "-e" "CARGO_HOME=/opt/rustwide/cargo-home" "-e" "RUSTUP_HOME=/opt/rustwide/rustup-home" "-w" "/opt/rustwide/workdir" "-m" "1610612736" "--user" "0:0" "--network" "none" "ghcr.io/rust-lang/crates-build-env/linux@sha256:5ff2268d62e97bff2cde7d5815dd6ed5b47097566f13b8d0ca110b04b60e07ed" "/opt/rustwide/cargo-home/bin/cargo" "+1.69.0" "build" "--frozen" "--message-format=json", kill_on_drop: false }`
[INFO] [stdout] 6e0b50b50cf42207edae359b5f02e22b3048d77a24da338afec8dfb55e89c7a6
[INFO] running `Command { std: "docker" "start" "-a" "6e0b50b50cf42207edae359b5f02e22b3048d77a24da338afec8dfb55e89c7a6", kill_on_drop: false }`
[INFO] [stderr]    Compiling proc-macro2 v1.0.56
[INFO] [stderr]    Compiling unicode-ident v1.0.8
[INFO] [stderr]    Compiling quote v1.0.26
[INFO] [stderr]    Compiling syn v2.0.15
[INFO] [stderr]    Compiling tokio-macros v2.1.0 (/opt/rustwide/workdir)
[INFO] [stderr]     Finished dev [unoptimized + debuginfo] target(s) in 3.93s
[INFO] running `Command { std: "docker" "inspect" "6e0b50b50cf42207edae359b5f02e22b3048d77a24da338afec8dfb55e89c7a6", kill_on_drop: false }`
[INFO] running `Command { std: "docker" "rm" "-f" "6e0b50b50cf42207edae359b5f02e22b3048d77a24da338afec8dfb55e89c7a6", kill_on_drop: false }`
[INFO] [stdout] 6e0b50b50cf42207edae359b5f02e22b3048d77a24da338afec8dfb55e89c7a6
[INFO] running `Command { std: "docker" "create" "-v" "/var/lib/crater-agent-workspace/builds/worker-2-tc1/target:/opt/rustwide/target:rw,Z" "-v" "/var/lib/crater-agent-workspace/builds/worker-2-tc1/source:/opt/rustwide/workdir:ro,Z" "-v" "/var/lib/crater-agent-workspace/cargo-home:/opt/rustwide/cargo-home:ro,Z" "-v" "/var/lib/crater-agent-workspace/rustup-home:/opt/rustwide/rustup-home:ro,Z" "-e" "SOURCE_DIR=/opt/rustwide/workdir" "-e" "CARGO_TARGET_DIR=/opt/rustwide/target" "-e" "CARGO_INCREMENTAL=0" "-e" "RUST_BACKTRACE=full" "-e" "RUSTFLAGS=--cap-lints=warn" "-e" "RUSTDOCFLAGS=--cap-lints=warn" "-e" "CARGO_HOME=/opt/rustwide/cargo-home" "-e" "RUSTUP_HOME=/opt/rustwide/rustup-home" "-w" "/opt/rustwide/workdir" "-m" "1610612736" "--user" "0:0" "--network" "none" "ghcr.io/rust-lang/crates-build-env/linux@sha256:5ff2268d62e97bff2cde7d5815dd6ed5b47097566f13b8d0ca110b04b60e07ed" "/opt/rustwide/cargo-home/bin/cargo" "+1.69.0" "test" "--frozen" "--no-run" "--message-format=json", kill_on_drop: false }`
[INFO] [stdout] d9307637dfc08aebcefd6b9b87e0332b3bc48ca13e53f30b450b011532f46ac7
[INFO] running `Command { std: "docker" "start" "-a" "d9307637dfc08aebcefd6b9b87e0332b3bc48ca13e53f30b450b011532f46ac7", kill_on_drop: false }`
[INFO] [stderr]    Compiling libc v0.2.142
[INFO] [stderr]    Compiling cfg-if v1.0.0
[INFO] [stderr]    Compiling parking_lot_core v0.9.7
[INFO] [stderr]    Compiling smallvec v1.10.0
[INFO] [stderr]    Compiling scopeguard v1.1.0
[INFO] [stderr]    Compiling pin-project-lite v0.2.9
[INFO] [stderr]    Compiling bytes v1.4.0
[INFO] [stderr]    Compiling lock_api v0.4.9
[INFO] [stderr]    Compiling log v0.4.17
[INFO] [stderr]    Compiling tokio v1.28.0
[INFO] [stderr]    Compiling tokio-macros v2.1.0
[INFO] [stderr]    Compiling tokio-macros v2.1.0 (/opt/rustwide/workdir)
[INFO] [stderr]    Compiling socket2 v0.4.9
[INFO] [stderr]    Compiling signal-hook-registry v1.4.1
[INFO] [stderr]    Compiling num_cpus v1.15.0
[INFO] [stderr]    Compiling mio v0.8.6
[INFO] [stderr]    Compiling parking_lot v0.12.1
[INFO] [stderr]     Finished test [unoptimized + debuginfo] target(s) in 8.05s
[INFO] running `Command { std: "docker" "inspect" "d9307637dfc08aebcefd6b9b87e0332b3bc48ca13e53f30b450b011532f46ac7", kill_on_drop: false }`
[INFO] running `Command { std: "docker" "rm" "-f" "d9307637dfc08aebcefd6b9b87e0332b3bc48ca13e53f30b450b011532f46ac7", kill_on_drop: false }`
[INFO] [stdout] d9307637dfc08aebcefd6b9b87e0332b3bc48ca13e53f30b450b011532f46ac7
[INFO] running `Command { std: "docker" "create" "-v" "/var/lib/crater-agent-workspace/builds/worker-2-tc1/target:/opt/rustwide/target:rw,Z" "-v" "/var/lib/crater-agent-workspace/builds/worker-2-tc1/source:/opt/rustwide/workdir:ro,Z" "-v" "/var/lib/crater-agent-workspace/cargo-home:/opt/rustwide/cargo-home:ro,Z" "-v" "/var/lib/crater-agent-workspace/rustup-home:/opt/rustwide/rustup-home:ro,Z" "-e" "SOURCE_DIR=/opt/rustwide/workdir" "-e" "CARGO_TARGET_DIR=/opt/rustwide/target" "-e" "CARGO_INCREMENTAL=0" "-e" "RUST_BACKTRACE=full" "-e" "RUSTFLAGS=--cap-lints=warn" "-e" "RUSTDOCFLAGS=--cap-lints=warn" "-e" "CARGO_HOME=/opt/rustwide/cargo-home" "-e" "RUSTUP_HOME=/opt/rustwide/rustup-home" "-w" "/opt/rustwide/workdir" "-m" "1610612736" "--user" "0:0" "--network" "none" "ghcr.io/rust-lang/crates-build-env/linux@sha256:5ff2268d62e97bff2cde7d5815dd6ed5b47097566f13b8d0ca110b04b60e07ed" "/opt/rustwide/cargo-home/bin/cargo" "+1.69.0" "test" "--frozen", kill_on_drop: false }`
[INFO] [stdout] 0475464704a3b72e22928257881969c2bde8808ad0c236d8d50086073069f842
[INFO] running `Command { std: "docker" "start" "-a" "0475464704a3b72e22928257881969c2bde8808ad0c236d8d50086073069f842", kill_on_drop: false }`
[INFO] [stderr]     Finished test [unoptimized + debuginfo] target(s) in 0.04s
[INFO] [stderr]      Running unittests src/lib.rs (/opt/rustwide/target/debug/deps/tokio_macros-801876734ca4d43d)
[INFO] [stdout] 
[INFO] [stdout] running 0 tests
[INFO] [stdout] 
[INFO] [stdout] test result: ok. 0 passed; 0 failed; 0 ignored; 0 measured; 0 filtered out; finished in 0.00s
[INFO] [stdout] 
[INFO] [stderr]    Doc-tests tokio-macros
[INFO] [stdout] 
[INFO] [stdout] running 28 tests
[INFO] [stdout] test src/lib.rs - main (line 154) ... FAILED
[INFO] [stdout] test src/lib.rs - main (line 163) ... FAILED
[INFO] [stdout] test src/lib.rs - test (line 308) - compile ... ok
[INFO] [stdout] test src/lib.rs - test (line 290) - compile ... ok
[INFO] [stdout] test src/lib.rs - test (line 319) - compile ... ok
[INFO] [stdout] test src/lib.rs - test (line 328) - compile ... ok
[INFO] [stdout] test src/lib.rs - test (line 343) - compile ... ok
[INFO] [stdout] test src/lib.rs - test (line 352) - compile ... ok
[INFO] [stdout] test src/lib.rs - test (line 367) - compile ... ok
[INFO] [stdout] test src/lib.rs - test (line 376) - compile ... ok
[INFO] [stdout] test src/lib.rs - test (line 392) - compile ... ok
[INFO] [stdout] test src/lib.rs - test (line 401) - compile ... ok
[INFO] [stdout] test src/lib.rs - test_rt (line 436) - compile ... ok
[INFO] [stdout] test src/lib.rs - main (line 139) ... ok
[INFO] [stdout] test src/lib.rs - main_rt (line 256) ... ok
[INFO] [stdout] test src/lib.rs - main (line 180) ... ok
[INFO] [stdout] test src/lib.rs - main_rt (line 222) ... ok
[INFO] [stdout] test src/lib.rs - test (line 419) ... ok
[INFO] [stdout] test src/lib.rs - main (line 191) ... ok
[INFO] [stdout] test src/lib.rs - main (line 130) ... ok
[INFO] [stdout] test src/lib.rs - main (line 116) ... ok
[INFO] [stdout] test src/lib.rs - main (line 91) ... ok
[INFO] [stdout] test src/lib.rs - main (line 69) ... ok
[INFO] [stdout] test src/lib.rs - main_rt (line 231) ... ok
[INFO] [stdout] test src/lib.rs - main (line 53) ... ok
[INFO] [stdout] test src/lib.rs - main (line 107) ... ok
[INFO] [stdout] test src/lib.rs - main (line 82) ... ok
[INFO] [stdout] test src/lib.rs - main_rt (line 245) ... ok
[INFO] [stdout] 
[INFO] [stdout] failures:
[INFO] [stdout] 
[INFO] [stdout] ---- src/lib.rs - main (line 154) stdout ----
[INFO] [stdout] error[E0599]: no method named `start_paused` found for struct `tokio::runtime::Builder` in the current scope
[INFO] [stdout]  --> src/lib.rs:155:1
[INFO] [stdout]   |
[INFO] [stdout] 3 | #[tokio::main(flavor = "current_thread", start_paused = true)]
[INFO] [stdout]   | ^^^^^^^^^^^^^^^^^^^^^^^^^^^^^^^^^^^^^^^^^^^^^^^^^^^^^^^^^^^^^^ private field, not a method
[INFO] [stdout]   |
[INFO] [stdout]   = note: this error originates in the attribute macro `tokio::main` (in Nightly builds, run with -Z macro-backtrace for more info)
[INFO] [stdout] 
[INFO] [stdout] error: aborting due to previous error
[INFO] [stdout] 
[INFO] [stdout] For more information about this error, try `rustc --explain E0599`.
[INFO] [stdout] Couldn't compile the test.
[INFO] [stdout] ---- src/lib.rs - main (line 163) stdout ----
[INFO] [stdout] error[E0599]: no method named `start_paused` found for mutable reference `&mut tokio::runtime::Builder` in the current scope
[INFO] [stdout]  --> src/lib.rs:167:10
[INFO] [stdout]   |
[INFO] [stdout] 4 | /     tokio::runtime::Builder::new_current_thread()
[INFO] [stdout] 5 | |         .enable_all()
[INFO] [stdout] 6 | |         .start_paused(true)
[INFO] [stdout]   | |         -^^^^^^^^^^^^ private field, not a method
[INFO] [stdout]   | |_________|
[INFO] [stdout]   | 
[INFO] [stdout] 
[INFO] [stdout] error: aborting due to previous error
[INFO] [stdout] 
[INFO] [stdout] For more information about this error, try `rustc --explain E0599`.
[INFO] [stdout] Couldn't compile the test.
[INFO] [stdout] 
[INFO] [stdout] failures:
[INFO] [stdout]     src/lib.rs - main (line 154)
[INFO] [stdout]     src/lib.rs - main (line 163)
[INFO] [stdout] 
[INFO] [stdout] test result: FAILED. 26 passed; 2 failed; 0 ignored; 0 measured; 0 filtered out; finished in 1.13s
[INFO] [stdout] 
[INFO] [stderr] error: doctest failed, to rerun pass `--doc`
[INFO] running `Command { std: "docker" "inspect" "0475464704a3b72e22928257881969c2bde8808ad0c236d8d50086073069f842", kill_on_drop: false }`
[INFO] running `Command { std: "docker" "rm" "-f" "0475464704a3b72e22928257881969c2bde8808ad0c236d8d50086073069f842", kill_on_drop: false }`
[INFO] [stdout] 0475464704a3b72e22928257881969c2bde8808ad0c236d8d50086073069f842
