[INFO] fetching crate tokio-fastcgi 1.1.0...
[INFO] testing tokio-fastcgi-1.1.0 against beta-2023-04-20 for beta-1.70-1
[INFO] extracting crate tokio-fastcgi 1.1.0 into /workspace/builds/worker-0-tc2/source
[INFO] validating manifest of crates.io crate tokio-fastcgi 1.1.0 on toolchain beta-2023-04-20
[INFO] running `Command { std: CARGO_HOME="/workspace/cargo-home" RUSTUP_HOME="/workspace/rustup-home" "/workspace/cargo-home/bin/cargo" "+beta-2023-04-20" "metadata" "--manifest-path" "Cargo.toml" "--no-deps", kill_on_drop: false }`
[INFO] started tweaking crates.io crate tokio-fastcgi 1.1.0
[INFO] finished tweaking crates.io crate tokio-fastcgi 1.1.0
[INFO] tweaked toml for crates.io crate tokio-fastcgi 1.1.0 written to /workspace/builds/worker-0-tc2/source/Cargo.toml
[INFO] crate crates.io crate tokio-fastcgi 1.1.0 already has a lockfile, it will not be regenerated
[INFO] running `Command { std: CARGO_HOME="/workspace/cargo-home" RUSTUP_HOME="/workspace/rustup-home" "/workspace/cargo-home/bin/cargo" "+beta-2023-04-20" "fetch" "--manifest-path" "Cargo.toml", kill_on_drop: false }`
[INFO] running `Command { std: "docker" "create" "-v" "/var/lib/crater-agent-workspace/builds/worker-0-tc2/target:/opt/rustwide/target:rw,Z" "-v" "/var/lib/crater-agent-workspace/builds/worker-0-tc2/source:/opt/rustwide/workdir:ro,Z" "-v" "/var/lib/crater-agent-workspace/cargo-home:/opt/rustwide/cargo-home:ro,Z" "-v" "/var/lib/crater-agent-workspace/rustup-home:/opt/rustwide/rustup-home:ro,Z" "-e" "SOURCE_DIR=/opt/rustwide/workdir" "-e" "CARGO_TARGET_DIR=/opt/rustwide/target" "-e" "CARGO_HOME=/opt/rustwide/cargo-home" "-e" "RUSTUP_HOME=/opt/rustwide/rustup-home" "-w" "/opt/rustwide/workdir" "-m" "1610612736" "--user" "0:0" "--network" "none" "ghcr.io/rust-lang/crates-build-env/linux@sha256:5ff2268d62e97bff2cde7d5815dd6ed5b47097566f13b8d0ca110b04b60e07ed" "/opt/rustwide/cargo-home/bin/cargo" "+beta-2023-04-20" "metadata" "--no-deps" "--format-version=1", kill_on_drop: false }`
[INFO] [stdout] c481e60494a4c8a40a64cf6db7388c451b08733580ce8713d8e446f0e3f0cc38
[INFO] running `Command { std: "docker" "start" "-a" "c481e60494a4c8a40a64cf6db7388c451b08733580ce8713d8e446f0e3f0cc38", kill_on_drop: false }`
[INFO] running `Command { std: "docker" "inspect" "c481e60494a4c8a40a64cf6db7388c451b08733580ce8713d8e446f0e3f0cc38", kill_on_drop: false }`
[INFO] running `Command { std: "docker" "rm" "-f" "c481e60494a4c8a40a64cf6db7388c451b08733580ce8713d8e446f0e3f0cc38", kill_on_drop: false }`
[INFO] [stdout] c481e60494a4c8a40a64cf6db7388c451b08733580ce8713d8e446f0e3f0cc38
[INFO] running `Command { std: "docker" "create" "-v" "/var/lib/crater-agent-workspace/builds/worker-0-tc2/target:/opt/rustwide/target:rw,Z" "-v" "/var/lib/crater-agent-workspace/builds/worker-0-tc2/source:/opt/rustwide/workdir:ro,Z" "-v" "/var/lib/crater-agent-workspace/cargo-home:/opt/rustwide/cargo-home:ro,Z" "-v" "/var/lib/crater-agent-workspace/rustup-home:/opt/rustwide/rustup-home:ro,Z" "-e" "SOURCE_DIR=/opt/rustwide/workdir" "-e" "CARGO_TARGET_DIR=/opt/rustwide/target" "-e" "CARGO_INCREMENTAL=0" "-e" "RUST_BACKTRACE=full" "-e" "RUSTFLAGS=--cap-lints=warn" "-e" "RUSTDOCFLAGS=--cap-lints=warn" "-e" "CARGO_HOME=/opt/rustwide/cargo-home" "-e" "RUSTUP_HOME=/opt/rustwide/rustup-home" "-w" "/opt/rustwide/workdir" "-m" "1610612736" "--user" "0:0" "--network" "none" "ghcr.io/rust-lang/crates-build-env/linux@sha256:5ff2268d62e97bff2cde7d5815dd6ed5b47097566f13b8d0ca110b04b60e07ed" "/opt/rustwide/cargo-home/bin/cargo" "+beta-2023-04-20" "build" "--frozen" "--message-format=json", kill_on_drop: false }`
[INFO] [stdout] ce634c2b55fdff82ce9156e7a338dc36bbd7ee24168c7c9944e8b4be957396e2
[INFO] running `Command { std: "docker" "start" "-a" "ce634c2b55fdff82ce9156e7a338dc36bbd7ee24168c7c9944e8b4be957396e2", kill_on_drop: false }`
[INFO] [stderr]    Compiling proc-macro2 v1.0.39
[INFO] [stderr]    Compiling unicode-ident v1.0.0
[INFO] [stderr]    Compiling syn v1.0.95
[INFO] [stderr]    Compiling log v0.4.17
[INFO] [stderr]    Compiling cfg-if v1.0.0
[INFO] [stderr]    Compiling once_cell v1.12.0
[INFO] [stderr]    Compiling pin-project-lite v0.2.9
[INFO] [stderr]    Compiling bytes v1.1.0
[INFO] [stderr]    Compiling byteorder v1.4.3
[INFO] [stderr]    Compiling quote v1.0.18
[INFO] [stderr]    Compiling tokio-macros v1.7.0
[INFO] [stderr]    Compiling tokio v1.18.2
[INFO] [stderr]    Compiling tokio-fastcgi v1.1.0 (/opt/rustwide/workdir)
[INFO] [stderr]     Finished dev [unoptimized + debuginfo] target(s) in 7.94s
[INFO] running `Command { std: "docker" "inspect" "ce634c2b55fdff82ce9156e7a338dc36bbd7ee24168c7c9944e8b4be957396e2", kill_on_drop: false }`
[INFO] running `Command { std: "docker" "rm" "-f" "ce634c2b55fdff82ce9156e7a338dc36bbd7ee24168c7c9944e8b4be957396e2", kill_on_drop: false }`
[INFO] [stdout] ce634c2b55fdff82ce9156e7a338dc36bbd7ee24168c7c9944e8b4be957396e2
[INFO] running `Command { std: "docker" "create" "-v" "/var/lib/crater-agent-workspace/builds/worker-0-tc2/target:/opt/rustwide/target:rw,Z" "-v" "/var/lib/crater-agent-workspace/builds/worker-0-tc2/source:/opt/rustwide/workdir:ro,Z" "-v" "/var/lib/crater-agent-workspace/cargo-home:/opt/rustwide/cargo-home:ro,Z" "-v" "/var/lib/crater-agent-workspace/rustup-home:/opt/rustwide/rustup-home:ro,Z" "-e" "SOURCE_DIR=/opt/rustwide/workdir" "-e" "CARGO_TARGET_DIR=/opt/rustwide/target" "-e" "CARGO_INCREMENTAL=0" "-e" "RUST_BACKTRACE=full" "-e" "RUSTFLAGS=--cap-lints=warn" "-e" "RUSTDOCFLAGS=--cap-lints=warn" "-e" "CARGO_HOME=/opt/rustwide/cargo-home" "-e" "RUSTUP_HOME=/opt/rustwide/rustup-home" "-w" "/opt/rustwide/workdir" "-m" "1610612736" "--user" "0:0" "--network" "none" "ghcr.io/rust-lang/crates-build-env/linux@sha256:5ff2268d62e97bff2cde7d5815dd6ed5b47097566f13b8d0ca110b04b60e07ed" "/opt/rustwide/cargo-home/bin/cargo" "+beta-2023-04-20" "test" "--frozen" "--no-run" "--message-format=json", kill_on_drop: false }`
[INFO] [stdout] 4d96a7aebb18d4cda85ce895519cd93895d5abd66b147eca814728e4458d667e
[INFO] running `Command { std: "docker" "start" "-a" "4d96a7aebb18d4cda85ce895519cd93895d5abd66b147eca814728e4458d667e", kill_on_drop: false }`
[INFO] [stderr]    Compiling syn v1.0.95
[INFO] [stderr]    Compiling libc v0.2.126
[INFO] [stderr]    Compiling futures-core v0.3.21
[INFO] [stderr]    Compiling async-trait v0.1.53
[INFO] [stderr]    Compiling socket2 v0.4.4
[INFO] [stderr]    Compiling mio v0.8.3
[INFO] [stderr]    Compiling num_cpus v1.13.1
[INFO] [stderr]    Compiling tokio-macros v1.7.0
[INFO] [stderr]    Compiling async-stream-impl v0.3.3
[INFO] [stderr]    Compiling async-stream v0.3.3
[INFO] [stderr]    Compiling tokio v1.18.2
[INFO] [stderr]    Compiling tokio-stream v0.1.8
[INFO] [stderr]    Compiling tokio-fastcgi v1.1.0 (/opt/rustwide/workdir)
[INFO] [stderr]    Compiling tokio-test v0.4.2
[INFO] [stderr]     Finished test [unoptimized + debuginfo] target(s) in 15.27s
[INFO] running `Command { std: "docker" "inspect" "4d96a7aebb18d4cda85ce895519cd93895d5abd66b147eca814728e4458d667e", kill_on_drop: false }`
[INFO] running `Command { std: "docker" "rm" "-f" "4d96a7aebb18d4cda85ce895519cd93895d5abd66b147eca814728e4458d667e", kill_on_drop: false }`
[INFO] [stdout] 4d96a7aebb18d4cda85ce895519cd93895d5abd66b147eca814728e4458d667e
[INFO] running `Command { std: "docker" "create" "-v" "/var/lib/crater-agent-workspace/builds/worker-0-tc2/target:/opt/rustwide/target:rw,Z" "-v" "/var/lib/crater-agent-workspace/builds/worker-0-tc2/source:/opt/rustwide/workdir:ro,Z" "-v" "/var/lib/crater-agent-workspace/cargo-home:/opt/rustwide/cargo-home:ro,Z" "-v" "/var/lib/crater-agent-workspace/rustup-home:/opt/rustwide/rustup-home:ro,Z" "-e" "SOURCE_DIR=/opt/rustwide/workdir" "-e" "CARGO_TARGET_DIR=/opt/rustwide/target" "-e" "CARGO_INCREMENTAL=0" "-e" "RUST_BACKTRACE=full" "-e" "RUSTFLAGS=--cap-lints=warn" "-e" "RUSTDOCFLAGS=--cap-lints=warn" "-e" "CARGO_HOME=/opt/rustwide/cargo-home" "-e" "RUSTUP_HOME=/opt/rustwide/rustup-home" "-w" "/opt/rustwide/workdir" "-m" "1610612736" "--user" "0:0" "--network" "none" "ghcr.io/rust-lang/crates-build-env/linux@sha256:5ff2268d62e97bff2cde7d5815dd6ed5b47097566f13b8d0ca110b04b60e07ed" "/opt/rustwide/cargo-home/bin/cargo" "+beta-2023-04-20" "test" "--frozen", kill_on_drop: false }`
[INFO] [stdout] 46519b1e40df1c1a9dd72e2772afe9f25e9c0c4eb482bc445f918a65452c63cd
[INFO] running `Command { std: "docker" "start" "-a" "46519b1e40df1c1a9dd72e2772afe9f25e9c0c4eb482bc445f918a65452c63cd", kill_on_drop: false }`
[INFO] [stderr]     Finished test [unoptimized + debuginfo] target(s) in 0.05s
[INFO] [stderr]      Running unittests src/lib.rs (/opt/rustwide/target/debug/deps/tokio_fastcgi-707d72b9ec69bf14)
[INFO] [stdout] 
[INFO] [stdout] running 1 test
[INFO] [stdout] test tests::check_send ... ok
[INFO] [stdout] 
[INFO] [stdout] test result: ok. 1 passed; 0 failed; 0 ignored; 0 measured; 0 filtered out; finished in 0.00s
[INFO] [stdout] 
[INFO] [stdout] 
[INFO] [stderr]      Running tests/commons.rs (/opt/rustwide/target/debug/deps/commons-c26a46f02b6de4cd)
[INFO] [stdout] running 0 tests
[INFO] [stdout] 
[INFO] [stdout] test result: ok. 0 passed; 0 failed; 0 ignored; 0 measured; 0 filtered out; finished in 0.00s
[INFO] [stdout] 
[INFO] [stderr]      Running tests/integration.rs (/opt/rustwide/target/debug/deps/integration-3516c042a7c4d622)
[INFO] [stdout] 
[INFO] [stdout] running 10 tests
[INFO] [stdout] test abort_request ... ok
[INFO] [stdout] test unkown_request_type ... ok
[INFO] [stdout] test params_in_out ... ok
[INFO] [stdout] test abort_continue ... ok
[INFO] [stdout] test role_authorizer ... ok
[INFO] [stdout] test get_values ... ok
[INFO] [stdout] test test_unknown_role_return ... ok
[INFO] [stdout] test role_filter ... ok
[INFO] [stdout] test test_unknown_role_request - should panic ... ok
[INFO] [stdout] test keep_connection ... ok
[INFO] [stderr]      Running tests/server.rs (/opt/rustwide/target/debug/deps/server-6a749b462d3bb170)
[INFO] [stdout] 
[INFO] [stdout] test result: ok. 10 passed; 0 failed; 0 ignored; 0 measured; 0 filtered out; finished in 0.12s
[INFO] [stdout] 
[INFO] [stdout] 
[INFO] [stdout] running 9 tests
[INFO] [stdout] test abort_continue ... ok
[INFO] [stdout] test abort_request ... ok
[INFO] [stdout] test get_values ... ok
[INFO] [stdout] test role_authorizer ... ok
[INFO] [stdout] test test_unknown_role_return ... ok
[INFO] [stdout] test keep_connection ... ok
[INFO] [stdout] test params_in_out ... ok
[INFO] [stdout] test role_filter ... FAILED
[INFO] [stdout] test unkown_request_type ... ok
[INFO] [stdout] 
[INFO] [stdout] failures:
[INFO] [stdout] 
[INFO] [stdout] ---- role_filter stdout ----
[INFO] [stdout] thread 'role_filter' panicked at 'There is still data left to write.', /opt/rustwide/cargo-home/registry/src/index.crates.io-6f17d22bba15001f/tokio-test-0.4.2/src/io.rs:463:36
[INFO] [stdout] stack backtrace:
[INFO] [stdout]    0:     0x5623b6703d4a - std::backtrace_rs::backtrace::libunwind::trace::h2f05d0192276a8f6
[INFO] [stdout]                                at /rustc/1b7dd2252b99671ce5d1cb9664c5f8636329436d/library/std/src/../../backtrace/src/backtrace/libunwind.rs:93:5
[INFO] [stdout]    1:     0x5623b6703d4a - std::backtrace_rs::backtrace::trace_unsynchronized::hedc23dff7a1af150
[INFO] [stdout]                                at /rustc/1b7dd2252b99671ce5d1cb9664c5f8636329436d/library/std/src/../../backtrace/src/backtrace/mod.rs:66:5
[INFO] [stdout]    2:     0x5623b6703d4a - std::sys_common::backtrace::_print_fmt::h17541ef7592f3ce2
[INFO] [stdout]                                at /rustc/1b7dd2252b99671ce5d1cb9664c5f8636329436d/library/std/src/sys_common/backtrace.rs:65:5
[INFO] [stdout]    3:     0x5623b6703d4a - <std::sys_common::backtrace::_print::DisplayBacktrace as core::fmt::Display>::fmt::h20f75df5ab0c0792
[INFO] [stdout]                                at /rustc/1b7dd2252b99671ce5d1cb9664c5f8636329436d/library/std/src/sys_common/backtrace.rs:44:22
[INFO] [stdout]    4:     0x5623b672810f - core::fmt::write::h78109e6f466b3af6
[INFO] [stdout]                                at /rustc/1b7dd2252b99671ce5d1cb9664c5f8636329436d/library/core/src/fmt/mod.rs:1254:17
[INFO] [stdout]    5:     0x5623b6700b85 - std::io::Write::write_fmt::hd24bfb68a1b35a25
[INFO] [stdout]                                at /rustc/1b7dd2252b99671ce5d1cb9664c5f8636329436d/library/std/src/io/mod.rs:1698:15
[INFO] [stdout]    6:     0x5623b6703b15 - std::sys_common::backtrace::_print::h8dac57a9f8fbf9a5
[INFO] [stdout]                                at /rustc/1b7dd2252b99671ce5d1cb9664c5f8636329436d/library/std/src/sys_common/backtrace.rs:47:5
[INFO] [stdout]    7:     0x5623b6703b15 - std::sys_common::backtrace::print::hf9ecbf41d1aa712f
[INFO] [stdout]                                at /rustc/1b7dd2252b99671ce5d1cb9664c5f8636329436d/library/std/src/sys_common/backtrace.rs:34:9
[INFO] [stdout]    8:     0x5623b67057ce - std::panicking::default_hook::{{closure}}::h04c07acfc84ca028
[INFO] [stdout]                                at /rustc/1b7dd2252b99671ce5d1cb9664c5f8636329436d/library/std/src/panicking.rs:269:22
[INFO] [stdout]    9:     0x5623b6705501 - std::panicking::default_hook::h01f6bb23e1eceb2c
[INFO] [stdout]                                at /rustc/1b7dd2252b99671ce5d1cb9664c5f8636329436d/library/std/src/panicking.rs:285:9
[INFO] [stdout]   10:     0x5623b662bddb - <alloc::boxed::Box<F,A> as core::ops::function::Fn<Args>>::call::h87fe9f7b2fd49e4c
[INFO] [stdout]                                at /rustc/1b7dd2252b99671ce5d1cb9664c5f8636329436d/library/alloc/src/boxed.rs:1987:9
[INFO] [stdout]   11:     0x5623b662bddb - test::test_main::{{closure}}::he94d679243a7531b
[INFO] [stdout]                                at /rustc/1b7dd2252b99671ce5d1cb9664c5f8636329436d/library/test/src/lib.rs:134:21
[INFO] [stdout]   12:     0x5623b6705eb4 - <alloc::boxed::Box<F,A> as core::ops::function::Fn<Args>>::call::h3f2d6d8b14c4769f
[INFO] [stdout]                                at /rustc/1b7dd2252b99671ce5d1cb9664c5f8636329436d/library/alloc/src/boxed.rs:1987:9
[INFO] [stdout]   13:     0x5623b6705eb4 - std::panicking::rust_panic_with_hook::h2bb3722bbaf2f6df
[INFO] [stdout]                                at /rustc/1b7dd2252b99671ce5d1cb9664c5f8636329436d/library/std/src/panicking.rs:695:13
[INFO] [stdout]   14:     0x5623b66d37ea - std::panicking::begin_panic::{{closure}}::h927f4a52f4a96d19
[INFO] [stdout]                                at /rustc/1b7dd2252b99671ce5d1cb9664c5f8636329436d/library/std/src/panicking.rs:611:9
[INFO] [stdout]   15:     0x5623b66d356d - std::sys_common::backtrace::__rust_end_short_backtrace::h198e47130c9ae6bf
[INFO] [stdout]                                at /rustc/1b7dd2252b99671ce5d1cb9664c5f8636329436d/library/std/src/sys_common/backtrace.rs:150:18
[INFO] [stdout]   16:     0x5623b66d3727 - std::panicking::begin_panic::h016d5a9d7c3bd942
[INFO] [stdout]                                at /rustc/1b7dd2252b99671ce5d1cb9664c5f8636329436d/library/std/src/panicking.rs:610:12
[INFO] [stdout]   17:     0x5623b6638c08 - <tokio_test::io::Mock as core::ops::drop::Drop>::drop::{{closure}}::h5efce99910dad94c
[INFO] [stdout]                                at /opt/rustwide/cargo-home/registry/src/index.crates.io-6f17d22bba15001f/tokio-test-0.4.2/src/io.rs:463:36
[INFO] [stdout]   18:     0x5623b663c79d - core::iter::traits::iterator::Iterator::for_each::call::{{closure}}::hdbb5f547d805c883
[INFO] [stdout]                                at /rustc/1b7dd2252b99671ce5d1cb9664c5f8636329436d/library/core/src/iter/traits/iterator.rs:854:29
[INFO] [stdout]   19:     0x5623b663c6ec - core::ops::function::impls::<impl core::ops::function::FnMut<A> for &mut F>::call_mut::h9912a68d7301c558
[INFO] [stdout]                                at /rustc/1b7dd2252b99671ce5d1cb9664c5f8636329436d/library/core/src/ops/function.rs:298:13
[INFO] [stdout]   20:     0x5623b66416d1 - core::iter::traits::iterator::Iterator::fold::hdb690b8f33b04612
[INFO] [stdout]                                at /rustc/1b7dd2252b99671ce5d1cb9664c5f8636329436d/library/core/src/iter/traits/iterator.rs:2482:21
[INFO] [stdout]   21:     0x5623b663ab91 - <alloc::collections::vec_deque::iter::Iter<T> as core::iter::traits::iterator::Iterator>::fold::hd5bcc06d1f5fb760
[INFO] [stdout]                                at /rustc/1b7dd2252b99671ce5d1cb9664c5f8636329436d/library/alloc/src/collections/vec_deque/iter.rs:80:21
[INFO] [stdout]   22:     0x5623b663b0d0 - core::iter::traits::iterator::Iterator::for_each::h03c9bdb19f4f888c
[INFO] [stdout]                                at /rustc/1b7dd2252b99671ce5d1cb9664c5f8636329436d/library/core/src/iter/traits/iterator.rs:857:9
[INFO] [stdout]   23:     0x5623b6638b72 - <tokio_test::io::Mock as core::ops::drop::Drop>::drop::h53cd608bb44dd6b7
[INFO] [stdout]                                at /opt/rustwide/cargo-home/registry/src/index.crates.io-6f17d22bba15001f/tokio-test-0.4.2/src/io.rs:461:9
[INFO] [stdout]   24:     0x5623b66355d7 - core::ptr::drop_in_place<tokio_test::io::Mock>::h3842e7c81ade76d2
[INFO] [stdout]                                at /rustc/1b7dd2252b99671ce5d1cb9664c5f8636329436d/library/core/src/ptr/mod.rs:490:1
[INFO] [stdout]   25:     0x5623b65cae75 - server::network_test::{{closure}}::h38dde89d7662e960
[INFO] [stdout]                                at /opt/rustwide/workdir/tests/server.rs:117:3
[INFO] [stdout]   26:     0x5623b651d5e4 - tokio::park::thread::CachedParkThread::block_on::{{closure}}::he0d4b96f71c9bd30
[INFO] [stdout]                                at /opt/rustwide/cargo-home/registry/src/index.crates.io-6f17d22bba15001f/tokio-1.18.2/src/park/thread.rs:263:54
[INFO] [stdout]   27:     0x5623b659e540 - tokio::coop::with_budget::{{closure}}::h38b943ad62db4434
[INFO] [stdout]                                at /opt/rustwide/cargo-home/registry/src/index.crates.io-6f17d22bba15001f/tokio-1.18.2/src/coop.rs:102:9
[INFO] [stdout]   28:     0x5623b653cce9 - std::thread::local::LocalKey<T>::try_with::h6ad6b1df70f3a98b
[INFO] [stdout]                                at /rustc/1b7dd2252b99671ce5d1cb9664c5f8636329436d/library/std/src/thread/local.rs:252:16
[INFO] [stdout]   29:     0x5623b6539f8a - std::thread::local::LocalKey<T>::with::h8d2d51da5f04a580
[INFO] [stdout]                                at /rustc/1b7dd2252b99671ce5d1cb9664c5f8636329436d/library/std/src/thread/local.rs:228:9
[INFO] [stdout]   30:     0x5623b651bfcc - tokio::coop::with_budget::hf30c6d827d56092a
[INFO] [stdout]                                at /opt/rustwide/cargo-home/registry/src/index.crates.io-6f17d22bba15001f/tokio-1.18.2/src/coop.rs:95:5
[INFO] [stdout]   31:     0x5623b651bfcc - tokio::coop::budget::hfd63d60bc4236cac
[INFO] [stdout]                                at /opt/rustwide/cargo-home/registry/src/index.crates.io-6f17d22bba15001f/tokio-1.18.2/src/coop.rs:72:5
[INFO] [stdout]   32:     0x5623b651bfcc - tokio::park::thread::CachedParkThread::block_on::ha49c412efd7d5b44
[INFO] [stdout]                                at /opt/rustwide/cargo-home/registry/src/index.crates.io-6f17d22bba15001f/tokio-1.18.2/src/park/thread.rs:263:31
[INFO] [stdout]   33:     0x5623b6536e33 - tokio::runtime::enter::Enter::block_on::he7d1d00970331337
[INFO] [stdout]                                at /opt/rustwide/cargo-home/registry/src/index.crates.io-6f17d22bba15001f/tokio-1.18.2/src/runtime/enter.rs:151:13
[INFO] [stdout]   34:     0x5623b652f82f - tokio::runtime::thread_pool::ThreadPool::block_on::ha9c3edbc90b93c4a
[INFO] [stdout]                                at /opt/rustwide/cargo-home/registry/src/index.crates.io-6f17d22bba15001f/tokio-1.18.2/src/runtime/thread_pool/mod.rs:81:9
[INFO] [stdout]   35:     0x5623b65f43bd - tokio::runtime::Runtime::block_on::h5a85947b3b699cfe
[INFO] [stdout]                                at /opt/rustwide/cargo-home/registry/src/index.crates.io-6f17d22bba15001f/tokio-1.18.2/src/runtime/mod.rs:477:43
[INFO] [stdout]   36:     0x5623b65c0994 - server::network_test::haea0cc4b5598d91a
[INFO] [stdout]                                at /opt/rustwide/workdir/tests/server.rs:88:2
[INFO] [stdout]   37:     0x5623b65cf856 - server::run_network_test::{{closure}}::h402e6ec7d0fe501e
[INFO] [stdout]                                at /opt/rustwide/workdir/tests/server.rs:134:3
[INFO] [stdout]   38:     0x5623b64ff7e1 - std::panicking::try::do_call::h79c5b216879efdf4
[INFO] [stdout]                                at /rustc/1b7dd2252b99671ce5d1cb9664c5f8636329436d/library/std/src/panicking.rs:485:40
[INFO] [stdout]   39:     0x5623b6507e4b - __rust_try
[INFO] [stdout]   40:     0x5623b64f8146 - std::panicking::try::h1d59af4909c4e586
[INFO] [stdout]                                at /rustc/1b7dd2252b99671ce5d1cb9664c5f8636329436d/library/std/src/panicking.rs:449:19
[INFO] [stdout]   41:     0x5623b6544ee6 - std::panic::catch_unwind::had3b9ef50a386842
[INFO] [stdout]                                at /rustc/1b7dd2252b99671ce5d1cb9664c5f8636329436d/library/std/src/panic.rs:140:14
[INFO] [stdout]   42:     0x5623b65cef7e - server::run_network_test::h34246501e1bfd365
[INFO] [stdout]                                at /opt/rustwide/workdir/tests/server.rs:133:15
[INFO] [stdout]   43:     0x5623b65cf976 - server::role_filter::hdb58597006ec201c
[INFO] [stdout]                                at /opt/rustwide/workdir/tests/server.rs:156:2
[INFO] [stdout]   44:     0x5623b65cf957 - server::role_filter::{{closure}}::hfedcd73872622440
[INFO] [stdout]                                at /opt/rustwide/workdir/tests/server.rs:155:18
[INFO] [stdout]   45:     0x5623b65e00c5 - core::ops::function::FnOnce::call_once::hc395c636e7af1c92
[INFO] [stdout]                                at /rustc/1b7dd2252b99671ce5d1cb9664c5f8636329436d/library/core/src/ops/function.rs:250:5
[INFO] [stdout]   46:     0x5623b6630caf - core::ops::function::FnOnce::call_once::ha6a70e79f7481a7e
[INFO] [stdout]                                at /rustc/1b7dd2252b99671ce5d1cb9664c5f8636329436d/library/core/src/ops/function.rs:250:5
[INFO] [stdout]   47:     0x5623b6630caf - test::__rust_begin_short_backtrace::hce33033019b61e69
[INFO] [stdout]                                at /rustc/1b7dd2252b99671ce5d1cb9664c5f8636329436d/library/test/src/lib.rs:655:18
[INFO] [stdout]   48:     0x5623b65fe49c - test::run_test::{{closure}}::h858d3528838ae3e5
[INFO] [stdout]                                at /rustc/1b7dd2252b99671ce5d1cb9664c5f8636329436d/library/test/src/lib.rs:646:30
[INFO] [stdout]   49:     0x5623b65fe49c - core::ops::function::FnOnce::call_once{{vtable.shim}}::he8ac2b00f01ae79e
[INFO] [stdout]                                at /rustc/1b7dd2252b99671ce5d1cb9664c5f8636329436d/library/core/src/ops/function.rs:250:5
[INFO] [stdout]   50:     0x5623b662fd86 - <alloc::boxed::Box<F,A> as core::ops::function::FnOnce<Args>>::call_once::h8093d25b522725ef
[INFO] [stdout]                                at /rustc/1b7dd2252b99671ce5d1cb9664c5f8636329436d/library/alloc/src/boxed.rs:1973:9
[INFO] [stdout]   51:     0x5623b662fd86 - <core::panic::unwind_safe::AssertUnwindSafe<F> as core::ops::function::FnOnce<()>>::call_once::h5c334c204e4a3913
[INFO] [stdout]                                at /rustc/1b7dd2252b99671ce5d1cb9664c5f8636329436d/library/core/src/panic/unwind_safe.rs:271:9
[INFO] [stdout]   52:     0x5623b662fd86 - std::panicking::try::do_call::ha8b740c7b9478074
[INFO] [stdout]                                at /rustc/1b7dd2252b99671ce5d1cb9664c5f8636329436d/library/std/src/panicking.rs:485:40
[INFO] [stdout]   53:     0x5623b662fd86 - std::panicking::try::h5d34f63d0e41b64e
[INFO] [stdout]                                at /rustc/1b7dd2252b99671ce5d1cb9664c5f8636329436d/library/std/src/panicking.rs:449:19
[INFO] [stdout]   54:     0x5623b662fd86 - std::panic::catch_unwind::hcfbb511e1aa7fc67
[INFO] [stdout]                                at /rustc/1b7dd2252b99671ce5d1cb9664c5f8636329436d/library/std/src/panic.rs:140:14
[INFO] [stdout]   55:     0x5623b662fd86 - test::run_test_in_process::h9abda90f802eaf21
[INFO] [stdout]                                at /rustc/1b7dd2252b99671ce5d1cb9664c5f8636329436d/library/test/src/lib.rs:678:27
[INFO] [stdout]   56:     0x5623b662fd86 - test::run_test::run_test_inner::{{closure}}::h0f058de91f6c6edf
[INFO] [stdout]                                at /rustc/1b7dd2252b99671ce5d1cb9664c5f8636329436d/library/test/src/lib.rs:572:39
[INFO] [stdout]   57:     0x5623b65f8ca5 - test::run_test::run_test_inner::{{closure}}::h5ca48a4c59c6c1fb
[INFO] [stdout]                                at /rustc/1b7dd2252b99671ce5d1cb9664c5f8636329436d/library/test/src/lib.rs:599:37
[INFO] [stdout]   58:     0x5623b65f8ca5 - std::sys_common::backtrace::__rust_begin_short_backtrace::h32bd51e1495d4a33
[INFO] [stdout]                                at /rustc/1b7dd2252b99671ce5d1cb9664c5f8636329436d/library/std/src/sys_common/backtrace.rs:134:18
[INFO] [stdout]   59:     0x5623b65fe1e1 - std::thread::Builder::spawn_unchecked_::{{closure}}::{{closure}}::hc086fae9b128b2db
[INFO] [stdout]                                at /rustc/1b7dd2252b99671ce5d1cb9664c5f8636329436d/library/std/src/thread/mod.rs:526:17
[INFO] [stdout]   60:     0x5623b65fe1e1 - <core::panic::unwind_safe::AssertUnwindSafe<F> as core::ops::function::FnOnce<()>>::call_once::hb66571888d270d43
[INFO] [stdout]                                at /rustc/1b7dd2252b99671ce5d1cb9664c5f8636329436d/library/core/src/panic/unwind_safe.rs:271:9
[INFO] [stdout]   61:     0x5623b65fe1e1 - std::panicking::try::do_call::h4fa2ef4f6e51fecf
[INFO] [stdout]                                at /rustc/1b7dd2252b99671ce5d1cb9664c5f8636329436d/library/std/src/panicking.rs:485:40
[INFO] [stdout]   62:     0x5623b65fe1e1 - std::panicking::try::h1e9e22b8584489b5
[INFO] [stdout]                                at /rustc/1b7dd2252b99671ce5d1cb9664c5f8636329436d/library/std/src/panicking.rs:449:19
[INFO] [stdout]   63:     0x5623b65fe1e1 - std::panic::catch_unwind::h44698a3de0e0769e
[INFO] [stdout]                                at /rustc/1b7dd2252b99671ce5d1cb9664c5f8636329436d/library/std/src/panic.rs:140:14
[INFO] [stdout]   64:     0x5623b65fe1e1 - std::thread::Builder::spawn_unchecked_::{{closure}}::h50153abde3fe239e
[INFO] [stdout]                                at /rustc/1b7dd2252b99671ce5d1cb9664c5f8636329436d/library/std/src/thread/mod.rs:525:30
[INFO] [stdout]   65:     0x5623b65fe1e1 - core::ops::function::FnOnce::call_once{{vtable.shim}}::hbe5bbf6f38394364
[INFO] [stdout]                                at /rustc/1b7dd2252b99671ce5d1cb9664c5f8636329436d/library/core/src/ops/function.rs:250:5
[INFO] [stdout]   66:     0x5623b670a495 - <alloc::boxed::Box<F,A> as core::ops::function::FnOnce<Args>>::call_once::h0d83cb2920a49046
[INFO] [stdout]                                at /rustc/1b7dd2252b99671ce5d1cb9664c5f8636329436d/library/alloc/src/boxed.rs:1973:9
[INFO] [stdout]   67:     0x5623b670a495 - <alloc::boxed::Box<F,A> as core::ops::function::FnOnce<Args>>::call_once::hbe0a008aa7d9ef59
[INFO] [stdout]                                at /rustc/1b7dd2252b99671ce5d1cb9664c5f8636329436d/library/alloc/src/boxed.rs:1973:9
[INFO] [stdout]   68:     0x5623b670a495 - std::sys::unix::thread::Thread::new::thread_start::h3a466996bdf6b1f9
[INFO] [stdout]                                at /rustc/1b7dd2252b99671ce5d1cb9664c5f8636329436d/library/std/src/sys/unix/thread.rs:108:17
[INFO] [stdout]   69:     0x7efe7fb9eb43 - <unknown>
[INFO] [stdout]   70:     0x7efe7fc2fbb4 - __clone
[INFO] [stdout]   71:                0x0 - <unknown>
[INFO] [stdout] 
[INFO] [stdout] 
[INFO] [stdout] failures:
[INFO] [stdout]     role_filter
[INFO] [stdout] 
[INFO] [stdout] test result: FAILED. 8 passed; 1 failed; 0 ignored; 0 measured; 0 filtered out; finished in 0.30s
[INFO] [stdout] 
[INFO] [stderr] error: test failed, to rerun pass `--test server`
[INFO] running `Command { std: "docker" "inspect" "46519b1e40df1c1a9dd72e2772afe9f25e9c0c4eb482bc445f918a65452c63cd", kill_on_drop: false }`
[INFO] running `Command { std: "docker" "rm" "-f" "46519b1e40df1c1a9dd72e2772afe9f25e9c0c4eb482bc445f918a65452c63cd", kill_on_drop: false }`
[INFO] [stdout] 46519b1e40df1c1a9dd72e2772afe9f25e9c0c4eb482bc445f918a65452c63cd
