[INFO] fetching crate tokio-compat 0.1.6...
[INFO] testing tokio-compat-0.1.6 against beta-2023-04-20 for beta-1.70-1
[INFO] extracting crate tokio-compat 0.1.6 into /workspace/builds/worker-7-tc2/source
[INFO] validating manifest of crates.io crate tokio-compat 0.1.6 on toolchain beta-2023-04-20
[INFO] running `Command { std: CARGO_HOME="/workspace/cargo-home" RUSTUP_HOME="/workspace/rustup-home" "/workspace/cargo-home/bin/cargo" "+beta-2023-04-20" "metadata" "--manifest-path" "Cargo.toml" "--no-deps", kill_on_drop: false }`
[INFO] started tweaking crates.io crate tokio-compat 0.1.6
[INFO] finished tweaking crates.io crate tokio-compat 0.1.6
[INFO] tweaked toml for crates.io crate tokio-compat 0.1.6 written to /workspace/builds/worker-7-tc2/source/Cargo.toml
[INFO] running `Command { std: CARGO_HOME="/workspace/cargo-home" RUSTUP_HOME="/workspace/rustup-home" __CARGO_TEST_CHANNEL_OVERRIDE_DO_NOT_USE_THIS="nightly" "/workspace/cargo-home/bin/cargo" "+beta-2023-04-20" "generate-lockfile" "--manifest-path" "Cargo.toml" "-Zno-index-update", kill_on_drop: false }`
[INFO] running `Command { std: CARGO_HOME="/workspace/cargo-home" RUSTUP_HOME="/workspace/rustup-home" "/workspace/cargo-home/bin/cargo" "+beta-2023-04-20" "fetch" "--manifest-path" "Cargo.toml", kill_on_drop: false }`
[INFO] [stderr]  Downloading crates ...
[INFO] [stderr]   Downloaded tokio-uds v0.2.7
[INFO] [stderr]   Downloaded tokio-fs v0.1.7
[INFO] running `Command { std: "docker" "create" "-v" "/var/lib/crater-agent-workspace/builds/worker-7-tc2/target:/opt/rustwide/target:rw,Z" "-v" "/var/lib/crater-agent-workspace/builds/worker-7-tc2/source:/opt/rustwide/workdir:ro,Z" "-v" "/var/lib/crater-agent-workspace/cargo-home:/opt/rustwide/cargo-home:ro,Z" "-v" "/var/lib/crater-agent-workspace/rustup-home:/opt/rustwide/rustup-home:ro,Z" "-e" "SOURCE_DIR=/opt/rustwide/workdir" "-e" "CARGO_TARGET_DIR=/opt/rustwide/target" "-e" "CARGO_HOME=/opt/rustwide/cargo-home" "-e" "RUSTUP_HOME=/opt/rustwide/rustup-home" "-w" "/opt/rustwide/workdir" "-m" "1610612736" "--user" "0:0" "--network" "none" "ghcr.io/rust-lang/crates-build-env/linux@sha256:5ff2268d62e97bff2cde7d5815dd6ed5b47097566f13b8d0ca110b04b60e07ed" "/opt/rustwide/cargo-home/bin/cargo" "+beta-2023-04-20" "metadata" "--no-deps" "--format-version=1", kill_on_drop: false }`
[INFO] [stdout] e3a5532e9d403ba78b9efd98f437460c259a7bb5cc2db60768ab4bdede546df3
[INFO] running `Command { std: "docker" "start" "-a" "e3a5532e9d403ba78b9efd98f437460c259a7bb5cc2db60768ab4bdede546df3", kill_on_drop: false }`
[INFO] running `Command { std: "docker" "inspect" "e3a5532e9d403ba78b9efd98f437460c259a7bb5cc2db60768ab4bdede546df3", kill_on_drop: false }`
[INFO] running `Command { std: "docker" "rm" "-f" "e3a5532e9d403ba78b9efd98f437460c259a7bb5cc2db60768ab4bdede546df3", kill_on_drop: false }`
[INFO] [stdout] e3a5532e9d403ba78b9efd98f437460c259a7bb5cc2db60768ab4bdede546df3
[INFO] running `Command { std: "docker" "create" "-v" "/var/lib/crater-agent-workspace/builds/worker-7-tc2/target:/opt/rustwide/target:rw,Z" "-v" "/var/lib/crater-agent-workspace/builds/worker-7-tc2/source:/opt/rustwide/workdir:ro,Z" "-v" "/var/lib/crater-agent-workspace/cargo-home:/opt/rustwide/cargo-home:ro,Z" "-v" "/var/lib/crater-agent-workspace/rustup-home:/opt/rustwide/rustup-home:ro,Z" "-e" "SOURCE_DIR=/opt/rustwide/workdir" "-e" "CARGO_TARGET_DIR=/opt/rustwide/target" "-e" "CARGO_INCREMENTAL=0" "-e" "RUST_BACKTRACE=full" "-e" "RUSTFLAGS=--cap-lints=warn" "-e" "RUSTDOCFLAGS=--cap-lints=warn" "-e" "CARGO_HOME=/opt/rustwide/cargo-home" "-e" "RUSTUP_HOME=/opt/rustwide/rustup-home" "-w" "/opt/rustwide/workdir" "-m" "1610612736" "--user" "0:0" "--network" "none" "ghcr.io/rust-lang/crates-build-env/linux@sha256:5ff2268d62e97bff2cde7d5815dd6ed5b47097566f13b8d0ca110b04b60e07ed" "/opt/rustwide/cargo-home/bin/cargo" "+beta-2023-04-20" "build" "--frozen" "--message-format=json", kill_on_drop: false }`
[INFO] [stdout] 1e97fe51e057b485b11b4cfa2d1eb586ba3e1453e5ac86226e7b5936f41cf4ac
[INFO] running `Command { std: "docker" "start" "-a" "1e97fe51e057b485b11b4cfa2d1eb586ba3e1453e5ac86226e7b5936f41cf4ac", kill_on_drop: false }`
[INFO] [stderr]    Compiling libc v0.2.142
[INFO] [stderr]    Compiling cfg-if v0.1.10
[INFO] [stderr]    Compiling semver-parser v0.7.0
[INFO] [stderr]    Compiling slab v0.4.8
[INFO] [stderr]    Compiling futures v0.1.31
[INFO] [stderr]    Compiling crossbeam-utils v0.7.2
[INFO] [stderr]    Compiling maybe-uninit v2.0.0
[INFO] [stderr]    Compiling log v0.4.17
[INFO] [stderr]    Compiling cfg-if v1.0.0
[INFO] [stderr]    Compiling futures-core v0.3.28
[INFO] [stderr]    Compiling byteorder v1.4.3
[INFO] [stderr]    Compiling fnv v1.0.7
[INFO] [stderr]    Compiling futures-task v0.3.28
[INFO] [stderr]    Compiling scopeguard v1.1.0
[INFO] [stderr]    Compiling futures-util v0.3.28
[INFO] [stderr]    Compiling pin-project-lite v0.2.9
[INFO] [stderr]    Compiling bytes v0.5.6
[INFO] [stderr]    Compiling futures-sink v0.3.28
[INFO] [stderr]    Compiling pin-project-lite v0.1.12
[INFO] [stderr]    Compiling pin-utils v0.1.0
[INFO] [stderr]    Compiling lock_api v0.3.4
[INFO] [stderr]    Compiling semver v0.9.0
[INFO] [stderr]    Compiling rustc_version v0.2.3
[INFO] [stderr]    Compiling smallvec v0.6.14
[INFO] [stderr]    Compiling parking_lot_core v0.6.3
[INFO] [stderr]    Compiling parking_lot v0.9.0
[INFO] [stderr]    Compiling iovec v0.1.4
[INFO] [stderr]    Compiling net2 v0.2.38
[INFO] [stderr]    Compiling num_cpus v1.15.0
[INFO] [stderr]    Compiling bytes v0.4.12
[INFO] [stderr]    Compiling tokio-executor v0.1.10
[INFO] [stderr]    Compiling tokio-sync v0.1.8
[INFO] [stderr]    Compiling mio v0.6.23
[INFO] [stderr]    Compiling tokio-timer v0.2.13
[INFO] [stderr]    Compiling tokio-current-thread v0.1.7
[INFO] [stderr]    Compiling tokio-io v0.1.13
[INFO] [stderr]    Compiling tokio-reactor v0.1.12
[INFO] [stderr]    Compiling tokio v0.2.25
[INFO] [stderr]    Compiling tokio-compat v0.1.6 (/opt/rustwide/workdir)
[INFO] [stdout] warning: lint `intra_doc_link_resolution_failure` has been removed: use `rustdoc::broken_intra_doc_links` instead
[INFO] [stdout]   --> src/lib.rs:69:9
[INFO] [stdout]    |
[INFO] [stdout] 69 | #![deny(intra_doc_link_resolution_failure)]
[INFO] [stdout]    |         ^^^^^^^^^^^^^^^^^^^^^^^^^^^^^^^^^
[INFO] [stdout]    |
[INFO] [stdout]    = note: `#[warn(renamed_and_removed_lints)]` on by default
[INFO] [stdout] 
[INFO] [stdout] 
[INFO] [stdout] warning: field `inner` is never read
[INFO] [stdout]    --> src/runtime/current_thread/runtime.rs:187:5
[INFO] [stdout]     |
[INFO] [stdout] 186 | pub struct RunError {
[INFO] [stdout]     |            -------- field in this struct
[INFO] [stdout] 187 |     inner: (),
[INFO] [stdout]     |     ^^^^^
[INFO] [stdout]     |
[INFO] [stdout]     = note: `RunError` has a derived impl for the trait `Debug`, but this is intentionally ignored during dead code analysis
[INFO] [stdout]     = note: `#[warn(dead_code)]` on by default
[INFO] [stdout] 
[INFO] [stdout] 
[INFO] [stdout] warning: field `compat_sender` is never read
[INFO] [stdout]   --> src/runtime/threadpool/mod.rs:54:5
[INFO] [stdout]    |
[INFO] [stdout] 43 | pub struct Runtime {
[INFO] [stdout]    |            ------- field in this struct
[INFO] [stdout] ...
[INFO] [stdout] 54 |     compat_sender: Arc<RwLock<Option<CompatSpawner<tokio_02::runtime::Handle>>>>,
[INFO] [stdout]    |     ^^^^^^^^^^^^^
[INFO] [stdout]    |
[INFO] [stdout]    = note: `Runtime` has a derived impl for the trait `Debug`, but this is intentionally ignored during dead code analysis
[INFO] [stdout] 
[INFO] [stdout] 
[INFO] [stdout] warning: 3 warnings emitted
[INFO] [stdout] 
[INFO] [stdout] 
[INFO] [stderr]     Finished dev [unoptimized + debuginfo] target(s) in 4.68s
[INFO] running `Command { std: "docker" "inspect" "1e97fe51e057b485b11b4cfa2d1eb586ba3e1453e5ac86226e7b5936f41cf4ac", kill_on_drop: false }`
[INFO] running `Command { std: "docker" "rm" "-f" "1e97fe51e057b485b11b4cfa2d1eb586ba3e1453e5ac86226e7b5936f41cf4ac", kill_on_drop: false }`
[INFO] [stdout] 1e97fe51e057b485b11b4cfa2d1eb586ba3e1453e5ac86226e7b5936f41cf4ac
[INFO] running `Command { std: "docker" "create" "-v" "/var/lib/crater-agent-workspace/builds/worker-7-tc2/target:/opt/rustwide/target:rw,Z" "-v" "/var/lib/crater-agent-workspace/builds/worker-7-tc2/source:/opt/rustwide/workdir:ro,Z" "-v" "/var/lib/crater-agent-workspace/cargo-home:/opt/rustwide/cargo-home:ro,Z" "-v" "/var/lib/crater-agent-workspace/rustup-home:/opt/rustwide/rustup-home:ro,Z" "-e" "SOURCE_DIR=/opt/rustwide/workdir" "-e" "CARGO_TARGET_DIR=/opt/rustwide/target" "-e" "CARGO_INCREMENTAL=0" "-e" "RUST_BACKTRACE=full" "-e" "RUSTFLAGS=--cap-lints=warn" "-e" "RUSTDOCFLAGS=--cap-lints=warn" "-e" "CARGO_HOME=/opt/rustwide/cargo-home" "-e" "RUSTUP_HOME=/opt/rustwide/rustup-home" "-w" "/opt/rustwide/workdir" "-m" "1610612736" "--user" "0:0" "--network" "none" "ghcr.io/rust-lang/crates-build-env/linux@sha256:5ff2268d62e97bff2cde7d5815dd6ed5b47097566f13b8d0ca110b04b60e07ed" "/opt/rustwide/cargo-home/bin/cargo" "+beta-2023-04-20" "test" "--frozen" "--no-run" "--message-format=json", kill_on_drop: false }`
[INFO] [stdout] 4e7335813e2c41f2309c65468132a0f022e6400c62e54f9c82de4e88502356d2
[INFO] running `Command { std: "docker" "start" "-a" "4e7335813e2c41f2309c65468132a0f022e6400c62e54f9c82de4e88502356d2", kill_on_drop: false }`
[INFO] [stderr]    Compiling memoffset v0.5.6
[INFO] [stderr]    Compiling crossbeam-epoch v0.8.2
[INFO] [stderr]    Compiling crossbeam-queue v0.2.3
[INFO] [stderr]    Compiling mio-uds v0.6.8
[INFO] [stderr]    Compiling tokio-codec v0.1.2
[INFO] [stderr]    Compiling tokio-tcp v0.1.4
[INFO] [stdout] warning: lint `intra_doc_link_resolution_failure` has been removed: use `rustdoc::broken_intra_doc_links` instead
[INFO] [stdout]   --> src/lib.rs:69:9
[INFO] [stdout]    |
[INFO] [stdout] 69 | #![deny(intra_doc_link_resolution_failure)]
[INFO] [stdout]    |         ^^^^^^^^^^^^^^^^^^^^^^^^^^^^^^^^^
[INFO] [stdout]    |
[INFO] [stdout]    = note: `#[warn(renamed_and_removed_lints)]` on by default
[INFO] [stdout] 
[INFO] [stdout] 
[INFO] [stdout] warning: field `inner` is never read
[INFO] [stdout]    --> src/runtime/current_thread/runtime.rs:187:5
[INFO] [stdout]     |
[INFO] [stdout] 186 | pub struct RunError {
[INFO] [stdout]     |            -------- field in this struct
[INFO] [stdout] 187 |     inner: (),
[INFO] [stdout]     |     ^^^^^
[INFO] [stdout]     |
[INFO] [stdout]     = note: `RunError` has a derived impl for the trait `Debug`, but this is intentionally ignored during dead code analysis
[INFO] [stdout]     = note: `#[warn(dead_code)]` on by default
[INFO] [stdout] 
[INFO] [stdout] 
[INFO] [stdout] warning: field `compat_sender` is never read
[INFO] [stdout]   --> src/runtime/threadpool/mod.rs:54:5
[INFO] [stdout]    |
[INFO] [stdout] 43 | pub struct Runtime {
[INFO] [stdout]    |            ------- field in this struct
[INFO] [stdout] ...
[INFO] [stdout] 54 |     compat_sender: Arc<RwLock<Option<CompatSpawner<tokio_02::runtime::Handle>>>>,
[INFO] [stdout]    |     ^^^^^^^^^^^^^
[INFO] [stdout]    |
[INFO] [stdout]    = note: `Runtime` has a derived impl for the trait `Debug`, but this is intentionally ignored during dead code analysis
[INFO] [stdout] 
[INFO] [stdout] 
[INFO] [stdout] warning: 3 warnings emitted
[INFO] [stdout] 
[INFO] [stdout] 
[INFO] [stderr]    Compiling tokio-udp v0.1.6
[INFO] [stderr]    Compiling tokio-uds v0.2.7
[INFO] [stderr]    Compiling crossbeam-deque v0.7.4
[INFO] [stderr]    Compiling tokio-threadpool v0.1.18
[INFO] [stderr]    Compiling tokio-fs v0.1.7
[INFO] [stderr]    Compiling tokio v0.1.22
[INFO] [stderr]    Compiling tokio-compat v0.1.6 (/opt/rustwide/workdir)
[INFO] [stdout] warning: lint `intra_doc_link_resolution_failure` has been removed: use `rustdoc::broken_intra_doc_links` instead
[INFO] [stdout]   --> src/lib.rs:69:9
[INFO] [stdout]    |
[INFO] [stdout] 69 | #![deny(intra_doc_link_resolution_failure)]
[INFO] [stdout]    |         ^^^^^^^^^^^^^^^^^^^^^^^^^^^^^^^^^
[INFO] [stdout]    |
[INFO] [stdout]    = note: `#[warn(renamed_and_removed_lints)]` on by default
[INFO] [stdout] 
[INFO] [stdout] 
[INFO] [stdout] warning: variable does not need to be mutable
[INFO] [stdout]    --> tests/rt_threadpool.rs:198:9
[INFO] [stdout]     |
[INFO] [stdout] 198 |     let mut rt = runtime::Runtime::new().unwrap();
[INFO] [stdout]     |         ----^^
[INFO] [stdout]     |         |
[INFO] [stdout]     |         help: remove this `mut`
[INFO] [stdout]     |
[INFO] [stdout]     = note: `#[warn(unused_mut)]` on by default
[INFO] [stdout] 
[INFO] [stdout] 
[INFO] [stdout] warning: unused `Result` that must be used
[INFO] [stdout]    --> tests/rt_threadpool.rs:175:9
[INFO] [stdout]     |
[INFO] [stdout] 175 |         tokio_02::spawn(async {}).await;
[INFO] [stdout]     |         ^^^^^^^^^^^^^^^^^^^^^^^^^^^^^^^
[INFO] [stdout]     |
[INFO] [stdout]     = note: this `Result` may be an `Err` variant, which should be handled
[INFO] [stdout]     = note: `#[warn(unused_must_use)]` on by default
[INFO] [stdout] help: use `let _ = ...` to ignore the resulting value
[INFO] [stdout]     |
[INFO] [stdout] 175 |         let _ = tokio_02::spawn(async {}).await;
[INFO] [stdout]     |         +++++++
[INFO] [stdout] 
[INFO] [stdout] 
[INFO] [stdout] warning: unused output of future returned by `tokio::task::yield_now` that must be used
[INFO] [stdout]    --> tests/rt_threadpool.rs:179:9
[INFO] [stdout]     |
[INFO] [stdout] 179 |         tokio_02::task::yield_now().await;
[INFO] [stdout]     |         ^^^^^^^^^^^^^^^^^^^^^^^^^^^^^^^^^
[INFO] [stdout]     |
[INFO] [stdout]     = note: yield_now does nothing unless polled/`await`-ed
[INFO] [stdout] help: use `let _ = ...` to ignore the resulting value
[INFO] [stdout]     |
[INFO] [stdout] 179 |         let _ = tokio_02::task::yield_now().await;
[INFO] [stdout]     |         +++++++
[INFO] [stdout] 
[INFO] [stdout] 
[INFO] [stdout] warning: unused `Result` that must be used
[INFO] [stdout]    --> tests/rt_current_thread.rs:157:9
[INFO] [stdout]     |
[INFO] [stdout] 157 |         tokio_02::spawn(async {}).await;
[INFO] [stdout]     |         ^^^^^^^^^^^^^^^^^^^^^^^^^^^^^^^
[INFO] [stdout]     |
[INFO] [stdout]     = note: this `Result` may be an `Err` variant, which should be handled
[INFO] [stdout]     = note: `#[warn(unused_must_use)]` on by default
[INFO] [stdout] help: use `let _ = ...` to ignore the resulting value
[INFO] [stdout]     |
[INFO] [stdout] 157 |         let _ = tokio_02::spawn(async {}).await;
[INFO] [stdout]     |         +++++++
[INFO] [stdout] 
[INFO] [stdout] 
[INFO] [stdout] warning: unused output of future returned by `tokio::task::yield_now` that must be used
[INFO] [stdout]    --> tests/rt_current_thread.rs:161:9
[INFO] [stdout]     |
[INFO] [stdout] 161 |         tokio_02::task::yield_now().await;
[INFO] [stdout]     |         ^^^^^^^^^^^^^^^^^^^^^^^^^^^^^^^^^
[INFO] [stdout]     |
[INFO] [stdout]     = note: yield_now does nothing unless polled/`await`-ed
[INFO] [stdout] help: use `let _ = ...` to ignore the resulting value
[INFO] [stdout]     |
[INFO] [stdout] 161 |         let _ = tokio_02::task::yield_now().await;
[INFO] [stdout]     |         +++++++
[INFO] [stdout] 
[INFO] [stdout] 
[INFO] [stdout] warning: unused `Result` that must be used
[INFO] [stdout]    --> tests/rt_current_thread.rs:188:5
[INFO] [stdout]     |
[INFO] [stdout] 188 |     rt.run();
[INFO] [stdout]     |     ^^^^^^^^
[INFO] [stdout]     |
[INFO] [stdout]     = note: this `Result` may be an `Err` variant, which should be handled
[INFO] [stdout] help: use `let _ = ...` to ignore the resulting value
[INFO] [stdout]     |
[INFO] [stdout] 188 |     let _ = rt.run();
[INFO] [stdout]     |     +++++++
[INFO] [stdout] 
[INFO] [stdout] 
[INFO] [stdout] warning: field `inner` is never read
[INFO] [stdout]    --> src/runtime/current_thread/runtime.rs:187:5
[INFO] [stdout]     |
[INFO] [stdout] 186 | pub struct RunError {
[INFO] [stdout]     |            -------- field in this struct
[INFO] [stdout] 187 |     inner: (),
[INFO] [stdout]     |     ^^^^^
[INFO] [stdout]     |
[INFO] [stdout]     = note: `RunError` has a derived impl for the trait `Debug`, but this is intentionally ignored during dead code analysis
[INFO] [stdout]     = note: `#[warn(dead_code)]` on by default
[INFO] [stdout] 
[INFO] [stdout] 
[INFO] [stdout] warning: field `compat_sender` is never read
[INFO] [stdout]   --> src/runtime/threadpool/mod.rs:54:5
[INFO] [stdout]    |
[INFO] [stdout] 43 | pub struct Runtime {
[INFO] [stdout]    |            ------- field in this struct
[INFO] [stdout] ...
[INFO] [stdout] 54 |     compat_sender: Arc<RwLock<Option<CompatSpawner<tokio_02::runtime::Handle>>>>,
[INFO] [stdout]    |     ^^^^^^^^^^^^^
[INFO] [stdout]    |
[INFO] [stdout]    = note: `Runtime` has a derived impl for the trait `Debug`, but this is intentionally ignored during dead code analysis
[INFO] [stdout] 
[INFO] [stdout] 
[INFO] [stdout] warning: 3 warnings emitted
[INFO] [stdout] 
[INFO] [stdout] 
[INFO] [stdout] warning: 3 warnings emitted
[INFO] [stdout] 
[INFO] [stdout] 
[INFO] [stdout] warning: 3 warnings emitted
[INFO] [stdout] 
[INFO] [stdout] 
[INFO] [stderr]     Finished test [unoptimized + debuginfo] target(s) in 3.19s
[INFO] running `Command { std: "docker" "inspect" "4e7335813e2c41f2309c65468132a0f022e6400c62e54f9c82de4e88502356d2", kill_on_drop: false }`
[INFO] running `Command { std: "docker" "rm" "-f" "4e7335813e2c41f2309c65468132a0f022e6400c62e54f9c82de4e88502356d2", kill_on_drop: false }`
[INFO] [stdout] 4e7335813e2c41f2309c65468132a0f022e6400c62e54f9c82de4e88502356d2
[INFO] running `Command { std: "docker" "create" "-v" "/var/lib/crater-agent-workspace/builds/worker-7-tc2/target:/opt/rustwide/target:rw,Z" "-v" "/var/lib/crater-agent-workspace/builds/worker-7-tc2/source:/opt/rustwide/workdir:ro,Z" "-v" "/var/lib/crater-agent-workspace/cargo-home:/opt/rustwide/cargo-home:ro,Z" "-v" "/var/lib/crater-agent-workspace/rustup-home:/opt/rustwide/rustup-home:ro,Z" "-e" "SOURCE_DIR=/opt/rustwide/workdir" "-e" "CARGO_TARGET_DIR=/opt/rustwide/target" "-e" "CARGO_INCREMENTAL=0" "-e" "RUST_BACKTRACE=full" "-e" "RUSTFLAGS=--cap-lints=warn" "-e" "RUSTDOCFLAGS=--cap-lints=warn" "-e" "CARGO_HOME=/opt/rustwide/cargo-home" "-e" "RUSTUP_HOME=/opt/rustwide/rustup-home" "-w" "/opt/rustwide/workdir" "-m" "1610612736" "--user" "0:0" "--network" "none" "ghcr.io/rust-lang/crates-build-env/linux@sha256:5ff2268d62e97bff2cde7d5815dd6ed5b47097566f13b8d0ca110b04b60e07ed" "/opt/rustwide/cargo-home/bin/cargo" "+beta-2023-04-20" "test" "--frozen", kill_on_drop: false }`
[INFO] [stdout] 55e3d70ddaa9d6aa90192b844c25b73c0c6604095ac577f9872949ecbe86edee
[INFO] running `Command { std: "docker" "start" "-a" "55e3d70ddaa9d6aa90192b844c25b73c0c6604095ac577f9872949ecbe86edee", kill_on_drop: false }`
[INFO] [stderr] warning: lint `intra_doc_link_resolution_failure` has been removed: use `rustdoc::broken_intra_doc_links` instead
[INFO] [stderr]   --> src/lib.rs:69:9
[INFO] [stderr]    |
[INFO] [stderr] 69 | #![deny(intra_doc_link_resolution_failure)]
[INFO] [stderr]    |         ^^^^^^^^^^^^^^^^^^^^^^^^^^^^^^^^^
[INFO] [stderr]    |
[INFO] [stderr]    = note: `#[warn(renamed_and_removed_lints)]` on by default
[INFO] [stderr] 
[INFO] [stderr] warning: field `inner` is never read
[INFO] [stderr]    --> src/runtime/current_thread/runtime.rs:187:5
[INFO] [stderr]     |
[INFO] [stderr] 186 | pub struct RunError {
[INFO] [stderr]     |            -------- field in this struct
[INFO] [stderr] 187 |     inner: (),
[INFO] [stderr]     |     ^^^^^
[INFO] [stderr]     |
[INFO] [stderr]     = note: `RunError` has a derived impl for the trait `Debug`, but this is intentionally ignored during dead code analysis
[INFO] [stderr]     = note: `#[warn(dead_code)]` on by default
[INFO] [stderr] 
[INFO] [stderr] warning: field `compat_sender` is never read
[INFO] [stderr]   --> src/runtime/threadpool/mod.rs:54:5
[INFO] [stderr]    |
[INFO] [stderr] 43 | pub struct Runtime {
[INFO] [stderr]    |            ------- field in this struct
[INFO] [stderr] ...
[INFO] [stderr] 54 |     compat_sender: Arc<RwLock<Option<CompatSpawner<tokio_02::runtime::Handle>>>>,
[INFO] [stderr]    |     ^^^^^^^^^^^^^
[INFO] [stderr]    |
[INFO] [stderr]    = note: `Runtime` has a derived impl for the trait `Debug`, but this is intentionally ignored during dead code analysis
[INFO] [stderr] 
[INFO] [stderr] warning: `tokio-compat` (lib) generated 3 warnings
[INFO] [stderr] warning: unused `Result` that must be used
[INFO] [stderr]    --> tests/rt_current_thread.rs:157:9
[INFO] [stderr]     |
[INFO] [stderr] 157 |         tokio_02::spawn(async {}).await;
[INFO] [stderr]     |         ^^^^^^^^^^^^^^^^^^^^^^^^^^^^^^^
[INFO] [stderr]     |
[INFO] [stderr]     = note: this `Result` may be an `Err` variant, which should be handled
[INFO] [stderr]     = note: `#[warn(unused_must_use)]` on by default
[INFO] [stderr] help: use `let _ = ...` to ignore the resulting value
[INFO] [stderr]     |
[INFO] [stderr] 157 |         let _ = tokio_02::spawn(async {}).await;
[INFO] [stderr]     |         +++++++
[INFO] [stderr] 
[INFO] [stderr] warning: unused output of future returned by `tokio::task::yield_now` that must be used
[INFO] [stderr]    --> tests/rt_current_thread.rs:161:9
[INFO] [stderr]     |
[INFO] [stderr] 161 |         tokio_02::task::yield_now().await;
[INFO] [stderr]     |         ^^^^^^^^^^^^^^^^^^^^^^^^^^^^^^^^^
[INFO] [stderr]     |
[INFO] [stderr]     = note: yield_now does nothing unless polled/`await`-ed
[INFO] [stderr] help: use `let _ = ...` to ignore the resulting value
[INFO] [stderr]     |
[INFO] [stderr] 161 |         let _ = tokio_02::task::yield_now().await;
[INFO] [stderr]     |         +++++++
[INFO] [stderr] 
[INFO] [stderr] warning: unused `Result` that must be used
[INFO] [stderr]    --> tests/rt_current_thread.rs:188:5
[INFO] [stderr]     |
[INFO] [stderr] 188 |     rt.run();
[INFO] [stderr]     |     ^^^^^^^^
[INFO] [stderr]     |
[INFO] [stderr]     = note: this `Result` may be an `Err` variant, which should be handled
[INFO] [stderr] help: use `let _ = ...` to ignore the resulting value
[INFO] [stderr]     |
[INFO] [stderr] 188 |     let _ = rt.run();
[INFO] [stderr]     |     +++++++
[INFO] [stderr] 
[INFO] [stderr] warning: variable does not need to be mutable
[INFO] [stderr]    --> tests/rt_threadpool.rs:198:9
[INFO] [stderr]     |
[INFO] [stderr] 198 |     let mut rt = runtime::Runtime::new().unwrap();
[INFO] [stderr]     |         ----^^
[INFO] [stderr]     |         |
[INFO] [stderr]     |         help: remove this `mut`
[INFO] [stderr]     |
[INFO] [stderr]     = note: `#[warn(unused_mut)]` on by default
[INFO] [stderr] 
[INFO] [stderr] warning: unused `Result` that must be used
[INFO] [stderr]    --> tests/rt_threadpool.rs:175:9
[INFO] [stderr]     |
[INFO] [stderr] 175 |         tokio_02::spawn(async {}).await;
[INFO] [stderr]     |         ^^^^^^^^^^^^^^^^^^^^^^^^^^^^^^^
[INFO] [stderr]     |
[INFO] [stderr]     = note: this `Result` may be an `Err` variant, which should be handled
[INFO] [stderr]     = note: `#[warn(unused_must_use)]` on by default
[INFO] [stderr] help: use `let _ = ...` to ignore the resulting value
[INFO] [stderr]     |
[INFO] [stderr] 175 |         let _ = tokio_02::spawn(async {}).await;
[INFO] [stderr]     |         +++++++
[INFO] [stderr] 
[INFO] [stderr] warning: unused output of future returned by `tokio::task::yield_now` that must be used
[INFO] [stderr]    --> tests/rt_threadpool.rs:179:9
[INFO] [stderr]     |
[INFO] [stderr] 179 |         tokio_02::task::yield_now().await;
[INFO] [stderr]     |         ^^^^^^^^^^^^^^^^^^^^^^^^^^^^^^^^^
[INFO] [stderr]     |
[INFO] [stderr]     = note: yield_now does nothing unless polled/`await`-ed
[INFO] [stderr] help: use `let _ = ...` to ignore the resulting value
[INFO] [stderr]     |
[INFO] [stderr] 179 |         let _ = tokio_02::task::yield_now().await;
[INFO] [stderr]     |         +++++++
[INFO] [stderr] 
[INFO] [stderr] warning: `tokio-compat` (lib test) generated 3 warnings (3 duplicates)
[INFO] [stderr] warning: `tokio-compat` (test "rt_current_thread") generated 3 warnings
[INFO] [stderr] warning: `tokio-compat` (test "rt_threadpool") generated 3 warnings (run `cargo fix --test "rt_threadpool"` to apply 1 suggestion)
[INFO] [stderr]     Finished test [unoptimized + debuginfo] target(s) in 0.03s
[INFO] [stderr]      Running unittests src/lib.rs (/opt/rustwide/target/debug/deps/tokio_compat-bb1cebc4c6eb7f75)
[INFO] [stdout] 
[INFO] [stdout] running 0 tests
[INFO] [stdout] 
[INFO] [stdout] test result: ok. 0 passed; 0 failed; 0 ignored; 0 measured; 0 filtered out; finished in 0.00s
[INFO] [stdout] 
[INFO] [stderr]      Running tests/rt_current_thread.rs (/opt/rustwide/target/debug/deps/rt_current_thread-2352386d5aa0d72f)
[INFO] [stdout] 
[INFO] [stdout] running 13 tests
[INFO] [stdout] test block_on_01_spawn ... ok
[INFO] [stdout] test can_spawn_01_futures ... ok
[INFO] [stdout] test can_spawn_std_futures ... ok
[INFO] [stdout] test block_on_twice ... ok
[INFO] [stdout] test enter_can_spawn_01_futures ... ok
[INFO] [stdout] test block_on_std_01_spawn ... ok
[INFO] [stdout] test can_run_01_futures ... ok
[INFO] [stdout] test enter_exposed ... ok
[INFO] [stdout] test idle_after_block_on ... ok
[INFO] [stdout] test tokio_02_spawn_blocking_works ... ok
[INFO] [stdout] test block_on_01_timer ... ok
[INFO] [stdout] test block_on_std_01_timer ... ok
[INFO] [stdout] test tokio_01_timers_work ... ok
[INFO] [stdout] 
[INFO] [stdout] test result: ok. 13 passed; 0 failed; 0 ignored; 0 measured; 0 filtered out; finished in 0.02s
[INFO] [stdout] 
[INFO] [stderr]      Running tests/rt_threadpool.rs (/opt/rustwide/target/debug/deps/rt_threadpool-b028f6f06d2fd181)
[INFO] [stdout] 
[INFO] [stdout] running 14 tests
[INFO] [stdout] test can_spawn_01_futures ... ok
[INFO] [stdout] test block_on_twice ... ok
[INFO] [stdout] test can_run_01_futures ... ok
[INFO] [stdout] test block_on_01_spawn ... ok
[INFO] [stdout] test can_spawn_std_futures ... ok
[INFO] [stdout] test block_on_std_01_spawn ... ok
[INFO] [stdout] test block_on_01_timer ... ok
[INFO] [stdout] test block_on_std_01_timer ... ok
[INFO] [stdout] test enter_exposed ... ok
[INFO] [stdout] test enter_can_spawn_01_futures ... ok
[INFO] [stdout] test tokio_02_block_in_place_works ... ok
[INFO] [stdout] test idle_after_block_on ... ok
[INFO] [stdout] test tokio_02_spawn_blocking_works ... ok
[INFO] [stdout] test tokio_01_timers_work ... ok
[INFO] [stdout] 
[INFO] [stdout] test result: ok. 14 passed; 0 failed; 0 ignored; 0 measured; 0 filtered out; finished in 0.05s
[INFO] [stdout] 
[INFO] [stderr]    Doc-tests tokio-compat
[INFO] [stderr] warning: lint `intra_doc_link_resolution_failure` has been renamed to `rustdoc::broken_intra_doc_links`
[INFO] [stderr]   --> /opt/rustwide/workdir/src/lib.rs:69:9
[INFO] [stderr]    |
[INFO] [stderr] 69 | #![deny(intra_doc_link_resolution_failure)]
[INFO] [stderr]    |         ^^^^^^^^^^^^^^^^^^^^^^^^^^^^^^^^^ help: use the new name: `rustdoc::broken_intra_doc_links`
[INFO] [stderr]    |
[INFO] [stderr]    = note: `#[warn(renamed_and_removed_lints)]` on by default
[INFO] [stderr] 
[INFO] [stderr] warning: 1 warning emitted
[INFO] [stderr] 
[INFO] [stdout] 
[INFO] [stdout] running 30 tests
[INFO] [stdout] test src/runtime/current_thread/runtime.rs - runtime::current_thread::runtime::Handle::spawn_handle_std (line 147) ... ok
[INFO] [stdout] test src/runtime/current_thread/runtime.rs - runtime::current_thread::runtime::Runtime::spawn_std (line 270) ... ok
[INFO] [stdout] test src/runtime/current_thread/runtime.rs - runtime::current_thread::runtime::Runtime::spawn (line 240) ... ok
[INFO] [stdout] test src/runtime/current_thread/runtime.rs - runtime::current_thread::runtime::Handle::spawn_handle (line 104) ... ok
[INFO] [stdout] test src/runtime/threadpool/builder.rs - runtime::threadpool::builder::Builder::stack_size (line 132) ... FAILED
[INFO] [stdout] test src/runtime/threadpool/builder.rs - runtime::threadpool::builder::Builder::core_threads (line 80) ... FAILED
[INFO] [stdout] test src/runtime/threadpool/mod.rs - runtime::threadpool::Runtime::spawn (line 247) ... FAILED
[INFO] [stdout] test src/runtime/threadpool/mod.rs - runtime::threadpool::Runtime::spawn_handle (line 341) ... FAILED
[INFO] [stdout] test src/runtime/current_thread/mod.rs - runtime::current_thread (line 58) ... FAILED
[INFO] [stdout] test src/runtime/threadpool/mod.rs - runtime::threadpool::Runtime::spawn_std (line 290) ... FAILED
[INFO] [stdout] test src/lib.rs - (line 37) ... FAILED
[INFO] [stdout] test src/runtime/mod.rs - runtime (line 199) ... FAILED
[INFO] [stdout] test src/runtime/mod.rs - runtime (line 175) ... FAILED
[INFO] [stdout] test src/runtime/threadpool/task_executor.rs - runtime::threadpool::task_executor::TaskExecutor::spawn (line 34) ... ok
[INFO] [stdout] test src/runtime/threadpool/mod.rs - runtime::threadpool::run_std (line 146) ... ok
[INFO] [stdout] test src/runtime/threadpool/task_executor.rs - runtime::threadpool::task_executor::TaskExecutor::spawn_handle (line 108) ... ok
[INFO] [stdout] test src/runtime/threadpool/mod.rs - runtime::threadpool::run (line 94) ... ok
[INFO] [stdout] test src/runtime/threadpool/mod.rs - runtime::threadpool::Runtime::spawn_handle_std (line 389) ... ok
[INFO] [stdout] test src/runtime/threadpool/task_executor.rs - runtime::threadpool::task_executor::TaskExecutor::spawn_handle_std (line 152) ... ok
[INFO] [stdout] test src/runtime/threadpool/task_executor.rs - runtime::threadpool::task_executor::TaskExecutor::spawn_std (line 68) ... ok
[INFO] [stdout] test src/runtime/threadpool/builder.rs - runtime::threadpool::builder::Builder::build (line 152) ... ok
[INFO] [stdout] test src/runtime/threadpool/builder.rs - runtime::threadpool::builder::Builder::name_prefix (line 108) ... ok
[INFO] [stdout] test src/runtime/threadpool/builder.rs - runtime::threadpool::builder::Builder (line 28) ... ok
[INFO] [stdout] test src/runtime/threadpool/mod.rs - runtime::threadpool::Runtime::new (line 199) ... ok
[INFO] [stdout] test src/runtime/threadpool/mod.rs - runtime::threadpool::Runtime::shutdown_on_idle (line 476) ... ok
[INFO] [stdout] test src/runtime/threadpool/mod.rs - runtime::threadpool::Runtime::shutdown_now (line 529) ... ok
[INFO] [stdout] test src/lib.rs - (line 13) ... ok
[INFO] [stdout] test src/runtime/current_thread/builder.rs - runtime::current_thread::builder::Builder (line 26) ... ok
[INFO] [stdout] test src/runtime/current_thread/mod.rs - runtime::current_thread (line 32) ... ok
[INFO] [stdout] test src/runtime/threadpool/mod.rs - runtime::threadpool::Runtime::executor (line 220) ... ok
[INFO] [stdout] 
[INFO] [stdout] failures:
[INFO] [stdout] 
[INFO] [stdout] ---- src/runtime/threadpool/builder.rs - runtime::threadpool::builder::Builder::stack_size (line 132) stdout ----
[INFO] [stdout] error: linking with `cc` failed: exit status: 1
[INFO] [stdout]   |
[INFO] [stdout]   = note: LC_ALL="C" PATH="/opt/rustwide/rustup-home/toolchains/beta-2023-04-20-x86_64-unknown-linux-gnu/lib/rustlib/x86_64-unknown-linux-gnu/bin:/opt/rustwide/cargo-home/bin:/usr/local/sbin:/usr/local/bin:/usr/sbin:/usr/bin:/sbin:/bin" VSLANG="1033" "cc" "-m64" "/tmp/rustcnx1iV3/symbols.o" "/tmp/rustdoctestLXJn4C/rust_out.rust_out.c38b68ff-cgu.0.rcgu.o" "/tmp/rustdoctestLXJn4C/rust_out.38a7fyhsvjn6z0qy.rcgu.o" "-Wl,--as-needed" "-L" "/opt/rustwide/target/debug/deps" "-L" "/opt/rustwide/target/debug/deps" "-L" "/opt/rustwide/rustup-home/toolchains/beta-2023-04-20-x86_64-unknown-linux-gnu/lib/rustlib/x86_64-unknown-linux-gnu/lib" "-Wl,-Bstatic" "/opt/rustwide/target/debug/deps/libtokio_compat-d245955a83eda29a.rlib" "/opt/rustwide/target/debug/deps/libtokio_current_thread-25d8ac73ce07f164.rlib" "/opt/rustwide/target/debug/deps/libtokio_timer-6d461070abc897a1.rlib" "/opt/rustwide/target/debug/deps/libtokio_reactor-2b59c05fc28a4962.rlib" "/opt/rustwide/target/debug/deps/libtokio_sync-72fdd4ebc14b4b69.rlib" "/opt/rustwide/target/debug/deps/libtokio_io-c895d2e4a0487a89.rlib" "/opt/rustwide/target/debug/deps/libbytes-0795e13eec0534bf.rlib" "/opt/rustwide/target/debug/deps/libbyteorder-614d7e4e7f7903e2.rlib" "/opt/rustwide/target/debug/deps/libparking_lot-96832ce96b8ee815.rlib" "/opt/rustwide/target/debug/deps/libparking_lot_core-bac990e728010f78.rlib" "/opt/rustwide/target/debug/deps/libsmallvec-8680a5529dd67e91.rlib" "/opt/rustwide/target/debug/deps/libmaybe_uninit-6f504a8ab2839ec6.rlib" "/opt/rustwide/target/debug/deps/liblock_api-7f1e5e6251b284ca.rlib" "/opt/rustwide/target/debug/deps/libscopeguard-54ff2283d814f48f.rlib" "/opt/rustwide/target/debug/deps/libtokio_executor-408d1925aa7dc706.rlib" "/opt/rustwide/target/debug/deps/libcrossbeam_utils-376a2b3dc11f3020.rlib" "/opt/rustwide/target/debug/deps/liblazy_static-86422d76b8bd90ed.rlib" "/opt/rustwide/target/debug/deps/libtokio-7764794c9a613e6c.rlib" "/opt/rustwide/target/debug/deps/libnum_cpus-f4115bed07ed9459.rlib" "/opt/rustwide/target/debug/deps/libfnv-bb690c336855f248.rlib" "/opt/rustwide/target/debug/deps/libmio-861c0a648570b1c8.rlib" "/opt/rustwide/target/debug/deps/liblog-6f3e788ba8b980aa.rlib" "/opt/rustwide/target/debug/deps/libcfg_if-97437e183f3ae6e4.rlib" "/opt/rustwide/target/debug/deps/libiovec-0e2dbc1ee1ebcc4f.rlib" "/opt/rustwide/target/debug/deps/libnet2-acd913c5ed3ef120.rlib" "/opt/rustwide/target/debug/deps/libcfg_if-b22544e46cbb7baa.rlib" "/opt/rustwide/target/debug/deps/liblibc-437468c9c78eaf61.rlib" "/opt/rustwide/target/debug/deps/libbytes-b63c3b3ea06c4474.rlib" "/opt/rustwide/target/debug/deps/libpin_project_lite-63b62835ca9808f8.rlib" "/opt/rustwide/target/debug/deps/libfutures_util-bd170b3c49b7f5b5.rlib" "/opt/rustwide/target/debug/deps/libslab-7f8e952f3c0ab3c4.rlib" "/opt/rustwide/target/debug/deps/libpin_project_lite-3a747526c5b5aadd.rlib" "/opt/rustwide/target/debug/deps/libfutures_sink-a9a824222130fe90.rlib" "/opt/rustwide/target/debug/deps/libfutures_task-34a0ee1d6c1607f4.rlib" "/opt/rustwide/target/debug/deps/libpin_utils-501725f4e360d46d.rlib" "/opt/rustwide/target/debug/deps/libfutures_core-63bdc54a682e7df4.rlib" "/opt/rustwide/target/debug/deps/libfutures-0f39203b7bbc7621.rlib" "/opt/rustwide/rustup-home/toolchains/beta-2023-04-20-x86_64-unknown-linux-gnu/lib/rustlib/x86_64-unknown-linux-gnu/lib/libstd-0e29cc23c5e02021.rlib" "/opt/rustwide/rustup-home/toolchains/beta-2023-04-20-x86_64-unknown-linux-gnu/lib/rustlib/x86_64-unknown-linux-gnu/lib/libpanic_unwind-d903621768a861d9.rlib" "/opt/rustwide/rustup-home/toolchains/beta-2023-04-20-x86_64-unknown-linux-gnu/lib/rustlib/x86_64-unknown-linux-gnu/lib/libobject-6d0225e655f31c13.rlib" "/opt/rustwide/rustup-home/toolchains/beta-2023-04-20-x86_64-unknown-linux-gnu/lib/rustlib/x86_64-unknown-linux-gnu/lib/libmemchr-9dbaf4eac7eaa079.rlib" "/opt/rustwide/rustup-home/toolchains/beta-2023-04-20-x86_64-unknown-linux-gnu/lib/rustlib/x86_64-unknown-linux-gnu/lib/libaddr2line-27f05b3d42a66dd0.rlib" "/opt/rustwide/rustup-home/toolchains/beta-2023-04-20-x86_64-unknown-linux-gnu/lib/rustlib/x86_64-unknown-linux-gnu/lib/libgimli-4d73f1030321c9a2.rlib" "/opt/rustwide/rustup-home/toolchains/beta-2023-04-20-x86_64-unknown-linux-gnu/lib/rustlib/x86_64-unknown-linux-gnu/lib/librustc_demangle-2846c9e58abd0acb.rlib" "/opt/rustwide/rustup-home/toolchains/beta-2023-04-20-x86_64-unknown-linux-gnu/lib/rustlib/x86_64-unknown-linux-gnu/lib/libstd_detect-a53d0f50415947be.rlib" "/opt/rustwide/rustup-home/toolchains/beta-2023-04-20-x86_64-unknown-linux-gnu/lib/rustlib/x86_64-unknown-linux-gnu/lib/libhashbrown-d48e4b6abc25b9dc.rlib" "/opt/rustwide/rustup-home/toolchains/beta-2023-04-20-x86_64-unknown-linux-gnu/lib/rustlib/x86_64-unknown-linux-gnu/lib/libminiz_oxide-2991859439ef1207.rlib" "/opt/rustwide/rustup-home/toolchains/beta-2023-04-20-x86_64-unknown-linux-gnu/lib/rustlib/x86_64-unknown-linux-gnu/lib/libadler-8a687517e4221bae.rlib" "/opt/rustwide/rustup-home/toolchains/beta-2023-04-20-x86_64-unknown-linux-gnu/lib/rustlib/x86_64-unknown-linux-gnu/lib/librustc_std_workspace_alloc-e07b554f6a67f5b3.rlib" "/opt/rustwide/rustup-home/toolchains/beta-2023-04-20-x86_64-unknown-linux-gnu/lib/rustlib/x86_64-unknown-linux-gnu/lib/libunwind-b68238b7c3c619dd.rlib" "/opt/rustwide/rustup-home/toolchains/beta-2023-04-20-x86_64-unknown-linux-gnu/lib/rustlib/x86_64-unknown-linux-gnu/lib/libcfg_if-d5e213e896c017e4.rlib" "/opt/rustwide/rustup-home/toolchains/beta-2023-04-20-x86_64-unknown-linux-gnu/lib/rustlib/x86_64-unknown-linux-gnu/lib/liblibc-0211a3b2e61d8689.rlib" "/opt/rustwide/rustup-home/toolchains/beta-2023-04-20-x86_64-unknown-linux-gnu/lib/rustlib/x86_64-unknown-linux-gnu/lib/liballoc-b371f055239ba51f.rlib" "/opt/rustwide/rustup-home/toolchains/beta-2023-04-20-x86_64-unknown-linux-gnu/lib/rustlib/x86_64-unknown-linux-gnu/lib/librustc_std_workspace_core-e60518d2760eb01e.rlib" "/opt/rustwide/rustup-home/toolchains/beta-2023-04-20-x86_64-unknown-linux-gnu/lib/rustlib/x86_64-unknown-linux-gnu/lib/libcore-1ad943f92a4b1081.rlib" "/opt/rustwide/rustup-home/toolchains/beta-2023-04-20-x86_64-unknown-linux-gnu/lib/rustlib/x86_64-unknown-linux-gnu/lib/libcompiler_builtins-f0d6e4d0fc1e80b4.rlib" "-Wl,-Bdynamic" "-lgcc_s" "-lutil" "-lrt" "-lpthread" "-lm" "-ldl" "-lc" "-Wl,--eh-frame-hdr" "-Wl,-z,noexecstack" "-L" "/opt/rustwide/rustup-home/toolchains/beta-2023-04-20-x86_64-unknown-linux-gnu/lib/rustlib/x86_64-unknown-linux-gnu/lib" "-o" "/tmp/rustdoctestLXJn4C/rust_out" "-Wl,--gc-sections" "-pie" "-Wl,-z,relro,-z,now" "-nodefaultlibs"
[INFO] [stdout]   = note: collect2: fatal error: ld terminated with signal 9 [Killed]
[INFO] [stdout]           compilation terminated.
[INFO] [stdout]           
[INFO] [stdout] 
[INFO] [stdout] error: aborting due to previous error
[INFO] [stdout] 
[INFO] [stdout] Couldn't compile the test.
[INFO] [stdout] ---- src/runtime/threadpool/builder.rs - runtime::threadpool::builder::Builder::core_threads (line 80) stdout ----
[INFO] [stdout] error: linking with `cc` failed: exit status: 1
[INFO] [stdout]   |
[INFO] [stdout]   = note: LC_ALL="C" PATH="/opt/rustwide/rustup-home/toolchains/beta-2023-04-20-x86_64-unknown-linux-gnu/lib/rustlib/x86_64-unknown-linux-gnu/bin:/opt/rustwide/cargo-home/bin:/usr/local/sbin:/usr/local/bin:/usr/sbin:/usr/bin:/sbin:/bin" VSLANG="1033" "cc" "-m64" "/tmp/rustcPr1T73/symbols.o" "/tmp/rustdoctestfaSSJh/rust_out.rust_out.c38b68ff-cgu.0.rcgu.o" "/tmp/rustdoctestfaSSJh/rust_out.38a7fyhsvjn6z0qy.rcgu.o" "-Wl,--as-needed" "-L" "/opt/rustwide/target/debug/deps" "-L" "/opt/rustwide/target/debug/deps" "-L" "/opt/rustwide/rustup-home/toolchains/beta-2023-04-20-x86_64-unknown-linux-gnu/lib/rustlib/x86_64-unknown-linux-gnu/lib" "-Wl,-Bstatic" "/opt/rustwide/target/debug/deps/libtokio_compat-d245955a83eda29a.rlib" "/opt/rustwide/target/debug/deps/libtokio_current_thread-25d8ac73ce07f164.rlib" "/opt/rustwide/target/debug/deps/libtokio_timer-6d461070abc897a1.rlib" "/opt/rustwide/target/debug/deps/libtokio_reactor-2b59c05fc28a4962.rlib" "/opt/rustwide/target/debug/deps/libtokio_sync-72fdd4ebc14b4b69.rlib" "/opt/rustwide/target/debug/deps/libtokio_io-c895d2e4a0487a89.rlib" "/opt/rustwide/target/debug/deps/libbytes-0795e13eec0534bf.rlib" "/opt/rustwide/target/debug/deps/libbyteorder-614d7e4e7f7903e2.rlib" "/opt/rustwide/target/debug/deps/libparking_lot-96832ce96b8ee815.rlib" "/opt/rustwide/target/debug/deps/libparking_lot_core-bac990e728010f78.rlib" "/opt/rustwide/target/debug/deps/libsmallvec-8680a5529dd67e91.rlib" "/opt/rustwide/target/debug/deps/libmaybe_uninit-6f504a8ab2839ec6.rlib" "/opt/rustwide/target/debug/deps/liblock_api-7f1e5e6251b284ca.rlib" "/opt/rustwide/target/debug/deps/libscopeguard-54ff2283d814f48f.rlib" "/opt/rustwide/target/debug/deps/libtokio_executor-408d1925aa7dc706.rlib" "/opt/rustwide/target/debug/deps/libcrossbeam_utils-376a2b3dc11f3020.rlib" "/opt/rustwide/target/debug/deps/liblazy_static-86422d76b8bd90ed.rlib" "/opt/rustwide/target/debug/deps/libtokio-7764794c9a613e6c.rlib" "/opt/rustwide/target/debug/deps/libnum_cpus-f4115bed07ed9459.rlib" "/opt/rustwide/target/debug/deps/libfnv-bb690c336855f248.rlib" "/opt/rustwide/target/debug/deps/libmio-861c0a648570b1c8.rlib" "/opt/rustwide/target/debug/deps/liblog-6f3e788ba8b980aa.rlib" "/opt/rustwide/target/debug/deps/libcfg_if-97437e183f3ae6e4.rlib" "/opt/rustwide/target/debug/deps/libiovec-0e2dbc1ee1ebcc4f.rlib" "/opt/rustwide/target/debug/deps/libnet2-acd913c5ed3ef120.rlib" "/opt/rustwide/target/debug/deps/libcfg_if-b22544e46cbb7baa.rlib" "/opt/rustwide/target/debug/deps/liblibc-437468c9c78eaf61.rlib" "/opt/rustwide/target/debug/deps/libbytes-b63c3b3ea06c4474.rlib" "/opt/rustwide/target/debug/deps/libpin_project_lite-63b62835ca9808f8.rlib" "/opt/rustwide/target/debug/deps/libfutures_util-bd170b3c49b7f5b5.rlib" "/opt/rustwide/target/debug/deps/libslab-7f8e952f3c0ab3c4.rlib" "/opt/rustwide/target/debug/deps/libpin_project_lite-3a747526c5b5aadd.rlib" "/opt/rustwide/target/debug/deps/libfutures_sink-a9a824222130fe90.rlib" "/opt/rustwide/target/debug/deps/libfutures_task-34a0ee1d6c1607f4.rlib" "/opt/rustwide/target/debug/deps/libpin_utils-501725f4e360d46d.rlib" "/opt/rustwide/target/debug/deps/libfutures_core-63bdc54a682e7df4.rlib" "/opt/rustwide/target/debug/deps/libfutures-0f39203b7bbc7621.rlib" "/opt/rustwide/rustup-home/toolchains/beta-2023-04-20-x86_64-unknown-linux-gnu/lib/rustlib/x86_64-unknown-linux-gnu/lib/libstd-0e29cc23c5e02021.rlib" "/opt/rustwide/rustup-home/toolchains/beta-2023-04-20-x86_64-unknown-linux-gnu/lib/rustlib/x86_64-unknown-linux-gnu/lib/libpanic_unwind-d903621768a861d9.rlib" "/opt/rustwide/rustup-home/toolchains/beta-2023-04-20-x86_64-unknown-linux-gnu/lib/rustlib/x86_64-unknown-linux-gnu/lib/libobject-6d0225e655f31c13.rlib" "/opt/rustwide/rustup-home/toolchains/beta-2023-04-20-x86_64-unknown-linux-gnu/lib/rustlib/x86_64-unknown-linux-gnu/lib/libmemchr-9dbaf4eac7eaa079.rlib" "/opt/rustwide/rustup-home/toolchains/beta-2023-04-20-x86_64-unknown-linux-gnu/lib/rustlib/x86_64-unknown-linux-gnu/lib/libaddr2line-27f05b3d42a66dd0.rlib" "/opt/rustwide/rustup-home/toolchains/beta-2023-04-20-x86_64-unknown-linux-gnu/lib/rustlib/x86_64-unknown-linux-gnu/lib/libgimli-4d73f1030321c9a2.rlib" "/opt/rustwide/rustup-home/toolchains/beta-2023-04-20-x86_64-unknown-linux-gnu/lib/rustlib/x86_64-unknown-linux-gnu/lib/librustc_demangle-2846c9e58abd0acb.rlib" "/opt/rustwide/rustup-home/toolchains/beta-2023-04-20-x86_64-unknown-linux-gnu/lib/rustlib/x86_64-unknown-linux-gnu/lib/libstd_detect-a53d0f50415947be.rlib" "/opt/rustwide/rustup-home/toolchains/beta-2023-04-20-x86_64-unknown-linux-gnu/lib/rustlib/x86_64-unknown-linux-gnu/lib/libhashbrown-d48e4b6abc25b9dc.rlib" "/opt/rustwide/rustup-home/toolchains/beta-2023-04-20-x86_64-unknown-linux-gnu/lib/rustlib/x86_64-unknown-linux-gnu/lib/libminiz_oxide-2991859439ef1207.rlib" "/opt/rustwide/rustup-home/toolchains/beta-2023-04-20-x86_64-unknown-linux-gnu/lib/rustlib/x86_64-unknown-linux-gnu/lib/libadler-8a687517e4221bae.rlib" "/opt/rustwide/rustup-home/toolchains/beta-2023-04-20-x86_64-unknown-linux-gnu/lib/rustlib/x86_64-unknown-linux-gnu/lib/librustc_std_workspace_alloc-e07b554f6a67f5b3.rlib" "/opt/rustwide/rustup-home/toolchains/beta-2023-04-20-x86_64-unknown-linux-gnu/lib/rustlib/x86_64-unknown-linux-gnu/lib/libunwind-b68238b7c3c619dd.rlib" "/opt/rustwide/rustup-home/toolchains/beta-2023-04-20-x86_64-unknown-linux-gnu/lib/rustlib/x86_64-unknown-linux-gnu/lib/libcfg_if-d5e213e896c017e4.rlib" "/opt/rustwide/rustup-home/toolchains/beta-2023-04-20-x86_64-unknown-linux-gnu/lib/rustlib/x86_64-unknown-linux-gnu/lib/liblibc-0211a3b2e61d8689.rlib" "/opt/rustwide/rustup-home/toolchains/beta-2023-04-20-x86_64-unknown-linux-gnu/lib/rustlib/x86_64-unknown-linux-gnu/lib/liballoc-b371f055239ba51f.rlib" "/opt/rustwide/rustup-home/toolchains/beta-2023-04-20-x86_64-unknown-linux-gnu/lib/rustlib/x86_64-unknown-linux-gnu/lib/librustc_std_workspace_core-e60518d2760eb01e.rlib" "/opt/rustwide/rustup-home/toolchains/beta-2023-04-20-x86_64-unknown-linux-gnu/lib/rustlib/x86_64-unknown-linux-gnu/lib/libcore-1ad943f92a4b1081.rlib" "/opt/rustwide/rustup-home/toolchains/beta-2023-04-20-x86_64-unknown-linux-gnu/lib/rustlib/x86_64-unknown-linux-gnu/lib/libcompiler_builtins-f0d6e4d0fc1e80b4.rlib" "-Wl,-Bdynamic" "-lgcc_s" "-lutil" "-lrt" "-lpthread" "-lm" "-ldl" "-lc" "-Wl,--eh-frame-hdr" "-Wl,-z,noexecstack" "-L" "/opt/rustwide/rustup-home/toolchains/beta-2023-04-20-x86_64-unknown-linux-gnu/lib/rustlib/x86_64-unknown-linux-gnu/lib" "-o" "/tmp/rustdoctestfaSSJh/rust_out" "-Wl,--gc-sections" "-pie" "-Wl,-z,relro,-z,now" "-nodefaultlibs"
[INFO] [stdout]   = note: collect2: fatal error: ld terminated with signal 9 [Killed]
[INFO] [stdout]           compilation terminated.
[INFO] [stdout]           
[INFO] [stdout] 
[INFO] [stdout] error: aborting due to previous error
[INFO] [stdout] 
[INFO] [stdout] Couldn't compile the test.
[INFO] [stdout] ---- src/runtime/threadpool/mod.rs - runtime::threadpool::Runtime::spawn (line 247) stdout ----
[INFO] [stdout] Couldn't compile the test.
[INFO] [stdout] ---- src/runtime/threadpool/mod.rs - runtime::threadpool::Runtime::spawn_handle (line 341) stdout ----
[INFO] [stdout] Couldn't compile the test.
[INFO] [stdout] ---- src/runtime/current_thread/mod.rs - runtime::current_thread (line 58) stdout ----
[INFO] [stdout] error: linking with `cc` failed: exit status: 1
[INFO] [stdout]   |
[INFO] [stdout]   = note: LC_ALL="C" PATH="/opt/rustwide/rustup-home/toolchains/beta-2023-04-20-x86_64-unknown-linux-gnu/lib/rustlib/x86_64-unknown-linux-gnu/bin:/opt/rustwide/cargo-home/bin:/usr/local/sbin:/usr/local/bin:/usr/sbin:/usr/bin:/sbin:/bin" VSLANG="1033" "cc" "-m64" "/tmp/rustc2dGW6n/symbols.o" "/tmp/rustdoctest2ZIPt3/rust_out.rust_out.c38b68ff-cgu.0.rcgu.o" "/tmp/rustdoctest2ZIPt3/rust_out.38a7fyhsvjn6z0qy.rcgu.o" "-Wl,--as-needed" "-L" "/opt/rustwide/target/debug/deps" "-L" "/opt/rustwide/target/debug/deps" "-L" "/opt/rustwide/rustup-home/toolchains/beta-2023-04-20-x86_64-unknown-linux-gnu/lib/rustlib/x86_64-unknown-linux-gnu/lib" "-Wl,-Bstatic" "/opt/rustwide/target/debug/deps/libtokio_compat-d245955a83eda29a.rlib" "/opt/rustwide/target/debug/deps/libtokio_current_thread-25d8ac73ce07f164.rlib" "/opt/rustwide/target/debug/deps/libtokio_timer-6d461070abc897a1.rlib" "/opt/rustwide/target/debug/deps/libtokio_reactor-2b59c05fc28a4962.rlib" "/opt/rustwide/target/debug/deps/libtokio_sync-72fdd4ebc14b4b69.rlib" "/opt/rustwide/target/debug/deps/libtokio_io-c895d2e4a0487a89.rlib" "/opt/rustwide/target/debug/deps/libbytes-0795e13eec0534bf.rlib" "/opt/rustwide/target/debug/deps/libbyteorder-614d7e4e7f7903e2.rlib" "/opt/rustwide/target/debug/deps/libparking_lot-96832ce96b8ee815.rlib" "/opt/rustwide/target/debug/deps/libparking_lot_core-bac990e728010f78.rlib" "/opt/rustwide/target/debug/deps/libsmallvec-8680a5529dd67e91.rlib" "/opt/rustwide/target/debug/deps/libmaybe_uninit-6f504a8ab2839ec6.rlib" "/opt/rustwide/target/debug/deps/liblock_api-7f1e5e6251b284ca.rlib" "/opt/rustwide/target/debug/deps/libscopeguard-54ff2283d814f48f.rlib" "/opt/rustwide/target/debug/deps/libtokio_executor-408d1925aa7dc706.rlib" "/opt/rustwide/target/debug/deps/libcrossbeam_utils-376a2b3dc11f3020.rlib" "/opt/rustwide/target/debug/deps/liblazy_static-86422d76b8bd90ed.rlib" "/opt/rustwide/target/debug/deps/libtokio-7764794c9a613e6c.rlib" "/opt/rustwide/target/debug/deps/libnum_cpus-f4115bed07ed9459.rlib" "/opt/rustwide/target/debug/deps/libfnv-bb690c336855f248.rlib" "/opt/rustwide/target/debug/deps/libmio-861c0a648570b1c8.rlib" "/opt/rustwide/target/debug/deps/liblog-6f3e788ba8b980aa.rlib" "/opt/rustwide/target/debug/deps/libcfg_if-97437e183f3ae6e4.rlib" "/opt/rustwide/target/debug/deps/libiovec-0e2dbc1ee1ebcc4f.rlib" "/opt/rustwide/target/debug/deps/libnet2-acd913c5ed3ef120.rlib" "/opt/rustwide/target/debug/deps/libcfg_if-b22544e46cbb7baa.rlib" "/opt/rustwide/target/debug/deps/liblibc-437468c9c78eaf61.rlib" "/opt/rustwide/target/debug/deps/libbytes-b63c3b3ea06c4474.rlib" "/opt/rustwide/target/debug/deps/libpin_project_lite-63b62835ca9808f8.rlib" "/opt/rustwide/target/debug/deps/libfutures_util-bd170b3c49b7f5b5.rlib" "/opt/rustwide/target/debug/deps/libslab-7f8e952f3c0ab3c4.rlib" "/opt/rustwide/target/debug/deps/libpin_project_lite-3a747526c5b5aadd.rlib" "/opt/rustwide/target/debug/deps/libfutures_sink-a9a824222130fe90.rlib" "/opt/rustwide/target/debug/deps/libfutures_task-34a0ee1d6c1607f4.rlib" "/opt/rustwide/target/debug/deps/libpin_utils-501725f4e360d46d.rlib" "/opt/rustwide/target/debug/deps/libfutures_core-63bdc54a682e7df4.rlib" "/opt/rustwide/target/debug/deps/libfutures-0f39203b7bbc7621.rlib" "/opt/rustwide/rustup-home/toolchains/beta-2023-04-20-x86_64-unknown-linux-gnu/lib/rustlib/x86_64-unknown-linux-gnu/lib/libstd-0e29cc23c5e02021.rlib" "/opt/rustwide/rustup-home/toolchains/beta-2023-04-20-x86_64-unknown-linux-gnu/lib/rustlib/x86_64-unknown-linux-gnu/lib/libpanic_unwind-d903621768a861d9.rlib" "/opt/rustwide/rustup-home/toolchains/beta-2023-04-20-x86_64-unknown-linux-gnu/lib/rustlib/x86_64-unknown-linux-gnu/lib/libobject-6d0225e655f31c13.rlib" "/opt/rustwide/rustup-home/toolchains/beta-2023-04-20-x86_64-unknown-linux-gnu/lib/rustlib/x86_64-unknown-linux-gnu/lib/libmemchr-9dbaf4eac7eaa079.rlib" "/opt/rustwide/rustup-home/toolchains/beta-2023-04-20-x86_64-unknown-linux-gnu/lib/rustlib/x86_64-unknown-linux-gnu/lib/libaddr2line-27f05b3d42a66dd0.rlib" "/opt/rustwide/rustup-home/toolchains/beta-2023-04-20-x86_64-unknown-linux-gnu/lib/rustlib/x86_64-unknown-linux-gnu/lib/libgimli-4d73f1030321c9a2.rlib" "/opt/rustwide/rustup-home/toolchains/beta-2023-04-20-x86_64-unknown-linux-gnu/lib/rustlib/x86_64-unknown-linux-gnu/lib/librustc_demangle-2846c9e58abd0acb.rlib" "/opt/rustwide/rustup-home/toolchains/beta-2023-04-20-x86_64-unknown-linux-gnu/lib/rustlib/x86_64-unknown-linux-gnu/lib/libstd_detect-a53d0f50415947be.rlib" "/opt/rustwide/rustup-home/toolchains/beta-2023-04-20-x86_64-unknown-linux-gnu/lib/rustlib/x86_64-unknown-linux-gnu/lib/libhashbrown-d48e4b6abc25b9dc.rlib" "/opt/rustwide/rustup-home/toolchains/beta-2023-04-20-x86_64-unknown-linux-gnu/lib/rustlib/x86_64-unknown-linux-gnu/lib/libminiz_oxide-2991859439ef1207.rlib" "/opt/rustwide/rustup-home/toolchains/beta-2023-04-20-x86_64-unknown-linux-gnu/lib/rustlib/x86_64-unknown-linux-gnu/lib/libadler-8a687517e4221bae.rlib" "/opt/rustwide/rustup-home/toolchains/beta-2023-04-20-x86_64-unknown-linux-gnu/lib/rustlib/x86_64-unknown-linux-gnu/lib/librustc_std_workspace_alloc-e07b554f6a67f5b3.rlib" "/opt/rustwide/rustup-home/toolchains/beta-2023-04-20-x86_64-unknown-linux-gnu/lib/rustlib/x86_64-unknown-linux-gnu/lib/libunwind-b68238b7c3c619dd.rlib" "/opt/rustwide/rustup-home/toolchains/beta-2023-04-20-x86_64-unknown-linux-gnu/lib/rustlib/x86_64-unknown-linux-gnu/lib/libcfg_if-d5e213e896c017e4.rlib" "/opt/rustwide/rustup-home/toolchains/beta-2023-04-20-x86_64-unknown-linux-gnu/lib/rustlib/x86_64-unknown-linux-gnu/lib/liblibc-0211a3b2e61d8689.rlib" "/opt/rustwide/rustup-home/toolchains/beta-2023-04-20-x86_64-unknown-linux-gnu/lib/rustlib/x86_64-unknown-linux-gnu/lib/liballoc-b371f055239ba51f.rlib" "/opt/rustwide/rustup-home/toolchains/beta-2023-04-20-x86_64-unknown-linux-gnu/lib/rustlib/x86_64-unknown-linux-gnu/lib/librustc_std_workspace_core-e60518d2760eb01e.rlib" "/opt/rustwide/rustup-home/toolchains/beta-2023-04-20-x86_64-unknown-linux-gnu/lib/rustlib/x86_64-unknown-linux-gnu/lib/libcore-1ad943f92a4b1081.rlib" "/opt/rustwide/rustup-home/toolchains/beta-2023-04-20-x86_64-unknown-linux-gnu/lib/rustlib/x86_64-unknown-linux-gnu/lib/libcompiler_builtins-f0d6e4d0fc1e80b4.rlib" "-Wl,-Bdynamic" "-lgcc_s" "-lutil" "-lrt" "-lpthread" "-lm" "-ldl" "-lc" "-Wl,--eh-frame-hdr" "-Wl,-z,noexecstack" "-L" "/opt/rustwide/rustup-home/toolchains/beta-2023-04-20-x86_64-unknown-linux-gnu/lib/rustlib/x86_64-unknown-linux-gnu/lib" "-o" "/tmp/rustdoctest2ZIPt3/rust_out" "-Wl,--gc-sections" "-pie" "-Wl,-z,relro,-z,now" "-nodefaultlibs"
[INFO] [stdout]   = note: collect2: fatal error: ld terminated with signal 9 [Killed]
[INFO] [stdout]           compilation terminated.
[INFO] [stdout]           
[INFO] [stdout] 
[INFO] [stdout] error: aborting due to previous error
[INFO] [stdout] 
[INFO] [stdout] Couldn't compile the test.
[INFO] [stdout] ---- src/runtime/threadpool/mod.rs - runtime::threadpool::Runtime::spawn_std (line 290) stdout ----
[INFO] [stdout] Couldn't compile the test.
[INFO] [stdout] ---- src/lib.rs - (line 37) stdout ----
[INFO] [stdout] error: linking with `cc` failed: exit status: 1
[INFO] [stdout]   |
[INFO] [stdout]   = note: LC_ALL="C" PATH="/opt/rustwide/rustup-home/toolchains/beta-2023-04-20-x86_64-unknown-linux-gnu/lib/rustlib/x86_64-unknown-linux-gnu/bin:/opt/rustwide/cargo-home/bin:/usr/local/sbin:/usr/local/bin:/usr/sbin:/usr/bin:/sbin:/bin" VSLANG="1033" "cc" "-m64" "/tmp/rustcvuGoud/symbols.o" "/tmp/rustdoctest0kYRZt/rust_out.rust_out.c38b68ff-cgu.0.rcgu.o" "/tmp/rustdoctest0kYRZt/rust_out.38a7fyhsvjn6z0qy.rcgu.o" "-Wl,--as-needed" "-L" "/opt/rustwide/target/debug/deps" "-L" "/opt/rustwide/target/debug/deps" "-L" "/opt/rustwide/rustup-home/toolchains/beta-2023-04-20-x86_64-unknown-linux-gnu/lib/rustlib/x86_64-unknown-linux-gnu/lib" "-Wl,-Bstatic" "/opt/rustwide/target/debug/deps/libtokio-aaa6b4d03dde8302.rlib" "/opt/rustwide/target/debug/deps/libtokio_uds-c3c37803a82df349.rlib" "/opt/rustwide/target/debug/deps/libmio_uds-4b26e8218c0be33a.rlib" "/opt/rustwide/target/debug/deps/libtokio_udp-35154683dc741851.rlib" "/opt/rustwide/target/debug/deps/libtokio_tcp-144fe4de7c0cb22a.rlib" "/opt/rustwide/target/debug/deps/libtokio_fs-736d5fa15fa04d2a.rlib" "/opt/rustwide/target/debug/deps/libtokio_threadpool-f945391a1f9f316a.rlib" "/opt/rustwide/target/debug/deps/libcrossbeam_queue-e67f3f174e348b01.rlib" "/opt/rustwide/target/debug/deps/libcrossbeam_deque-3ca25cbfbd6583d5.rlib" "/opt/rustwide/target/debug/deps/libcrossbeam_epoch-90da997c6ba2cfb0.rlib" "/opt/rustwide/target/debug/deps/libmemoffset-2762f97f7a0c1e13.rlib" "/opt/rustwide/target/debug/deps/libtokio_codec-c7bcffea7bccfae4.rlib" "/opt/rustwide/target/debug/deps/libtokio_compat-d245955a83eda29a.rlib" "/opt/rustwide/target/debug/deps/libtokio_current_thread-25d8ac73ce07f164.rlib" "/opt/rustwide/target/debug/deps/libtokio_timer-6d461070abc897a1.rlib" "/opt/rustwide/target/debug/deps/libtokio_reactor-2b59c05fc28a4962.rlib" "/opt/rustwide/target/debug/deps/libtokio_sync-72fdd4ebc14b4b69.rlib" "/opt/rustwide/target/debug/deps/libtokio_io-c895d2e4a0487a89.rlib" "/opt/rustwide/target/debug/deps/libbytes-0795e13eec0534bf.rlib" "/opt/rustwide/target/debug/deps/libbyteorder-614d7e4e7f7903e2.rlib" "/opt/rustwide/target/debug/deps/libparking_lot-96832ce96b8ee815.rlib" "/opt/rustwide/target/debug/deps/libparking_lot_core-bac990e728010f78.rlib" "/opt/rustwide/target/debug/deps/libsmallvec-8680a5529dd67e91.rlib" "/opt/rustwide/target/debug/deps/libmaybe_uninit-6f504a8ab2839ec6.rlib" "/opt/rustwide/target/debug/deps/liblock_api-7f1e5e6251b284ca.rlib" "/opt/rustwide/target/debug/deps/libscopeguard-54ff2283d814f48f.rlib" "/opt/rustwide/target/debug/deps/libtokio_executor-408d1925aa7dc706.rlib" "/opt/rustwide/target/debug/deps/libcrossbeam_utils-376a2b3dc11f3020.rlib" "/opt/rustwide/target/debug/deps/liblazy_static-86422d76b8bd90ed.rlib" "/opt/rustwide/target/debug/deps/libtokio-7764794c9a613e6c.rlib" "/opt/rustwide/target/debug/deps/libnum_cpus-f4115bed07ed9459.rlib" "/opt/rustwide/target/debug/deps/libfnv-bb690c336855f248.rlib" "/opt/rustwide/target/debug/deps/libmio-861c0a648570b1c8.rlib" "/opt/rustwide/target/debug/deps/liblog-6f3e788ba8b980aa.rlib" "/opt/rustwide/target/debug/deps/libcfg_if-97437e183f3ae6e4.rlib" "/opt/rustwide/target/debug/deps/libiovec-0e2dbc1ee1ebcc4f.rlib" "/opt/rustwide/target/debug/deps/libnet2-acd913c5ed3ef120.rlib" "/opt/rustwide/target/debug/deps/libcfg_if-b22544e46cbb7baa.rlib" "/opt/rustwide/target/debug/deps/liblibc-437468c9c78eaf61.rlib" "/opt/rustwide/target/debug/deps/libbytes-b63c3b3ea06c4474.rlib" "/opt/rustwide/target/debug/deps/libpin_project_lite-63b62835ca9808f8.rlib" "/opt/rustwide/target/debug/deps/libfutures_util-bd170b3c49b7f5b5.rlib" "/opt/rustwide/target/debug/deps/libslab-7f8e952f3c0ab3c4.rlib" "/opt/rustwide/target/debug/deps/libpin_project_lite-3a747526c5b5aadd.rlib" "/opt/rustwide/target/debug/deps/libfutures_sink-a9a824222130fe90.rlib" "/opt/rustwide/target/debug/deps/libfutures_task-34a0ee1d6c1607f4.rlib" "/opt/rustwide/target/debug/deps/libpin_utils-501725f4e360d46d.rlib" "/opt/rustwide/target/debug/deps/libfutures_core-63bdc54a682e7df4.rlib" "/opt/rustwide/target/debug/deps/libfutures-0f39203b7bbc7621.rlib" "/opt/rustwide/rustup-home/toolchains/beta-2023-04-20-x86_64-unknown-linux-gnu/lib/rustlib/x86_64-unknown-linux-gnu/lib/libstd-0e29cc23c5e02021.rlib" "/opt/rustwide/rustup-home/toolchains/beta-2023-04-20-x86_64-unknown-linux-gnu/lib/rustlib/x86_64-unknown-linux-gnu/lib/libpanic_unwind-d903621768a861d9.rlib" "/opt/rustwide/rustup-home/toolchains/beta-2023-04-20-x86_64-unknown-linux-gnu/lib/rustlib/x86_64-unknown-linux-gnu/lib/libobject-6d0225e655f31c13.rlib" "/opt/rustwide/rustup-home/toolchains/beta-2023-04-20-x86_64-unknown-linux-gnu/lib/rustlib/x86_64-unknown-linux-gnu/lib/libmemchr-9dbaf4eac7eaa079.rlib" "/opt/rustwide/rustup-home/toolchains/beta-2023-04-20-x86_64-unknown-linux-gnu/lib/rustlib/x86_64-unknown-linux-gnu/lib/libaddr2line-27f05b3d42a66dd0.rlib" "/opt/rustwide/rustup-home/toolchains/beta-2023-04-20-x86_64-unknown-linux-gnu/lib/rustlib/x86_64-unknown-linux-gnu/lib/libgimli-4d73f1030321c9a2.rlib" "/opt/rustwide/rustup-home/toolchains/beta-2023-04-20-x86_64-unknown-linux-gnu/lib/rustlib/x86_64-unknown-linux-gnu/lib/librustc_demangle-2846c9e58abd0acb.rlib" "/opt/rustwide/rustup-home/toolchains/beta-2023-04-20-x86_64-unknown-linux-gnu/lib/rustlib/x86_64-unknown-linux-gnu/lib/libstd_detect-a53d0f50415947be.rlib" "/opt/rustwide/rustup-home/toolchains/beta-2023-04-20-x86_64-unknown-linux-gnu/lib/rustlib/x86_64-unknown-linux-gnu/lib/libhashbrown-d48e4b6abc25b9dc.rlib" "/opt/rustwide/rustup-home/toolchains/beta-2023-04-20-x86_64-unknown-linux-gnu/lib/rustlib/x86_64-unknown-linux-gnu/lib/libminiz_oxide-2991859439ef1207.rlib" "/opt/rustwide/rustup-home/toolchains/beta-2023-04-20-x86_64-unknown-linux-gnu/lib/rustlib/x86_64-unknown-linux-gnu/lib/libadler-8a687517e4221bae.rlib" "/opt/rustwide/rustup-home/toolchains/beta-2023-04-20-x86_64-unknown-linux-gnu/lib/rustlib/x86_64-unknown-linux-gnu/lib/librustc_std_workspace_alloc-e07b554f6a67f5b3.rlib" "/opt/rustwide/rustup-home/toolchains/beta-2023-04-20-x86_64-unknown-linux-gnu/lib/rustlib/x86_64-unknown-linux-gnu/lib/libunwind-b68238b7c3c619dd.rlib" "/opt/rustwide/rustup-home/toolchains/beta-2023-04-20-x86_64-unknown-linux-gnu/lib/rustlib/x86_64-unknown-linux-gnu/lib/libcfg_if-d5e213e896c017e4.rlib" "/opt/rustwide/rustup-home/toolchains/beta-2023-04-20-x86_64-unknown-linux-gnu/lib/rustlib/x86_64-unknown-linux-gnu/lib/liblibc-0211a3b2e61d8689.rlib" "/opt/rustwide/rustup-home/toolchains/beta-2023-04-20-x86_64-unknown-linux-gnu/lib/rustlib/x86_64-unknown-linux-gnu/lib/liballoc-b371f055239ba51f.rlib" "/opt/rustwide/rustup-home/toolchains/beta-2023-04-20-x86_64-unknown-linux-gnu/lib/rustlib/x86_64-unknown-linux-gnu/lib/librustc_std_workspace_core-e60518d2760eb01e.rlib" "/opt/rustwide/rustup-home/toolchains/beta-2023-04-20-x86_64-unknown-linux-gnu/lib/rustlib/x86_64-unknown-linux-gnu/lib/libcore-1ad943f92a4b1081.rlib" "/opt/rustwide/rustup-home/toolchains/beta-2023-04-20-x86_64-unknown-linux-gnu/lib/rustlib/x86_64-unknown-linux-gnu/lib/libcompiler_builtins-f0d6e4d0fc1e80b4.rlib" "-Wl,-Bdynamic" "-lgcc_s" "-lutil" "-lrt" "-lpthread" "-lm" "-ldl" "-lc" "-Wl,--eh-frame-hdr" "-Wl,-z,noexecstack" "-L" "/opt/rustwide/rustup-home/toolchains/beta-2023-04-20-x86_64-unknown-linux-gnu/lib/rustlib/x86_64-unknown-linux-gnu/lib" "-o" "/tmp/rustdoctest0kYRZt/rust_out" "-Wl,--gc-sections" "-pie" "-Wl,-z,relro,-z,now" "-nodefaultlibs"
[INFO] [stdout]   = note: collect2: fatal error: ld terminated with signal 9 [Killed]
[INFO] [stdout]           compilation terminated.
[INFO] [stdout]           
[INFO] [stdout] 
[INFO] [stdout] error: aborting due to previous error
[INFO] [stdout] 
[INFO] [stdout] Couldn't compile the test.
[INFO] [stdout] ---- src/runtime/mod.rs - runtime (line 199) stdout ----
[INFO] [stdout] error: linking with `cc` failed: exit status: 1
[INFO] [stdout]   |
[INFO] [stdout]   = note: LC_ALL="C" PATH="/opt/rustwide/rustup-home/toolchains/beta-2023-04-20-x86_64-unknown-linux-gnu/lib/rustlib/x86_64-unknown-linux-gnu/bin:/opt/rustwide/cargo-home/bin:/usr/local/sbin:/usr/local/bin:/usr/sbin:/usr/bin:/sbin:/bin" VSLANG="1033" "cc" "-m64" "/tmp/rustcWu0DdY/symbols.o" "/tmp/rustdoctestnoe44J/rust_out.rust_out.c38b68ff-cgu.0.rcgu.o" "/tmp/rustdoctestnoe44J/rust_out.38a7fyhsvjn6z0qy.rcgu.o" "-Wl,--as-needed" "-L" "/opt/rustwide/target/debug/deps" "-L" "/opt/rustwide/target/debug/deps" "-L" "/opt/rustwide/rustup-home/toolchains/beta-2023-04-20-x86_64-unknown-linux-gnu/lib/rustlib/x86_64-unknown-linux-gnu/lib" "-Wl,-Bstatic" "/opt/rustwide/target/debug/deps/libtokio-aaa6b4d03dde8302.rlib" "/opt/rustwide/target/debug/deps/libtokio_uds-c3c37803a82df349.rlib" "/opt/rustwide/target/debug/deps/libmio_uds-4b26e8218c0be33a.rlib" "/opt/rustwide/target/debug/deps/libtokio_udp-35154683dc741851.rlib" "/opt/rustwide/target/debug/deps/libtokio_tcp-144fe4de7c0cb22a.rlib" "/opt/rustwide/target/debug/deps/libtokio_fs-736d5fa15fa04d2a.rlib" "/opt/rustwide/target/debug/deps/libtokio_threadpool-f945391a1f9f316a.rlib" "/opt/rustwide/target/debug/deps/libcrossbeam_queue-e67f3f174e348b01.rlib" "/opt/rustwide/target/debug/deps/libcrossbeam_deque-3ca25cbfbd6583d5.rlib" "/opt/rustwide/target/debug/deps/libcrossbeam_epoch-90da997c6ba2cfb0.rlib" "/opt/rustwide/target/debug/deps/libmemoffset-2762f97f7a0c1e13.rlib" "/opt/rustwide/target/debug/deps/libtokio_codec-c7bcffea7bccfae4.rlib" "/opt/rustwide/target/debug/deps/libtokio_compat-d245955a83eda29a.rlib" "/opt/rustwide/target/debug/deps/libtokio_current_thread-25d8ac73ce07f164.rlib" "/opt/rustwide/target/debug/deps/libtokio_timer-6d461070abc897a1.rlib" "/opt/rustwide/target/debug/deps/libtokio_reactor-2b59c05fc28a4962.rlib" "/opt/rustwide/target/debug/deps/libtokio_sync-72fdd4ebc14b4b69.rlib" "/opt/rustwide/target/debug/deps/libtokio_io-c895d2e4a0487a89.rlib" "/opt/rustwide/target/debug/deps/libbytes-0795e13eec0534bf.rlib" "/opt/rustwide/target/debug/deps/libbyteorder-614d7e4e7f7903e2.rlib" "/opt/rustwide/target/debug/deps/libparking_lot-96832ce96b8ee815.rlib" "/opt/rustwide/target/debug/deps/libparking_lot_core-bac990e728010f78.rlib" "/opt/rustwide/target/debug/deps/libsmallvec-8680a5529dd67e91.rlib" "/opt/rustwide/target/debug/deps/libmaybe_uninit-6f504a8ab2839ec6.rlib" "/opt/rustwide/target/debug/deps/liblock_api-7f1e5e6251b284ca.rlib" "/opt/rustwide/target/debug/deps/libscopeguard-54ff2283d814f48f.rlib" "/opt/rustwide/target/debug/deps/libtokio_executor-408d1925aa7dc706.rlib" "/opt/rustwide/target/debug/deps/libcrossbeam_utils-376a2b3dc11f3020.rlib" "/opt/rustwide/target/debug/deps/liblazy_static-86422d76b8bd90ed.rlib" "/opt/rustwide/target/debug/deps/libtokio-7764794c9a613e6c.rlib" "/opt/rustwide/target/debug/deps/libnum_cpus-f4115bed07ed9459.rlib" "/opt/rustwide/target/debug/deps/libfnv-bb690c336855f248.rlib" "/opt/rustwide/target/debug/deps/libmio-861c0a648570b1c8.rlib" "/opt/rustwide/target/debug/deps/liblog-6f3e788ba8b980aa.rlib" "/opt/rustwide/target/debug/deps/libcfg_if-97437e183f3ae6e4.rlib" "/opt/rustwide/target/debug/deps/libiovec-0e2dbc1ee1ebcc4f.rlib" "/opt/rustwide/target/debug/deps/libnet2-acd913c5ed3ef120.rlib" "/opt/rustwide/target/debug/deps/libcfg_if-b22544e46cbb7baa.rlib" "/opt/rustwide/target/debug/deps/liblibc-437468c9c78eaf61.rlib" "/opt/rustwide/target/debug/deps/libbytes-b63c3b3ea06c4474.rlib" "/opt/rustwide/target/debug/deps/libpin_project_lite-63b62835ca9808f8.rlib" "/opt/rustwide/target/debug/deps/libfutures_util-bd170b3c49b7f5b5.rlib" "/opt/rustwide/target/debug/deps/libslab-7f8e952f3c0ab3c4.rlib" "/opt/rustwide/target/debug/deps/libpin_project_lite-3a747526c5b5aadd.rlib" "/opt/rustwide/target/debug/deps/libfutures_sink-a9a824222130fe90.rlib" "/opt/rustwide/target/debug/deps/libfutures_task-34a0ee1d6c1607f4.rlib" "/opt/rustwide/target/debug/deps/libpin_utils-501725f4e360d46d.rlib" "/opt/rustwide/target/debug/deps/libfutures_core-63bdc54a682e7df4.rlib" "/opt/rustwide/target/debug/deps/libfutures-0f39203b7bbc7621.rlib" "/opt/rustwide/rustup-home/toolchains/beta-2023-04-20-x86_64-unknown-linux-gnu/lib/rustlib/x86_64-unknown-linux-gnu/lib/libstd-0e29cc23c5e02021.rlib" "/opt/rustwide/rustup-home/toolchains/beta-2023-04-20-x86_64-unknown-linux-gnu/lib/rustlib/x86_64-unknown-linux-gnu/lib/libpanic_unwind-d903621768a861d9.rlib" "/opt/rustwide/rustup-home/toolchains/beta-2023-04-20-x86_64-unknown-linux-gnu/lib/rustlib/x86_64-unknown-linux-gnu/lib/libobject-6d0225e655f31c13.rlib" "/opt/rustwide/rustup-home/toolchains/beta-2023-04-20-x86_64-unknown-linux-gnu/lib/rustlib/x86_64-unknown-linux-gnu/lib/libmemchr-9dbaf4eac7eaa079.rlib" "/opt/rustwide/rustup-home/toolchains/beta-2023-04-20-x86_64-unknown-linux-gnu/lib/rustlib/x86_64-unknown-linux-gnu/lib/libaddr2line-27f05b3d42a66dd0.rlib" "/opt/rustwide/rustup-home/toolchains/beta-2023-04-20-x86_64-unknown-linux-gnu/lib/rustlib/x86_64-unknown-linux-gnu/lib/libgimli-4d73f1030321c9a2.rlib" "/opt/rustwide/rustup-home/toolchains/beta-2023-04-20-x86_64-unknown-linux-gnu/lib/rustlib/x86_64-unknown-linux-gnu/lib/librustc_demangle-2846c9e58abd0acb.rlib" "/opt/rustwide/rustup-home/toolchains/beta-2023-04-20-x86_64-unknown-linux-gnu/lib/rustlib/x86_64-unknown-linux-gnu/lib/libstd_detect-a53d0f50415947be.rlib" "/opt/rustwide/rustup-home/toolchains/beta-2023-04-20-x86_64-unknown-linux-gnu/lib/rustlib/x86_64-unknown-linux-gnu/lib/libhashbrown-d48e4b6abc25b9dc.rlib" "/opt/rustwide/rustup-home/toolchains/beta-2023-04-20-x86_64-unknown-linux-gnu/lib/rustlib/x86_64-unknown-linux-gnu/lib/libminiz_oxide-2991859439ef1207.rlib" "/opt/rustwide/rustup-home/toolchains/beta-2023-04-20-x86_64-unknown-linux-gnu/lib/rustlib/x86_64-unknown-linux-gnu/lib/libadler-8a687517e4221bae.rlib" "/opt/rustwide/rustup-home/toolchains/beta-2023-04-20-x86_64-unknown-linux-gnu/lib/rustlib/x86_64-unknown-linux-gnu/lib/librustc_std_workspace_alloc-e07b554f6a67f5b3.rlib" "/opt/rustwide/rustup-home/toolchains/beta-2023-04-20-x86_64-unknown-linux-gnu/lib/rustlib/x86_64-unknown-linux-gnu/lib/libunwind-b68238b7c3c619dd.rlib" "/opt/rustwide/rustup-home/toolchains/beta-2023-04-20-x86_64-unknown-linux-gnu/lib/rustlib/x86_64-unknown-linux-gnu/lib/libcfg_if-d5e213e896c017e4.rlib" "/opt/rustwide/rustup-home/toolchains/beta-2023-04-20-x86_64-unknown-linux-gnu/lib/rustlib/x86_64-unknown-linux-gnu/lib/liblibc-0211a3b2e61d8689.rlib" "/opt/rustwide/rustup-home/toolchains/beta-2023-04-20-x86_64-unknown-linux-gnu/lib/rustlib/x86_64-unknown-linux-gnu/lib/liballoc-b371f055239ba51f.rlib" "/opt/rustwide/rustup-home/toolchains/beta-2023-04-20-x86_64-unknown-linux-gnu/lib/rustlib/x86_64-unknown-linux-gnu/lib/librustc_std_workspace_core-e60518d2760eb01e.rlib" "/opt/rustwide/rustup-home/toolchains/beta-2023-04-20-x86_64-unknown-linux-gnu/lib/rustlib/x86_64-unknown-linux-gnu/lib/libcore-1ad943f92a4b1081.rlib" "/opt/rustwide/rustup-home/toolchains/beta-2023-04-20-x86_64-unknown-linux-gnu/lib/rustlib/x86_64-unknown-linux-gnu/lib/libcompiler_builtins-f0d6e4d0fc1e80b4.rlib" "-Wl,-Bdynamic" "-lgcc_s" "-lutil" "-lrt" "-lpthread" "-lm" "-ldl" "-lc" "-Wl,--eh-frame-hdr" "-Wl,-z,noexecstack" "-L" "/opt/rustwide/rustup-home/toolchains/beta-2023-04-20-x86_64-unknown-linux-gnu/lib/rustlib/x86_64-unknown-linux-gnu/lib" "-o" "/tmp/rustdoctestnoe44J/rust_out" "-Wl,--gc-sections" "-pie" "-Wl,-z,relro,-z,now" "-nodefaultlibs"
[INFO] [stdout]   = note: collect2: fatal error: ld terminated with signal 9 [Killed]
[INFO] [stdout]           compilation terminated.
[INFO] [stdout]           
[INFO] [stdout] 
[INFO] [stdout] error: aborting due to previous error
[INFO] [stdout] 
[INFO] [stdout] Couldn't compile the test.
[INFO] [stdout] ---- src/runtime/mod.rs - runtime (line 175) stdout ----
[INFO] [stdout] error: linking with `cc` failed: exit status: 1
[INFO] [stdout]   |
[INFO] [stdout]   = note: LC_ALL="C" PATH="/opt/rustwide/rustup-home/toolchains/beta-2023-04-20-x86_64-unknown-linux-gnu/lib/rustlib/x86_64-unknown-linux-gnu/bin:/opt/rustwide/cargo-home/bin:/usr/local/sbin:/usr/local/bin:/usr/sbin:/usr/bin:/sbin:/bin" VSLANG="1033" "cc" "-m64" "/tmp/rustcMTLzEv/symbols.o" "/tmp/rustdoctestBgAijG/rust_out.rust_out.c38b68ff-cgu.0.rcgu.o" "/tmp/rustdoctestBgAijG/rust_out.38a7fyhsvjn6z0qy.rcgu.o" "-Wl,--as-needed" "-L" "/opt/rustwide/target/debug/deps" "-L" "/opt/rustwide/target/debug/deps" "-L" "/opt/rustwide/rustup-home/toolchains/beta-2023-04-20-x86_64-unknown-linux-gnu/lib/rustlib/x86_64-unknown-linux-gnu/lib" "-Wl,-Bstatic" "/opt/rustwide/target/debug/deps/libtokio-aaa6b4d03dde8302.rlib" "/opt/rustwide/target/debug/deps/libtokio_uds-c3c37803a82df349.rlib" "/opt/rustwide/target/debug/deps/libmio_uds-4b26e8218c0be33a.rlib" "/opt/rustwide/target/debug/deps/libtokio_udp-35154683dc741851.rlib" "/opt/rustwide/target/debug/deps/libtokio_tcp-144fe4de7c0cb22a.rlib" "/opt/rustwide/target/debug/deps/libtokio_fs-736d5fa15fa04d2a.rlib" "/opt/rustwide/target/debug/deps/libtokio_threadpool-f945391a1f9f316a.rlib" "/opt/rustwide/target/debug/deps/libcrossbeam_queue-e67f3f174e348b01.rlib" "/opt/rustwide/target/debug/deps/libcrossbeam_deque-3ca25cbfbd6583d5.rlib" "/opt/rustwide/target/debug/deps/libcrossbeam_epoch-90da997c6ba2cfb0.rlib" "/opt/rustwide/target/debug/deps/libmemoffset-2762f97f7a0c1e13.rlib" "/opt/rustwide/target/debug/deps/libtokio_codec-c7bcffea7bccfae4.rlib" "/opt/rustwide/target/debug/deps/libtokio_compat-d245955a83eda29a.rlib" "/opt/rustwide/target/debug/deps/libtokio_current_thread-25d8ac73ce07f164.rlib" "/opt/rustwide/target/debug/deps/libtokio_timer-6d461070abc897a1.rlib" "/opt/rustwide/target/debug/deps/libtokio_reactor-2b59c05fc28a4962.rlib" "/opt/rustwide/target/debug/deps/libtokio_sync-72fdd4ebc14b4b69.rlib" "/opt/rustwide/target/debug/deps/libtokio_io-c895d2e4a0487a89.rlib" "/opt/rustwide/target/debug/deps/libbytes-0795e13eec0534bf.rlib" "/opt/rustwide/target/debug/deps/libbyteorder-614d7e4e7f7903e2.rlib" "/opt/rustwide/target/debug/deps/libparking_lot-96832ce96b8ee815.rlib" "/opt/rustwide/target/debug/deps/libparking_lot_core-bac990e728010f78.rlib" "/opt/rustwide/target/debug/deps/libsmallvec-8680a5529dd67e91.rlib" "/opt/rustwide/target/debug/deps/libmaybe_uninit-6f504a8ab2839ec6.rlib" "/opt/rustwide/target/debug/deps/liblock_api-7f1e5e6251b284ca.rlib" "/opt/rustwide/target/debug/deps/libscopeguard-54ff2283d814f48f.rlib" "/opt/rustwide/target/debug/deps/libtokio_executor-408d1925aa7dc706.rlib" "/opt/rustwide/target/debug/deps/libcrossbeam_utils-376a2b3dc11f3020.rlib" "/opt/rustwide/target/debug/deps/liblazy_static-86422d76b8bd90ed.rlib" "/opt/rustwide/target/debug/deps/libtokio-7764794c9a613e6c.rlib" "/opt/rustwide/target/debug/deps/libnum_cpus-f4115bed07ed9459.rlib" "/opt/rustwide/target/debug/deps/libfnv-bb690c336855f248.rlib" "/opt/rustwide/target/debug/deps/libmio-861c0a648570b1c8.rlib" "/opt/rustwide/target/debug/deps/liblog-6f3e788ba8b980aa.rlib" "/opt/rustwide/target/debug/deps/libcfg_if-97437e183f3ae6e4.rlib" "/opt/rustwide/target/debug/deps/libiovec-0e2dbc1ee1ebcc4f.rlib" "/opt/rustwide/target/debug/deps/libnet2-acd913c5ed3ef120.rlib" "/opt/rustwide/target/debug/deps/libcfg_if-b22544e46cbb7baa.rlib" "/opt/rustwide/target/debug/deps/liblibc-437468c9c78eaf61.rlib" "/opt/rustwide/target/debug/deps/libbytes-b63c3b3ea06c4474.rlib" "/opt/rustwide/target/debug/deps/libpin_project_lite-63b62835ca9808f8.rlib" "/opt/rustwide/target/debug/deps/libfutures_util-bd170b3c49b7f5b5.rlib" "/opt/rustwide/target/debug/deps/libslab-7f8e952f3c0ab3c4.rlib" "/opt/rustwide/target/debug/deps/libpin_project_lite-3a747526c5b5aadd.rlib" "/opt/rustwide/target/debug/deps/libfutures_sink-a9a824222130fe90.rlib" "/opt/rustwide/target/debug/deps/libfutures_task-34a0ee1d6c1607f4.rlib" "/opt/rustwide/target/debug/deps/libpin_utils-501725f4e360d46d.rlib" "/opt/rustwide/target/debug/deps/libfutures_core-63bdc54a682e7df4.rlib" "/opt/rustwide/target/debug/deps/libfutures-0f39203b7bbc7621.rlib" "/opt/rustwide/rustup-home/toolchains/beta-2023-04-20-x86_64-unknown-linux-gnu/lib/rustlib/x86_64-unknown-linux-gnu/lib/libstd-0e29cc23c5e02021.rlib" "/opt/rustwide/rustup-home/toolchains/beta-2023-04-20-x86_64-unknown-linux-gnu/lib/rustlib/x86_64-unknown-linux-gnu/lib/libpanic_unwind-d903621768a861d9.rlib" "/opt/rustwide/rustup-home/toolchains/beta-2023-04-20-x86_64-unknown-linux-gnu/lib/rustlib/x86_64-unknown-linux-gnu/lib/libobject-6d0225e655f31c13.rlib" "/opt/rustwide/rustup-home/toolchains/beta-2023-04-20-x86_64-unknown-linux-gnu/lib/rustlib/x86_64-unknown-linux-gnu/lib/libmemchr-9dbaf4eac7eaa079.rlib" "/opt/rustwide/rustup-home/toolchains/beta-2023-04-20-x86_64-unknown-linux-gnu/lib/rustlib/x86_64-unknown-linux-gnu/lib/libaddr2line-27f05b3d42a66dd0.rlib" "/opt/rustwide/rustup-home/toolchains/beta-2023-04-20-x86_64-unknown-linux-gnu/lib/rustlib/x86_64-unknown-linux-gnu/lib/libgimli-4d73f1030321c9a2.rlib" "/opt/rustwide/rustup-home/toolchains/beta-2023-04-20-x86_64-unknown-linux-gnu/lib/rustlib/x86_64-unknown-linux-gnu/lib/librustc_demangle-2846c9e58abd0acb.rlib" "/opt/rustwide/rustup-home/toolchains/beta-2023-04-20-x86_64-unknown-linux-gnu/lib/rustlib/x86_64-unknown-linux-gnu/lib/libstd_detect-a53d0f50415947be.rlib" "/opt/rustwide/rustup-home/toolchains/beta-2023-04-20-x86_64-unknown-linux-gnu/lib/rustlib/x86_64-unknown-linux-gnu/lib/libhashbrown-d48e4b6abc25b9dc.rlib" "/opt/rustwide/rustup-home/toolchains/beta-2023-04-20-x86_64-unknown-linux-gnu/lib/rustlib/x86_64-unknown-linux-gnu/lib/libminiz_oxide-2991859439ef1207.rlib" "/opt/rustwide/rustup-home/toolchains/beta-2023-04-20-x86_64-unknown-linux-gnu/lib/rustlib/x86_64-unknown-linux-gnu/lib/libadler-8a687517e4221bae.rlib" "/opt/rustwide/rustup-home/toolchains/beta-2023-04-20-x86_64-unknown-linux-gnu/lib/rustlib/x86_64-unknown-linux-gnu/lib/librustc_std_workspace_alloc-e07b554f6a67f5b3.rlib" "/opt/rustwide/rustup-home/toolchains/beta-2023-04-20-x86_64-unknown-linux-gnu/lib/rustlib/x86_64-unknown-linux-gnu/lib/libunwind-b68238b7c3c619dd.rlib" "/opt/rustwide/rustup-home/toolchains/beta-2023-04-20-x86_64-unknown-linux-gnu/lib/rustlib/x86_64-unknown-linux-gnu/lib/libcfg_if-d5e213e896c017e4.rlib" "/opt/rustwide/rustup-home/toolchains/beta-2023-04-20-x86_64-unknown-linux-gnu/lib/rustlib/x86_64-unknown-linux-gnu/lib/liblibc-0211a3b2e61d8689.rlib" "/opt/rustwide/rustup-home/toolchains/beta-2023-04-20-x86_64-unknown-linux-gnu/lib/rustlib/x86_64-unknown-linux-gnu/lib/liballoc-b371f055239ba51f.rlib" "/opt/rustwide/rustup-home/toolchains/beta-2023-04-20-x86_64-unknown-linux-gnu/lib/rustlib/x86_64-unknown-linux-gnu/lib/librustc_std_workspace_core-e60518d2760eb01e.rlib" "/opt/rustwide/rustup-home/toolchains/beta-2023-04-20-x86_64-unknown-linux-gnu/lib/rustlib/x86_64-unknown-linux-gnu/lib/libcore-1ad943f92a4b1081.rlib" "/opt/rustwide/rustup-home/toolchains/beta-2023-04-20-x86_64-unknown-linux-gnu/lib/rustlib/x86_64-unknown-linux-gnu/lib/libcompiler_builtins-f0d6e4d0fc1e80b4.rlib" "-Wl,-Bdynamic" "-lgcc_s" "-lutil" "-lrt" "-lpthread" "-lm" "-ldl" "-lc" "-Wl,--eh-frame-hdr" "-Wl,-z,noexecstack" "-L" "/opt/rustwide/rustup-home/toolchains/beta-2023-04-20-x86_64-unknown-linux-gnu/lib/rustlib/x86_64-unknown-linux-gnu/lib" "-o" "/tmp/rustdoctestBgAijG/rust_out" "-Wl,--gc-sections" "-pie" "-Wl,-z,relro,-z,now" "-nodefaultlibs"
[INFO] [stdout]   = note: collect2: fatal error: ld terminated with signal 9 [Killed]
[INFO] [stdout]           compilation terminated.
[INFO] [stdout]           
[INFO] [stdout] 
[INFO] [stdout] error: aborting due to previous error
[INFO] [stdout] 
[INFO] [stdout] Couldn't compile the test.
[INFO] [stdout] 
[INFO] [stdout] failures:
[INFO] [stdout]     src/lib.rs - (line 37)
[INFO] [stdout]     src/runtime/current_thread/mod.rs - runtime::current_thread (line 58)
[INFO] [stdout]     src/runtime/mod.rs - runtime (line 175)
[INFO] [stdout]     src/runtime/mod.rs - runtime (line 199)
[INFO] [stdout]     src/runtime/threadpool/builder.rs - runtime::threadpool::builder::Builder::core_threads (line 80)
[INFO] [stdout]     src/runtime/threadpool/builder.rs - runtime::threadpool::builder::Builder::stack_size (line 132)
[INFO] [stdout]     src/runtime/threadpool/mod.rs - runtime::threadpool::Runtime::spawn (line 247)
[INFO] [stdout]     src/runtime/threadpool/mod.rs - runtime::threadpool::Runtime::spawn_handle (line 341)
[INFO] [stdout]     src/runtime/threadpool/mod.rs - runtime::threadpool::Runtime::spawn_std (line 290)
[INFO] [stdout] 
[INFO] [stdout] test result: FAILED. 21 passed; 9 failed; 0 ignored; 0 measured; 0 filtered out; finished in 2.01s
[INFO] [stdout] 
[INFO] [stderr] error: doctest failed, to rerun pass `--doc`
[INFO] running `Command { std: "docker" "inspect" "55e3d70ddaa9d6aa90192b844c25b73c0c6604095ac577f9872949ecbe86edee", kill_on_drop: false }`
[INFO] running `Command { std: "docker" "rm" "-f" "55e3d70ddaa9d6aa90192b844c25b73c0c6604095ac577f9872949ecbe86edee", kill_on_drop: false }`
[INFO] [stdout] 55e3d70ddaa9d6aa90192b844c25b73c0c6604095ac577f9872949ecbe86edee
