[INFO] fetching crate tokio-bitstream-io 0.0.7...
[INFO] testing tokio-bitstream-io-0.0.7 against 1.69.0 for beta-1.70-1
[INFO] extracting crate tokio-bitstream-io 0.0.7 into /workspace/builds/worker-7-tc1/source
[INFO] validating manifest of crates.io crate tokio-bitstream-io 0.0.7 on toolchain 1.69.0
[INFO] running `Command { std: CARGO_HOME="/workspace/cargo-home" RUSTUP_HOME="/workspace/rustup-home" "/workspace/cargo-home/bin/cargo" "+1.69.0" "metadata" "--manifest-path" "Cargo.toml" "--no-deps", kill_on_drop: false }`
[INFO] started tweaking crates.io crate tokio-bitstream-io 0.0.7
[INFO] finished tweaking crates.io crate tokio-bitstream-io 0.0.7
[INFO] tweaked toml for crates.io crate tokio-bitstream-io 0.0.7 written to /workspace/builds/worker-7-tc1/source/Cargo.toml
[INFO] running `Command { std: CARGO_HOME="/workspace/cargo-home" RUSTUP_HOME="/workspace/rustup-home" __CARGO_TEST_CHANNEL_OVERRIDE_DO_NOT_USE_THIS="nightly" "/workspace/cargo-home/bin/cargo" "+1.69.0" "generate-lockfile" "--manifest-path" "Cargo.toml" "-Zno-index-update", kill_on_drop: false }`
[INFO] running `Command { std: CARGO_HOME="/workspace/cargo-home" RUSTUP_HOME="/workspace/rustup-home" "/workspace/cargo-home/bin/cargo" "+1.69.0" "fetch" "--manifest-path" "Cargo.toml", kill_on_drop: false }`
[INFO] running `Command { std: "docker" "create" "-v" "/var/lib/crater-agent-workspace/builds/worker-7-tc1/target:/opt/rustwide/target:rw,Z" "-v" "/var/lib/crater-agent-workspace/builds/worker-7-tc1/source:/opt/rustwide/workdir:ro,Z" "-v" "/var/lib/crater-agent-workspace/cargo-home:/opt/rustwide/cargo-home:ro,Z" "-v" "/var/lib/crater-agent-workspace/rustup-home:/opt/rustwide/rustup-home:ro,Z" "-e" "SOURCE_DIR=/opt/rustwide/workdir" "-e" "CARGO_TARGET_DIR=/opt/rustwide/target" "-e" "CARGO_HOME=/opt/rustwide/cargo-home" "-e" "RUSTUP_HOME=/opt/rustwide/rustup-home" "-w" "/opt/rustwide/workdir" "-m" "1610612736" "--user" "0:0" "--network" "none" "ghcr.io/rust-lang/crates-build-env/linux@sha256:5ff2268d62e97bff2cde7d5815dd6ed5b47097566f13b8d0ca110b04b60e07ed" "/opt/rustwide/cargo-home/bin/cargo" "+1.69.0" "metadata" "--no-deps" "--format-version=1", kill_on_drop: false }`
[INFO] [stdout] d65ee5b228660358e2f43ba67f71a8ed97a10b9381a163c2072248a06e03781c
[INFO] running `Command { std: "docker" "start" "-a" "d65ee5b228660358e2f43ba67f71a8ed97a10b9381a163c2072248a06e03781c", kill_on_drop: false }`
[INFO] running `Command { std: "docker" "inspect" "d65ee5b228660358e2f43ba67f71a8ed97a10b9381a163c2072248a06e03781c", kill_on_drop: false }`
[INFO] running `Command { std: "docker" "rm" "-f" "d65ee5b228660358e2f43ba67f71a8ed97a10b9381a163c2072248a06e03781c", kill_on_drop: false }`
[INFO] [stdout] d65ee5b228660358e2f43ba67f71a8ed97a10b9381a163c2072248a06e03781c
[INFO] running `Command { std: "docker" "create" "-v" "/var/lib/crater-agent-workspace/builds/worker-7-tc1/target:/opt/rustwide/target:rw,Z" "-v" "/var/lib/crater-agent-workspace/builds/worker-7-tc1/source:/opt/rustwide/workdir:ro,Z" "-v" "/var/lib/crater-agent-workspace/cargo-home:/opt/rustwide/cargo-home:ro,Z" "-v" "/var/lib/crater-agent-workspace/rustup-home:/opt/rustwide/rustup-home:ro,Z" "-e" "SOURCE_DIR=/opt/rustwide/workdir" "-e" "CARGO_TARGET_DIR=/opt/rustwide/target" "-e" "CARGO_INCREMENTAL=0" "-e" "RUST_BACKTRACE=full" "-e" "RUSTFLAGS=--cap-lints=warn" "-e" "RUSTDOCFLAGS=--cap-lints=warn" "-e" "CARGO_HOME=/opt/rustwide/cargo-home" "-e" "RUSTUP_HOME=/opt/rustwide/rustup-home" "-w" "/opt/rustwide/workdir" "-m" "1610612736" "--user" "0:0" "--network" "none" "ghcr.io/rust-lang/crates-build-env/linux@sha256:5ff2268d62e97bff2cde7d5815dd6ed5b47097566f13b8d0ca110b04b60e07ed" "/opt/rustwide/cargo-home/bin/cargo" "+1.69.0" "build" "--frozen" "--message-format=json", kill_on_drop: false }`
[INFO] [stdout] 291af06afb1ff9ce1455d83752ffdd98ff19b2359a585c996547cbbaec89a230
[INFO] running `Command { std: "docker" "start" "-a" "291af06afb1ff9ce1455d83752ffdd98ff19b2359a585c996547cbbaec89a230", kill_on_drop: false }`
[INFO] [stderr]    Compiling libc v0.2.142
[INFO] [stderr]    Compiling proc-macro2 v1.0.56
[INFO] [stderr]    Compiling unicode-ident v1.0.8
[INFO] [stderr]    Compiling log v0.4.17
[INFO] [stderr]    Compiling parking_lot_core v0.9.7
[INFO] [stderr]    Compiling smallvec v1.10.0
[INFO] [stderr]    Compiling scopeguard v1.1.0
[INFO] [stderr]    Compiling async-trait v0.1.68
[INFO] [stderr]    Compiling lock_api v0.4.9
[INFO] [stderr]    Compiling tokio v1.28.0
[INFO] [stderr]    Compiling quote v1.0.26
[INFO] [stderr]    Compiling syn v2.0.15
[INFO] [stderr]    Compiling socket2 v0.4.9
[INFO] [stderr]    Compiling num_cpus v1.15.0
[INFO] [stderr]    Compiling mio v0.8.6
[INFO] [stderr]    Compiling signal-hook-registry v1.4.1
[INFO] [stderr]    Compiling parking_lot v0.12.1
[INFO] [stderr]    Compiling tokio-macros v2.1.0
[INFO] [stderr]    Compiling tokio-bitstream-io v0.0.7 (/opt/rustwide/workdir)
[INFO] [stderr]     Finished dev [unoptimized + debuginfo] target(s) in 9.73s
[INFO] running `Command { std: "docker" "inspect" "291af06afb1ff9ce1455d83752ffdd98ff19b2359a585c996547cbbaec89a230", kill_on_drop: false }`
[INFO] running `Command { std: "docker" "rm" "-f" "291af06afb1ff9ce1455d83752ffdd98ff19b2359a585c996547cbbaec89a230", kill_on_drop: false }`
[INFO] [stdout] 291af06afb1ff9ce1455d83752ffdd98ff19b2359a585c996547cbbaec89a230
[INFO] running `Command { std: "docker" "create" "-v" "/var/lib/crater-agent-workspace/builds/worker-7-tc1/target:/opt/rustwide/target:rw,Z" "-v" "/var/lib/crater-agent-workspace/builds/worker-7-tc1/source:/opt/rustwide/workdir:ro,Z" "-v" "/var/lib/crater-agent-workspace/cargo-home:/opt/rustwide/cargo-home:ro,Z" "-v" "/var/lib/crater-agent-workspace/rustup-home:/opt/rustwide/rustup-home:ro,Z" "-e" "SOURCE_DIR=/opt/rustwide/workdir" "-e" "CARGO_TARGET_DIR=/opt/rustwide/target" "-e" "CARGO_INCREMENTAL=0" "-e" "RUST_BACKTRACE=full" "-e" "RUSTFLAGS=--cap-lints=warn" "-e" "RUSTDOCFLAGS=--cap-lints=warn" "-e" "CARGO_HOME=/opt/rustwide/cargo-home" "-e" "RUSTUP_HOME=/opt/rustwide/rustup-home" "-w" "/opt/rustwide/workdir" "-m" "1610612736" "--user" "0:0" "--network" "none" "ghcr.io/rust-lang/crates-build-env/linux@sha256:5ff2268d62e97bff2cde7d5815dd6ed5b47097566f13b8d0ca110b04b60e07ed" "/opt/rustwide/cargo-home/bin/cargo" "+1.69.0" "test" "--frozen" "--no-run" "--message-format=json", kill_on_drop: false }`
[INFO] [stdout] 6bf90cc9975f3bb72b5219ede2413d895fea29f3062d2a43d80f067f45b247c3
[INFO] running `Command { std: "docker" "start" "-a" "6bf90cc9975f3bb72b5219ede2413d895fea29f3062d2a43d80f067f45b247c3", kill_on_drop: false }`
[INFO] [stderr]    Compiling tokio-bitstream-io v0.0.7 (/opt/rustwide/workdir)
[INFO] [stderr]     Finished test [unoptimized + debuginfo] target(s) in 3.42s
[INFO] running `Command { std: "docker" "inspect" "6bf90cc9975f3bb72b5219ede2413d895fea29f3062d2a43d80f067f45b247c3", kill_on_drop: false }`
[INFO] running `Command { std: "docker" "rm" "-f" "6bf90cc9975f3bb72b5219ede2413d895fea29f3062d2a43d80f067f45b247c3", kill_on_drop: false }`
[INFO] [stdout] 6bf90cc9975f3bb72b5219ede2413d895fea29f3062d2a43d80f067f45b247c3
[INFO] running `Command { std: "docker" "create" "-v" "/var/lib/crater-agent-workspace/builds/worker-7-tc1/target:/opt/rustwide/target:rw,Z" "-v" "/var/lib/crater-agent-workspace/builds/worker-7-tc1/source:/opt/rustwide/workdir:ro,Z" "-v" "/var/lib/crater-agent-workspace/cargo-home:/opt/rustwide/cargo-home:ro,Z" "-v" "/var/lib/crater-agent-workspace/rustup-home:/opt/rustwide/rustup-home:ro,Z" "-e" "SOURCE_DIR=/opt/rustwide/workdir" "-e" "CARGO_TARGET_DIR=/opt/rustwide/target" "-e" "CARGO_INCREMENTAL=0" "-e" "RUST_BACKTRACE=full" "-e" "RUSTFLAGS=--cap-lints=warn" "-e" "RUSTDOCFLAGS=--cap-lints=warn" "-e" "CARGO_HOME=/opt/rustwide/cargo-home" "-e" "RUSTUP_HOME=/opt/rustwide/rustup-home" "-w" "/opt/rustwide/workdir" "-m" "1610612736" "--user" "0:0" "--network" "none" "ghcr.io/rust-lang/crates-build-env/linux@sha256:5ff2268d62e97bff2cde7d5815dd6ed5b47097566f13b8d0ca110b04b60e07ed" "/opt/rustwide/cargo-home/bin/cargo" "+1.69.0" "test" "--frozen", kill_on_drop: false }`
[INFO] [stdout] b887a43d47e83a119bc8c4a5c1515a039b46c577f28826227102d859a99d2c24
[INFO] running `Command { std: "docker" "start" "-a" "b887a43d47e83a119bc8c4a5c1515a039b46c577f28826227102d859a99d2c24", kill_on_drop: false }`
[INFO] [stderr]     Finished test [unoptimized + debuginfo] target(s) in 0.03s
[INFO] [stderr]      Running unittests src/lib.rs (/opt/rustwide/target/debug/deps/tokio_bitstream_io-eb389526299de401)
[INFO] [stdout] 
[INFO] [stdout] running 0 tests
[INFO] [stdout] 
[INFO] [stdout] test result: ok. 0 passed; 0 failed; 0 ignored; 0 measured; 0 filtered out; finished in 0.00s
[INFO] [stdout] 
[INFO] [stderr]      Running tests/huffman.rs (/opt/rustwide/target/debug/deps/huffman-6235a21ff0262be4)
[INFO] [stdout] 
[INFO] [stdout] running 3 tests
[INFO] [stdout] test test_huffman_errors ... ok
[INFO] [stdout] test test_huffman_values ... ok
[INFO] [stdout] test test_lengthy_huffman_values ... ok
[INFO] [stdout] 
[INFO] [stdout] test result: ok. 3 passed; 0 failed; 0 ignored; 0 measured; 0 filtered out; finished in 0.01s
[INFO] [stdout] 
[INFO] [stderr]      Running tests/read.rs (/opt/rustwide/target/debug/deps/read-6e80052e2851b84b)
[INFO] [stdout] 
[INFO] [stdout] running 13 tests
[INFO] [stdout] test test_read_queue_le ... ok
[INFO] [stdout] test test_clone ... ok
[INFO] [stdout] test test_read_queue_be ... ok
[INFO] [stdout] test test_edge_cases_le ... ok
[INFO] [stdout] test test_edge_cases_be ... ok
[INFO] [stdout] test test_read_bytes ... ok
[INFO] [stdout] test test_reader_bits_errors ... ok
[INFO] [stdout] test test_reader_be ... ok
[INFO] [stdout] test test_reader_io_errors_be ... ok
[INFO] [stdout] test test_reader_io_errors_le ... ok
[INFO] [stdout] test test_reader_huffman_le ... ok
[INFO] [stdout] test test_reader_huffman_be ... ok
[INFO] [stdout] test test_reader_le ... ok
[INFO] [stdout] 
[INFO] [stdout] test result: ok. 13 passed; 0 failed; 0 ignored; 0 measured; 0 filtered out; finished in 0.00s
[INFO] [stdout] 
[INFO] [stderr]      Running tests/read_seek.rs (/opt/rustwide/target/debug/deps/read_seek-39335d5e7da56164)
[INFO] [stdout] 
[INFO] [stdout] running 5 tests
[INFO] [stdout] test test_reader_seek_end ... ok
[INFO] [stdout] test test_reader_seek_current ... ok
[INFO] [stdout] test test_reader_seek_start ... ok
[INFO] [stdout] test test_reader_pos_be ... ok
[INFO] [stdout] test test_reader_pos_le ... ok
[INFO] [stdout] 
[INFO] [stdout] test result: ok. 5 passed; 0 failed; 0 ignored; 0 measured; 0 filtered out; finished in 0.00s
[INFO] [stdout] 
[INFO] [stderr]      Running tests/roundtrip.rs (/opt/rustwide/target/debug/deps/roundtrip-d3de4c0c62389605)
[INFO] [stdout] 
[INFO] [stdout] running 4 tests
[INFO] [stdout] test test_unary_roundtrip_be ... ok
[INFO] [stdout] test test_unary_roundtrip_le ... ok
[INFO] [stdout] test test_roundtrip_be ... ok
[INFO] [stdout] test test_roundtrip_le ... ok
[INFO] [stdout] 
[INFO] [stdout] test result: ok. 4 passed; 0 failed; 0 ignored; 0 measured; 0 filtered out; finished in 0.39s
[INFO] [stdout] 
[INFO] [stderr]      Running tests/write.rs (/opt/rustwide/target/debug/deps/write-b516ae8173a50440)
[INFO] [stdout] 
[INFO] [stdout] running 21 tests
[INFO] [stdout] test test_counter_huffman_be ... ok
[INFO] [stdout] test test_counter_be ... ok
[INFO] [stdout] test test_counter_le ... ok
[INFO] [stdout] test test_counter_huffman_le ... ok
[INFO] [stdout] test test_recorder_huffman_be ... ok
[INFO] [stdout] test test_recorder_huffman_le ... ok
[INFO] [stdout] test test_recorder_le ... ok
[INFO] [stdout] test test_write_queue_be ... ok
[INFO] [stdout] test test_recorder_be ... ok
[INFO] [stdout] test test_write_queue_edge_be ... ok
[INFO] [stdout] test test_writer_be ... ok
[INFO] [stdout] test test_write_queue_le ... ok
[INFO] [stdout] test test_writer_bits_errors ... ok
[INFO] [stdout] test test_writer_huffman_le ... ok
[INFO] [stdout] test test_write_queue_edge_le ... ok
[INFO] [stdout] test test_writer_io_errors_be ... ok
[INFO] [stdout] test test_writer_le ... ok
[INFO] [stdout] test test_writer_io_errors_le ... ok
[INFO] [stdout] test test_writer_huffman_be ... ok
[INFO] [stdout] test test_writer_edge_cases_be ... ok
[INFO] [stdout] test test_writer_edge_cases_le ... ok
[INFO] [stdout] 
[INFO] [stdout] test result: ok. 21 passed; 0 failed; 0 ignored; 0 measured; 0 filtered out; finished in 0.00s
[INFO] [stdout] 
[INFO] [stderr]    Doc-tests tokio-bitstream-io
[INFO] [stdout] 
[INFO] [stdout] running 51 tests
[INFO] [stdout] test src/huffman.rs - huffman::compile_write_tree (line 263) ... FAILED
[INFO] [stdout] test src/read.rs - read (line 17) ... FAILED
[INFO] [stdout] test src/huffman.rs - huffman::compile_read_tree (line 59) ... FAILED
[INFO] [stdout] test src/read.rs - read::BitReader<R,E>::read (line 502) ... FAILED
[INFO] [stdout] test src/read.rs - read::BitReader<R,E>::read_bytes (line 618) ... FAILED
[INFO] [stdout] test src/read.rs - read::BitReader<R,E>::position_in_bits (line 810) ... FAILED
[INFO] [stdout] test src/read.rs - read::BitReader<R,E>::read_bit (line 436) ... FAILED
[INFO] [stdout] test src/read.rs - read::BitReader<R,E>::into_unread (line 401) ... FAILED
[INFO] [stdout] test src/read.rs - read::BitReader<R,E>::into_unread (line 414) ... FAILED
[INFO] [stdout] test src/read.rs - read::BitReader<R,E>::read_huffman (line 836) ... FAILED
[INFO] [stdout] test src/read.rs - read::BitReader<R,E>::read_signed (line 551) ... FAILED
[INFO] [stdout] test src/read.rs - read::BitReader<R,E>::read (line 490) ... FAILED
[INFO] [stdout] test src/read.rs - read::BitReader<R,E>::read_unary0 (line 643) ... FAILED
[INFO] [stdout] test src/read.rs - read::BitReader<R,E>::read_signed (line 540) ... FAILED
[INFO] [stdout] test src/read.rs - read::BitReader<R,E>::read_unary0 (line 655) ... FAILED
[INFO] [stdout] test src/read.rs - read::BitReader<R,E>::read_unary1 (line 693) ... FAILED
[INFO] [stdout] test src/read.rs - read::BitReader<R,E>::read_signed (line 562) ... FAILED
[INFO] [stdout] test src/read.rs - read::BitReader<R,E>::byte_aligned (line 719) ... FAILED
[INFO] [stdout] test src/read.rs - read::BitReader<R,E>::read (line 478) ... FAILED
[INFO] [stdout] test src/read.rs - read::BitReader<R,E>::read_unary1 (line 681) ... FAILED
[INFO] [stdout] test src/read.rs - read::BitReader<R,E>::skip (line 583) ... FAILED
[INFO] [stdout] test src/read.rs - read::ByteRead::read (line 983) ... FAILED
[INFO] [stdout] test src/read.rs - read::ByteRead::read (line 993) ... FAILED
[INFO] [stdout] test src/write.rs - write::BitCounter (line 746) ... FAILED
[INFO] [stdout] test src/write.rs - write (line 17) ... FAILED
[INFO] [stdout] test src/read.rs - read::BitReader<R,E>::seek_bits (line 761) ... FAILED
[INFO] [stdout] test src/read.rs - read::BitReader<R,E>::skip (line 594) ... FAILED
[INFO] [stdout] test src/write.rs - write::BitRecorder (line 973) ... FAILED
[INFO] [stdout] test src/write.rs - write::BitWrite::write_unary0 (line 384) ... FAILED
[INFO] [stdout] test src/write.rs - write::BitWrite::write_bytes (line 354) ... FAILED
[INFO] [stdout] test src/write.rs - write::BitWrite::byte_align (line 510) ... FAILED
[INFO] [stdout] test src/write.rs - write::BitWrite::write_unary1 (line 452) ... FAILED
[INFO] [stdout] test src/read.rs - read::BitReader<R,E>::read_bit (line 453) ... FAILED
[INFO] [stdout] test src/write.rs - write::BitWrite::write_unary0 (line 395) ... FAILED
[INFO] [stdout] test src/write.rs - write::BitWriter<W,E>::into_unwritten (line 258) ... FAILED
[INFO] [stdout] test src/write.rs - write::BitWrite::write_unary1 (line 463) ... FAILED
[INFO] [stdout] test src/write.rs - write::BitWriter<W,E>::byte_aligned (line 692) ... FAILED
[INFO] [stdout] test src/write.rs - write::BitWriter<W,E>::write (line 598) ... FAILED
[INFO] [stdout] test src/write.rs - write::BitWriter<W,E>::into_unwritten (line 275) ... FAILED
[INFO] [stdout] test src/write.rs - write::BitWriter<W,E>::write (line 587) ... FAILED
[INFO] [stdout] test src/write.rs - write::BitWriter<W,E>::write_bit (line 562) ... FAILED
[INFO] [stdout] test src/write.rs - write::BitWriter<W,E>::write_bit (line 546) ... FAILED
[INFO] [stdout] test src/write.rs - write::BitWriter<W,E>::write (line 609) ... FAILED
[INFO] [stdout] test src/write.rs - write::BitWriter<W,E>::write_huffman (line 713) ... FAILED
[INFO] [stdout] test src/write.rs - write::BitWriter<W,E>::write_signed (line 661) ... FAILED
[INFO] [stdout] test src/write.rs - write::BitWriter<W,E>::write_signed (line 651) ... FAILED
[INFO] [stdout] test src/read.rs - read::BitReader<R,E>::byte_align (line 738) ... FAILED
[INFO] [stdout] test src/write.rs - write::ByteWrite::write (line 1247) ... FAILED
[INFO] [stdout] test src/write.rs - write::ByteWrite::write (line 1238) ... FAILED
[INFO] [stdout] test src/huffman.rs - huffman::compile_read_tree (line 50) ... ok
[INFO] [stdout] test src/huffman.rs - huffman::compile_write_tree (line 254) ... ok
[INFO] [stdout] 
[INFO] [stdout] failures:
[INFO] [stdout] 
[INFO] [stdout] ---- src/huffman.rs - huffman::compile_write_tree (line 263) stdout ----
[INFO] [stdout] Couldn't compile the test.
[INFO] [stdout] ---- src/read.rs - read (line 17) stdout ----
[INFO] [stdout] Couldn't compile the test.
[INFO] [stdout] ---- src/huffman.rs - huffman::compile_read_tree (line 59) stdout ----
[INFO] [stdout] Couldn't compile the test.
[INFO] [stdout] ---- src/read.rs - read::BitReader<R,E>::read (line 502) stdout ----
[INFO] [stdout] Couldn't compile the test.
[INFO] [stdout] ---- src/read.rs - read::BitReader<R,E>::read_bytes (line 618) stdout ----
[INFO] [stdout] Couldn't compile the test.
[INFO] [stdout] ---- src/read.rs - read::BitReader<R,E>::position_in_bits (line 810) stdout ----
[INFO] [stdout] Couldn't compile the test.
[INFO] [stdout] ---- src/read.rs - read::BitReader<R,E>::read_bit (line 436) stdout ----
[INFO] [stdout] Couldn't compile the test.
[INFO] [stdout] ---- src/read.rs - read::BitReader<R,E>::into_unread (line 401) stdout ----
[INFO] [stdout] Couldn't compile the test.
[INFO] [stdout] ---- src/read.rs - read::BitReader<R,E>::into_unread (line 414) stdout ----
[INFO] [stdout] Couldn't compile the test.
[INFO] [stdout] ---- src/read.rs - read::BitReader<R,E>::read_huffman (line 836) stdout ----
[INFO] [stdout] Couldn't compile the test.
[INFO] [stdout] ---- src/read.rs - read::BitReader<R,E>::read_signed (line 551) stdout ----
[INFO] [stdout] Couldn't compile the test.
[INFO] [stdout] ---- src/read.rs - read::BitReader<R,E>::read (line 490) stdout ----
[INFO] [stdout] Couldn't compile the test.
[INFO] [stdout] ---- src/read.rs - read::BitReader<R,E>::read_unary0 (line 643) stdout ----
[INFO] [stdout] Couldn't compile the test.
[INFO] [stdout] ---- src/read.rs - read::BitReader<R,E>::read_signed (line 540) stdout ----
[INFO] [stdout] Couldn't compile the test.
[INFO] [stdout] ---- src/read.rs - read::BitReader<R,E>::read_unary0 (line 655) stdout ----
[INFO] [stdout] Couldn't compile the test.
[INFO] [stdout] ---- src/read.rs - read::BitReader<R,E>::read_unary1 (line 693) stdout ----
[INFO] [stdout] Couldn't compile the test.
[INFO] [stdout] ---- src/read.rs - read::BitReader<R,E>::read_signed (line 562) stdout ----
[INFO] [stdout] Couldn't compile the test.
[INFO] [stdout] ---- src/read.rs - read::BitReader<R,E>::byte_aligned (line 719) stdout ----
[INFO] [stdout] Couldn't compile the test.
[INFO] [stdout] ---- src/read.rs - read::BitReader<R,E>::read (line 478) stdout ----
[INFO] [stdout] Couldn't compile the test.
[INFO] [stdout] ---- src/read.rs - read::BitReader<R,E>::read_unary1 (line 681) stdout ----
[INFO] [stdout] Couldn't compile the test.
[INFO] [stdout] ---- src/read.rs - read::BitReader<R,E>::skip (line 583) stdout ----
[INFO] [stdout] Couldn't compile the test.
[INFO] [stdout] ---- src/read.rs - read::ByteRead::read (line 983) stdout ----
[INFO] [stdout] Couldn't compile the test.
[INFO] [stdout] ---- src/read.rs - read::ByteRead::read (line 993) stdout ----
[INFO] [stdout] Couldn't compile the test.
[INFO] [stdout] ---- src/write.rs - write::BitCounter (line 746) stdout ----
[INFO] [stdout] Couldn't compile the test.
[INFO] [stdout] ---- src/write.rs - write (line 17) stdout ----
[INFO] [stdout] Couldn't compile the test.
[INFO] [stdout] ---- src/read.rs - read::BitReader<R,E>::seek_bits (line 761) stdout ----
[INFO] [stdout] Couldn't compile the test.
[INFO] [stdout] ---- src/read.rs - read::BitReader<R,E>::skip (line 594) stdout ----
[INFO] [stdout] Couldn't compile the test.
[INFO] [stdout] ---- src/write.rs - write::BitRecorder (line 973) stdout ----
[INFO] [stdout] Couldn't compile the test.
[INFO] [stdout] ---- src/write.rs - write::BitWrite::write_unary0 (line 384) stdout ----
[INFO] [stdout] Couldn't compile the test.
[INFO] [stdout] ---- src/write.rs - write::BitWrite::write_bytes (line 354) stdout ----
[INFO] [stdout] Couldn't compile the test.
[INFO] [stdout] ---- src/write.rs - write::BitWrite::byte_align (line 510) stdout ----
[INFO] [stdout] Couldn't compile the test.
[INFO] [stdout] ---- src/write.rs - write::BitWrite::write_unary1 (line 452) stdout ----
[INFO] [stdout] Couldn't compile the test.
[INFO] [stdout] ---- src/read.rs - read::BitReader<R,E>::read_bit (line 453) stdout ----
[INFO] [stdout] Couldn't compile the test.
[INFO] [stdout] ---- src/write.rs - write::BitWrite::write_unary0 (line 395) stdout ----
[INFO] [stdout] Couldn't compile the test.
[INFO] [stdout] ---- src/write.rs - write::BitWriter<W,E>::into_unwritten (line 258) stdout ----
[INFO] [stdout] Couldn't compile the test.
[INFO] [stdout] ---- src/write.rs - write::BitWrite::write_unary1 (line 463) stdout ----
[INFO] [stdout] Couldn't compile the test.
[INFO] [stdout] ---- src/write.rs - write::BitWriter<W,E>::byte_aligned (line 692) stdout ----
[INFO] [stdout] Couldn't compile the test.
[INFO] [stdout] ---- src/write.rs - write::BitWriter<W,E>::write (line 598) stdout ----
[INFO] [stdout] Couldn't compile the test.
[INFO] [stdout] ---- src/write.rs - write::BitWriter<W,E>::into_unwritten (line 275) stdout ----
[INFO] [stdout] Couldn't compile the test.
[INFO] [stdout] ---- src/write.rs - write::BitWriter<W,E>::write (line 587) stdout ----
[INFO] [stdout] Couldn't compile the test.
[INFO] [stdout] ---- src/write.rs - write::BitWriter<W,E>::write_bit (line 562) stdout ----
[INFO] [stdout] Couldn't compile the test.
[INFO] [stdout] ---- src/write.rs - write::BitWriter<W,E>::write_bit (line 546) stdout ----
[INFO] [stdout] Couldn't compile the test.
[INFO] [stdout] ---- src/write.rs - write::BitWriter<W,E>::write (line 609) stdout ----
[INFO] [stdout] Couldn't compile the test.
[INFO] [stdout] ---- src/write.rs - write::BitWriter<W,E>::write_huffman (line 713) stdout ----
[INFO] [stdout] Couldn't compile the test.
[INFO] [stdout] ---- src/write.rs - write::BitWriter<W,E>::write_signed (line 661) stdout ----
[INFO] [stdout] Couldn't compile the test.
[INFO] [stdout] ---- src/write.rs - write::BitWriter<W,E>::write_signed (line 651) stdout ----
[INFO] [stdout] Couldn't compile the test.
[INFO] [stdout] ---- src/read.rs - read::BitReader<R,E>::byte_align (line 738) stdout ----
[INFO] [stdout] Couldn't compile the test.
[INFO] [stdout] ---- src/write.rs - write::ByteWrite::write (line 1247) stdout ----
[INFO] [stdout] Couldn't compile the test.
[INFO] [stdout] ---- src/write.rs - write::ByteWrite::write (line 1238) stdout ----
[INFO] [stdout] Couldn't compile the test.
[INFO] [stdout] 
[INFO] [stdout] failures:
[INFO] [stdout]     src/huffman.rs - huffman::compile_read_tree (line 59)
[INFO] [stdout]     src/huffman.rs - huffman::compile_write_tree (line 263)
[INFO] [stdout]     src/read.rs - read (line 17)
[INFO] [stdout]     src/read.rs - read::BitReader<R,E>::byte_align (line 738)
[INFO] [stdout]     src/read.rs - read::BitReader<R,E>::byte_aligned (line 719)
[INFO] [stdout]     src/read.rs - read::BitReader<R,E>::into_unread (line 401)
[INFO] [stdout]     src/read.rs - read::BitReader<R,E>::into_unread (line 414)
[INFO] [stdout]     src/read.rs - read::BitReader<R,E>::position_in_bits (line 810)
[INFO] [stdout]     src/read.rs - read::BitReader<R,E>::read (line 478)
[INFO] [stdout]     src/read.rs - read::BitReader<R,E>::read (line 490)
[INFO] [stdout]     src/read.rs - read::BitReader<R,E>::read (line 502)
[INFO] [stdout]     src/read.rs - read::BitReader<R,E>::read_bit (line 436)
[INFO] [stdout]     src/read.rs - read::BitReader<R,E>::read_bit (line 453)
[INFO] [stdout]     src/read.rs - read::BitReader<R,E>::read_bytes (line 618)
[INFO] [stdout]     src/read.rs - read::BitReader<R,E>::read_huffman (line 836)
[INFO] [stdout]     src/read.rs - read::BitReader<R,E>::read_signed (line 540)
[INFO] [stdout]     src/read.rs - read::BitReader<R,E>::read_signed (line 551)
[INFO] [stdout]     src/read.rs - read::BitReader<R,E>::read_signed (line 562)
[INFO] [stdout]     src/read.rs - read::BitReader<R,E>::read_unary0 (line 643)
[INFO] [stdout]     src/read.rs - read::BitReader<R,E>::read_unary0 (line 655)
[INFO] [stdout]     src/read.rs - read::BitReader<R,E>::read_unary1 (line 681)
[INFO] [stdout]     src/read.rs - read::BitReader<R,E>::read_unary1 (line 693)
[INFO] [stdout]     src/read.rs - read::BitReader<R,E>::seek_bits (line 761)
[INFO] [stdout]     src/read.rs - read::BitReader<R,E>::skip (line 583)
[INFO] [stdout]     src/read.rs - read::BitReader<R,E>::skip (line 594)
[INFO] [stdout]     src/read.rs - read::ByteRead::read (line 983)
[INFO] [stdout]     src/read.rs - read::ByteRead::read (line 993)
[INFO] [stdout]     src/write.rs - write (line 17)
[INFO] [stdout]     src/write.rs - write::BitCounter (line 746)
[INFO] [stdout]     src/write.rs - write::BitRecorder (line 973)
[INFO] [stdout]     src/write.rs - write::BitWrite::byte_align (line 510)
[INFO] [stdout]     src/write.rs - write::BitWrite::write_bytes (line 354)
[INFO] [stdout]     src/write.rs - write::BitWrite::write_unary0 (line 384)
[INFO] [stdout]     src/write.rs - write::BitWrite::write_unary0 (line 395)
[INFO] [stdout]     src/write.rs - write::BitWrite::write_unary1 (line 452)
[INFO] [stdout]     src/write.rs - write::BitWrite::write_unary1 (line 463)
[INFO] [stdout]     src/write.rs - write::BitWriter<W,E>::byte_aligned (line 692)
[INFO] [stdout]     src/write.rs - write::BitWriter<W,E>::into_unwritten (line 258)
[INFO] [stdout]     src/write.rs - write::BitWriter<W,E>::into_unwritten (line 275)
[INFO] [stdout]     src/write.rs - write::BitWriter<W,E>::write (line 587)
[INFO] [stdout]     src/write.rs - write::BitWriter<W,E>::write (line 598)
[INFO] [stdout]     src/write.rs - write::BitWriter<W,E>::write (line 609)
[INFO] [stdout]     src/write.rs - write::BitWriter<W,E>::write_bit (line 546)
[INFO] [stdout]     src/write.rs - write::BitWriter<W,E>::write_bit (line 562)
[INFO] [stdout]     src/write.rs - write::BitWriter<W,E>::write_huffman (line 713)
[INFO] [stdout]     src/write.rs - write::BitWriter<W,E>::write_signed (line 651)
[INFO] [stdout]     src/write.rs - write::BitWriter<W,E>::write_signed (line 661)
[INFO] [stdout]     src/write.rs - write::ByteWrite::write (line 1238)
[INFO] [stdout]     src/write.rs - write::ByteWrite::write (line 1247)
[INFO] [stdout] 
[INFO] [stdout] test result: FAILED. 2 passed; 49 failed; 0 ignored; 0 measured; 0 filtered out; finished in 6.56s
[INFO] [stdout] 
[INFO] [stderr] error: doctest failed, to rerun pass `--doc`
[INFO] running `Command { std: "docker" "inspect" "b887a43d47e83a119bc8c4a5c1515a039b46c577f28826227102d859a99d2c24", kill_on_drop: false }`
[INFO] running `Command { std: "docker" "rm" "-f" "b887a43d47e83a119bc8c4a5c1515a039b46c577f28826227102d859a99d2c24", kill_on_drop: false }`
[INFO] [stdout] b887a43d47e83a119bc8c4a5c1515a039b46c577f28826227102d859a99d2c24
