[INFO] fetching crate token-list 0.6.0...
[INFO] testing token-list-0.6.0 against 1.69.0 for beta-1.70-1
[INFO] extracting crate token-list 0.6.0 into /workspace/builds/worker-6-tc1/source
[INFO] validating manifest of crates.io crate token-list 0.6.0 on toolchain 1.69.0
[INFO] running `Command { std: CARGO_HOME="/workspace/cargo-home" RUSTUP_HOME="/workspace/rustup-home" "/workspace/cargo-home/bin/cargo" "+1.69.0" "metadata" "--manifest-path" "Cargo.toml" "--no-deps", kill_on_drop: false }`
[INFO] started tweaking crates.io crate token-list 0.6.0
[INFO] finished tweaking crates.io crate token-list 0.6.0
[INFO] tweaked toml for crates.io crate token-list 0.6.0 written to /workspace/builds/worker-6-tc1/source/Cargo.toml
[INFO] running `Command { std: CARGO_HOME="/workspace/cargo-home" RUSTUP_HOME="/workspace/rustup-home" __CARGO_TEST_CHANNEL_OVERRIDE_DO_NOT_USE_THIS="nightly" "/workspace/cargo-home/bin/cargo" "+1.69.0" "generate-lockfile" "--manifest-path" "Cargo.toml" "-Zno-index-update", kill_on_drop: false }`
[INFO] running `Command { std: CARGO_HOME="/workspace/cargo-home" RUSTUP_HOME="/workspace/rustup-home" "/workspace/cargo-home/bin/cargo" "+1.69.0" "fetch" "--manifest-path" "Cargo.toml", kill_on_drop: false }`
[INFO] running `Command { std: "docker" "create" "-v" "/var/lib/crater-agent-workspace/builds/worker-6-tc1/target:/opt/rustwide/target:rw,Z" "-v" "/var/lib/crater-agent-workspace/builds/worker-6-tc1/source:/opt/rustwide/workdir:ro,Z" "-v" "/var/lib/crater-agent-workspace/cargo-home:/opt/rustwide/cargo-home:ro,Z" "-v" "/var/lib/crater-agent-workspace/rustup-home:/opt/rustwide/rustup-home:ro,Z" "-e" "SOURCE_DIR=/opt/rustwide/workdir" "-e" "CARGO_TARGET_DIR=/opt/rustwide/target" "-e" "CARGO_HOME=/opt/rustwide/cargo-home" "-e" "RUSTUP_HOME=/opt/rustwide/rustup-home" "-w" "/opt/rustwide/workdir" "-m" "1610612736" "--user" "0:0" "--network" "none" "ghcr.io/rust-lang/crates-build-env/linux@sha256:5ff2268d62e97bff2cde7d5815dd6ed5b47097566f13b8d0ca110b04b60e07ed" "/opt/rustwide/cargo-home/bin/cargo" "+1.69.0" "metadata" "--no-deps" "--format-version=1", kill_on_drop: false }`
[INFO] [stdout] 8e9c0095fbb6617641e1ee2f1e7199f130b17e56e0de68c4605f78925538667c
[INFO] running `Command { std: "docker" "start" "-a" "8e9c0095fbb6617641e1ee2f1e7199f130b17e56e0de68c4605f78925538667c", kill_on_drop: false }`
[INFO] running `Command { std: "docker" "inspect" "8e9c0095fbb6617641e1ee2f1e7199f130b17e56e0de68c4605f78925538667c", kill_on_drop: false }`
[INFO] running `Command { std: "docker" "rm" "-f" "8e9c0095fbb6617641e1ee2f1e7199f130b17e56e0de68c4605f78925538667c", kill_on_drop: false }`
[INFO] [stdout] 8e9c0095fbb6617641e1ee2f1e7199f130b17e56e0de68c4605f78925538667c
[INFO] running `Command { std: "docker" "create" "-v" "/var/lib/crater-agent-workspace/builds/worker-6-tc1/target:/opt/rustwide/target:rw,Z" "-v" "/var/lib/crater-agent-workspace/builds/worker-6-tc1/source:/opt/rustwide/workdir:ro,Z" "-v" "/var/lib/crater-agent-workspace/cargo-home:/opt/rustwide/cargo-home:ro,Z" "-v" "/var/lib/crater-agent-workspace/rustup-home:/opt/rustwide/rustup-home:ro,Z" "-e" "SOURCE_DIR=/opt/rustwide/workdir" "-e" "CARGO_TARGET_DIR=/opt/rustwide/target" "-e" "CARGO_INCREMENTAL=0" "-e" "RUST_BACKTRACE=full" "-e" "RUSTFLAGS=--cap-lints=warn" "-e" "RUSTDOCFLAGS=--cap-lints=warn" "-e" "CARGO_HOME=/opt/rustwide/cargo-home" "-e" "RUSTUP_HOME=/opt/rustwide/rustup-home" "-w" "/opt/rustwide/workdir" "-m" "1610612736" "--user" "0:0" "--network" "none" "ghcr.io/rust-lang/crates-build-env/linux@sha256:5ff2268d62e97bff2cde7d5815dd6ed5b47097566f13b8d0ca110b04b60e07ed" "/opt/rustwide/cargo-home/bin/cargo" "+1.69.0" "build" "--frozen" "--message-format=json", kill_on_drop: false }`
[INFO] [stdout] b7861074134630da1029256a6560d53881b6c086bd886715a66197a016a186a0
[INFO] running `Command { std: "docker" "start" "-a" "b7861074134630da1029256a6560d53881b6c086bd886715a66197a016a186a0", kill_on_drop: false }`
[INFO] [stderr]    Compiling proc-macro2 v1.0.56
[INFO] [stderr]    Compiling unicode-ident v1.0.8
[INFO] [stderr]    Compiling autocfg v1.1.0
[INFO] [stderr]    Compiling serde_derive v1.0.160
[INFO] [stderr]    Compiling libc v0.2.142
[INFO] [stderr]    Compiling tinyvec_macros v0.1.1
[INFO] [stderr]    Compiling serde v1.0.160
[INFO] [stderr]    Compiling percent-encoding v2.2.0
[INFO] [stderr]    Compiling unicode-bidi v0.3.13
[INFO] [stderr]    Compiling semver-parser v0.7.0
[INFO] [stderr]    Compiling iana-time-zone v0.1.56
[INFO] [stderr]    Compiling tinyvec v1.6.0
[INFO] [stderr]    Compiling form_urlencoded v1.1.0
[INFO] [stderr]    Compiling semver v0.9.0
[INFO] [stderr]    Compiling num-traits v0.2.15
[INFO] [stderr]    Compiling num-integer v0.1.45
[INFO] [stderr]    Compiling quote v1.0.26
[INFO] [stderr]    Compiling time v0.1.45
[INFO] [stderr]    Compiling syn v2.0.15
[INFO] [stderr]    Compiling unicode-normalization v0.1.22
[INFO] [stderr]    Compiling idna v0.3.0
[INFO] [stderr]    Compiling chrono v0.4.24
[INFO] [stderr]    Compiling url v2.3.1
[INFO] [stderr]    Compiling token-list v0.6.0 (/opt/rustwide/workdir)
[INFO] [stderr]     Finished dev [unoptimized + debuginfo] target(s) in 18.10s
[INFO] running `Command { std: "docker" "inspect" "b7861074134630da1029256a6560d53881b6c086bd886715a66197a016a186a0", kill_on_drop: false }`
[INFO] running `Command { std: "docker" "rm" "-f" "b7861074134630da1029256a6560d53881b6c086bd886715a66197a016a186a0", kill_on_drop: false }`
[INFO] [stdout] b7861074134630da1029256a6560d53881b6c086bd886715a66197a016a186a0
[INFO] running `Command { std: "docker" "create" "-v" "/var/lib/crater-agent-workspace/builds/worker-6-tc1/target:/opt/rustwide/target:rw,Z" "-v" "/var/lib/crater-agent-workspace/builds/worker-6-tc1/source:/opt/rustwide/workdir:ro,Z" "-v" "/var/lib/crater-agent-workspace/cargo-home:/opt/rustwide/cargo-home:ro,Z" "-v" "/var/lib/crater-agent-workspace/rustup-home:/opt/rustwide/rustup-home:ro,Z" "-e" "SOURCE_DIR=/opt/rustwide/workdir" "-e" "CARGO_TARGET_DIR=/opt/rustwide/target" "-e" "CARGO_INCREMENTAL=0" "-e" "RUST_BACKTRACE=full" "-e" "RUSTFLAGS=--cap-lints=warn" "-e" "RUSTDOCFLAGS=--cap-lints=warn" "-e" "CARGO_HOME=/opt/rustwide/cargo-home" "-e" "RUSTUP_HOME=/opt/rustwide/rustup-home" "-w" "/opt/rustwide/workdir" "-m" "1610612736" "--user" "0:0" "--network" "none" "ghcr.io/rust-lang/crates-build-env/linux@sha256:5ff2268d62e97bff2cde7d5815dd6ed5b47097566f13b8d0ca110b04b60e07ed" "/opt/rustwide/cargo-home/bin/cargo" "+1.69.0" "test" "--frozen" "--no-run" "--message-format=json", kill_on_drop: false }`
[INFO] [stdout] c6e028a5ee68e87260d97ae3d2a193581192d91fb18beeae38212eaa8d165a28
[INFO] running `Command { std: "docker" "start" "-a" "c6e028a5ee68e87260d97ae3d2a193581192d91fb18beeae38212eaa8d165a28", kill_on_drop: false }`
[INFO] [stderr]    Compiling cfg-if v0.1.10
[INFO] [stderr]    Compiling crossbeam-utils v0.7.2
[INFO] [stderr]    Compiling maybe-uninit v2.0.0
[INFO] [stderr]    Compiling lazy_static v1.4.0
[INFO] [stderr]    Compiling log v0.4.17
[INFO] [stderr]    Compiling futures v0.1.31
[INFO] [stderr]    Compiling slab v0.4.8
[INFO] [stderr]    Compiling cfg-if v1.0.0
[INFO] [stderr]    Compiling scopeguard v1.1.0
[INFO] [stderr]    Compiling byteorder v1.4.3
[INFO] [stderr]    Compiling memoffset v0.5.6
[INFO] [stderr]    Compiling rustc_version v0.2.3
[INFO] [stderr]    Compiling crossbeam-epoch v0.8.2
[INFO] [stderr]    Compiling iovec v0.1.4
[INFO] [stderr]    Compiling num_cpus v1.15.0
[INFO] [stderr]    Compiling fnv v1.0.7
[INFO] [stderr]    Compiling net2 v0.2.38
[INFO] [stderr]    Compiling lock_api v0.3.4
[INFO] [stderr]    Compiling tokio v1.28.0
[INFO] [stderr]    Compiling serde_json v1.0.96
[INFO] [stderr]    Compiling tokio-macros v2.1.0
[INFO] [stderr]    Compiling itoa v1.0.6
[INFO] [stderr]    Compiling parking_lot_core v0.6.3
[INFO] [stderr]    Compiling parking_lot v0.9.0
[INFO] [stderr]    Compiling ryu v1.0.13
[INFO] [stderr]    Compiling pin-project-lite v0.2.9
[INFO] [stderr]    Compiling bytes v0.4.12
[INFO] [stderr]    Compiling smallvec v0.6.14
[INFO] [stderr]    Compiling mio v0.6.23
[INFO] [stderr]    Compiling crossbeam-queue v0.2.3
[INFO] [stderr]    Compiling mio-uds v0.6.8
[INFO] [stderr]    Compiling crossbeam-deque v0.7.4
[INFO] [stderr]    Compiling tokio-executor v0.1.10
[INFO] [stderr]    Compiling tokio-io v0.1.13
[INFO] [stderr]    Compiling tokio-sync v0.1.8
[INFO] [stderr]    Compiling tokio-threadpool v0.1.18
[INFO] [stderr]    Compiling tokio-current-thread v0.1.7
[INFO] [stderr]    Compiling tokio-timer v0.2.13
[INFO] [stderr]    Compiling tokio-reactor v0.1.12
[INFO] [stderr]    Compiling tokio-codec v0.1.2
[INFO] [stderr]    Compiling tokio-tcp v0.1.4
[INFO] [stderr]    Compiling tokio-uds v0.2.7
[INFO] [stderr]    Compiling tokio-udp v0.1.6
[INFO] [stderr]    Compiling tokio-fs v0.1.7
[INFO] [stderr]    Compiling tokio v0.1.22
[INFO] [stderr]    Compiling token-list v0.6.0 (/opt/rustwide/workdir)
[INFO] [stdout] warning: use of deprecated associated function `chrono::FixedOffset::west`: use `west_opt()` instead
[INFO] [stdout]    --> src/lib.rs:341:37
[INFO] [stdout]     |
[INFO] [stdout] 341 |             timestamp: FixedOffset::west(0).ymd(2021, 7, 5).and_hms(20, 25, 22),
[INFO] [stdout]     |                                     ^^^^
[INFO] [stdout]     |
[INFO] [stdout]     = note: `#[warn(deprecated)]` on by default
[INFO] [stdout] 
[INFO] [stdout] 
[INFO] [stdout] warning: use of deprecated method `chrono::TimeZone::ymd`: use `with_ymd_and_hms()` instead
[INFO] [stdout]    --> src/lib.rs:341:45
[INFO] [stdout]     |
[INFO] [stdout] 341 |             timestamp: FixedOffset::west(0).ymd(2021, 7, 5).and_hms(20, 25, 22),
[INFO] [stdout]     |                                             ^^^
[INFO] [stdout] 
[INFO] [stdout] 
[INFO] [stdout] warning: use of deprecated method `chrono::Date::<Tz>::and_hms`: Use and_hms_opt() instead
[INFO] [stdout]    --> src/lib.rs:341:61
[INFO] [stdout]     |
[INFO] [stdout] 341 |             timestamp: FixedOffset::west(0).ymd(2021, 7, 5).and_hms(20, 25, 22),
[INFO] [stdout]     |                                                             ^^^^^^^
[INFO] [stdout] 
[INFO] [stdout] 
[INFO] [stdout] warning: use of deprecated associated function `chrono::FixedOffset::west`: use `west_opt()` instead
[INFO] [stdout]    --> src/lib.rs:400:37
[INFO] [stdout]     |
[INFO] [stdout] 400 |             timestamp: FixedOffset::west(0).ymd(2021, 7, 5).and_hms(20, 25, 22),
[INFO] [stdout]     |                                     ^^^^
[INFO] [stdout] 
[INFO] [stdout] 
[INFO] [stdout] warning: use of deprecated method `chrono::TimeZone::ymd`: use `with_ymd_and_hms()` instead
[INFO] [stdout]    --> src/lib.rs:400:45
[INFO] [stdout]     |
[INFO] [stdout] 400 |             timestamp: FixedOffset::west(0).ymd(2021, 7, 5).and_hms(20, 25, 22),
[INFO] [stdout]     |                                             ^^^
[INFO] [stdout] 
[INFO] [stdout] 
[INFO] [stdout] warning: use of deprecated method `chrono::Date::<Tz>::and_hms`: Use and_hms_opt() instead
[INFO] [stdout]    --> src/lib.rs:400:61
[INFO] [stdout]     |
[INFO] [stdout] 400 |             timestamp: FixedOffset::west(0).ymd(2021, 7, 5).and_hms(20, 25, 22),
[INFO] [stdout]     |                                                             ^^^^^^^
[INFO] [stdout] 
[INFO] [stdout] 
[INFO] [stdout] warning: constant `TELCOINS_TOKEN_LIST_URI` is never used
[INFO] [stdout]    --> src/lib.rs:291:11
[INFO] [stdout]     |
[INFO] [stdout] 291 |     const TELCOINS_TOKEN_LIST_URI: &str =
[INFO] [stdout]     |           ^^^^^^^^^^^^^^^^^^^^^^^
[INFO] [stdout]     |
[INFO] [stdout]     = note: `#[warn(dead_code)]` on by default
[INFO] [stdout] 
[INFO] [stdout] 
[INFO] [stdout] warning: 7 warnings emitted
[INFO] [stdout] 
[INFO] [stdout] 
[INFO] [stderr]     Finished test [unoptimized + debuginfo] target(s) in 7.63s
[INFO] running `Command { std: "docker" "inspect" "c6e028a5ee68e87260d97ae3d2a193581192d91fb18beeae38212eaa8d165a28", kill_on_drop: false }`
[INFO] running `Command { std: "docker" "rm" "-f" "c6e028a5ee68e87260d97ae3d2a193581192d91fb18beeae38212eaa8d165a28", kill_on_drop: false }`
[INFO] [stdout] c6e028a5ee68e87260d97ae3d2a193581192d91fb18beeae38212eaa8d165a28
[INFO] running `Command { std: "docker" "create" "-v" "/var/lib/crater-agent-workspace/builds/worker-6-tc1/target:/opt/rustwide/target:rw,Z" "-v" "/var/lib/crater-agent-workspace/builds/worker-6-tc1/source:/opt/rustwide/workdir:ro,Z" "-v" "/var/lib/crater-agent-workspace/cargo-home:/opt/rustwide/cargo-home:ro,Z" "-v" "/var/lib/crater-agent-workspace/rustup-home:/opt/rustwide/rustup-home:ro,Z" "-e" "SOURCE_DIR=/opt/rustwide/workdir" "-e" "CARGO_TARGET_DIR=/opt/rustwide/target" "-e" "CARGO_INCREMENTAL=0" "-e" "RUST_BACKTRACE=full" "-e" "RUSTFLAGS=--cap-lints=warn" "-e" "RUSTDOCFLAGS=--cap-lints=warn" "-e" "CARGO_HOME=/opt/rustwide/cargo-home" "-e" "RUSTUP_HOME=/opt/rustwide/rustup-home" "-w" "/opt/rustwide/workdir" "-m" "1610612736" "--user" "0:0" "--network" "none" "ghcr.io/rust-lang/crates-build-env/linux@sha256:5ff2268d62e97bff2cde7d5815dd6ed5b47097566f13b8d0ca110b04b60e07ed" "/opt/rustwide/cargo-home/bin/cargo" "+1.69.0" "test" "--frozen", kill_on_drop: false }`
[INFO] [stdout] b928708365f4ec448a4274fb2cf0c3ca5462fd4bb984c1ff7759d86642b53670
[INFO] running `Command { std: "docker" "start" "-a" "b928708365f4ec448a4274fb2cf0c3ca5462fd4bb984c1ff7759d86642b53670", kill_on_drop: false }`
[INFO] [stderr]     Blocking waiting for file lock on package cache
[INFO] [stderr] warning: use of deprecated associated function `chrono::FixedOffset::west`: use `west_opt()` instead
[INFO] [stderr]    --> src/lib.rs:341:37
[INFO] [stderr]     |
[INFO] [stderr] 341 |             timestamp: FixedOffset::west(0).ymd(2021, 7, 5).and_hms(20, 25, 22),
[INFO] [stderr]     |                                     ^^^^
[INFO] [stderr]     |
[INFO] [stderr]     = note: `#[warn(deprecated)]` on by default
[INFO] [stderr] 
[INFO] [stderr] warning: use of deprecated method `chrono::TimeZone::ymd`: use `with_ymd_and_hms()` instead
[INFO] [stderr]    --> src/lib.rs:341:45
[INFO] [stderr]     |
[INFO] [stderr] 341 |             timestamp: FixedOffset::west(0).ymd(2021, 7, 5).and_hms(20, 25, 22),
[INFO] [stderr]     |                                             ^^^
[INFO] [stderr] 
[INFO] [stderr] warning: use of deprecated method `chrono::Date::<Tz>::and_hms`: Use and_hms_opt() instead
[INFO] [stderr]    --> src/lib.rs:341:61
[INFO] [stderr]     |
[INFO] [stderr] 341 |             timestamp: FixedOffset::west(0).ymd(2021, 7, 5).and_hms(20, 25, 22),
[INFO] [stderr]     |                                                             ^^^^^^^
[INFO] [stderr] 
[INFO] [stderr] warning: use of deprecated associated function `chrono::FixedOffset::west`: use `west_opt()` instead
[INFO] [stderr]    --> src/lib.rs:400:37
[INFO] [stderr]     |
[INFO] [stderr] 400 |             timestamp: FixedOffset::west(0).ymd(2021, 7, 5).and_hms(20, 25, 22),
[INFO] [stderr]     |                                     ^^^^
[INFO] [stderr] 
[INFO] [stderr] warning: use of deprecated method `chrono::TimeZone::ymd`: use `with_ymd_and_hms()` instead
[INFO] [stderr]    --> src/lib.rs:400:45
[INFO] [stderr]     |
[INFO] [stderr] 400 |             timestamp: FixedOffset::west(0).ymd(2021, 7, 5).and_hms(20, 25, 22),
[INFO] [stderr]     |                                             ^^^
[INFO] [stderr] 
[INFO] [stderr] warning: use of deprecated method `chrono::Date::<Tz>::and_hms`: Use and_hms_opt() instead
[INFO] [stderr]    --> src/lib.rs:400:61
[INFO] [stderr]     |
[INFO] [stderr] 400 |             timestamp: FixedOffset::west(0).ymd(2021, 7, 5).and_hms(20, 25, 22),
[INFO] [stderr]     |                                                             ^^^^^^^
[INFO] [stderr] 
[INFO] [stderr] warning: constant `TELCOINS_TOKEN_LIST_URI` is never used
[INFO] [stderr]    --> src/lib.rs:291:11
[INFO] [stderr]     |
[INFO] [stderr] 291 |     const TELCOINS_TOKEN_LIST_URI: &str =
[INFO] [stderr]     |           ^^^^^^^^^^^^^^^^^^^^^^^
[INFO] [stderr]     |
[INFO] [stderr]     = note: `#[warn(dead_code)]` on by default
[INFO] [stderr] 
[INFO] [stderr] warning: `token-list` (lib test) generated 7 warnings
[INFO] [stderr]     Finished test [unoptimized + debuginfo] target(s) in 0.62s
[INFO] [stderr]      Running unittests src/lib.rs (/opt/rustwide/target/debug/deps/token_list-dfa8dd0aea993e64)
[INFO] [stdout] 
[INFO] [stdout] running 2 tests
[INFO] [stdout] test tests::can_serialize_deserialize_required_fields ... ok
[INFO] [stdout] test tests::can_serialize_deserialize_all_fields ... ok
[INFO] [stdout] 
[INFO] [stdout] test result: ok. 2 passed; 0 failed; 0 ignored; 0 measured; 0 filtered out; finished in 0.00s
[INFO] [stdout] 
[INFO] [stderr]    Doc-tests token-list
[INFO] [stdout] 
[INFO] [stdout] running 1 test
[INFO] [stdout] test src/lib.rs - (line 8) - compile ... FAILED
[INFO] [stdout] 
[INFO] [stdout] failures:
[INFO] [stdout] 
[INFO] [stdout] ---- src/lib.rs - (line 8) stdout ----
[INFO] [stdout] error[E0599]: no function or associated item named `from_uri` found for struct `TokenList` in the current scope
[INFO] [stdout]  --> src/lib.rs:14:33
[INFO] [stdout]   |
[INFO] [stdout] 8 |     let token_list = TokenList::from_uri("https://defi.cmc.eth.link").await?;
[INFO] [stdout]   |                                 ^^^^^^^^ function or associated item not found in `TokenList`
[INFO] [stdout] 
[INFO] [stdout] error: aborting due to previous error
[INFO] [stdout] 
[INFO] [stdout] For more information about this error, try `rustc --explain E0599`.
[INFO] [stdout] Couldn't compile the test.
[INFO] [stdout] 
[INFO] [stdout] failures:
[INFO] [stdout]     src/lib.rs - (line 8)
[INFO] [stdout] 
[INFO] [stdout] test result: FAILED. 0 passed; 1 failed; 0 ignored; 0 measured; 0 filtered out; finished in 0.04s
[INFO] [stdout] 
[INFO] [stderr] error: doctest failed, to rerun pass `--doc`
[INFO] running `Command { std: "docker" "inspect" "b928708365f4ec448a4274fb2cf0c3ca5462fd4bb984c1ff7759d86642b53670", kill_on_drop: false }`
[INFO] running `Command { std: "docker" "rm" "-f" "b928708365f4ec448a4274fb2cf0c3ca5462fd4bb984c1ff7759d86642b53670", kill_on_drop: false }`
[INFO] [stdout] b928708365f4ec448a4274fb2cf0c3ca5462fd4bb984c1ff7759d86642b53670
