[INFO] fetching crate todo-or-die 0.1.2...
[INFO] testing todo-or-die-0.1.2 against beta-2023-04-20 for beta-1.70-1
[INFO] extracting crate todo-or-die 0.1.2 into /workspace/builds/worker-7-tc2/source
[INFO] validating manifest of crates.io crate todo-or-die 0.1.2 on toolchain beta-2023-04-20
[INFO] running `Command { std: CARGO_HOME="/workspace/cargo-home" RUSTUP_HOME="/workspace/rustup-home" "/workspace/cargo-home/bin/cargo" "+beta-2023-04-20" "metadata" "--manifest-path" "Cargo.toml" "--no-deps", kill_on_drop: false }`
[INFO] started tweaking crates.io crate todo-or-die 0.1.2
[INFO] finished tweaking crates.io crate todo-or-die 0.1.2
[INFO] tweaked toml for crates.io crate todo-or-die 0.1.2 written to /workspace/builds/worker-7-tc2/source/Cargo.toml
[INFO] running `Command { std: CARGO_HOME="/workspace/cargo-home" RUSTUP_HOME="/workspace/rustup-home" __CARGO_TEST_CHANNEL_OVERRIDE_DO_NOT_USE_THIS="nightly" "/workspace/cargo-home/bin/cargo" "+beta-2023-04-20" "generate-lockfile" "--manifest-path" "Cargo.toml" "-Zno-index-update", kill_on_drop: false }`
[INFO] running `Command { std: CARGO_HOME="/workspace/cargo-home" RUSTUP_HOME="/workspace/rustup-home" "/workspace/cargo-home/bin/cargo" "+beta-2023-04-20" "fetch" "--manifest-path" "Cargo.toml", kill_on_drop: false }`
[INFO] running `Command { std: "docker" "create" "-v" "/var/lib/crater-agent-workspace/builds/worker-7-tc2/target:/opt/rustwide/target:rw,Z" "-v" "/var/lib/crater-agent-workspace/builds/worker-7-tc2/source:/opt/rustwide/workdir:ro,Z" "-v" "/var/lib/crater-agent-workspace/cargo-home:/opt/rustwide/cargo-home:ro,Z" "-v" "/var/lib/crater-agent-workspace/rustup-home:/opt/rustwide/rustup-home:ro,Z" "-e" "SOURCE_DIR=/opt/rustwide/workdir" "-e" "CARGO_TARGET_DIR=/opt/rustwide/target" "-e" "CARGO_HOME=/opt/rustwide/cargo-home" "-e" "RUSTUP_HOME=/opt/rustwide/rustup-home" "-w" "/opt/rustwide/workdir" "-m" "1610612736" "--user" "0:0" "--network" "none" "ghcr.io/rust-lang/crates-build-env/linux@sha256:5ff2268d62e97bff2cde7d5815dd6ed5b47097566f13b8d0ca110b04b60e07ed" "/opt/rustwide/cargo-home/bin/cargo" "+beta-2023-04-20" "metadata" "--no-deps" "--format-version=1", kill_on_drop: false }`
[INFO] [stdout] 0e56b4a4731b3ec7cd47ed84fb061cb4244fc0a032432351af7300dc2057fa77
[INFO] running `Command { std: "docker" "start" "-a" "0e56b4a4731b3ec7cd47ed84fb061cb4244fc0a032432351af7300dc2057fa77", kill_on_drop: false }`
[INFO] running `Command { std: "docker" "inspect" "0e56b4a4731b3ec7cd47ed84fb061cb4244fc0a032432351af7300dc2057fa77", kill_on_drop: false }`
[INFO] running `Command { std: "docker" "rm" "-f" "0e56b4a4731b3ec7cd47ed84fb061cb4244fc0a032432351af7300dc2057fa77", kill_on_drop: false }`
[INFO] [stdout] 0e56b4a4731b3ec7cd47ed84fb061cb4244fc0a032432351af7300dc2057fa77
[INFO] running `Command { std: "docker" "create" "-v" "/var/lib/crater-agent-workspace/builds/worker-7-tc2/target:/opt/rustwide/target:rw,Z" "-v" "/var/lib/crater-agent-workspace/builds/worker-7-tc2/source:/opt/rustwide/workdir:ro,Z" "-v" "/var/lib/crater-agent-workspace/cargo-home:/opt/rustwide/cargo-home:ro,Z" "-v" "/var/lib/crater-agent-workspace/rustup-home:/opt/rustwide/rustup-home:ro,Z" "-e" "SOURCE_DIR=/opt/rustwide/workdir" "-e" "CARGO_TARGET_DIR=/opt/rustwide/target" "-e" "CARGO_INCREMENTAL=0" "-e" "RUST_BACKTRACE=full" "-e" "RUSTFLAGS=--cap-lints=warn" "-e" "RUSTDOCFLAGS=--cap-lints=warn" "-e" "CARGO_HOME=/opt/rustwide/cargo-home" "-e" "RUSTUP_HOME=/opt/rustwide/rustup-home" "-w" "/opt/rustwide/workdir" "-m" "1610612736" "--user" "0:0" "--network" "none" "ghcr.io/rust-lang/crates-build-env/linux@sha256:5ff2268d62e97bff2cde7d5815dd6ed5b47097566f13b8d0ca110b04b60e07ed" "/opt/rustwide/cargo-home/bin/cargo" "+beta-2023-04-20" "build" "--frozen" "--message-format=json", kill_on_drop: false }`
[INFO] [stdout] 0fb164e6798ebd081500ac22ea5b70f71fa19610c42488bb72cb0d7964bf93da
[INFO] running `Command { std: "docker" "start" "-a" "0fb164e6798ebd081500ac22ea5b70f71fa19610c42488bb72cb0d7964bf93da", kill_on_drop: false }`
[INFO] [stderr]    Compiling proc-macro2 v1.0.56
[INFO] [stderr]    Compiling unicode-ident v1.0.8
[INFO] [stderr]    Compiling quote v1.0.26
[INFO] [stderr]    Compiling syn v1.0.109
[INFO] [stderr]    Compiling anyhow v1.0.71
[INFO] [stderr]    Compiling todo-or-die v0.1.2 (/opt/rustwide/workdir)
[INFO] [stderr]     Finished dev [unoptimized + debuginfo] target(s) in 4.45s
[INFO] running `Command { std: "docker" "inspect" "0fb164e6798ebd081500ac22ea5b70f71fa19610c42488bb72cb0d7964bf93da", kill_on_drop: false }`
[INFO] running `Command { std: "docker" "rm" "-f" "0fb164e6798ebd081500ac22ea5b70f71fa19610c42488bb72cb0d7964bf93da", kill_on_drop: false }`
[INFO] [stdout] 0fb164e6798ebd081500ac22ea5b70f71fa19610c42488bb72cb0d7964bf93da
[INFO] running `Command { std: "docker" "create" "-v" "/var/lib/crater-agent-workspace/builds/worker-7-tc2/target:/opt/rustwide/target:rw,Z" "-v" "/var/lib/crater-agent-workspace/builds/worker-7-tc2/source:/opt/rustwide/workdir:ro,Z" "-v" "/var/lib/crater-agent-workspace/cargo-home:/opt/rustwide/cargo-home:ro,Z" "-v" "/var/lib/crater-agent-workspace/rustup-home:/opt/rustwide/rustup-home:ro,Z" "-e" "SOURCE_DIR=/opt/rustwide/workdir" "-e" "CARGO_TARGET_DIR=/opt/rustwide/target" "-e" "CARGO_INCREMENTAL=0" "-e" "RUST_BACKTRACE=full" "-e" "RUSTFLAGS=--cap-lints=warn" "-e" "RUSTDOCFLAGS=--cap-lints=warn" "-e" "CARGO_HOME=/opt/rustwide/cargo-home" "-e" "RUSTUP_HOME=/opt/rustwide/rustup-home" "-w" "/opt/rustwide/workdir" "-m" "1610612736" "--user" "0:0" "--network" "none" "ghcr.io/rust-lang/crates-build-env/linux@sha256:5ff2268d62e97bff2cde7d5815dd6ed5b47097566f13b8d0ca110b04b60e07ed" "/opt/rustwide/cargo-home/bin/cargo" "+beta-2023-04-20" "test" "--frozen" "--no-run" "--message-format=json", kill_on_drop: false }`
[INFO] [stdout] b9ab73b5fe216d762b7f47165ad0137ab381afd51fc9306e8e7a0799b6257f9d
[INFO] running `Command { std: "docker" "start" "-a" "b9ab73b5fe216d762b7f47165ad0137ab381afd51fc9306e8e7a0799b6257f9d", kill_on_drop: false }`
[INFO] [stderr]    Compiling todo-or-die v0.1.2 (/opt/rustwide/workdir)
[INFO] [stderr]     Finished test [unoptimized + debuginfo] target(s) in 0.34s
[INFO] running `Command { std: "docker" "inspect" "b9ab73b5fe216d762b7f47165ad0137ab381afd51fc9306e8e7a0799b6257f9d", kill_on_drop: false }`
[INFO] running `Command { std: "docker" "rm" "-f" "b9ab73b5fe216d762b7f47165ad0137ab381afd51fc9306e8e7a0799b6257f9d", kill_on_drop: false }`
[INFO] [stdout] b9ab73b5fe216d762b7f47165ad0137ab381afd51fc9306e8e7a0799b6257f9d
[INFO] running `Command { std: "docker" "create" "-v" "/var/lib/crater-agent-workspace/builds/worker-7-tc2/target:/opt/rustwide/target:rw,Z" "-v" "/var/lib/crater-agent-workspace/builds/worker-7-tc2/source:/opt/rustwide/workdir:ro,Z" "-v" "/var/lib/crater-agent-workspace/cargo-home:/opt/rustwide/cargo-home:ro,Z" "-v" "/var/lib/crater-agent-workspace/rustup-home:/opt/rustwide/rustup-home:ro,Z" "-e" "SOURCE_DIR=/opt/rustwide/workdir" "-e" "CARGO_TARGET_DIR=/opt/rustwide/target" "-e" "CARGO_INCREMENTAL=0" "-e" "RUST_BACKTRACE=full" "-e" "RUSTFLAGS=--cap-lints=warn" "-e" "RUSTDOCFLAGS=--cap-lints=warn" "-e" "CARGO_HOME=/opt/rustwide/cargo-home" "-e" "RUSTUP_HOME=/opt/rustwide/rustup-home" "-w" "/opt/rustwide/workdir" "-m" "1610612736" "--user" "0:0" "--network" "none" "ghcr.io/rust-lang/crates-build-env/linux@sha256:5ff2268d62e97bff2cde7d5815dd6ed5b47097566f13b8d0ca110b04b60e07ed" "/opt/rustwide/cargo-home/bin/cargo" "+beta-2023-04-20" "test" "--frozen", kill_on_drop: false }`
[INFO] [stdout] 9e1956a9b89b5ff0d34a9d6c00e8fab7c375e515d43e5786cd3f00eb8b5437e6
[INFO] running `Command { std: "docker" "start" "-a" "9e1956a9b89b5ff0d34a9d6c00e8fab7c375e515d43e5786cd3f00eb8b5437e6", kill_on_drop: false }`
[INFO] [stderr]     Finished test [unoptimized + debuginfo] target(s) in 0.05s
[INFO] [stderr]      Running unittests src/lib.rs (/opt/rustwide/target/debug/deps/todo_or_die-53d078e93f336fe5)
[INFO] [stdout] 
[INFO] [stdout] running 0 tests
[INFO] [stdout] 
[INFO] [stdout] test result: ok. 0 passed; 0 failed; 0 ignored; 0 measured; 0 filtered out; finished in 0.00s
[INFO] [stdout] 
[INFO] [stderr]    Doc-tests todo-or-die
[INFO] [stdout] 
[INFO] [stdout] running 1 test
[INFO] [stdout] test src/lib.rs - (line 9) ... FAILED
[INFO] [stdout] 
[INFO] [stdout] failures:
[INFO] [stdout] 
[INFO] [stdout] ---- src/lib.rs - (line 9) stdout ----
[INFO] [stdout] error[E0433]: failed to resolve: could not find `after_date` in `todo_or_die`
[INFO] [stdout]  --> src/lib.rs:11:14
[INFO] [stdout]   |
[INFO] [stdout] 5 | todo_or_die::after_date!(3000, 1, 1); // its the year 3000!
[INFO] [stdout]   |              ^^^^^^^^^^ could not find `after_date` in `todo_or_die`
[INFO] [stdout] 
[INFO] [stdout] error[E0433]: failed to resolve: could not find `issue_closed` in `todo_or_die`
[INFO] [stdout]  --> src/lib.rs:14:14
[INFO] [stdout]   |
[INFO] [stdout] 8 | todo_or_die::issue_closed!("rust-lang", "rust", 44265); // GATs are here!
[INFO] [stdout]   |              ^^^^^^^^^^^^ could not find `issue_closed` in `todo_or_die`
[INFO] [stdout] 
[INFO] [stdout] error[E0433]: failed to resolve: could not find `crates_io` in `todo_or_die`
[INFO] [stdout]   --> src/lib.rs:17:14
[INFO] [stdout]    |
[INFO] [stdout] 11 | todo_or_die::crates_io!("serde", ">1.0.9000"); // its over 9000!
[INFO] [stdout]    |              ^^^^^^^^^ could not find `crates_io` in `todo_or_die`
[INFO] [stdout] 
[INFO] [stdout] error: aborting due to 3 previous errors
[INFO] [stdout] 
[INFO] [stdout] For more information about this error, try `rustc --explain E0433`.
[INFO] [stdout] Couldn't compile the test.
[INFO] [stdout] 
[INFO] [stdout] failures:
[INFO] [stdout]     src/lib.rs - (line 9)
[INFO] [stdout] 
[INFO] [stdout] test result: FAILED. 0 passed; 1 failed; 0 ignored; 0 measured; 0 filtered out; finished in 0.04s
[INFO] [stdout] 
[INFO] [stderr] error: doctest failed, to rerun pass `--doc`
[INFO] running `Command { std: "docker" "inspect" "9e1956a9b89b5ff0d34a9d6c00e8fab7c375e515d43e5786cd3f00eb8b5437e6", kill_on_drop: false }`
[INFO] running `Command { std: "docker" "rm" "-f" "9e1956a9b89b5ff0d34a9d6c00e8fab7c375e515d43e5786cd3f00eb8b5437e6", kill_on_drop: false }`
[INFO] [stdout] 9e1956a9b89b5ff0d34a9d6c00e8fab7c375e515d43e5786cd3f00eb8b5437e6
