[INFO] fetching crate tld_msg 0.1.0...
[INFO] testing tld_msg-0.1.0 against 1.69.0 for beta-1.70-1
[INFO] extracting crate tld_msg 0.1.0 into /workspace/builds/worker-0-tc1/source
[INFO] validating manifest of crates.io crate tld_msg 0.1.0 on toolchain 1.69.0
[INFO] running `Command { std: CARGO_HOME="/workspace/cargo-home" RUSTUP_HOME="/workspace/rustup-home" "/workspace/cargo-home/bin/cargo" "+1.69.0" "metadata" "--manifest-path" "Cargo.toml" "--no-deps", kill_on_drop: false }`
[INFO] started tweaking crates.io crate tld_msg 0.1.0
[INFO] finished tweaking crates.io crate tld_msg 0.1.0
[INFO] tweaked toml for crates.io crate tld_msg 0.1.0 written to /workspace/builds/worker-0-tc1/source/Cargo.toml
[INFO] running `Command { std: CARGO_HOME="/workspace/cargo-home" RUSTUP_HOME="/workspace/rustup-home" __CARGO_TEST_CHANNEL_OVERRIDE_DO_NOT_USE_THIS="nightly" "/workspace/cargo-home/bin/cargo" "+1.69.0" "generate-lockfile" "--manifest-path" "Cargo.toml" "-Zno-index-update", kill_on_drop: false }`
[INFO] running `Command { std: CARGO_HOME="/workspace/cargo-home" RUSTUP_HOME="/workspace/rustup-home" "/workspace/cargo-home/bin/cargo" "+1.69.0" "fetch" "--manifest-path" "Cargo.toml", kill_on_drop: false }`
[INFO] running `Command { std: "docker" "create" "-v" "/var/lib/crater-agent-workspace/builds/worker-0-tc1/target:/opt/rustwide/target:rw,Z" "-v" "/var/lib/crater-agent-workspace/builds/worker-0-tc1/source:/opt/rustwide/workdir:ro,Z" "-v" "/var/lib/crater-agent-workspace/cargo-home:/opt/rustwide/cargo-home:ro,Z" "-v" "/var/lib/crater-agent-workspace/rustup-home:/opt/rustwide/rustup-home:ro,Z" "-e" "SOURCE_DIR=/opt/rustwide/workdir" "-e" "CARGO_TARGET_DIR=/opt/rustwide/target" "-e" "CARGO_HOME=/opt/rustwide/cargo-home" "-e" "RUSTUP_HOME=/opt/rustwide/rustup-home" "-w" "/opt/rustwide/workdir" "-m" "1610612736" "--user" "0:0" "--network" "none" "ghcr.io/rust-lang/crates-build-env/linux@sha256:5ff2268d62e97bff2cde7d5815dd6ed5b47097566f13b8d0ca110b04b60e07ed" "/opt/rustwide/cargo-home/bin/cargo" "+1.69.0" "metadata" "--no-deps" "--format-version=1", kill_on_drop: false }`
[INFO] [stdout] 20dc936d2d513781154fdd4ba0ebfc1f8af9476285d83a7c3de049aa243be579
[INFO] running `Command { std: "docker" "start" "-a" "20dc936d2d513781154fdd4ba0ebfc1f8af9476285d83a7c3de049aa243be579", kill_on_drop: false }`
[INFO] running `Command { std: "docker" "inspect" "20dc936d2d513781154fdd4ba0ebfc1f8af9476285d83a7c3de049aa243be579", kill_on_drop: false }`
[INFO] running `Command { std: "docker" "rm" "-f" "20dc936d2d513781154fdd4ba0ebfc1f8af9476285d83a7c3de049aa243be579", kill_on_drop: false }`
[INFO] [stdout] 20dc936d2d513781154fdd4ba0ebfc1f8af9476285d83a7c3de049aa243be579
[INFO] running `Command { std: "docker" "create" "-v" "/var/lib/crater-agent-workspace/builds/worker-0-tc1/target:/opt/rustwide/target:rw,Z" "-v" "/var/lib/crater-agent-workspace/builds/worker-0-tc1/source:/opt/rustwide/workdir:ro,Z" "-v" "/var/lib/crater-agent-workspace/cargo-home:/opt/rustwide/cargo-home:ro,Z" "-v" "/var/lib/crater-agent-workspace/rustup-home:/opt/rustwide/rustup-home:ro,Z" "-e" "SOURCE_DIR=/opt/rustwide/workdir" "-e" "CARGO_TARGET_DIR=/opt/rustwide/target" "-e" "CARGO_INCREMENTAL=0" "-e" "RUST_BACKTRACE=full" "-e" "RUSTFLAGS=--cap-lints=warn" "-e" "RUSTDOCFLAGS=--cap-lints=warn" "-e" "CARGO_HOME=/opt/rustwide/cargo-home" "-e" "RUSTUP_HOME=/opt/rustwide/rustup-home" "-w" "/opt/rustwide/workdir" "-m" "1610612736" "--user" "0:0" "--network" "none" "ghcr.io/rust-lang/crates-build-env/linux@sha256:5ff2268d62e97bff2cde7d5815dd6ed5b47097566f13b8d0ca110b04b60e07ed" "/opt/rustwide/cargo-home/bin/cargo" "+1.69.0" "build" "--frozen" "--message-format=json", kill_on_drop: false }`
[INFO] [stdout] ce019e73bd090dbffd9c4fd361bcf036bfdae775315fbbc87e5d4f9017f6fbd2
[INFO] running `Command { std: "docker" "start" "-a" "ce019e73bd090dbffd9c4fd361bcf036bfdae775315fbbc87e5d4f9017f6fbd2", kill_on_drop: false }`
[INFO] [stderr]    Compiling tld_msg v0.1.0 (/opt/rustwide/workdir)
[INFO] [stderr]     Finished dev [unoptimized + debuginfo] target(s) in 0.08s
[INFO] running `Command { std: "docker" "inspect" "ce019e73bd090dbffd9c4fd361bcf036bfdae775315fbbc87e5d4f9017f6fbd2", kill_on_drop: false }`
[INFO] running `Command { std: "docker" "rm" "-f" "ce019e73bd090dbffd9c4fd361bcf036bfdae775315fbbc87e5d4f9017f6fbd2", kill_on_drop: false }`
[INFO] [stdout] ce019e73bd090dbffd9c4fd361bcf036bfdae775315fbbc87e5d4f9017f6fbd2
[INFO] running `Command { std: "docker" "create" "-v" "/var/lib/crater-agent-workspace/builds/worker-0-tc1/target:/opt/rustwide/target:rw,Z" "-v" "/var/lib/crater-agent-workspace/builds/worker-0-tc1/source:/opt/rustwide/workdir:ro,Z" "-v" "/var/lib/crater-agent-workspace/cargo-home:/opt/rustwide/cargo-home:ro,Z" "-v" "/var/lib/crater-agent-workspace/rustup-home:/opt/rustwide/rustup-home:ro,Z" "-e" "SOURCE_DIR=/opt/rustwide/workdir" "-e" "CARGO_TARGET_DIR=/opt/rustwide/target" "-e" "CARGO_INCREMENTAL=0" "-e" "RUST_BACKTRACE=full" "-e" "RUSTFLAGS=--cap-lints=warn" "-e" "RUSTDOCFLAGS=--cap-lints=warn" "-e" "CARGO_HOME=/opt/rustwide/cargo-home" "-e" "RUSTUP_HOME=/opt/rustwide/rustup-home" "-w" "/opt/rustwide/workdir" "-m" "1610612736" "--user" "0:0" "--network" "none" "ghcr.io/rust-lang/crates-build-env/linux@sha256:5ff2268d62e97bff2cde7d5815dd6ed5b47097566f13b8d0ca110b04b60e07ed" "/opt/rustwide/cargo-home/bin/cargo" "+1.69.0" "test" "--frozen" "--no-run" "--message-format=json", kill_on_drop: false }`
[INFO] [stdout] c852bee513dba4d4436dc3e2077869c4a54ad1d49f7b1159bfc6724e1a7095d1
[INFO] running `Command { std: "docker" "start" "-a" "c852bee513dba4d4436dc3e2077869c4a54ad1d49f7b1159bfc6724e1a7095d1", kill_on_drop: false }`
[INFO] [stderr]    Compiling tld_msg v0.1.0 (/opt/rustwide/workdir)
[INFO] [stderr]     Finished test [unoptimized + debuginfo] target(s) in 0.22s
[INFO] running `Command { std: "docker" "inspect" "c852bee513dba4d4436dc3e2077869c4a54ad1d49f7b1159bfc6724e1a7095d1", kill_on_drop: false }`
[INFO] running `Command { std: "docker" "rm" "-f" "c852bee513dba4d4436dc3e2077869c4a54ad1d49f7b1159bfc6724e1a7095d1", kill_on_drop: false }`
[INFO] [stdout] c852bee513dba4d4436dc3e2077869c4a54ad1d49f7b1159bfc6724e1a7095d1
[INFO] running `Command { std: "docker" "create" "-v" "/var/lib/crater-agent-workspace/builds/worker-0-tc1/target:/opt/rustwide/target:rw,Z" "-v" "/var/lib/crater-agent-workspace/builds/worker-0-tc1/source:/opt/rustwide/workdir:ro,Z" "-v" "/var/lib/crater-agent-workspace/cargo-home:/opt/rustwide/cargo-home:ro,Z" "-v" "/var/lib/crater-agent-workspace/rustup-home:/opt/rustwide/rustup-home:ro,Z" "-e" "SOURCE_DIR=/opt/rustwide/workdir" "-e" "CARGO_TARGET_DIR=/opt/rustwide/target" "-e" "CARGO_INCREMENTAL=0" "-e" "RUST_BACKTRACE=full" "-e" "RUSTFLAGS=--cap-lints=warn" "-e" "RUSTDOCFLAGS=--cap-lints=warn" "-e" "CARGO_HOME=/opt/rustwide/cargo-home" "-e" "RUSTUP_HOME=/opt/rustwide/rustup-home" "-w" "/opt/rustwide/workdir" "-m" "1610612736" "--user" "0:0" "--network" "none" "ghcr.io/rust-lang/crates-build-env/linux@sha256:5ff2268d62e97bff2cde7d5815dd6ed5b47097566f13b8d0ca110b04b60e07ed" "/opt/rustwide/cargo-home/bin/cargo" "+1.69.0" "test" "--frozen", kill_on_drop: false }`
[INFO] [stdout] f088fb3e641ea8c2a66353df6b24196094c10d9d3901b07326ab8a26616c83bf
[INFO] running `Command { std: "docker" "start" "-a" "f088fb3e641ea8c2a66353df6b24196094c10d9d3901b07326ab8a26616c83bf", kill_on_drop: false }`
[INFO] [stderr]     Finished test [unoptimized + debuginfo] target(s) in 0.00s
[INFO] [stderr]      Running unittests src/lib.rs (/opt/rustwide/target/debug/deps/tld_msg-3b5b7c4ed64c401a)
[INFO] [stdout] 
[INFO] [stdout] running 0 tests
[INFO] [stdout] 
[INFO] [stdout] test result: ok. 0 passed; 0 failed; 0 ignored; 0 measured; 0 filtered out; finished in 0.00s
[INFO] [stdout] 
[INFO] [stderr]    Doc-tests tld_msg
[INFO] [stdout] 
[INFO] [stdout] running 3 tests
[INFO] [stdout] test src/lib.rs - receive (line 48) ... FAILED
[INFO] [stdout] test src/lib.rs - send (line 32) ... FAILED
[INFO] [stdout] test src/lib.rs - (line 3) ... ok
[INFO] [stdout] 
[INFO] [stdout] failures:
[INFO] [stdout] 
[INFO] [stdout] ---- src/lib.rs - receive (line 48) stdout ----
[INFO] [stdout] error[E0425]: cannot find value `input` in this scope
[INFO] [stdout]  --> src/lib.rs:49:33
[INFO] [stdout]   |
[INFO] [stdout] 4 | let msg = tld_msg::receive(&mut input).unwrap();
[INFO] [stdout]   |                                 ^^^^^ not found in this scope
[INFO] [stdout] 
[INFO] [stdout] error: aborting due to previous error
[INFO] [stdout] 
[INFO] [stdout] For more information about this error, try `rustc --explain E0425`.
[INFO] [stdout] Couldn't compile the test.
[INFO] [stdout] ---- src/lib.rs - send (line 32) stdout ----
[INFO] [stdout] error[E0425]: cannot find value `output` in this scope
[INFO] [stdout]  --> src/lib.rs:33:20
[INFO] [stdout]   |
[INFO] [stdout] 4 | tld_msg::send(&mut output, 1, &mut "Hey!".as_bytes()).unwrap();
[INFO] [stdout]   |                    ^^^^^^ not found in this scope
[INFO] [stdout] 
[INFO] [stdout] error: aborting due to previous error
[INFO] [stdout] 
[INFO] [stdout] For more information about this error, try `rustc --explain E0425`.
[INFO] [stdout] Couldn't compile the test.
[INFO] [stdout] 
[INFO] [stdout] failures:
[INFO] [stdout]     src/lib.rs - receive (line 48)
[INFO] [stdout]     src/lib.rs - send (line 32)
[INFO] [stdout] 
[INFO] [stdout] test result: FAILED. 1 passed; 2 failed; 0 ignored; 0 measured; 0 filtered out; finished in 0.18s
[INFO] [stdout] 
[INFO] [stderr] error: doctest failed, to rerun pass `--doc`
[INFO] running `Command { std: "docker" "inspect" "f088fb3e641ea8c2a66353df6b24196094c10d9d3901b07326ab8a26616c83bf", kill_on_drop: false }`
[INFO] running `Command { std: "docker" "rm" "-f" "f088fb3e641ea8c2a66353df6b24196094c10d9d3901b07326ab8a26616c83bf", kill_on_drop: false }`
[INFO] [stdout] f088fb3e641ea8c2a66353df6b24196094c10d9d3901b07326ab8a26616c83bf
