[INFO] fetching crate tinyget 1.0.1...
[INFO] testing tinyget-1.0.1 against 1.69.0 for beta-1.70-1
[INFO] extracting crate tinyget 1.0.1 into /workspace/builds/worker-2-tc1/source
[INFO] validating manifest of crates.io crate tinyget 1.0.1 on toolchain 1.69.0
[INFO] running `Command { std: CARGO_HOME="/workspace/cargo-home" RUSTUP_HOME="/workspace/rustup-home" "/workspace/cargo-home/bin/cargo" "+1.69.0" "metadata" "--manifest-path" "Cargo.toml" "--no-deps", kill_on_drop: false }`
[INFO] started tweaking crates.io crate tinyget 1.0.1
[INFO] removed 0 missing examples
[INFO] finished tweaking crates.io crate tinyget 1.0.1
[INFO] tweaked toml for crates.io crate tinyget 1.0.1 written to /workspace/builds/worker-2-tc1/source/Cargo.toml
[INFO] crate crates.io crate tinyget 1.0.1 already has a lockfile, it will not be regenerated
[INFO] running `Command { std: CARGO_HOME="/workspace/cargo-home" RUSTUP_HOME="/workspace/rustup-home" "/workspace/cargo-home/bin/cargo" "+1.69.0" "fetch" "--manifest-path" "Cargo.toml", kill_on_drop: false }`
[INFO] [stderr]  Downloading crates ...
[INFO] [stderr]   Downloaded tiny_http v0.9.0
[INFO] running `Command { std: "docker" "create" "-v" "/var/lib/crater-agent-workspace/builds/worker-2-tc1/target:/opt/rustwide/target:rw,Z" "-v" "/var/lib/crater-agent-workspace/builds/worker-2-tc1/source:/opt/rustwide/workdir:ro,Z" "-v" "/var/lib/crater-agent-workspace/cargo-home:/opt/rustwide/cargo-home:ro,Z" "-v" "/var/lib/crater-agent-workspace/rustup-home:/opt/rustwide/rustup-home:ro,Z" "-e" "SOURCE_DIR=/opt/rustwide/workdir" "-e" "CARGO_TARGET_DIR=/opt/rustwide/target" "-e" "CARGO_HOME=/opt/rustwide/cargo-home" "-e" "RUSTUP_HOME=/opt/rustwide/rustup-home" "-w" "/opt/rustwide/workdir" "-m" "1610612736" "--user" "0:0" "--network" "none" "ghcr.io/rust-lang/crates-build-env/linux@sha256:5ff2268d62e97bff2cde7d5815dd6ed5b47097566f13b8d0ca110b04b60e07ed" "/opt/rustwide/cargo-home/bin/cargo" "+1.69.0" "metadata" "--no-deps" "--format-version=1", kill_on_drop: false }`
[INFO] [stdout] 4a14af2a9d3ae2784abe6f53c924ab7ba53cdd8f94c3aba54a30c28962141626
[INFO] running `Command { std: "docker" "start" "-a" "4a14af2a9d3ae2784abe6f53c924ab7ba53cdd8f94c3aba54a30c28962141626", kill_on_drop: false }`
[INFO] running `Command { std: "docker" "inspect" "4a14af2a9d3ae2784abe6f53c924ab7ba53cdd8f94c3aba54a30c28962141626", kill_on_drop: false }`
[INFO] running `Command { std: "docker" "rm" "-f" "4a14af2a9d3ae2784abe6f53c924ab7ba53cdd8f94c3aba54a30c28962141626", kill_on_drop: false }`
[INFO] [stdout] 4a14af2a9d3ae2784abe6f53c924ab7ba53cdd8f94c3aba54a30c28962141626
[INFO] running `Command { std: "docker" "create" "-v" "/var/lib/crater-agent-workspace/builds/worker-2-tc1/target:/opt/rustwide/target:rw,Z" "-v" "/var/lib/crater-agent-workspace/builds/worker-2-tc1/source:/opt/rustwide/workdir:ro,Z" "-v" "/var/lib/crater-agent-workspace/cargo-home:/opt/rustwide/cargo-home:ro,Z" "-v" "/var/lib/crater-agent-workspace/rustup-home:/opt/rustwide/rustup-home:ro,Z" "-e" "SOURCE_DIR=/opt/rustwide/workdir" "-e" "CARGO_TARGET_DIR=/opt/rustwide/target" "-e" "CARGO_INCREMENTAL=0" "-e" "RUST_BACKTRACE=full" "-e" "RUSTFLAGS=--cap-lints=warn" "-e" "RUSTDOCFLAGS=--cap-lints=warn" "-e" "CARGO_HOME=/opt/rustwide/cargo-home" "-e" "RUSTUP_HOME=/opt/rustwide/rustup-home" "-w" "/opt/rustwide/workdir" "-m" "1610612736" "--user" "0:0" "--network" "none" "ghcr.io/rust-lang/crates-build-env/linux@sha256:5ff2268d62e97bff2cde7d5815dd6ed5b47097566f13b8d0ca110b04b60e07ed" "/opt/rustwide/cargo-home/bin/cargo" "+1.69.0" "build" "--frozen" "--message-format=json", kill_on_drop: false }`
[INFO] [stdout] 0530ea14b651e503b07a3d2ed862719a83d347cc9e4cee9d83db6c68d2350b0e
[INFO] running `Command { std: "docker" "start" "-a" "0530ea14b651e503b07a3d2ed862719a83d347cc9e4cee9d83db6c68d2350b0e", kill_on_drop: false }`
[INFO] [stderr]    Compiling tinyget v1.0.1 (/opt/rustwide/workdir)
[INFO] [stderr]     Finished dev [unoptimized + debuginfo] target(s) in 0.49s
[INFO] running `Command { std: "docker" "inspect" "0530ea14b651e503b07a3d2ed862719a83d347cc9e4cee9d83db6c68d2350b0e", kill_on_drop: false }`
[INFO] running `Command { std: "docker" "rm" "-f" "0530ea14b651e503b07a3d2ed862719a83d347cc9e4cee9d83db6c68d2350b0e", kill_on_drop: false }`
[INFO] [stdout] 0530ea14b651e503b07a3d2ed862719a83d347cc9e4cee9d83db6c68d2350b0e
[INFO] running `Command { std: "docker" "create" "-v" "/var/lib/crater-agent-workspace/builds/worker-2-tc1/target:/opt/rustwide/target:rw,Z" "-v" "/var/lib/crater-agent-workspace/builds/worker-2-tc1/source:/opt/rustwide/workdir:ro,Z" "-v" "/var/lib/crater-agent-workspace/cargo-home:/opt/rustwide/cargo-home:ro,Z" "-v" "/var/lib/crater-agent-workspace/rustup-home:/opt/rustwide/rustup-home:ro,Z" "-e" "SOURCE_DIR=/opt/rustwide/workdir" "-e" "CARGO_TARGET_DIR=/opt/rustwide/target" "-e" "CARGO_INCREMENTAL=0" "-e" "RUST_BACKTRACE=full" "-e" "RUSTFLAGS=--cap-lints=warn" "-e" "RUSTDOCFLAGS=--cap-lints=warn" "-e" "CARGO_HOME=/opt/rustwide/cargo-home" "-e" "RUSTUP_HOME=/opt/rustwide/rustup-home" "-w" "/opt/rustwide/workdir" "-m" "1610612736" "--user" "0:0" "--network" "none" "ghcr.io/rust-lang/crates-build-env/linux@sha256:5ff2268d62e97bff2cde7d5815dd6ed5b47097566f13b8d0ca110b04b60e07ed" "/opt/rustwide/cargo-home/bin/cargo" "+1.69.0" "test" "--frozen" "--no-run" "--message-format=json", kill_on_drop: false }`
[INFO] [stdout] 0608749c872c85b60d6829198d8e109b1391f9518d1cac729fe97a42b5fe9211
[INFO] running `Command { std: "docker" "start" "-a" "0608749c872c85b60d6829198d8e109b1391f9518d1cac729fe97a42b5fe9211", kill_on_drop: false }`
[INFO] [stderr]    Compiling autocfg v1.0.1
[INFO] [stderr]    Compiling tinyvec_macros v0.1.0
[INFO] [stderr]    Compiling matches v0.1.9
[INFO] [stderr]    Compiling libc v0.2.112
[INFO] [stderr]    Compiling log v0.4.14
[INFO] [stderr]    Compiling percent-encoding v2.1.0
[INFO] [stderr]    Compiling unicode-bidi v0.3.7
[INFO] [stderr]    Compiling cfg-if v1.0.0
[INFO] [stderr]    Compiling chunked_transfer v1.4.0
[INFO] [stderr]    Compiling ascii v1.0.0
[INFO] [stderr]    Compiling tinyvec v1.5.1
[INFO] [stderr]    Compiling form_urlencoded v1.0.1
[INFO] [stderr]    Compiling num-traits v0.2.14
[INFO] [stderr]    Compiling num-integer v0.1.44
[INFO] [stderr]    Compiling unicode-normalization v0.1.19
[INFO] [stderr]    Compiling chrono v0.4.19
[INFO] [stderr]    Compiling idna v0.2.3
[INFO] [stderr]    Compiling url v2.2.2
[INFO] [stderr]    Compiling tiny_http v0.9.0
[INFO] [stderr]    Compiling tinyget v1.0.1 (/opt/rustwide/workdir)
[INFO] [stderr]     Finished test [unoptimized + debuginfo] target(s) in 4.04s
[INFO] running `Command { std: "docker" "inspect" "0608749c872c85b60d6829198d8e109b1391f9518d1cac729fe97a42b5fe9211", kill_on_drop: false }`
[INFO] running `Command { std: "docker" "rm" "-f" "0608749c872c85b60d6829198d8e109b1391f9518d1cac729fe97a42b5fe9211", kill_on_drop: false }`
[INFO] [stdout] 0608749c872c85b60d6829198d8e109b1391f9518d1cac729fe97a42b5fe9211
[INFO] running `Command { std: "docker" "create" "-v" "/var/lib/crater-agent-workspace/builds/worker-2-tc1/target:/opt/rustwide/target:rw,Z" "-v" "/var/lib/crater-agent-workspace/builds/worker-2-tc1/source:/opt/rustwide/workdir:ro,Z" "-v" "/var/lib/crater-agent-workspace/cargo-home:/opt/rustwide/cargo-home:ro,Z" "-v" "/var/lib/crater-agent-workspace/rustup-home:/opt/rustwide/rustup-home:ro,Z" "-e" "SOURCE_DIR=/opt/rustwide/workdir" "-e" "CARGO_TARGET_DIR=/opt/rustwide/target" "-e" "CARGO_INCREMENTAL=0" "-e" "RUST_BACKTRACE=full" "-e" "RUSTFLAGS=--cap-lints=warn" "-e" "RUSTDOCFLAGS=--cap-lints=warn" "-e" "CARGO_HOME=/opt/rustwide/cargo-home" "-e" "RUSTUP_HOME=/opt/rustwide/rustup-home" "-w" "/opt/rustwide/workdir" "-m" "1610612736" "--user" "0:0" "--network" "none" "ghcr.io/rust-lang/crates-build-env/linux@sha256:5ff2268d62e97bff2cde7d5815dd6ed5b47097566f13b8d0ca110b04b60e07ed" "/opt/rustwide/cargo-home/bin/cargo" "+1.69.0" "test" "--frozen", kill_on_drop: false }`
[INFO] [stdout] 6aef0cdd4674b17d8e80cc2abb2b00f31d4a50574707002e44e53f1c61164661
[INFO] running `Command { std: "docker" "start" "-a" "6aef0cdd4674b17d8e80cc2abb2b00f31d4a50574707002e44e53f1c61164661", kill_on_drop: false }`
[INFO] [stderr]     Finished test [unoptimized + debuginfo] target(s) in 0.02s
[INFO] [stderr]      Running unittests src/lib.rs (/opt/rustwide/target/debug/deps/tinyget-c31313c5b8024c13)
[INFO] [stdout] 
[INFO] [stdout] running 0 tests
[INFO] [stdout] 
[INFO] [stdout] test result: ok. 0 passed; 0 failed; 0 ignored; 0 measured; 0 filtered out; finished in 0.00s
[INFO] [stdout] 
[INFO] [stderr]      Running tests/main.rs (/opt/rustwide/target/debug/deps/main-fc22d4440c5d5c9e)
[INFO] [stdout] 
[INFO] [stdout] running 12 tests
[INFO] [stdout] test test_headers_char_boundary_panic ... ok
[INFO] [stdout] test test_get ... ok
[INFO] [stdout] test test_head ... ok
[INFO] [stdout] test test_headers ... ok
[INFO] [stdout] test test_relative_redirect_get ... ok
[INFO] [stdout] test test_redirect_with_fragment ... ok
[INFO] [stdout] test test_custom_method ... ok
[INFO] [stdout] test test_redirect_get ... ok
[INFO] [stdout] test test_redirect_with_overridden_fragment ... ok
[INFO] [stdout] test test_infinite_redirect ... ok
[INFO] [stdout] test test_timeout_too_low ... ok
[INFO] [stdout] test test_timeout_high_enough ... ok
[INFO] [stdout] 
[INFO] [stdout] test result: ok. 12 passed; 0 failed; 0 ignored; 0 measured; 0 filtered out; finished in 2.01s
[INFO] [stdout] 
[INFO] [stderr]      Running tests/setup.rs (/opt/rustwide/target/debug/deps/setup-68f6f361bfc4421e)
[INFO] [stdout] 
[INFO] [stdout] running 0 tests
[INFO] [stdout] 
[INFO] [stdout] test result: ok. 0 passed; 0 failed; 0 ignored; 0 measured; 0 filtered out; finished in 0.00s
[INFO] [stdout] 
[INFO] [stderr]    Doc-tests tinyget
[INFO] [stdout] 
[INFO] [stdout] running 12 tests
[INFO] [stdout] test src/response.rs - response::Response::into_bytes (line 107) - compile ... ok
[INFO] [stdout] test src/lib.rs - (line 87) - compile ... ok
[INFO] [stdout] test src/response.rs - response::Response::as_str (line 68) - compile ... ok
[INFO] [stdout] test src/response.rs - response::ResponseLazy (line 141) - compile ... ok
[INFO] [stdout] test src/response.rs - response::Response::as_bytes (line 89) - compile ... ok
[INFO] [stdout] test src/response.rs - response::Response (line 12) - compile ... ok
[INFO] [stdout] test src/lib.rs - (line 111) ... ok
[INFO] [stdout] test src/request.rs - request::Request (line 16) ... ok
[INFO] [stdout] test src/lib.rs - (line 100) ... ok
[INFO] [stdout] test src/lib.rs - (line 40) ... FAILED
[INFO] [stdout] test src/lib.rs - (line 75) ... FAILED
[INFO] [stderr] error: doctest failed, to rerun pass `--doc`
[INFO] [stdout] test src/lib.rs - (line 54) ... FAILED
[INFO] [stdout] 
[INFO] [stdout] failures:
[INFO] [stdout] 
[INFO] [stdout] ---- src/lib.rs - (line 40) stdout ----
[INFO] [stdout] Test executable failed (exit status: 1).
[INFO] [stdout] 
[INFO] [stdout] stderr:
[INFO] [stdout] Error: IoError(Custom { kind: Uncategorized, error: "failed to lookup address information: Temporary failure in name resolution" })
[INFO] [stdout] 
[INFO] [stdout] 
[INFO] [stdout] ---- src/lib.rs - (line 75) stdout ----
[INFO] [stdout] Test executable failed (exit status: 1).
[INFO] [stdout] 
[INFO] [stdout] stderr:
[INFO] [stdout] Error: IoError(Custom { kind: Uncategorized, error: "failed to lookup address information: Temporary failure in name resolution" })
[INFO] [stdout] 
[INFO] [stdout] 
[INFO] [stdout] ---- src/lib.rs - (line 54) stdout ----
[INFO] [stdout] Test executable failed (exit status: 1).
[INFO] [stdout] 
[INFO] [stdout] stderr:
[INFO] [stdout] Error: IoError(Custom { kind: Uncategorized, error: "failed to lookup address information: Temporary failure in name resolution" })
[INFO] [stdout] 
[INFO] [stdout] 
[INFO] [stdout] 
[INFO] [stdout] failures:
[INFO] [stdout]     src/lib.rs - (line 40)
[INFO] [stdout]     src/lib.rs - (line 54)
[INFO] [stdout]     src/lib.rs - (line 75)
[INFO] [stdout] 
[INFO] [stdout] test result: FAILED. 9 passed; 3 failed; 0 ignored; 0 measured; 0 filtered out; finished in 0.47s
[INFO] [stdout] 
[INFO] running `Command { std: "docker" "inspect" "6aef0cdd4674b17d8e80cc2abb2b00f31d4a50574707002e44e53f1c61164661", kill_on_drop: false }`
[INFO] running `Command { std: "docker" "rm" "-f" "6aef0cdd4674b17d8e80cc2abb2b00f31d4a50574707002e44e53f1c61164661", kill_on_drop: false }`
[INFO] [stdout] 6aef0cdd4674b17d8e80cc2abb2b00f31d4a50574707002e44e53f1c61164661
