[INFO] fetching crate tiny_orm_macro_derive 0.3.1...
[INFO] testing tiny_orm_macro_derive-0.3.1 against beta-2023-04-20 for beta-1.70-1
[INFO] extracting crate tiny_orm_macro_derive 0.3.1 into /workspace/builds/worker-6-tc2/source
[INFO] validating manifest of crates.io crate tiny_orm_macro_derive 0.3.1 on toolchain beta-2023-04-20
[INFO] running `Command { std: CARGO_HOME="/workspace/cargo-home" RUSTUP_HOME="/workspace/rustup-home" "/workspace/cargo-home/bin/cargo" "+beta-2023-04-20" "metadata" "--manifest-path" "Cargo.toml" "--no-deps", kill_on_drop: false }`
[INFO] started tweaking crates.io crate tiny_orm_macro_derive 0.3.1
[INFO] finished tweaking crates.io crate tiny_orm_macro_derive 0.3.1
[INFO] tweaked toml for crates.io crate tiny_orm_macro_derive 0.3.1 written to /workspace/builds/worker-6-tc2/source/Cargo.toml
[INFO] running `Command { std: CARGO_HOME="/workspace/cargo-home" RUSTUP_HOME="/workspace/rustup-home" __CARGO_TEST_CHANNEL_OVERRIDE_DO_NOT_USE_THIS="nightly" "/workspace/cargo-home/bin/cargo" "+beta-2023-04-20" "generate-lockfile" "--manifest-path" "Cargo.toml" "-Zno-index-update", kill_on_drop: false }`
[INFO] running `Command { std: CARGO_HOME="/workspace/cargo-home" RUSTUP_HOME="/workspace/rustup-home" "/workspace/cargo-home/bin/cargo" "+beta-2023-04-20" "fetch" "--manifest-path" "Cargo.toml", kill_on_drop: false }`
[INFO] running `Command { std: "docker" "create" "-v" "/var/lib/crater-agent-workspace/builds/worker-6-tc2/target:/opt/rustwide/target:rw,Z" "-v" "/var/lib/crater-agent-workspace/builds/worker-6-tc2/source:/opt/rustwide/workdir:ro,Z" "-v" "/var/lib/crater-agent-workspace/cargo-home:/opt/rustwide/cargo-home:ro,Z" "-v" "/var/lib/crater-agent-workspace/rustup-home:/opt/rustwide/rustup-home:ro,Z" "-e" "SOURCE_DIR=/opt/rustwide/workdir" "-e" "CARGO_TARGET_DIR=/opt/rustwide/target" "-e" "CARGO_HOME=/opt/rustwide/cargo-home" "-e" "RUSTUP_HOME=/opt/rustwide/rustup-home" "-w" "/opt/rustwide/workdir" "-m" "1610612736" "--user" "0:0" "--network" "none" "ghcr.io/rust-lang/crates-build-env/linux@sha256:97d61d7686bf65f8ecb15491ab51835e82dc9176a96a831f143a431b191fc501" "/opt/rustwide/cargo-home/bin/cargo" "+beta-2023-04-20" "metadata" "--no-deps" "--format-version=1", kill_on_drop: false }`
[INFO] [stdout] b3e10bd32ffcac4b9030bcdcbdf4f122651c3e32bed9fa6a4109acc03aada0fb
[INFO] running `Command { std: "docker" "start" "-a" "b3e10bd32ffcac4b9030bcdcbdf4f122651c3e32bed9fa6a4109acc03aada0fb", kill_on_drop: false }`
[INFO] running `Command { std: "docker" "inspect" "b3e10bd32ffcac4b9030bcdcbdf4f122651c3e32bed9fa6a4109acc03aada0fb", kill_on_drop: false }`
[INFO] running `Command { std: "docker" "rm" "-f" "b3e10bd32ffcac4b9030bcdcbdf4f122651c3e32bed9fa6a4109acc03aada0fb", kill_on_drop: false }`
[INFO] [stdout] b3e10bd32ffcac4b9030bcdcbdf4f122651c3e32bed9fa6a4109acc03aada0fb
[INFO] running `Command { std: "docker" "create" "-v" "/var/lib/crater-agent-workspace/builds/worker-6-tc2/target:/opt/rustwide/target:rw,Z" "-v" "/var/lib/crater-agent-workspace/builds/worker-6-tc2/source:/opt/rustwide/workdir:ro,Z" "-v" "/var/lib/crater-agent-workspace/cargo-home:/opt/rustwide/cargo-home:ro,Z" "-v" "/var/lib/crater-agent-workspace/rustup-home:/opt/rustwide/rustup-home:ro,Z" "-e" "SOURCE_DIR=/opt/rustwide/workdir" "-e" "CARGO_TARGET_DIR=/opt/rustwide/target" "-e" "CARGO_INCREMENTAL=0" "-e" "RUST_BACKTRACE=full" "-e" "RUSTFLAGS=--cap-lints=warn" "-e" "RUSTDOCFLAGS=--cap-lints=warn" "-e" "CARGO_HOME=/opt/rustwide/cargo-home" "-e" "RUSTUP_HOME=/opt/rustwide/rustup-home" "-w" "/opt/rustwide/workdir" "-m" "1610612736" "--user" "0:0" "--network" "none" "ghcr.io/rust-lang/crates-build-env/linux@sha256:97d61d7686bf65f8ecb15491ab51835e82dc9176a96a831f143a431b191fc501" "/opt/rustwide/cargo-home/bin/cargo" "+beta-2023-04-20" "build" "--frozen" "--message-format=json", kill_on_drop: false }`
[INFO] [stdout] cc9930fa12591e9abc80203393999eb17d4b188561f60e4fb8fa9aee0479b6de
[INFO] running `Command { std: "docker" "start" "-a" "cc9930fa12591e9abc80203393999eb17d4b188561f60e4fb8fa9aee0479b6de", kill_on_drop: false }`
[INFO] [stderr]    Compiling proc-macro2 v1.0.56
[INFO] [stderr]    Compiling unicode-ident v1.0.8
[INFO] [stderr]    Compiling quote v1.0.26
[INFO] [stderr]    Compiling syn v1.0.109
[INFO] [stderr]    Compiling tiny_orm_macro_derive v0.3.1 (/opt/rustwide/workdir)
[INFO] [stderr]     Finished dev [unoptimized + debuginfo] target(s) in 3.42s
[INFO] running `Command { std: "docker" "inspect" "cc9930fa12591e9abc80203393999eb17d4b188561f60e4fb8fa9aee0479b6de", kill_on_drop: false }`
[INFO] running `Command { std: "docker" "rm" "-f" "cc9930fa12591e9abc80203393999eb17d4b188561f60e4fb8fa9aee0479b6de", kill_on_drop: false }`
[INFO] [stdout] cc9930fa12591e9abc80203393999eb17d4b188561f60e4fb8fa9aee0479b6de
[INFO] running `Command { std: "docker" "create" "-v" "/var/lib/crater-agent-workspace/builds/worker-6-tc2/target:/opt/rustwide/target:rw,Z" "-v" "/var/lib/crater-agent-workspace/builds/worker-6-tc2/source:/opt/rustwide/workdir:ro,Z" "-v" "/var/lib/crater-agent-workspace/cargo-home:/opt/rustwide/cargo-home:ro,Z" "-v" "/var/lib/crater-agent-workspace/rustup-home:/opt/rustwide/rustup-home:ro,Z" "-e" "SOURCE_DIR=/opt/rustwide/workdir" "-e" "CARGO_TARGET_DIR=/opt/rustwide/target" "-e" "CARGO_INCREMENTAL=0" "-e" "RUST_BACKTRACE=full" "-e" "RUSTFLAGS=--cap-lints=warn" "-e" "RUSTDOCFLAGS=--cap-lints=warn" "-e" "CARGO_HOME=/opt/rustwide/cargo-home" "-e" "RUSTUP_HOME=/opt/rustwide/rustup-home" "-w" "/opt/rustwide/workdir" "-m" "1610612736" "--user" "0:0" "--network" "none" "ghcr.io/rust-lang/crates-build-env/linux@sha256:97d61d7686bf65f8ecb15491ab51835e82dc9176a96a831f143a431b191fc501" "/opt/rustwide/cargo-home/bin/cargo" "+beta-2023-04-20" "test" "--frozen" "--no-run" "--message-format=json", kill_on_drop: false }`
[INFO] [stdout] 44a2b8fd2d09058a70fd035e37153095e88220c3fe9604ba1ed1810c279b6140
[INFO] running `Command { std: "docker" "start" "-a" "44a2b8fd2d09058a70fd035e37153095e88220c3fe9604ba1ed1810c279b6140", kill_on_drop: false }`
[INFO] [stderr]    Compiling tiny_orm_macro_derive v0.3.1 (/opt/rustwide/workdir)
[INFO] [stderr]     Finished test [unoptimized + debuginfo] target(s) in 0.97s
[INFO] running `Command { std: "docker" "inspect" "44a2b8fd2d09058a70fd035e37153095e88220c3fe9604ba1ed1810c279b6140", kill_on_drop: false }`
[INFO] running `Command { std: "docker" "rm" "-f" "44a2b8fd2d09058a70fd035e37153095e88220c3fe9604ba1ed1810c279b6140", kill_on_drop: false }`
[INFO] [stdout] 44a2b8fd2d09058a70fd035e37153095e88220c3fe9604ba1ed1810c279b6140
[INFO] running `Command { std: "docker" "create" "-v" "/var/lib/crater-agent-workspace/builds/worker-6-tc2/target:/opt/rustwide/target:rw,Z" "-v" "/var/lib/crater-agent-workspace/builds/worker-6-tc2/source:/opt/rustwide/workdir:ro,Z" "-v" "/var/lib/crater-agent-workspace/cargo-home:/opt/rustwide/cargo-home:ro,Z" "-v" "/var/lib/crater-agent-workspace/rustup-home:/opt/rustwide/rustup-home:ro,Z" "-e" "SOURCE_DIR=/opt/rustwide/workdir" "-e" "CARGO_TARGET_DIR=/opt/rustwide/target" "-e" "CARGO_INCREMENTAL=0" "-e" "RUST_BACKTRACE=full" "-e" "RUSTFLAGS=--cap-lints=warn" "-e" "RUSTDOCFLAGS=--cap-lints=warn" "-e" "CARGO_HOME=/opt/rustwide/cargo-home" "-e" "RUSTUP_HOME=/opt/rustwide/rustup-home" "-w" "/opt/rustwide/workdir" "-m" "1610612736" "--user" "0:0" "--network" "none" "ghcr.io/rust-lang/crates-build-env/linux@sha256:97d61d7686bf65f8ecb15491ab51835e82dc9176a96a831f143a431b191fc501" "/opt/rustwide/cargo-home/bin/cargo" "+beta-2023-04-20" "test" "--frozen", kill_on_drop: false }`
[INFO] [stdout] 102561c2e10483df99e766ea6cc2027228e05d1bf17cfedbc6741c398a740385
[INFO] running `Command { std: "docker" "start" "-a" "102561c2e10483df99e766ea6cc2027228e05d1bf17cfedbc6741c398a740385", kill_on_drop: false }`
[INFO] [stderr]     Finished test [unoptimized + debuginfo] target(s) in 0.00s
[INFO] [stderr]      Running unittests src/lib.rs (/opt/rustwide/target/debug/deps/tiny_orm_macro_derive-62c3c4a3a33b50f6)
[INFO] [stdout] 
[INFO] [stdout] running 0 tests
[INFO] [stdout] 
[INFO] [stdout] test result: ok. 0 passed; 0 failed; 0 ignored; 0 measured; 0 filtered out; finished in 0.00s
[INFO] [stdout] 
[INFO] [stderr]    Doc-tests tiny_orm_macro_derive
[INFO] [stdout] 
[INFO] [stdout] running 6 tests
[INFO] [stdout] test src/lib.rs - tiny_orm_derive (line 134) ... ignored
[INFO] [stdout] test src/lib.rs - tiny_orm_derive (line 172) ... ignored
[INFO] [stdout] test src/lib.rs - tiny_orm_derive (line 242) ... ignored
[INFO] [stdout] test src/lib.rs - tiny_orm_derive (line 58) ... ignored
[INFO] [stdout] test src/lib.rs - tiny_orm_derive (line 96) ... ignored
[INFO] [stdout] test src/lib.rs - tiny_orm_derive (line 318) ... FAILED
[INFO] [stdout] 
[INFO] [stdout] failures:
[INFO] [stdout] 
[INFO] [stdout] ---- src/lib.rs - tiny_orm_derive (line 318) stdout ----
[INFO] [stdout] error: unexpected token: `...`
[INFO] [stdout]   --> src/lib.rs:330:106
[INFO] [stdout]    |
[INFO] [stdout] 14 | pub async fn orm_query_join_with_user_type(pool: &TinyOrmDbPool,user_type:UserType) -> Result<Vec<Self>>{...}
[INFO] [stdout]    |                                                                                                          ^^^
[INFO] [stdout]    |
[INFO] [stdout] help: use `..` for an exclusive range
[INFO] [stdout]    |
[INFO] [stdout] 14 | pub async fn orm_query_join_with_user_type(pool: &TinyOrmDbPool,user_type:UserType) -> Result<Vec<Self>>{..}
[INFO] [stdout]    |                                                                                                          ~~
[INFO] [stdout] help: or `..=` for an inclusive range
[INFO] [stdout]    |
[INFO] [stdout] 14 | pub async fn orm_query_join_with_user_type(pool: &TinyOrmDbPool,user_type:UserType) -> Result<Vec<Self>>{..=}
[INFO] [stdout]    |                                                                                                          ~~~
[INFO] [stdout] 
[INFO] [stdout] error[E0586]: inclusive range with no end
[INFO] [stdout]   --> src/lib.rs:330:106
[INFO] [stdout]    |
[INFO] [stdout] 14 | pub async fn orm_query_join_with_user_type(pool: &TinyOrmDbPool,user_type:UserType) -> Result<Vec<Self>>{...}
[INFO] [stdout]    |                                                                                                          ^^^ help: use `..` instead
[INFO] [stdout]    |
[INFO] [stdout]    = note: inclusive ranges must be bounded at the end (`..=b` or `a..=b`)
[INFO] [stdout] 
[INFO] [stdout] error: unexpected token: `...`
[INFO] [stdout]   --> src/lib.rs:331:106
[INFO] [stdout]    |
[INFO] [stdout] 15 | pub async fn orm_query_join_with_user_type_id(pool: &TinyOrmDbPool,query_value:u32) -> Result<Vec<Self>>{...}
[INFO] [stdout]    |                                                                                                          ^^^
[INFO] [stdout]    |
[INFO] [stdout] help: use `..` for an exclusive range
[INFO] [stdout]    |
[INFO] [stdout] 15 | pub async fn orm_query_join_with_user_type_id(pool: &TinyOrmDbPool,query_value:u32) -> Result<Vec<Self>>{..}
[INFO] [stdout]    |                                                                                                          ~~
[INFO] [stdout] help: or `..=` for an inclusive range
[INFO] [stdout]    |
[INFO] [stdout] 15 | pub async fn orm_query_join_with_user_type_id(pool: &TinyOrmDbPool,query_value:u32) -> Result<Vec<Self>>{..=}
[INFO] [stdout]    |                                                                                                          ~~~
[INFO] [stdout] 
[INFO] [stdout] error[E0586]: inclusive range with no end
[INFO] [stdout]   --> src/lib.rs:331:106
[INFO] [stdout]    |
[INFO] [stdout] 15 | pub async fn orm_query_join_with_user_type_id(pool: &TinyOrmDbPool,query_value:u32) -> Result<Vec<Self>>{...}
[INFO] [stdout]    |                                                                                                          ^^^ help: use `..` instead
[INFO] [stdout]    |
[INFO] [stdout]    = note: inclusive ranges must be bounded at the end (`..=b` or `a..=b`)
[INFO] [stdout] 
[INFO] [stdout] error: unexpected token: `...`
[INFO] [stdout]   --> src/lib.rs:332:100
[INFO] [stdout]    |
[INFO] [stdout] 16 | pub async fn orm_delete_join_with_user_type(pool: &TinyOrmDbPool,user_type:UserType) -> Result<()>{...}
[INFO] [stdout]    |                                                                                                    ^^^
[INFO] [stdout]    |
[INFO] [stdout] help: use `..` for an exclusive range
[INFO] [stdout]    |
[INFO] [stdout] 16 | pub async fn orm_delete_join_with_user_type(pool: &TinyOrmDbPool,user_type:UserType) -> Result<()>{..}
[INFO] [stdout]    |                                                                                                    ~~
[INFO] [stdout] help: or `..=` for an inclusive range
[INFO] [stdout]    |
[INFO] [stdout] 16 | pub async fn orm_delete_join_with_user_type(pool: &TinyOrmDbPool,user_type:UserType) -> Result<()>{..=}
[INFO] [stdout]    |                                                                                                    ~~~
[INFO] [stdout] 
[INFO] [stdout] error[E0586]: inclusive range with no end
[INFO] [stdout]   --> src/lib.rs:332:100
[INFO] [stdout]    |
[INFO] [stdout] 16 | pub async fn orm_delete_join_with_user_type(pool: &TinyOrmDbPool,user_type:UserType) -> Result<()>{...}
[INFO] [stdout]    |                                                                                                    ^^^ help: use `..` instead
[INFO] [stdout]    |
[INFO] [stdout]    = note: inclusive ranges must be bounded at the end (`..=b` or `a..=b`)
[INFO] [stdout] 
[INFO] [stdout] error: unexpected token: `...`
[INFO] [stdout]   --> src/lib.rs:333:100
[INFO] [stdout]    |
[INFO] [stdout] 17 | pub async fn orm_delete_join_with_user_type_id(pool: &TinyOrmDbPool,query_value:u32) -> Result<()>{...}
[INFO] [stdout]    |                                                                                                    ^^^
[INFO] [stdout]    |
[INFO] [stdout] help: use `..` for an exclusive range
[INFO] [stdout]    |
[INFO] [stdout] 17 | pub async fn orm_delete_join_with_user_type_id(pool: &TinyOrmDbPool,query_value:u32) -> Result<()>{..}
[INFO] [stdout]    |                                                                                                    ~~
[INFO] [stdout] help: or `..=` for an inclusive range
[INFO] [stdout]    |
[INFO] [stdout] 17 | pub async fn orm_delete_join_with_user_type_id(pool: &TinyOrmDbPool,query_value:u32) -> Result<()>{..=}
[INFO] [stdout]    |                                                                                                    ~~~
[INFO] [stdout] 
[INFO] [stdout] error[E0586]: inclusive range with no end
[INFO] [stdout]   --> src/lib.rs:333:100
[INFO] [stdout]    |
[INFO] [stdout] 17 | pub async fn orm_delete_join_with_user_type_id(pool: &TinyOrmDbPool,query_value:u32) -> Result<()>{...}
[INFO] [stdout]    |                                                                                                    ^^^ help: use `..` instead
[INFO] [stdout]    |
[INFO] [stdout]    = note: inclusive ranges must be bounded at the end (`..=b` or `a..=b`)
[INFO] [stdout] 
[INFO] [stdout] error: unexpected token: `...`
[INFO] [stdout]   --> src/lib.rs:334:87
[INFO] [stdout]    |
[INFO] [stdout] 18 | pub async fn orm_update_join_with_user_type(&self,pool: &TinyOrmDbPool) -> Result<()>{...}
[INFO] [stdout]    |                                                                                       ^^^
[INFO] [stdout]    |
[INFO] [stdout] help: use `..` for an exclusive range
[INFO] [stdout]    |
[INFO] [stdout] 18 | pub async fn orm_update_join_with_user_type(&self,pool: &TinyOrmDbPool) -> Result<()>{..}
[INFO] [stdout]    |                                                                                       ~~
[INFO] [stdout] help: or `..=` for an inclusive range
[INFO] [stdout]    |
[INFO] [stdout] 18 | pub async fn orm_update_join_with_user_type(&self,pool: &TinyOrmDbPool) -> Result<()>{..=}
[INFO] [stdout]    |                                                                                       ~~~
[INFO] [stdout] 
[INFO] [stdout] error[E0586]: inclusive range with no end
[INFO] [stdout]   --> src/lib.rs:334:87
[INFO] [stdout]    |
[INFO] [stdout] 18 | pub async fn orm_update_join_with_user_type(&self,pool: &TinyOrmDbPool) -> Result<()>{...}
[INFO] [stdout]    |                                                                                       ^^^ help: use `..` instead
[INFO] [stdout]    |
[INFO] [stdout]    = note: inclusive ranges must be bounded at the end (`..=b` or `a..=b`)
[INFO] [stdout] 
[INFO] [stdout] error: `self` parameter is only allowed in associated functions
[INFO] [stdout]   --> src/lib.rs:334:45
[INFO] [stdout]    |
[INFO] [stdout] 18 | pub async fn orm_update_join_with_user_type(&self,pool: &TinyOrmDbPool) -> Result<()>{...}
[INFO] [stdout]    |                                             ^^^^^ not semantically valid as function parameter
[INFO] [stdout]    |
[INFO] [stdout]    = note: associated functions are those in `impl` or `trait` definitions
[INFO] [stdout] 
[INFO] [stdout] error: cannot find attribute `orm_join` in this scope
[INFO] [stdout]  --> src/lib.rs:320:6
[INFO] [stdout]   |
[INFO] [stdout] 4 |    #[orm_join(
[INFO] [stdout]   |      ^^^^^^^^
[INFO] [stdout] 
[INFO] [stdout] error[E0412]: cannot find type `UserType` in this scope
[INFO] [stdout]   --> src/lib.rs:327:14
[INFO] [stdout]    |
[INFO] [stdout] 11 |    user_type:UserType
[INFO] [stdout]    |              ^^^^^^^^ not found in this scope
[INFO] [stdout] 
[INFO] [stdout] error[E0412]: cannot find type `TinyOrmDbPool` in this scope
[INFO] [stdout]   --> src/lib.rs:330:51
[INFO] [stdout]    |
[INFO] [stdout] 14 | pub async fn orm_query_join_with_user_type(pool: &TinyOrmDbPool,user_type:UserType) -> Result<Vec<Self>>{...}
[INFO] [stdout]    |                                                   ^^^^^^^^^^^^^ not found in this scope
[INFO] [stdout] 
[INFO] [stdout] error[E0412]: cannot find type `UserType` in this scope
[INFO] [stdout]   --> src/lib.rs:330:75
[INFO] [stdout]    |
[INFO] [stdout] 14 | pub async fn orm_query_join_with_user_type(pool: &TinyOrmDbPool,user_type:UserType) -> Result<Vec<Self>>{...}
[INFO] [stdout]    |                                                                           ^^^^^^^^ not found in this scope
[INFO] [stdout] 
[INFO] [stdout] error[E0411]: cannot find type `Self` in this scope
[INFO] [stdout]   --> src/lib.rs:330:99
[INFO] [stdout]    |
[INFO] [stdout] 14 | pub async fn orm_query_join_with_user_type(pool: &TinyOrmDbPool,user_type:UserType) -> Result<Vec<Self>>{...}
[INFO] [stdout]    |              ----------------------------- `Self` not allowed in a function                       ^^^^ `Self` is only available in impls, traits, and type definitions
[INFO] [stdout] 
[INFO] [stdout] error[E0412]: cannot find type `TinyOrmDbPool` in this scope
[INFO] [stdout]   --> src/lib.rs:331:54
[INFO] [stdout]    |
[INFO] [stdout] 15 | pub async fn orm_query_join_with_user_type_id(pool: &TinyOrmDbPool,query_value:u32) -> Result<Vec<Self>>{...}
[INFO] [stdout]    |                                                      ^^^^^^^^^^^^^ not found in this scope
[INFO] [stdout] 
[INFO] [stdout] error[E0411]: cannot find type `Self` in this scope
[INFO] [stdout]   --> src/lib.rs:331:99
[INFO] [stdout]    |
[INFO] [stdout] 15 | pub async fn orm_query_join_with_user_type_id(pool: &TinyOrmDbPool,query_value:u32) -> Result<Vec<Self>>{...}
[INFO] [stdout]    |              -------------------------------- `Self` not allowed in a function                    ^^^^ `Self` is only available in impls, traits, and type definitions
[INFO] [stdout] 
[INFO] [stdout] error[E0412]: cannot find type `TinyOrmDbPool` in this scope
[INFO] [stdout]   --> src/lib.rs:332:52
[INFO] [stdout]    |
[INFO] [stdout] 16 | pub async fn orm_delete_join_with_user_type(pool: &TinyOrmDbPool,user_type:UserType) -> Result<()>{...}
[INFO] [stdout]    |                                                    ^^^^^^^^^^^^^ not found in this scope
[INFO] [stdout] 
[INFO] [stdout] error[E0412]: cannot find type `UserType` in this scope
[INFO] [stdout]   --> src/lib.rs:332:76
[INFO] [stdout]    |
[INFO] [stdout] 16 | pub async fn orm_delete_join_with_user_type(pool: &TinyOrmDbPool,user_type:UserType) -> Result<()>{...}
[INFO] [stdout]    |                                                                            ^^^^^^^^ not found in this scope
[INFO] [stdout] 
[INFO] [stdout] error[E0412]: cannot find type `TinyOrmDbPool` in this scope
[INFO] [stdout]   --> src/lib.rs:333:55
[INFO] [stdout]    |
[INFO] [stdout] 17 | pub async fn orm_delete_join_with_user_type_id(pool: &TinyOrmDbPool,query_value:u32) -> Result<()>{...}
[INFO] [stdout]    |                                                       ^^^^^^^^^^^^^ not found in this scope
[INFO] [stdout] 
[INFO] [stdout] error[E0412]: cannot find type `TinyOrmDbPool` in this scope
[INFO] [stdout]   --> src/lib.rs:334:58
[INFO] [stdout]    |
[INFO] [stdout] 18 | pub async fn orm_update_join_with_user_type(&self,pool: &TinyOrmDbPool) -> Result<()>{...}
[INFO] [stdout]    |                                                          ^^^^^^^^^^^^^ not found in this scope
[INFO] [stdout] 
[INFO] [stdout] error[E0107]: enum takes 2 generic arguments but 1 generic argument was supplied
[INFO] [stdout]   --> src/lib.rs:330:88
[INFO] [stdout]    |
[INFO] [stdout] 14 | pub async fn orm_query_join_with_user_type(pool: &TinyOrmDbPool,user_type:UserType) -> Result<Vec<Self>>{...}
[INFO] [stdout]    |                                                                                        ^^^^^^ --------- supplied 1 generic argument
[INFO] [stdout]    |                                                                                        |
[INFO] [stdout]    |                                                                                        expected 2 generic arguments
[INFO] [stdout]    |
[INFO] [stdout] help: add missing generic argument
[INFO] [stdout]    |
[INFO] [stdout] 14 | pub async fn orm_query_join_with_user_type(pool: &TinyOrmDbPool,user_type:UserType) -> Result<Vec<Self>, E>{...}
[INFO] [stdout]    |                                                                                                        +++
[INFO] [stdout] 
[INFO] [stdout] error[E0107]: enum takes 2 generic arguments but 1 generic argument was supplied
[INFO] [stdout]   --> src/lib.rs:331:88
[INFO] [stdout]    |
[INFO] [stdout] 15 | pub async fn orm_query_join_with_user_type_id(pool: &TinyOrmDbPool,query_value:u32) -> Result<Vec<Self>>{...}
[INFO] [stdout]    |                                                                                        ^^^^^^ --------- supplied 1 generic argument
[INFO] [stdout]    |                                                                                        |
[INFO] [stdout]    |                                                                                        expected 2 generic arguments
[INFO] [stdout]    |
[INFO] [stdout] help: add missing generic argument
[INFO] [stdout]    |
[INFO] [stdout] 15 | pub async fn orm_query_join_with_user_type_id(pool: &TinyOrmDbPool,query_value:u32) -> Result<Vec<Self>, E>{...}
[INFO] [stdout]    |                                                                                                        +++
[INFO] [stdout] 
[INFO] [stdout] error[E0107]: enum takes 2 generic arguments but 1 generic argument was supplied
[INFO] [stdout]   --> src/lib.rs:332:89
[INFO] [stdout]    |
[INFO] [stdout] 16 | pub async fn orm_delete_join_with_user_type(pool: &TinyOrmDbPool,user_type:UserType) -> Result<()>{...}
[INFO] [stdout]    |                                                                                         ^^^^^^ -- supplied 1 generic argument
[INFO] [stdout]    |                                                                                         |
[INFO] [stdout]    |                                                                                         expected 2 generic arguments
[INFO] [stdout]    |
[INFO] [stdout] help: add missing generic argument
[INFO] [stdout]    |
[INFO] [stdout] 16 | pub async fn orm_delete_join_with_user_type(pool: &TinyOrmDbPool,user_type:UserType) -> Result<(), E>{...}
[INFO] [stdout]    |                                                                                                  +++
[INFO] [stdout] 
[INFO] [stdout] error[E0107]: enum takes 2 generic arguments but 1 generic argument was supplied
[INFO] [stdout]   --> src/lib.rs:333:89
[INFO] [stdout]    |
[INFO] [stdout] 17 | pub async fn orm_delete_join_with_user_type_id(pool: &TinyOrmDbPool,query_value:u32) -> Result<()>{...}
[INFO] [stdout]    |                                                                                         ^^^^^^ -- supplied 1 generic argument
[INFO] [stdout]    |                                                                                         |
[INFO] [stdout]    |                                                                                         expected 2 generic arguments
[INFO] [stdout]    |
[INFO] [stdout] help: add missing generic argument
[INFO] [stdout]    |
[INFO] [stdout] 17 | pub async fn orm_delete_join_with_user_type_id(pool: &TinyOrmDbPool,query_value:u32) -> Result<(), E>{...}
[INFO] [stdout]    |                                                                                                  +++
[INFO] [stdout] 
[INFO] [stdout] error[E0107]: enum takes 2 generic arguments but 1 generic argument was supplied
[INFO] [stdout]   --> src/lib.rs:334:76
[INFO] [stdout]    |
[INFO] [stdout] 18 | pub async fn orm_update_join_with_user_type(&self,pool: &TinyOrmDbPool) -> Result<()>{...}
[INFO] [stdout]    |                                                                            ^^^^^^ -- supplied 1 generic argument
[INFO] [stdout]    |                                                                            |
[INFO] [stdout]    |                                                                            expected 2 generic arguments
[INFO] [stdout]    |
[INFO] [stdout] help: add missing generic argument
[INFO] [stdout]    |
[INFO] [stdout] 18 | pub async fn orm_update_join_with_user_type(&self,pool: &TinyOrmDbPool) -> Result<(), E>{...}
[INFO] [stdout]    |                                                                                     +++
[INFO] [stdout] 
[INFO] [stdout] error: aborting due to 27 previous errors
[INFO] [stdout] 
[INFO] [stdout] Some errors have detailed explanations: E0107, E0411, E0412, E0586.
[INFO] [stdout] For more information about an error, try `rustc --explain E0107`.
[INFO] [stdout] Couldn't compile the test.
[INFO] [stdout] 
[INFO] [stdout] failures:
[INFO] [stdout]     src/lib.rs - tiny_orm_derive (line 318)
[INFO] [stdout] 
[INFO] [stdout] test result: FAILED. 0 passed; 1 failed; 5 ignored; 0 measured; 0 filtered out; finished in 0.06s
[INFO] [stdout] 
[INFO] [stderr] error: doctest failed, to rerun pass `--doc`
[INFO] running `Command { std: "docker" "inspect" "102561c2e10483df99e766ea6cc2027228e05d1bf17cfedbc6741c398a740385", kill_on_drop: false }`
[INFO] running `Command { std: "docker" "rm" "-f" "102561c2e10483df99e766ea6cc2027228e05d1bf17cfedbc6741c398a740385", kill_on_drop: false }`
[INFO] [stdout] 102561c2e10483df99e766ea6cc2027228e05d1bf17cfedbc6741c398a740385
