[INFO] fetching crate timely_sort 0.1.6...
[INFO] testing timely_sort-0.1.6 against 1.69.0 for beta-1.70-1
[INFO] extracting crate timely_sort 0.1.6 into /workspace/builds/worker-1-tc1/source
[INFO] validating manifest of crates.io crate timely_sort 0.1.6 on toolchain 1.69.0
[INFO] running `Command { std: CARGO_HOME="/workspace/cargo-home" RUSTUP_HOME="/workspace/rustup-home" "/workspace/cargo-home/bin/cargo" "+1.69.0" "metadata" "--manifest-path" "Cargo.toml" "--no-deps", kill_on_drop: false }`
[INFO] started tweaking crates.io crate timely_sort 0.1.6
[INFO] finished tweaking crates.io crate timely_sort 0.1.6
[INFO] tweaked toml for crates.io crate timely_sort 0.1.6 written to /workspace/builds/worker-1-tc1/source/Cargo.toml
[INFO] running `Command { std: CARGO_HOME="/workspace/cargo-home" RUSTUP_HOME="/workspace/rustup-home" __CARGO_TEST_CHANNEL_OVERRIDE_DO_NOT_USE_THIS="nightly" "/workspace/cargo-home/bin/cargo" "+1.69.0" "generate-lockfile" "--manifest-path" "Cargo.toml" "-Zno-index-update", kill_on_drop: false }`
[INFO] running `Command { std: CARGO_HOME="/workspace/cargo-home" RUSTUP_HOME="/workspace/rustup-home" "/workspace/cargo-home/bin/cargo" "+1.69.0" "fetch" "--manifest-path" "Cargo.toml", kill_on_drop: false }`
[INFO] running `Command { std: "docker" "create" "-v" "/var/lib/crater-agent-workspace/builds/worker-1-tc1/target:/opt/rustwide/target:rw,Z" "-v" "/var/lib/crater-agent-workspace/builds/worker-1-tc1/source:/opt/rustwide/workdir:ro,Z" "-v" "/var/lib/crater-agent-workspace/cargo-home:/opt/rustwide/cargo-home:ro,Z" "-v" "/var/lib/crater-agent-workspace/rustup-home:/opt/rustwide/rustup-home:ro,Z" "-e" "SOURCE_DIR=/opt/rustwide/workdir" "-e" "CARGO_TARGET_DIR=/opt/rustwide/target" "-e" "CARGO_HOME=/opt/rustwide/cargo-home" "-e" "RUSTUP_HOME=/opt/rustwide/rustup-home" "-w" "/opt/rustwide/workdir" "-m" "1610612736" "--user" "0:0" "--network" "none" "ghcr.io/rust-lang/crates-build-env/linux@sha256:5ff2268d62e97bff2cde7d5815dd6ed5b47097566f13b8d0ca110b04b60e07ed" "/opt/rustwide/cargo-home/bin/cargo" "+1.69.0" "metadata" "--no-deps" "--format-version=1", kill_on_drop: false }`
[INFO] [stdout] 36c3bcc436bb245ba697d4ff38e5885bd7bac25e9582c1b07bae309e7920d5c9
[INFO] running `Command { std: "docker" "start" "-a" "36c3bcc436bb245ba697d4ff38e5885bd7bac25e9582c1b07bae309e7920d5c9", kill_on_drop: false }`
[INFO] running `Command { std: "docker" "inspect" "36c3bcc436bb245ba697d4ff38e5885bd7bac25e9582c1b07bae309e7920d5c9", kill_on_drop: false }`
[INFO] running `Command { std: "docker" "rm" "-f" "36c3bcc436bb245ba697d4ff38e5885bd7bac25e9582c1b07bae309e7920d5c9", kill_on_drop: false }`
[INFO] [stdout] 36c3bcc436bb245ba697d4ff38e5885bd7bac25e9582c1b07bae309e7920d5c9
[INFO] running `Command { std: "docker" "create" "-v" "/var/lib/crater-agent-workspace/builds/worker-1-tc1/target:/opt/rustwide/target:rw,Z" "-v" "/var/lib/crater-agent-workspace/builds/worker-1-tc1/source:/opt/rustwide/workdir:ro,Z" "-v" "/var/lib/crater-agent-workspace/cargo-home:/opt/rustwide/cargo-home:ro,Z" "-v" "/var/lib/crater-agent-workspace/rustup-home:/opt/rustwide/rustup-home:ro,Z" "-e" "SOURCE_DIR=/opt/rustwide/workdir" "-e" "CARGO_TARGET_DIR=/opt/rustwide/target" "-e" "CARGO_INCREMENTAL=0" "-e" "RUST_BACKTRACE=full" "-e" "RUSTFLAGS=--cap-lints=warn" "-e" "RUSTDOCFLAGS=--cap-lints=warn" "-e" "CARGO_HOME=/opt/rustwide/cargo-home" "-e" "RUSTUP_HOME=/opt/rustwide/rustup-home" "-w" "/opt/rustwide/workdir" "-m" "1610612736" "--user" "0:0" "--network" "none" "ghcr.io/rust-lang/crates-build-env/linux@sha256:5ff2268d62e97bff2cde7d5815dd6ed5b47097566f13b8d0ca110b04b60e07ed" "/opt/rustwide/cargo-home/bin/cargo" "+1.69.0" "build" "--frozen" "--message-format=json", kill_on_drop: false }`
[INFO] [stdout] e6fecd01258458060423b82e5391d9bf5138fe527d1df86e218beec93d519cde
[INFO] running `Command { std: "docker" "start" "-a" "e6fecd01258458060423b82e5391d9bf5138fe527d1df86e218beec93d519cde", kill_on_drop: false }`
[INFO] [stderr]    Compiling timely_sort v0.1.6 (/opt/rustwide/workdir)
[INFO] [stdout] warning: unused macro definition: `per_cache_line`
[INFO] [stdout]   --> src/msb.rs:22:14
[INFO] [stdout]    |
[INFO] [stdout] 22 | macro_rules! per_cache_line {
[INFO] [stdout]    |              ^^^^^^^^^^^^^^
[INFO] [stdout]    |
[INFO] [stdout]    = note: `#[warn(unused_macros)]` on by default
[INFO] [stdout] 
[INFO] [stdout] 
[INFO] [stdout] warning: unused macro definition: `lines_per_page`
[INFO] [stdout]   --> src/msb.rs:26:14
[INFO] [stdout]    |
[INFO] [stdout] 26 | macro_rules! lines_per_page {
[INFO] [stdout]    |              ^^^^^^^^^^^^^^
[INFO] [stdout] 
[INFO] [stdout] 
[INFO] [stdout] warning: 2 warnings emitted
[INFO] [stdout] 
[INFO] [stdout] 
[INFO] [stderr]     Finished dev [unoptimized + debuginfo] target(s) in 0.36s
[INFO] running `Command { std: "docker" "inspect" "e6fecd01258458060423b82e5391d9bf5138fe527d1df86e218beec93d519cde", kill_on_drop: false }`
[INFO] running `Command { std: "docker" "rm" "-f" "e6fecd01258458060423b82e5391d9bf5138fe527d1df86e218beec93d519cde", kill_on_drop: false }`
[INFO] [stdout] e6fecd01258458060423b82e5391d9bf5138fe527d1df86e218beec93d519cde
[INFO] running `Command { std: "docker" "create" "-v" "/var/lib/crater-agent-workspace/builds/worker-1-tc1/target:/opt/rustwide/target:rw,Z" "-v" "/var/lib/crater-agent-workspace/builds/worker-1-tc1/source:/opt/rustwide/workdir:ro,Z" "-v" "/var/lib/crater-agent-workspace/cargo-home:/opt/rustwide/cargo-home:ro,Z" "-v" "/var/lib/crater-agent-workspace/rustup-home:/opt/rustwide/rustup-home:ro,Z" "-e" "SOURCE_DIR=/opt/rustwide/workdir" "-e" "CARGO_TARGET_DIR=/opt/rustwide/target" "-e" "CARGO_INCREMENTAL=0" "-e" "RUST_BACKTRACE=full" "-e" "RUSTFLAGS=--cap-lints=warn" "-e" "RUSTDOCFLAGS=--cap-lints=warn" "-e" "CARGO_HOME=/opt/rustwide/cargo-home" "-e" "RUSTUP_HOME=/opt/rustwide/rustup-home" "-w" "/opt/rustwide/workdir" "-m" "1610612736" "--user" "0:0" "--network" "none" "ghcr.io/rust-lang/crates-build-env/linux@sha256:5ff2268d62e97bff2cde7d5815dd6ed5b47097566f13b8d0ca110b04b60e07ed" "/opt/rustwide/cargo-home/bin/cargo" "+1.69.0" "test" "--frozen" "--no-run" "--message-format=json", kill_on_drop: false }`
[INFO] [stdout] bdba413a82a4b0adbe92f00a67335723c555b88b4ab94c7727e1d8c58ec041d3
[INFO] running `Command { std: "docker" "start" "-a" "bdba413a82a4b0adbe92f00a67335723c555b88b4ab94c7727e1d8c58ec041d3", kill_on_drop: false }`
[INFO] [stderr]    Compiling rand v0.4.6
[INFO] [stdout] warning: unused macro definition: `per_cache_line`
[INFO] [stdout]   --> src/msb.rs:22:14
[INFO] [stdout]    |
[INFO] [stdout] 22 | macro_rules! per_cache_line {
[INFO] [stdout]    |              ^^^^^^^^^^^^^^
[INFO] [stdout]    |
[INFO] [stdout]    = note: `#[warn(unused_macros)]` on by default
[INFO] [stdout] 
[INFO] [stdout] 
[INFO] [stdout] warning: unused macro definition: `lines_per_page`
[INFO] [stdout]   --> src/msb.rs:26:14
[INFO] [stdout]    |
[INFO] [stdout] 26 | macro_rules! lines_per_page {
[INFO] [stdout]    |              ^^^^^^^^^^^^^^
[INFO] [stdout] 
[INFO] [stdout] 
[INFO] [stdout] warning: 2 warnings emitted
[INFO] [stdout] 
[INFO] [stdout] 
[INFO] [stderr]    Compiling rand v0.3.23
[INFO] [stderr]    Compiling timely_sort v0.1.6 (/opt/rustwide/workdir)
[INFO] [stdout] warning: unused macro definition: `per_cache_line`
[INFO] [stdout]   --> src/msb.rs:22:14
[INFO] [stdout]    |
[INFO] [stdout] 22 | macro_rules! per_cache_line {
[INFO] [stdout]    |              ^^^^^^^^^^^^^^
[INFO] [stdout]    |
[INFO] [stdout]    = note: `#[warn(unused_macros)]` on by default
[INFO] [stdout] 
[INFO] [stdout] 
[INFO] [stdout] warning: unused macro definition: `lines_per_page`
[INFO] [stdout]   --> src/msb.rs:26:14
[INFO] [stdout]    |
[INFO] [stdout] 26 | macro_rules! lines_per_page {
[INFO] [stdout]    |              ^^^^^^^^^^^^^^
[INFO] [stdout] 
[INFO] [stdout] 
[INFO] [stdout] warning: 2 warnings emitted
[INFO] [stdout] 
[INFO] [stdout] 
[INFO] [stderr]     Finished test [unoptimized + debuginfo] target(s) in 2.18s
[INFO] running `Command { std: "docker" "inspect" "bdba413a82a4b0adbe92f00a67335723c555b88b4ab94c7727e1d8c58ec041d3", kill_on_drop: false }`
[INFO] running `Command { std: "docker" "rm" "-f" "bdba413a82a4b0adbe92f00a67335723c555b88b4ab94c7727e1d8c58ec041d3", kill_on_drop: false }`
[INFO] [stdout] bdba413a82a4b0adbe92f00a67335723c555b88b4ab94c7727e1d8c58ec041d3
[INFO] running `Command { std: "docker" "create" "-v" "/var/lib/crater-agent-workspace/builds/worker-1-tc1/target:/opt/rustwide/target:rw,Z" "-v" "/var/lib/crater-agent-workspace/builds/worker-1-tc1/source:/opt/rustwide/workdir:ro,Z" "-v" "/var/lib/crater-agent-workspace/cargo-home:/opt/rustwide/cargo-home:ro,Z" "-v" "/var/lib/crater-agent-workspace/rustup-home:/opt/rustwide/rustup-home:ro,Z" "-e" "SOURCE_DIR=/opt/rustwide/workdir" "-e" "CARGO_TARGET_DIR=/opt/rustwide/target" "-e" "CARGO_INCREMENTAL=0" "-e" "RUST_BACKTRACE=full" "-e" "RUSTFLAGS=--cap-lints=warn" "-e" "RUSTDOCFLAGS=--cap-lints=warn" "-e" "CARGO_HOME=/opt/rustwide/cargo-home" "-e" "RUSTUP_HOME=/opt/rustwide/rustup-home" "-w" "/opt/rustwide/workdir" "-m" "1610612736" "--user" "0:0" "--network" "none" "ghcr.io/rust-lang/crates-build-env/linux@sha256:5ff2268d62e97bff2cde7d5815dd6ed5b47097566f13b8d0ca110b04b60e07ed" "/opt/rustwide/cargo-home/bin/cargo" "+1.69.0" "test" "--frozen", kill_on_drop: false }`
[INFO] [stdout] c24752152bc080c9f2f3ccbc80db84ba3c1082b2d4625931d7681651ce69cab8
[INFO] running `Command { std: "docker" "start" "-a" "c24752152bc080c9f2f3ccbc80db84ba3c1082b2d4625931d7681651ce69cab8", kill_on_drop: false }`
[INFO] [stderr] warning: unused macro definition: `per_cache_line`
[INFO] [stderr]   --> src/msb.rs:22:14
[INFO] [stderr]    |
[INFO] [stderr] 22 | macro_rules! per_cache_line {
[INFO] [stderr]    |              ^^^^^^^^^^^^^^
[INFO] [stderr]    |
[INFO] [stderr]    = note: `#[warn(unused_macros)]` on by default
[INFO] [stderr] 
[INFO] [stderr] warning: unused macro definition: `lines_per_page`
[INFO] [stderr]   --> src/msb.rs:26:14
[INFO] [stderr]    |
[INFO] [stderr] 26 | macro_rules! lines_per_page {
[INFO] [stderr]    |              ^^^^^^^^^^^^^^
[INFO] [stderr] 
[INFO] [stderr] warning: `timely_sort` (lib) generated 2 warnings
[INFO] [stderr] warning: `timely_sort` (lib test) generated 2 warnings (2 duplicates)
[INFO] [stderr]     Finished test [unoptimized + debuginfo] target(s) in 0.02s
[INFO] [stderr]      Running unittests src/lib.rs (/opt/rustwide/target/debug/deps/timely_sort-15218f0c96c41c37)
[INFO] [stdout] 
[INFO] [stdout] running 5 tests
[INFO] [stdout] test lsb_swc::test::test1 ... ok
[INFO] [stdout] test lsb_swc::test::test_large ... FAILED
[INFO] [stdout] test msb::test::test_msb ... ok
[INFO] [stdout] test lsb::test::test1 ... ok
[INFO] [stdout] test lsb::test::test_large ... ok
[INFO] [stdout] 
[INFO] [stdout] failures:
[INFO] [stdout] 
[INFO] [stdout] ---- lsb_swc::test::test_large stdout ----
[INFO] [stdout] thread 'lsb_swc::test::test_large' panicked at 'assertion failed: `(left == right)`
[INFO] [stdout]   left: `16`,
[INFO] [stdout]  right: `0`', src/lsb_swc.rs:81:9
[INFO] [stdout] stack backtrace:
[INFO] [stdout]    0:     0x55ec5b8a662a - std::backtrace_rs::backtrace::libunwind::trace::ha9053a9a07ca49cb
[INFO] [stdout]                                at /rustc/84c898d65adf2f39a5a98507f1fe0ce10a2b8dbc/library/std/src/../../backtrace/src/backtrace/libunwind.rs:93:5
[INFO] [stdout]    1:     0x55ec5b8a662a - std::backtrace_rs::backtrace::trace_unsynchronized::h9c2852a457ad564e
[INFO] [stdout]                                at /rustc/84c898d65adf2f39a5a98507f1fe0ce10a2b8dbc/library/std/src/../../backtrace/src/backtrace/mod.rs:66:5
[INFO] [stdout]    2:     0x55ec5b8a662a - std::sys_common::backtrace::_print_fmt::h457936fbfaa0070f
[INFO] [stdout]                                at /rustc/84c898d65adf2f39a5a98507f1fe0ce10a2b8dbc/library/std/src/sys_common/backtrace.rs:65:5
[INFO] [stdout]    3:     0x55ec5b8a662a - <std::sys_common::backtrace::_print::DisplayBacktrace as core::fmt::Display>::fmt::h5779d7bf7f70cb0c
[INFO] [stdout]                                at /rustc/84c898d65adf2f39a5a98507f1fe0ce10a2b8dbc/library/std/src/sys_common/backtrace.rs:44:22
[INFO] [stdout]    4:     0x55ec5b8c9cbe - core::fmt::write::h5a4baaff1bcd3eb5
[INFO] [stdout]                                at /rustc/84c898d65adf2f39a5a98507f1fe0ce10a2b8dbc/library/core/src/fmt/mod.rs:1232:17
[INFO] [stdout]    5:     0x55ec5b8a3aa5 - std::io::Write::write_fmt::h478f79c628ef31d1
[INFO] [stdout]                                at /rustc/84c898d65adf2f39a5a98507f1fe0ce10a2b8dbc/library/std/src/io/mod.rs:1684:15
[INFO] [stdout]    6:     0x55ec5b8a63f5 - std::sys_common::backtrace::_print::h5fcdc36060f177e8
[INFO] [stdout]                                at /rustc/84c898d65adf2f39a5a98507f1fe0ce10a2b8dbc/library/std/src/sys_common/backtrace.rs:47:5
[INFO] [stdout]    7:     0x55ec5b8a63f5 - std::sys_common::backtrace::print::h54ca9458b876c8bf
[INFO] [stdout]                                at /rustc/84c898d65adf2f39a5a98507f1fe0ce10a2b8dbc/library/std/src/sys_common/backtrace.rs:34:9
[INFO] [stdout]    8:     0x55ec5b8a81bf - std::panicking::default_hook::{{closure}}::hbe471161c7664ed6
[INFO] [stdout]                                at /rustc/84c898d65adf2f39a5a98507f1fe0ce10a2b8dbc/library/std/src/panicking.rs:271:22
[INFO] [stdout]    9:     0x55ec5b8a7e7f - std::panicking::default_hook::ha3500da57aa4ac4f
[INFO] [stdout]                                at /rustc/84c898d65adf2f39a5a98507f1fe0ce10a2b8dbc/library/std/src/panicking.rs:287:9
[INFO] [stdout]   10:     0x55ec5b87ab97 - <alloc::boxed::Box<F,A> as core::ops::function::Fn<Args>>::call::hdf1b89dd137ece34
[INFO] [stdout]                                at /rustc/84c898d65adf2f39a5a98507f1fe0ce10a2b8dbc/library/alloc/src/boxed.rs:2001:9
[INFO] [stdout]   11:     0x55ec5b87ab97 - test::test_main::{{closure}}::h9081a79f20e75698
[INFO] [stdout]                                at /rustc/84c898d65adf2f39a5a98507f1fe0ce10a2b8dbc/library/test/src/lib.rs:135:21
[INFO] [stdout]   12:     0x55ec5b8a88ed - <alloc::boxed::Box<F,A> as core::ops::function::Fn<Args>>::call::h6507bddc3eebb4a5
[INFO] [stdout]                                at /rustc/84c898d65adf2f39a5a98507f1fe0ce10a2b8dbc/library/alloc/src/boxed.rs:2001:9
[INFO] [stdout]   13:     0x55ec5b8a88ed - std::panicking::rust_panic_with_hook::h50c09d000dc561d2
[INFO] [stdout]                                at /rustc/84c898d65adf2f39a5a98507f1fe0ce10a2b8dbc/library/std/src/panicking.rs:696:13
[INFO] [stdout]   14:     0x55ec5b8a8669 - std::panicking::begin_panic_handler::{{closure}}::h9e2b2176e00e0d9c
[INFO] [stdout]                                at /rustc/84c898d65adf2f39a5a98507f1fe0ce10a2b8dbc/library/std/src/panicking.rs:583:13
[INFO] [stdout]   15:     0x55ec5b8a6a96 - std::sys_common::backtrace::__rust_end_short_backtrace::h5739b8e512c09d02
[INFO] [stdout]                                at /rustc/84c898d65adf2f39a5a98507f1fe0ce10a2b8dbc/library/std/src/sys_common/backtrace.rs:150:18
[INFO] [stdout]   16:     0x55ec5b8a8372 - rust_begin_unwind
[INFO] [stdout]                                at /rustc/84c898d65adf2f39a5a98507f1fe0ce10a2b8dbc/library/std/src/panicking.rs:579:5
[INFO] [stdout]   17:     0x55ec5b81fb83 - core::panicking::panic_fmt::hf33a1475b4dc5c3e
[INFO] [stdout]                                at /rustc/84c898d65adf2f39a5a98507f1fe0ce10a2b8dbc/library/core/src/panicking.rs:64:14
[INFO] [stdout]   18:     0x55ec5b81fe5f - core::panicking::assert_failed_inner::haf9816227b20b6f2
[INFO] [stdout]   19:     0x55ec5b84a94a - core::panicking::assert_failed::hdd5737ac7ac83d42
[INFO] [stdout]                                at /rustc/84c898d65adf2f39a5a98507f1fe0ce10a2b8dbc/library/core/src/panicking.rs:211:5
[INFO] [stdout]   20:     0x55ec5b832a50 - timely_sort::lsb_swc::Shuffler<T>::new::hfa29e51ad58ca7f8
[INFO] [stdout]                                at /opt/rustwide/workdir/src/lsb_swc.rs:81:9
[INFO] [stdout]   21:     0x55ec5b83237a - <timely_sort::lsb_swc::Sorter<T> as timely_sort::RadixSorterBase<T>>::new::h0f5a32be718ccb8e
[INFO] [stdout]                                at /opt/rustwide/workdir/src/lsb_swc.rs:45:43
[INFO] [stdout]   22:     0x55ec5b82f316 - timely_sort::lsb_swc::test::test_large::hcd022af87d480464
[INFO] [stdout]                                at /opt/rustwide/workdir/src/lsb_swc.rs:197:26
[INFO] [stdout]   23:     0x55ec5b82f0c7 - timely_sort::lsb_swc::test::test_large::{{closure}}::h06a531d187ee4125
[INFO] [stdout]                                at /opt/rustwide/workdir/src/lsb_swc.rs:184:21
[INFO] [stdout]   24:     0x55ec5b82c9c5 - core::ops::function::FnOnce::call_once::h248e5201210ee0a3
[INFO] [stdout]                                at /rustc/84c898d65adf2f39a5a98507f1fe0ce10a2b8dbc/library/core/src/ops/function.rs:250:5
[INFO] [stdout]   25:     0x55ec5b87ff7f - core::ops::function::FnOnce::call_once::h7d969581be7d0075
[INFO] [stdout]                                at /rustc/84c898d65adf2f39a5a98507f1fe0ce10a2b8dbc/library/core/src/ops/function.rs:250:5
[INFO] [stdout]   26:     0x55ec5b87ff7f - test::__rust_begin_short_backtrace::hca25a52684e56655
[INFO] [stdout]                                at /rustc/84c898d65adf2f39a5a98507f1fe0ce10a2b8dbc/library/test/src/lib.rs:656:18
[INFO] [stdout]   27:     0x55ec5b85159c - test::run_test::{{closure}}::ha8ac744c4af1a4bb
[INFO] [stdout]                                at /rustc/84c898d65adf2f39a5a98507f1fe0ce10a2b8dbc/library/test/src/lib.rs:647:30
[INFO] [stdout]   28:     0x55ec5b85159c - core::ops::function::FnOnce::call_once{{vtable.shim}}::h7b411a9ed45bdecf
[INFO] [stdout]                                at /rustc/84c898d65adf2f39a5a98507f1fe0ce10a2b8dbc/library/core/src/ops/function.rs:250:5
[INFO] [stdout]   29:     0x55ec5b87ef46 - <alloc::boxed::Box<F,A> as core::ops::function::FnOnce<Args>>::call_once::hd05328869a8ed200
[INFO] [stdout]                                at /rustc/84c898d65adf2f39a5a98507f1fe0ce10a2b8dbc/library/alloc/src/boxed.rs:1987:9
[INFO] [stdout]   30:     0x55ec5b87ef46 - <core::panic::unwind_safe::AssertUnwindSafe<F> as core::ops::function::FnOnce<()>>::call_once::h0c601ce20bd5b2be
[INFO] [stdout]                                at /rustc/84c898d65adf2f39a5a98507f1fe0ce10a2b8dbc/library/core/src/panic/unwind_safe.rs:271:9
[INFO] [stdout]   31:     0x55ec5b87ef46 - std::panicking::try::do_call::ha4be5c164fe30854
[INFO] [stdout]                                at /rustc/84c898d65adf2f39a5a98507f1fe0ce10a2b8dbc/library/std/src/panicking.rs:487:40
[INFO] [stdout]   32:     0x55ec5b87ef46 - std::panicking::try::h604546f3609af05f
[INFO] [stdout]                                at /rustc/84c898d65adf2f39a5a98507f1fe0ce10a2b8dbc/library/std/src/panicking.rs:451:19
[INFO] [stdout]   33:     0x55ec5b87ef46 - std::panic::catch_unwind::h5bfa8afe44c9c2f9
[INFO] [stdout]                                at /rustc/84c898d65adf2f39a5a98507f1fe0ce10a2b8dbc/library/std/src/panic.rs:140:14
[INFO] [stdout]   34:     0x55ec5b87ef46 - test::run_test_in_process::hd50dee55dd63e6aa
[INFO] [stdout]                                at /rustc/84c898d65adf2f39a5a98507f1fe0ce10a2b8dbc/library/test/src/lib.rs:679:27
[INFO] [stdout]   35:     0x55ec5b87ef46 - test::run_test::run_test_inner::{{closure}}::h4aa0f433aa85cea8
[INFO] [stdout]                                at /rustc/84c898d65adf2f39a5a98507f1fe0ce10a2b8dbc/library/test/src/lib.rs:573:39
[INFO] [stdout]   36:     0x55ec5b84bc11 - test::run_test::run_test_inner::{{closure}}::had56431adf24b4d6
[INFO] [stdout]                                at /rustc/84c898d65adf2f39a5a98507f1fe0ce10a2b8dbc/library/test/src/lib.rs:600:37
[INFO] [stdout]   37:     0x55ec5b84bc11 - std::sys_common::backtrace::__rust_begin_short_backtrace::ha8d9890e0c73bf13
[INFO] [stdout]                                at /rustc/84c898d65adf2f39a5a98507f1fe0ce10a2b8dbc/library/std/src/sys_common/backtrace.rs:134:18
[INFO] [stdout]   38:     0x55ec5b85162b - std::thread::Builder::spawn_unchecked_::{{closure}}::{{closure}}::h251832bcb4a95327
[INFO] [stdout]                                at /rustc/84c898d65adf2f39a5a98507f1fe0ce10a2b8dbc/library/std/src/thread/mod.rs:560:17
[INFO] [stdout]   39:     0x55ec5b85162b - <core::panic::unwind_safe::AssertUnwindSafe<F> as core::ops::function::FnOnce<()>>::call_once::h8fdff598fa414831
[INFO] [stdout]                                at /rustc/84c898d65adf2f39a5a98507f1fe0ce10a2b8dbc/library/core/src/panic/unwind_safe.rs:271:9
[INFO] [stdout]   40:     0x55ec5b85162b - std::panicking::try::do_call::h455dd2f7764a950f
[INFO] [stdout]                                at /rustc/84c898d65adf2f39a5a98507f1fe0ce10a2b8dbc/library/std/src/panicking.rs:487:40
[INFO] [stdout]   41:     0x55ec5b85162b - std::panicking::try::had6f23b7b73ae72a
[INFO] [stdout]                                at /rustc/84c898d65adf2f39a5a98507f1fe0ce10a2b8dbc/library/std/src/panicking.rs:451:19
[INFO] [stdout]   42:     0x55ec5b85162b - std::panic::catch_unwind::ha6a5ca3915b4dad0
[INFO] [stdout]                                at /rustc/84c898d65adf2f39a5a98507f1fe0ce10a2b8dbc/library/std/src/panic.rs:140:14
[INFO] [stdout]   43:     0x55ec5b85162b - std::thread::Builder::spawn_unchecked_::{{closure}}::h883b72ef75da6231
[INFO] [stdout]                                at /rustc/84c898d65adf2f39a5a98507f1fe0ce10a2b8dbc/library/std/src/thread/mod.rs:559:30
[INFO] [stdout]   44:     0x55ec5b85162b - core::ops::function::FnOnce::call_once{{vtable.shim}}::hb7dff73dc8bd2ccb
[INFO] [stdout]                                at /rustc/84c898d65adf2f39a5a98507f1fe0ce10a2b8dbc/library/core/src/ops/function.rs:250:5
[INFO] [stdout]   45:     0x55ec5b8acc53 - <alloc::boxed::Box<F,A> as core::ops::function::FnOnce<Args>>::call_once::h39990b24eedef2ab
[INFO] [stdout]                                at /rustc/84c898d65adf2f39a5a98507f1fe0ce10a2b8dbc/library/alloc/src/boxed.rs:1987:9
[INFO] [stdout]   46:     0x55ec5b8acc53 - <alloc::boxed::Box<F,A> as core::ops::function::FnOnce<Args>>::call_once::h01a027258444143b
[INFO] [stdout]                                at /rustc/84c898d65adf2f39a5a98507f1fe0ce10a2b8dbc/library/alloc/src/boxed.rs:1987:9
[INFO] [stdout]   47:     0x55ec5b8acc53 - std::sys::unix::thread::Thread::new::thread_start::ha4f1cdd9c25884ba
[INFO] [stdout]                                at /rustc/84c898d65adf2f39a5a98507f1fe0ce10a2b8dbc/library/std/src/sys/unix/thread.rs:108:17
[INFO] [stdout]   48:     0x7fb88e489b43 - <unknown>
[INFO] [stdout]   49:     0x7fb88e51abb4 - __clone
[INFO] [stdout]   50:                0x0 - <unknown>
[INFO] [stdout] 
[INFO] [stdout] 
[INFO] [stdout] failures:
[INFO] [stdout]     lsb_swc::test::test_large
[INFO] [stdout] 
[INFO] [stdout] test result: FAILED. 4 passed; 1 failed; 0 ignored; 0 measured; 0 filtered out; finished in 6.23s
[INFO] [stdout] 
[INFO] [stderr] error: test failed, to rerun pass `--lib`
[INFO] running `Command { std: "docker" "inspect" "c24752152bc080c9f2f3ccbc80db84ba3c1082b2d4625931d7681651ce69cab8", kill_on_drop: false }`
[INFO] running `Command { std: "docker" "rm" "-f" "c24752152bc080c9f2f3ccbc80db84ba3c1082b2d4625931d7681651ce69cab8", kill_on_drop: false }`
[INFO] [stdout] c24752152bc080c9f2f3ccbc80db84ba3c1082b2d4625931d7681651ce69cab8
