[INFO] fetching crate tiktoken-rs 0.4.2...
[INFO] testing tiktoken-rs-0.4.2 against beta-2023-04-20 for beta-1.70-1
[INFO] extracting crate tiktoken-rs 0.4.2 into /workspace/builds/worker-5-tc2/source
[INFO] validating manifest of crates.io crate tiktoken-rs 0.4.2 on toolchain beta-2023-04-20
[INFO] running `Command { std: CARGO_HOME="/workspace/cargo-home" RUSTUP_HOME="/workspace/rustup-home" "/workspace/cargo-home/bin/cargo" "+beta-2023-04-20" "metadata" "--manifest-path" "Cargo.toml" "--no-deps", kill_on_drop: false }`
[INFO] started tweaking crates.io crate tiktoken-rs 0.4.2
[INFO] finished tweaking crates.io crate tiktoken-rs 0.4.2
[INFO] tweaked toml for crates.io crate tiktoken-rs 0.4.2 written to /workspace/builds/worker-5-tc2/source/Cargo.toml
[INFO] crate crates.io crate tiktoken-rs 0.4.2 already has a lockfile, it will not be regenerated
[INFO] running `Command { std: CARGO_HOME="/workspace/cargo-home" RUSTUP_HOME="/workspace/rustup-home" "/workspace/cargo-home/bin/cargo" "+beta-2023-04-20" "fetch" "--manifest-path" "Cargo.toml", kill_on_drop: false }`
[INFO] [stderr]     Updating crates.io index
[INFO] [stderr]  Downloading crates ...
[INFO] [stderr]   Downloaded async-openai v0.10.3
[INFO] [stderr]   Downloaded pyo3-ffi v0.18.3
[INFO] [stderr]   Downloaded pyo3-build-config v0.18.3
[INFO] [stderr]   Downloaded derive_builder_macro v0.12.0
[INFO] [stderr]   Downloaded derive_builder v0.12.0
[INFO] [stderr]   Downloaded derive_builder_core v0.12.0
[INFO] [stderr]   Downloaded unindent v0.1.11
[INFO] [stderr]   Downloaded eventsource-stream v0.2.3
[INFO] [stderr]   Downloaded reqwest-eventsource v0.4.0
[INFO] [stderr]   Downloaded pyo3-macros-backend v0.18.3
[INFO] [stderr]   Downloaded fancy-regex v0.11.0
[INFO] [stderr]   Downloaded indoc v1.0.9
[INFO] [stderr]   Downloaded pyo3-macros v0.18.3
[INFO] [stderr]   Downloaded pyo3 v0.18.3
[INFO] running `Command { std: "docker" "create" "-v" "/var/lib/crater-agent-workspace/builds/worker-5-tc2/target:/opt/rustwide/target:rw,Z" "-v" "/var/lib/crater-agent-workspace/builds/worker-5-tc2/source:/opt/rustwide/workdir:ro,Z" "-v" "/var/lib/crater-agent-workspace/cargo-home:/opt/rustwide/cargo-home:ro,Z" "-v" "/var/lib/crater-agent-workspace/rustup-home:/opt/rustwide/rustup-home:ro,Z" "-e" "SOURCE_DIR=/opt/rustwide/workdir" "-e" "CARGO_TARGET_DIR=/opt/rustwide/target" "-e" "CARGO_HOME=/opt/rustwide/cargo-home" "-e" "RUSTUP_HOME=/opt/rustwide/rustup-home" "-w" "/opt/rustwide/workdir" "-m" "1610612736" "--user" "0:0" "--network" "none" "ghcr.io/rust-lang/crates-build-env/linux@sha256:5ff2268d62e97bff2cde7d5815dd6ed5b47097566f13b8d0ca110b04b60e07ed" "/opt/rustwide/cargo-home/bin/cargo" "+beta-2023-04-20" "metadata" "--no-deps" "--format-version=1", kill_on_drop: false }`
[INFO] [stdout] ed1de70e72d2feba408b8664732ee470bba8c18603b5899a2250c6780b2dfe21
[INFO] running `Command { std: "docker" "start" "-a" "ed1de70e72d2feba408b8664732ee470bba8c18603b5899a2250c6780b2dfe21", kill_on_drop: false }`
[INFO] running `Command { std: "docker" "inspect" "ed1de70e72d2feba408b8664732ee470bba8c18603b5899a2250c6780b2dfe21", kill_on_drop: false }`
[INFO] running `Command { std: "docker" "rm" "-f" "ed1de70e72d2feba408b8664732ee470bba8c18603b5899a2250c6780b2dfe21", kill_on_drop: false }`
[INFO] [stdout] ed1de70e72d2feba408b8664732ee470bba8c18603b5899a2250c6780b2dfe21
[INFO] running `Command { std: "docker" "create" "-v" "/var/lib/crater-agent-workspace/builds/worker-5-tc2/target:/opt/rustwide/target:rw,Z" "-v" "/var/lib/crater-agent-workspace/builds/worker-5-tc2/source:/opt/rustwide/workdir:ro,Z" "-v" "/var/lib/crater-agent-workspace/cargo-home:/opt/rustwide/cargo-home:ro,Z" "-v" "/var/lib/crater-agent-workspace/rustup-home:/opt/rustwide/rustup-home:ro,Z" "-e" "SOURCE_DIR=/opt/rustwide/workdir" "-e" "CARGO_TARGET_DIR=/opt/rustwide/target" "-e" "CARGO_INCREMENTAL=0" "-e" "RUST_BACKTRACE=full" "-e" "RUSTFLAGS=--cap-lints=warn" "-e" "RUSTDOCFLAGS=--cap-lints=warn" "-e" "CARGO_HOME=/opt/rustwide/cargo-home" "-e" "RUSTUP_HOME=/opt/rustwide/rustup-home" "-w" "/opt/rustwide/workdir" "-m" "1610612736" "--user" "0:0" "--network" "none" "ghcr.io/rust-lang/crates-build-env/linux@sha256:5ff2268d62e97bff2cde7d5815dd6ed5b47097566f13b8d0ca110b04b60e07ed" "/opt/rustwide/cargo-home/bin/cargo" "+beta-2023-04-20" "build" "--frozen" "--message-format=json", kill_on_drop: false }`
[INFO] [stdout] db3ad831ef985ed1d3279b83b58eab62a5c4e27eb390e6ef9ad10a8bc2953083
[INFO] running `Command { std: "docker" "start" "-a" "db3ad831ef985ed1d3279b83b58eab62a5c4e27eb390e6ef9ad10a8bc2953083", kill_on_drop: false }`
[INFO] [stderr]    Compiling parking_lot_core v0.9.7
[INFO] [stderr]    Compiling regex-syntax v0.7.1
[INFO] [stderr]    Compiling bit-vec v0.6.3
[INFO] [stderr]    Compiling lock_api v0.4.9
[INFO] [stderr]    Compiling anyhow v1.0.70
[INFO] [stderr]    Compiling aho-corasick v1.0.1
[INFO] [stderr]    Compiling once_cell v1.17.1
[INFO] [stderr]    Compiling regex-automata v0.1.10
[INFO] [stderr]    Compiling bit-set v0.5.3
[INFO] [stderr]    Compiling bstr v1.4.0
[INFO] [stderr]    Compiling rustc-hash v1.1.0
[INFO] [stderr]    Compiling base64 v0.21.0
[INFO] [stderr]    Compiling parking_lot v0.12.1
[INFO] [stderr]    Compiling regex v1.8.1
[INFO] [stderr]    Compiling fancy-regex v0.11.0
[INFO] [stderr]    Compiling tiktoken-rs v0.4.2 (/opt/rustwide/workdir)
[INFO] [stderr]     Finished dev [unoptimized + debuginfo] target(s) in 4.99s
[INFO] running `Command { std: "docker" "inspect" "db3ad831ef985ed1d3279b83b58eab62a5c4e27eb390e6ef9ad10a8bc2953083", kill_on_drop: false }`
[INFO] running `Command { std: "docker" "rm" "-f" "db3ad831ef985ed1d3279b83b58eab62a5c4e27eb390e6ef9ad10a8bc2953083", kill_on_drop: false }`
[INFO] [stdout] db3ad831ef985ed1d3279b83b58eab62a5c4e27eb390e6ef9ad10a8bc2953083
[INFO] running `Command { std: "docker" "create" "-v" "/var/lib/crater-agent-workspace/builds/worker-5-tc2/target:/opt/rustwide/target:rw,Z" "-v" "/var/lib/crater-agent-workspace/builds/worker-5-tc2/source:/opt/rustwide/workdir:ro,Z" "-v" "/var/lib/crater-agent-workspace/cargo-home:/opt/rustwide/cargo-home:ro,Z" "-v" "/var/lib/crater-agent-workspace/rustup-home:/opt/rustwide/rustup-home:ro,Z" "-e" "SOURCE_DIR=/opt/rustwide/workdir" "-e" "CARGO_TARGET_DIR=/opt/rustwide/target" "-e" "CARGO_INCREMENTAL=0" "-e" "RUST_BACKTRACE=full" "-e" "RUSTFLAGS=--cap-lints=warn" "-e" "RUSTDOCFLAGS=--cap-lints=warn" "-e" "CARGO_HOME=/opt/rustwide/cargo-home" "-e" "RUSTUP_HOME=/opt/rustwide/rustup-home" "-w" "/opt/rustwide/workdir" "-m" "1610612736" "--user" "0:0" "--network" "none" "ghcr.io/rust-lang/crates-build-env/linux@sha256:5ff2268d62e97bff2cde7d5815dd6ed5b47097566f13b8d0ca110b04b60e07ed" "/opt/rustwide/cargo-home/bin/cargo" "+beta-2023-04-20" "test" "--frozen" "--no-run" "--message-format=json", kill_on_drop: false }`
[INFO] [stdout] 0c2ab269793b871a1512fe0ed6e30ceae41f4b9897a389b6db8f9037bc905275
[INFO] running `Command { std: "docker" "start" "-a" "0c2ab269793b871a1512fe0ed6e30ceae41f4b9897a389b6db8f9037bc905275", kill_on_drop: false }`
[INFO] [stderr]    Compiling tiktoken-rs v0.4.2 (/opt/rustwide/workdir)
[INFO] [stderr]     Finished test [unoptimized + debuginfo] target(s) in 1.95s
[INFO] running `Command { std: "docker" "inspect" "0c2ab269793b871a1512fe0ed6e30ceae41f4b9897a389b6db8f9037bc905275", kill_on_drop: false }`
[INFO] running `Command { std: "docker" "rm" "-f" "0c2ab269793b871a1512fe0ed6e30ceae41f4b9897a389b6db8f9037bc905275", kill_on_drop: false }`
[INFO] [stdout] 0c2ab269793b871a1512fe0ed6e30ceae41f4b9897a389b6db8f9037bc905275
[INFO] running `Command { std: "docker" "create" "-v" "/var/lib/crater-agent-workspace/builds/worker-5-tc2/target:/opt/rustwide/target:rw,Z" "-v" "/var/lib/crater-agent-workspace/builds/worker-5-tc2/source:/opt/rustwide/workdir:ro,Z" "-v" "/var/lib/crater-agent-workspace/cargo-home:/opt/rustwide/cargo-home:ro,Z" "-v" "/var/lib/crater-agent-workspace/rustup-home:/opt/rustwide/rustup-home:ro,Z" "-e" "SOURCE_DIR=/opt/rustwide/workdir" "-e" "CARGO_TARGET_DIR=/opt/rustwide/target" "-e" "CARGO_INCREMENTAL=0" "-e" "RUST_BACKTRACE=full" "-e" "RUSTFLAGS=--cap-lints=warn" "-e" "RUSTDOCFLAGS=--cap-lints=warn" "-e" "CARGO_HOME=/opt/rustwide/cargo-home" "-e" "RUSTUP_HOME=/opt/rustwide/rustup-home" "-w" "/opt/rustwide/workdir" "-m" "1610612736" "--user" "0:0" "--network" "none" "ghcr.io/rust-lang/crates-build-env/linux@sha256:5ff2268d62e97bff2cde7d5815dd6ed5b47097566f13b8d0ca110b04b60e07ed" "/opt/rustwide/cargo-home/bin/cargo" "+beta-2023-04-20" "test" "--frozen", kill_on_drop: false }`
[INFO] [stdout] 8e671f94710c8813cdc09f7e4c4069cd1449097e3a646fec3e5ec164eaf737df
[INFO] running `Command { std: "docker" "start" "-a" "8e671f94710c8813cdc09f7e4c4069cd1449097e3a646fec3e5ec164eaf737df", kill_on_drop: false }`
[INFO] [stderr]     Finished test [unoptimized + debuginfo] target(s) in 0.07s
[INFO] [stderr]      Running unittests src/lib.rs (/opt/rustwide/target/debug/deps/tiktoken_rs-ddd240b73ec89f30)
[INFO] [stdout] 
[INFO] [stdout] running 6 tests
[INFO] [stdout] test vendor_tiktoken::tests::very_simple_test ... ok
[INFO] [stdout] test tokenizer::tests::test_get_tokenizer ... ok
[INFO] [stdout] test api::tests::test_get_chat_completion_max_tokens ... ok
[INFO] [stdout] test api::tests::test_get_completion_max_tokens ... ok
[INFO] [stdout] test api::tests::test_get_bpe_from_tokenizer ... ok
[INFO] [stdout] test api::tests::test_num_tokens_from_messages ... ok
[INFO] [stdout] 
[INFO] [stdout] test result: ok. 6 passed; 0 failed; 0 ignored; 0 measured; 0 filtered out; finished in 2.01s
[INFO] [stdout] 
[INFO] [stderr]      Running tests/tiktoken.rs (/opt/rustwide/target/debug/deps/tiktoken-d2e47667d0bf32bb)
[INFO] [stdout] 
[INFO] [stdout] running 6 tests
[INFO] [stdout] test very_simple_test ... ok
[INFO] [stdout] test r50k_base_test ... ok
[INFO] [stdout] test p50k_base_test ... ok
[INFO] [stdout] test p50k_base_singleton_test ... ok
[INFO] [stdout] test cl100k_base_test ... ok
[INFO] [stdout] test cl100k_split_test ... ok
[INFO] [stdout] 
[INFO] [stdout] test result: ok. 6 passed; 0 failed; 0 ignored; 0 measured; 0 filtered out; finished in 1.35s
[INFO] [stdout] 
[INFO] [stderr]    Doc-tests tiktoken-rs
[INFO] [stdout] 
[INFO] [stdout] running 11 tests
[INFO] [stdout] test src/lib.rs - (line 73) ... FAILED
[INFO] [stdout] test src/tokenizer.rs - tokenizer::Tokenizer (line 16) ... ok
[INFO] [stdout] test src/model.rs - model::get_context_size (line 24) ... ok
[INFO] [stdout] test src/tokenizer.rs - tokenizer::get_tokenizer (line 101) ... ok
[INFO] [stdout] test src/lib.rs - (line 33) ... ok
[INFO] [stdout] test src/api.rs - api::get_completion_max_tokens (line 30) ... ok
[INFO] [stdout] test src/lib.rs - (line 45) ... ok
[INFO] [stdout] test src/api.rs - api::get_bpe_from_tokenizer (line 226) ... ok
[INFO] [stdout] test src/api.rs - api::get_bpe_from_model (line 194) ... ok
[INFO] [stdout] test src/api.rs - api::get_chat_completion_max_tokens (line 139) ... ok
[INFO] [stdout] test src/vendor_tiktoken.rs - vendor_tiktoken::CoreBPE::split_by_token (line 567) ... ok
[INFO] [stdout] 
[INFO] [stdout] failures:
[INFO] [stdout] 
[INFO] [stdout] ---- src/lib.rs - (line 73) stdout ----
[INFO] [stdout] error[E0433]: failed to resolve: use of undeclared crate or module `async_openai`
[INFO] [stdout]  --> src/lib.rs:75:5
[INFO] [stdout]   |
[INFO] [stdout] 5 | use async_openai::types::{ChatCompletionRequestMessage, Role};
[INFO] [stdout]   |     ^^^^^^^^^^^^ use of undeclared crate or module `async_openai`
[INFO] [stdout] 
[INFO] [stdout] error[E0432]: unresolved import `tiktoken_rs::async_openai`
[INFO] [stdout]  --> src/lib.rs:74:18
[INFO] [stdout]   |
[INFO] [stdout] 4 | use tiktoken_rs::async_openai::get_chat_completion_max_tokens;
[INFO] [stdout]   |                  ^^^^^^^^^^^^ could not find `async_openai` in `tiktoken_rs`
[INFO] [stdout] 
[INFO] [stdout] error: aborting due to 2 previous errors
[INFO] [stdout] 
[INFO] [stdout] Some errors have detailed explanations: E0432, E0433.
[INFO] [stdout] For more information about an error, try `rustc --explain E0432`.
[INFO] [stdout] Couldn't compile the test.
[INFO] [stdout] 
[INFO] [stdout] failures:
[INFO] [stdout]     src/lib.rs - (line 73)
[INFO] [stdout] 
[INFO] [stdout] test result: FAILED. 10 passed; 1 failed; 0 ignored; 0 measured; 0 filtered out; finished in 3.21s
[INFO] [stdout] 
[INFO] [stderr] error: doctest failed, to rerun pass `--doc`
[INFO] running `Command { std: "docker" "inspect" "8e671f94710c8813cdc09f7e4c4069cd1449097e3a646fec3e5ec164eaf737df", kill_on_drop: false }`
[INFO] running `Command { std: "docker" "rm" "-f" "8e671f94710c8813cdc09f7e4c4069cd1449097e3a646fec3e5ec164eaf737df", kill_on_drop: false }`
[INFO] [stdout] 8e671f94710c8813cdc09f7e4c4069cd1449097e3a646fec3e5ec164eaf737df
