[INFO] fetching crate tide-serve-dir-macro 0.1.2...
[INFO] testing tide-serve-dir-macro-0.1.2 against 1.69.0 for beta-1.70-1
[INFO] extracting crate tide-serve-dir-macro 0.1.2 into /workspace/builds/worker-0-tc1/source
[INFO] validating manifest of crates.io crate tide-serve-dir-macro 0.1.2 on toolchain 1.69.0
[INFO] running `Command { std: CARGO_HOME="/workspace/cargo-home" RUSTUP_HOME="/workspace/rustup-home" "/workspace/cargo-home/bin/cargo" "+1.69.0" "metadata" "--manifest-path" "Cargo.toml" "--no-deps", kill_on_drop: false }`
[INFO] started tweaking crates.io crate tide-serve-dir-macro 0.1.2
[INFO] finished tweaking crates.io crate tide-serve-dir-macro 0.1.2
[INFO] tweaked toml for crates.io crate tide-serve-dir-macro 0.1.2 written to /workspace/builds/worker-0-tc1/source/Cargo.toml
[INFO] running `Command { std: CARGO_HOME="/workspace/cargo-home" RUSTUP_HOME="/workspace/rustup-home" __CARGO_TEST_CHANNEL_OVERRIDE_DO_NOT_USE_THIS="nightly" "/workspace/cargo-home/bin/cargo" "+1.69.0" "generate-lockfile" "--manifest-path" "Cargo.toml" "-Zno-index-update", kill_on_drop: false }`
[INFO] [stderr]     Blocking waiting for file lock on package cache
[INFO] running `Command { std: CARGO_HOME="/workspace/cargo-home" RUSTUP_HOME="/workspace/rustup-home" "/workspace/cargo-home/bin/cargo" "+1.69.0" "fetch" "--manifest-path" "Cargo.toml", kill_on_drop: false }`
[INFO] [stderr]     Blocking waiting for file lock on package cache
[INFO] running `Command { std: "docker" "create" "-v" "/var/lib/crater-agent-workspace/builds/worker-0-tc1/target:/opt/rustwide/target:rw,Z" "-v" "/var/lib/crater-agent-workspace/builds/worker-0-tc1/source:/opt/rustwide/workdir:ro,Z" "-v" "/var/lib/crater-agent-workspace/cargo-home:/opt/rustwide/cargo-home:ro,Z" "-v" "/var/lib/crater-agent-workspace/rustup-home:/opt/rustwide/rustup-home:ro,Z" "-e" "SOURCE_DIR=/opt/rustwide/workdir" "-e" "CARGO_TARGET_DIR=/opt/rustwide/target" "-e" "CARGO_HOME=/opt/rustwide/cargo-home" "-e" "RUSTUP_HOME=/opt/rustwide/rustup-home" "-w" "/opt/rustwide/workdir" "-m" "1610612736" "--user" "0:0" "--network" "none" "ghcr.io/rust-lang/crates-build-env/linux@sha256:5ff2268d62e97bff2cde7d5815dd6ed5b47097566f13b8d0ca110b04b60e07ed" "/opt/rustwide/cargo-home/bin/cargo" "+1.69.0" "metadata" "--no-deps" "--format-version=1", kill_on_drop: false }`
[INFO] [stdout] ed8d84f896131c6966c8227b88d80296ce78a5b8887832737e3b19dfbe79689a
[INFO] running `Command { std: "docker" "start" "-a" "ed8d84f896131c6966c8227b88d80296ce78a5b8887832737e3b19dfbe79689a", kill_on_drop: false }`
[INFO] running `Command { std: "docker" "inspect" "ed8d84f896131c6966c8227b88d80296ce78a5b8887832737e3b19dfbe79689a", kill_on_drop: false }`
[INFO] running `Command { std: "docker" "rm" "-f" "ed8d84f896131c6966c8227b88d80296ce78a5b8887832737e3b19dfbe79689a", kill_on_drop: false }`
[INFO] [stdout] ed8d84f896131c6966c8227b88d80296ce78a5b8887832737e3b19dfbe79689a
[INFO] running `Command { std: "docker" "create" "-v" "/var/lib/crater-agent-workspace/builds/worker-0-tc1/target:/opt/rustwide/target:rw,Z" "-v" "/var/lib/crater-agent-workspace/builds/worker-0-tc1/source:/opt/rustwide/workdir:ro,Z" "-v" "/var/lib/crater-agent-workspace/cargo-home:/opt/rustwide/cargo-home:ro,Z" "-v" "/var/lib/crater-agent-workspace/rustup-home:/opt/rustwide/rustup-home:ro,Z" "-e" "SOURCE_DIR=/opt/rustwide/workdir" "-e" "CARGO_TARGET_DIR=/opt/rustwide/target" "-e" "CARGO_INCREMENTAL=0" "-e" "RUST_BACKTRACE=full" "-e" "RUSTFLAGS=--cap-lints=warn" "-e" "RUSTDOCFLAGS=--cap-lints=warn" "-e" "CARGO_HOME=/opt/rustwide/cargo-home" "-e" "RUSTUP_HOME=/opt/rustwide/rustup-home" "-w" "/opt/rustwide/workdir" "-m" "1610612736" "--user" "0:0" "--network" "none" "ghcr.io/rust-lang/crates-build-env/linux@sha256:5ff2268d62e97bff2cde7d5815dd6ed5b47097566f13b8d0ca110b04b60e07ed" "/opt/rustwide/cargo-home/bin/cargo" "+1.69.0" "build" "--frozen" "--message-format=json", kill_on_drop: false }`
[INFO] [stdout] 4e2a1a2c64cdd0c103a19c33f0837676d36a5a49a42b05be369e47cbcf46e29c
[INFO] running `Command { std: "docker" "start" "-a" "4e2a1a2c64cdd0c103a19c33f0837676d36a5a49a42b05be369e47cbcf46e29c", kill_on_drop: false }`
[INFO] [stderr]    Compiling same-file v1.0.6
[INFO] [stderr]    Compiling walkdir v2.3.3
[INFO] [stderr]    Compiling tide-serve-dir-macro v0.1.2 (/opt/rustwide/workdir)
[INFO] [stderr]     Finished dev [unoptimized + debuginfo] target(s) in 2.12s
[INFO] running `Command { std: "docker" "inspect" "4e2a1a2c64cdd0c103a19c33f0837676d36a5a49a42b05be369e47cbcf46e29c", kill_on_drop: false }`
[INFO] running `Command { std: "docker" "rm" "-f" "4e2a1a2c64cdd0c103a19c33f0837676d36a5a49a42b05be369e47cbcf46e29c", kill_on_drop: false }`
[INFO] [stdout] 4e2a1a2c64cdd0c103a19c33f0837676d36a5a49a42b05be369e47cbcf46e29c
[INFO] running `Command { std: "docker" "create" "-v" "/var/lib/crater-agent-workspace/builds/worker-0-tc1/target:/opt/rustwide/target:rw,Z" "-v" "/var/lib/crater-agent-workspace/builds/worker-0-tc1/source:/opt/rustwide/workdir:ro,Z" "-v" "/var/lib/crater-agent-workspace/cargo-home:/opt/rustwide/cargo-home:ro,Z" "-v" "/var/lib/crater-agent-workspace/rustup-home:/opt/rustwide/rustup-home:ro,Z" "-e" "SOURCE_DIR=/opt/rustwide/workdir" "-e" "CARGO_TARGET_DIR=/opt/rustwide/target" "-e" "CARGO_INCREMENTAL=0" "-e" "RUST_BACKTRACE=full" "-e" "RUSTFLAGS=--cap-lints=warn" "-e" "RUSTDOCFLAGS=--cap-lints=warn" "-e" "CARGO_HOME=/opt/rustwide/cargo-home" "-e" "RUSTUP_HOME=/opt/rustwide/rustup-home" "-w" "/opt/rustwide/workdir" "-m" "1610612736" "--user" "0:0" "--network" "none" "ghcr.io/rust-lang/crates-build-env/linux@sha256:5ff2268d62e97bff2cde7d5815dd6ed5b47097566f13b8d0ca110b04b60e07ed" "/opt/rustwide/cargo-home/bin/cargo" "+1.69.0" "test" "--frozen" "--no-run" "--message-format=json", kill_on_drop: false }`
[INFO] [stdout] 554461cfbfaf64233a297c138b0599de3585854700586e50c9def062ec65a27c
[INFO] running `Command { std: "docker" "start" "-a" "554461cfbfaf64233a297c138b0599de3585854700586e50c9def062ec65a27c", kill_on_drop: false }`
[INFO] [stderr]    Compiling tide-serve-dir-macro v0.1.2 (/opt/rustwide/workdir)
[INFO] [stderr]     Finished test [unoptimized + debuginfo] target(s) in 1.10s
[INFO] running `Command { std: "docker" "inspect" "554461cfbfaf64233a297c138b0599de3585854700586e50c9def062ec65a27c", kill_on_drop: false }`
[INFO] running `Command { std: "docker" "rm" "-f" "554461cfbfaf64233a297c138b0599de3585854700586e50c9def062ec65a27c", kill_on_drop: false }`
[INFO] [stdout] 554461cfbfaf64233a297c138b0599de3585854700586e50c9def062ec65a27c
[INFO] running `Command { std: "docker" "create" "-v" "/var/lib/crater-agent-workspace/builds/worker-0-tc1/target:/opt/rustwide/target:rw,Z" "-v" "/var/lib/crater-agent-workspace/builds/worker-0-tc1/source:/opt/rustwide/workdir:ro,Z" "-v" "/var/lib/crater-agent-workspace/cargo-home:/opt/rustwide/cargo-home:ro,Z" "-v" "/var/lib/crater-agent-workspace/rustup-home:/opt/rustwide/rustup-home:ro,Z" "-e" "SOURCE_DIR=/opt/rustwide/workdir" "-e" "CARGO_TARGET_DIR=/opt/rustwide/target" "-e" "CARGO_INCREMENTAL=0" "-e" "RUST_BACKTRACE=full" "-e" "RUSTFLAGS=--cap-lints=warn" "-e" "RUSTDOCFLAGS=--cap-lints=warn" "-e" "CARGO_HOME=/opt/rustwide/cargo-home" "-e" "RUSTUP_HOME=/opt/rustwide/rustup-home" "-w" "/opt/rustwide/workdir" "-m" "1610612736" "--user" "0:0" "--network" "none" "ghcr.io/rust-lang/crates-build-env/linux@sha256:5ff2268d62e97bff2cde7d5815dd6ed5b47097566f13b8d0ca110b04b60e07ed" "/opt/rustwide/cargo-home/bin/cargo" "+1.69.0" "test" "--frozen", kill_on_drop: false }`
[INFO] [stdout] 76e74a93bfd3cbb746d4079dcc1eba2f27bf185267e7c8e125361442e664aaf7
[INFO] running `Command { std: "docker" "start" "-a" "76e74a93bfd3cbb746d4079dcc1eba2f27bf185267e7c8e125361442e664aaf7", kill_on_drop: false }`
[INFO] [stderr]     Finished test [unoptimized + debuginfo] target(s) in 0.01s
[INFO] [stderr]      Running unittests src/lib.rs (/opt/rustwide/target/debug/deps/tide_serve_dir_macro-64c68835cb9a5950)
[INFO] [stdout] 
[INFO] [stdout] running 0 tests
[INFO] [stdout] 
[INFO] [stdout] test result: ok. 0 passed; 0 failed; 0 ignored; 0 measured; 0 filtered out; finished in 0.00s
[INFO] [stdout] 
[INFO] [stderr]    Doc-tests tide-serve-dir-macro
[INFO] [stdout] 
[INFO] [stdout] running 3 tests
[INFO] [stdout] test src/lib.rs - (line 39) - compile ... FAILED
[INFO] [stdout] test src/lib.rs - (line 21) - compile ... FAILED
[INFO] [stdout] test src/lib.rs - (line 29) - compile ... FAILED
[INFO] [stdout] 
[INFO] [stdout] failures:
[INFO] [stdout] 
[INFO] [stdout] ---- src/lib.rs - (line 39) stdout ----
[INFO] [stdout] error: cannot find macro `auto_serve_dir` in this scope
[INFO] [stdout]  --> src/lib.rs:43:1
[INFO] [stdout]   |
[INFO] [stdout] 6 | auto_serve_dir!(app, "/path-prefix", "path/to/directory", 4096);
[INFO] [stdout]   | ^^^^^^^^^^^^^^
[INFO] [stdout]   |
[INFO] [stdout]   = help: consider importing this macro:
[INFO] [stdout]           tide_serve_dir_macro::auto_serve_dir
[INFO] [stdout] 
[INFO] [stdout] error: cannot find macro `auto_serve_dir` in this scope
[INFO] [stdout]  --> src/lib.rs:41:1
[INFO] [stdout]   |
[INFO] [stdout] 4 | auto_serve_dir!(app, "/path-prefix", "path/to/directory");
[INFO] [stdout]   | ^^^^^^^^^^^^^^
[INFO] [stdout]   |
[INFO] [stdout]   = help: consider importing this macro:
[INFO] [stdout]           tide_serve_dir_macro::auto_serve_dir
[INFO] [stdout] 
[INFO] [stdout] error[E0433]: failed to resolve: use of undeclared crate or module `tide`
[INFO] [stdout]  --> src/lib.rs:40:11
[INFO] [stdout]   |
[INFO] [stdout] 3 | let app = tide::new();
[INFO] [stdout]   |           ^^^^ use of undeclared crate or module `tide`
[INFO] [stdout] 
[INFO] [stdout] error: aborting due to 3 previous errors
[INFO] [stdout] 
[INFO] [stdout] For more information about this error, try `rustc --explain E0433`.
[INFO] [stdout] Couldn't compile the test.
[INFO] [stdout] ---- src/lib.rs - (line 21) stdout ----
[INFO] [stdout] error: cannot find macro `serve_dir` in this scope
[INFO] [stdout]  --> src/lib.rs:23:1
[INFO] [stdout]   |
[INFO] [stdout] 4 | serve_dir!(app, "/path-prefix", "path/to/directory");
[INFO] [stdout]   | ^^^^^^^^^
[INFO] [stdout]   |
[INFO] [stdout]   = help: consider importing this macro:
[INFO] [stdout]           tide_serve_dir_macro::serve_dir
[INFO] [stdout] 
[INFO] [stdout] error[E0433]: failed to resolve: use of undeclared crate or module `tide`
[INFO] [stdout]  --> src/lib.rs:22:11
[INFO] [stdout]   |
[INFO] [stdout] 3 | let app = tide::new();
[INFO] [stdout]   |           ^^^^ use of undeclared crate or module `tide`
[INFO] [stdout] 
[INFO] [stdout] error: aborting due to 2 previous errors
[INFO] [stdout] 
[INFO] [stdout] For more information about this error, try `rustc --explain E0433`.
[INFO] [stdout] Couldn't compile the test.
[INFO] [stdout] ---- src/lib.rs - (line 29) stdout ----
[INFO] [stdout] error: cannot find macro `include_dir` in this scope
[INFO] [stdout]  --> src/lib.rs:33:1
[INFO] [stdout]   |
[INFO] [stdout] 6 | include_dir!(app, "/path-prefix", "path/to/directory", 4096);
[INFO] [stdout]   | ^^^^^^^^^^^ help: a macro with a similar name exists: `include_str`
[INFO] [stdout]  --> /rustc/84c898d65adf2f39a5a98507f1fe0ce10a2b8dbc/library/core/src/macros/mod.rs:1213:5
[INFO] [stdout]   |
[INFO] [stdout]   = note: similarly named macro `include_str` defined here
[INFO] [stdout]   |
[INFO] [stdout]   = help: consider importing this macro:
[INFO] [stdout]           tide_serve_dir_macro::include_dir
[INFO] [stdout] 
[INFO] [stdout] error: cannot find macro `include_dir` in this scope
[INFO] [stdout]  --> src/lib.rs:31:1
[INFO] [stdout]   |
[INFO] [stdout] 4 | include_dir!(app, "/path-prefix", "path/to/directory");
[INFO] [stdout]   | ^^^^^^^^^^^ help: a macro with a similar name exists: `include_str`
[INFO] [stdout]  --> /rustc/84c898d65adf2f39a5a98507f1fe0ce10a2b8dbc/library/core/src/macros/mod.rs:1213:5
[INFO] [stdout]   |
[INFO] [stdout]   = note: similarly named macro `include_str` defined here
[INFO] [stdout]   |
[INFO] [stdout]   = help: consider importing this macro:
[INFO] [stdout]           tide_serve_dir_macro::include_dir
[INFO] [stdout] 
[INFO] [stdout] error[E0433]: failed to resolve: use of undeclared crate or module `tide`
[INFO] [stdout]  --> src/lib.rs:30:11
[INFO] [stdout]   |
[INFO] [stdout] 3 | let app = tide::new();
[INFO] [stdout]   |           ^^^^ use of undeclared crate or module `tide`
[INFO] [stdout] 
[INFO] [stdout] error: aborting due to 3 previous errors
[INFO] [stdout] 
[INFO] [stdout] For more information about this error, try `rustc --explain E0433`.
[INFO] [stdout] Couldn't compile the test.
[INFO] [stdout] 
[INFO] [stdout] failures:
[INFO] [stdout]     src/lib.rs - (line 21)
[INFO] [stdout]     src/lib.rs - (line 29)
[INFO] [stdout]     src/lib.rs - (line 39)
[INFO] [stdout] 
[INFO] [stdout] test result: FAILED. 0 passed; 3 failed; 0 ignored; 0 measured; 0 filtered out; finished in 0.16s
[INFO] [stdout] 
[INFO] [stderr] error: doctest failed, to rerun pass `--doc`
[INFO] running `Command { std: "docker" "inspect" "76e74a93bfd3cbb746d4079dcc1eba2f27bf185267e7c8e125361442e664aaf7", kill_on_drop: false }`
[INFO] running `Command { std: "docker" "rm" "-f" "76e74a93bfd3cbb746d4079dcc1eba2f27bf185267e7c8e125361442e664aaf7", kill_on_drop: false }`
[INFO] [stdout] 76e74a93bfd3cbb746d4079dcc1eba2f27bf185267e7c8e125361442e664aaf7
