[INFO] fetching crate thermal-print 0.1.2...
[INFO] testing thermal-print-0.1.2 against 1.69.0 for beta-1.70-1
[INFO] extracting crate thermal-print 0.1.2 into /workspace/builds/worker-6-tc1/source
[INFO] validating manifest of crates.io crate thermal-print 0.1.2 on toolchain 1.69.0
[INFO] running `Command { std: CARGO_HOME="/workspace/cargo-home" RUSTUP_HOME="/workspace/rustup-home" "/workspace/cargo-home/bin/cargo" "+1.69.0" "metadata" "--manifest-path" "Cargo.toml" "--no-deps", kill_on_drop: false }`
[INFO] started tweaking crates.io crate thermal-print 0.1.2
[INFO] finished tweaking crates.io crate thermal-print 0.1.2
[INFO] tweaked toml for crates.io crate thermal-print 0.1.2 written to /workspace/builds/worker-6-tc1/source/Cargo.toml
[INFO] running `Command { std: CARGO_HOME="/workspace/cargo-home" RUSTUP_HOME="/workspace/rustup-home" __CARGO_TEST_CHANNEL_OVERRIDE_DO_NOT_USE_THIS="nightly" "/workspace/cargo-home/bin/cargo" "+1.69.0" "generate-lockfile" "--manifest-path" "Cargo.toml" "-Zno-index-update", kill_on_drop: false }`
[INFO] running `Command { std: CARGO_HOME="/workspace/cargo-home" RUSTUP_HOME="/workspace/rustup-home" "/workspace/cargo-home/bin/cargo" "+1.69.0" "fetch" "--manifest-path" "Cargo.toml", kill_on_drop: false }`
[INFO] [stderr]  Downloading crates ...
[INFO] [stderr]   Downloaded tinybmp v0.3.3
[INFO] [stderr]   Downloaded nom v6.2.2
[INFO] running `Command { std: "docker" "create" "-v" "/var/lib/crater-agent-workspace/builds/worker-6-tc1/target:/opt/rustwide/target:rw,Z" "-v" "/var/lib/crater-agent-workspace/builds/worker-6-tc1/source:/opt/rustwide/workdir:ro,Z" "-v" "/var/lib/crater-agent-workspace/cargo-home:/opt/rustwide/cargo-home:ro,Z" "-v" "/var/lib/crater-agent-workspace/rustup-home:/opt/rustwide/rustup-home:ro,Z" "-e" "SOURCE_DIR=/opt/rustwide/workdir" "-e" "CARGO_TARGET_DIR=/opt/rustwide/target" "-e" "CARGO_HOME=/opt/rustwide/cargo-home" "-e" "RUSTUP_HOME=/opt/rustwide/rustup-home" "-w" "/opt/rustwide/workdir" "-m" "1610612736" "--user" "0:0" "--network" "none" "ghcr.io/rust-lang/crates-build-env/linux@sha256:5ff2268d62e97bff2cde7d5815dd6ed5b47097566f13b8d0ca110b04b60e07ed" "/opt/rustwide/cargo-home/bin/cargo" "+1.69.0" "metadata" "--no-deps" "--format-version=1", kill_on_drop: false }`
[INFO] [stdout] 6a078a5b7fe5561d46eb1194971597525680bfb1a44fa965d74a24aec4908e0a
[INFO] running `Command { std: "docker" "start" "-a" "6a078a5b7fe5561d46eb1194971597525680bfb1a44fa965d74a24aec4908e0a", kill_on_drop: false }`
[INFO] running `Command { std: "docker" "inspect" "6a078a5b7fe5561d46eb1194971597525680bfb1a44fa965d74a24aec4908e0a", kill_on_drop: false }`
[INFO] running `Command { std: "docker" "rm" "-f" "6a078a5b7fe5561d46eb1194971597525680bfb1a44fa965d74a24aec4908e0a", kill_on_drop: false }`
[INFO] [stdout] 6a078a5b7fe5561d46eb1194971597525680bfb1a44fa965d74a24aec4908e0a
[INFO] running `Command { std: "docker" "create" "-v" "/var/lib/crater-agent-workspace/builds/worker-6-tc1/target:/opt/rustwide/target:rw,Z" "-v" "/var/lib/crater-agent-workspace/builds/worker-6-tc1/source:/opt/rustwide/workdir:ro,Z" "-v" "/var/lib/crater-agent-workspace/cargo-home:/opt/rustwide/cargo-home:ro,Z" "-v" "/var/lib/crater-agent-workspace/rustup-home:/opt/rustwide/rustup-home:ro,Z" "-e" "SOURCE_DIR=/opt/rustwide/workdir" "-e" "CARGO_TARGET_DIR=/opt/rustwide/target" "-e" "CARGO_INCREMENTAL=0" "-e" "RUST_BACKTRACE=full" "-e" "RUSTFLAGS=--cap-lints=warn" "-e" "RUSTDOCFLAGS=--cap-lints=warn" "-e" "CARGO_HOME=/opt/rustwide/cargo-home" "-e" "RUSTUP_HOME=/opt/rustwide/rustup-home" "-w" "/opt/rustwide/workdir" "-m" "1610612736" "--user" "0:0" "--network" "none" "ghcr.io/rust-lang/crates-build-env/linux@sha256:5ff2268d62e97bff2cde7d5815dd6ed5b47097566f13b8d0ca110b04b60e07ed" "/opt/rustwide/cargo-home/bin/cargo" "+1.69.0" "build" "--frozen" "--message-format=json", kill_on_drop: false }`
[INFO] [stdout] a54505068cde323ebc33b5a8723843afd8773422761bf50c162bce19f9a8dae0
[INFO] running `Command { std: "docker" "start" "-a" "a54505068cde323ebc33b5a8723843afd8773422761bf50c162bce19f9a8dae0", kill_on_drop: false }`
[INFO] [stderr]    Compiling syn v1.0.109
[INFO] [stderr]    Compiling strsim v0.10.0
[INFO] [stderr]    Compiling num-traits v0.2.15
[INFO] [stderr]    Compiling az v1.2.1
[INFO] [stderr]    Compiling memchr v2.3.4
[INFO] [stderr]    Compiling nom v6.2.2
[INFO] [stderr]    Compiling byteorder v1.4.3
[INFO] [stderr]    Compiling radium v0.7.0
[INFO] [stderr]    Compiling nb v1.1.0
[INFO] [stderr]    Compiling micromath v1.1.1
[INFO] [stderr]    Compiling wyz v0.5.1
[INFO] [stderr]    Compiling nb v0.1.3
[INFO] [stderr]    Compiling funty v2.0.0
[INFO] [stderr]    Compiling void v1.0.2
[INFO] [stderr]    Compiling embedded-hal v0.2.7
[INFO] [stderr]    Compiling bitvec v1.0.1
[INFO] [stderr]    Compiling float-cmp v0.8.0
[INFO] [stderr]    Compiling embedded-graphics-core v0.3.3
[INFO] [stderr]    Compiling embedded-graphics v0.7.1
[INFO] [stderr]    Compiling darling_core v0.14.4
[INFO] [stderr]    Compiling tinybmp v0.3.3
[INFO] [stderr]    Compiling num_enum_derive v0.5.11
[INFO] [stderr]    Compiling darling_macro v0.14.4
[INFO] [stderr]    Compiling num_enum v0.5.11
[INFO] [stderr]    Compiling darling v0.14.4
[INFO] [stderr]    Compiling derive_builder_core v0.11.2
[INFO] [stderr]    Compiling derive_builder_macro v0.11.2
[INFO] [stderr]    Compiling derive_builder v0.11.2
[INFO] [stderr]    Compiling thermal-print v0.1.2 (/opt/rustwide/workdir)
[INFO] [stderr]     Finished dev [unoptimized + debuginfo] target(s) in 8.74s
[INFO] running `Command { std: "docker" "inspect" "a54505068cde323ebc33b5a8723843afd8773422761bf50c162bce19f9a8dae0", kill_on_drop: false }`
[INFO] running `Command { std: "docker" "rm" "-f" "a54505068cde323ebc33b5a8723843afd8773422761bf50c162bce19f9a8dae0", kill_on_drop: false }`
[INFO] [stdout] a54505068cde323ebc33b5a8723843afd8773422761bf50c162bce19f9a8dae0
[INFO] running `Command { std: "docker" "create" "-v" "/var/lib/crater-agent-workspace/builds/worker-6-tc1/target:/opt/rustwide/target:rw,Z" "-v" "/var/lib/crater-agent-workspace/builds/worker-6-tc1/source:/opt/rustwide/workdir:ro,Z" "-v" "/var/lib/crater-agent-workspace/cargo-home:/opt/rustwide/cargo-home:ro,Z" "-v" "/var/lib/crater-agent-workspace/rustup-home:/opt/rustwide/rustup-home:ro,Z" "-e" "SOURCE_DIR=/opt/rustwide/workdir" "-e" "CARGO_TARGET_DIR=/opt/rustwide/target" "-e" "CARGO_INCREMENTAL=0" "-e" "RUST_BACKTRACE=full" "-e" "RUSTFLAGS=--cap-lints=warn" "-e" "RUSTDOCFLAGS=--cap-lints=warn" "-e" "CARGO_HOME=/opt/rustwide/cargo-home" "-e" "RUSTUP_HOME=/opt/rustwide/rustup-home" "-w" "/opt/rustwide/workdir" "-m" "1610612736" "--user" "0:0" "--network" "none" "ghcr.io/rust-lang/crates-build-env/linux@sha256:5ff2268d62e97bff2cde7d5815dd6ed5b47097566f13b8d0ca110b04b60e07ed" "/opt/rustwide/cargo-home/bin/cargo" "+1.69.0" "test" "--frozen" "--no-run" "--message-format=json", kill_on_drop: false }`
[INFO] [stdout] 7b4baa30a2b62f3a5931dc85e4f8ea88a8a957de5edc69387b702efbfaa78f62
[INFO] running `Command { std: "docker" "start" "-a" "7b4baa30a2b62f3a5931dc85e4f8ea88a8a957de5edc69387b702efbfaa78f62", kill_on_drop: false }`
[INFO] [stderr]    Compiling thermal-print v0.1.2 (/opt/rustwide/workdir)
[INFO] [stderr]     Finished test [unoptimized + debuginfo] target(s) in 0.52s
[INFO] running `Command { std: "docker" "inspect" "7b4baa30a2b62f3a5931dc85e4f8ea88a8a957de5edc69387b702efbfaa78f62", kill_on_drop: false }`
[INFO] running `Command { std: "docker" "rm" "-f" "7b4baa30a2b62f3a5931dc85e4f8ea88a8a957de5edc69387b702efbfaa78f62", kill_on_drop: false }`
[INFO] [stdout] 7b4baa30a2b62f3a5931dc85e4f8ea88a8a957de5edc69387b702efbfaa78f62
[INFO] running `Command { std: "docker" "create" "-v" "/var/lib/crater-agent-workspace/builds/worker-6-tc1/target:/opt/rustwide/target:rw,Z" "-v" "/var/lib/crater-agent-workspace/builds/worker-6-tc1/source:/opt/rustwide/workdir:ro,Z" "-v" "/var/lib/crater-agent-workspace/cargo-home:/opt/rustwide/cargo-home:ro,Z" "-v" "/var/lib/crater-agent-workspace/rustup-home:/opt/rustwide/rustup-home:ro,Z" "-e" "SOURCE_DIR=/opt/rustwide/workdir" "-e" "CARGO_TARGET_DIR=/opt/rustwide/target" "-e" "CARGO_INCREMENTAL=0" "-e" "RUST_BACKTRACE=full" "-e" "RUSTFLAGS=--cap-lints=warn" "-e" "RUSTDOCFLAGS=--cap-lints=warn" "-e" "CARGO_HOME=/opt/rustwide/cargo-home" "-e" "RUSTUP_HOME=/opt/rustwide/rustup-home" "-w" "/opt/rustwide/workdir" "-m" "1610612736" "--user" "0:0" "--network" "none" "ghcr.io/rust-lang/crates-build-env/linux@sha256:5ff2268d62e97bff2cde7d5815dd6ed5b47097566f13b8d0ca110b04b60e07ed" "/opt/rustwide/cargo-home/bin/cargo" "+1.69.0" "test" "--frozen", kill_on_drop: false }`
[INFO] [stdout] 1eb23efe55192fb49f3e1ac81bf057d20b9b9745a2ef397996d8634239a543e9
[INFO] running `Command { std: "docker" "start" "-a" "1eb23efe55192fb49f3e1ac81bf057d20b9b9745a2ef397996d8634239a543e9", kill_on_drop: false }`
[INFO] [stderr]     Finished test [unoptimized + debuginfo] target(s) in 0.03s
[INFO] [stderr]      Running unittests src/lib.rs (/opt/rustwide/target/debug/deps/thermal_print-428651455a33fa84)
[INFO] [stdout] 
[INFO] [stdout] running 0 tests
[INFO] [stdout] 
[INFO] [stderr]    Doc-tests thermal-print
[INFO] [stdout] test result: ok. 0 passed; 0 failed; 0 ignored; 0 measured; 0 filtered out; finished in 0.00s
[INFO] [stdout] 
[INFO] [stdout] 
[INFO] [stdout] running 1 test
[INFO] [stderr] error: doctest failed, to rerun pass `--doc`
[INFO] [stdout] test src/lib.rs - Printer<Port,Delay>::print_bitmap (line 618) ... FAILED
[INFO] [stdout] 
[INFO] [stdout] failures:
[INFO] [stdout] 
[INFO] [stdout] ---- src/lib.rs - Printer<Port,Delay>::print_bitmap (line 618) stdout ----
[INFO] [stdout] error: couldn't read src/../resources/ferris.bmp: No such file or directory (os error 2)
[INFO] [stdout]  --> src/lib.rs:622:9
[INFO] [stdout]   |
[INFO] [stdout] 6 |         include_bytes!("../resources/ferris.bmp")
[INFO] [stdout]   |         ^^^^^^^^^^^^^^^^^^^^^^^^^^^^^^^^^^^^^^^^^
[INFO] [stdout]   |
[INFO] [stdout]   = note: this error originates in the macro `include_bytes` (in Nightly builds, run with -Z macro-backtrace for more info)
[INFO] [stdout] 
[INFO] [stdout] error[E0433]: failed to resolve: use of undeclared type `RasterBitImageMode`
[INFO] [stdout]  --> src/lib.rs:624:5
[INFO] [stdout]   |
[INFO] [stdout] 8 |     RasterBitImageMode::Normal
[INFO] [stdout]   |     ^^^^^^^^^^^^^^^^^^ use of undeclared type `RasterBitImageMode`
[INFO] [stdout] 
[INFO] [stdout] error[E0425]: cannot find value `printer` in this scope
[INFO] [stdout]  --> src/lib.rs:619:1
[INFO] [stdout]   |
[INFO] [stdout] 3 | printer.init();
[INFO] [stdout]   | ^^^^^^^ not found in this scope
[INFO] [stdout] 
[INFO] [stdout] error[E0425]: cannot find value `printer` in this scope
[INFO] [stdout]  --> src/lib.rs:620:1
[INFO] [stdout]   |
[INFO] [stdout] 4 | printer.print_bitmap(
[INFO] [stdout]   | ^^^^^^^ not found in this scope
[INFO] [stdout] 
[INFO] [stdout] error[E0433]: failed to resolve: use of undeclared type `RawBmp`
[INFO] [stdout]  --> src/lib.rs:621:5
[INFO] [stdout]   |
[INFO] [stdout] 5 |     RawBmp::from_slice(
[INFO] [stdout]   |     ^^^^^^ use of undeclared type `RawBmp`
[INFO] [stdout]   |
[INFO] [stdout] help: consider importing this struct
[INFO] [stdout]   |
[INFO] [stdout] 2 | use tinybmp::RawBmp;
[INFO] [stdout]   |
[INFO] [stdout] 
[INFO] [stdout] error: aborting due to 5 previous errors
[INFO] [stdout] 
[INFO] [stdout] Some errors have detailed explanations: E0425, E0433.
[INFO] [stdout] For more information about an error, try `rustc --explain E0425`.
[INFO] [stdout] Couldn't compile the test.
[INFO] [stdout] 
[INFO] [stdout] failures:
[INFO] [stdout]     src/lib.rs - Printer<Port,Delay>::print_bitmap (line 618)
[INFO] [stdout] 
[INFO] [stdout] test result: FAILED. 0 passed; 1 failed; 0 ignored; 0 measured; 0 filtered out; finished in 0.07s
[INFO] [stdout] 
[INFO] running `Command { std: "docker" "inspect" "1eb23efe55192fb49f3e1ac81bf057d20b9b9745a2ef397996d8634239a543e9", kill_on_drop: false }`
[INFO] running `Command { std: "docker" "rm" "-f" "1eb23efe55192fb49f3e1ac81bf057d20b9b9745a2ef397996d8634239a543e9", kill_on_drop: false }`
[INFO] [stdout] 1eb23efe55192fb49f3e1ac81bf057d20b9b9745a2ef397996d8634239a543e9
