[INFO] fetching crate themelio-stf 0.11.13...
[INFO] testing themelio-stf-0.11.13 against beta-2023-04-20 for beta-1.70-1
[INFO] extracting crate themelio-stf 0.11.13 into /workspace/builds/worker-0-tc2/source
[INFO] validating manifest of crates.io crate themelio-stf 0.11.13 on toolchain beta-2023-04-20
[INFO] running `Command { std: CARGO_HOME="/workspace/cargo-home" RUSTUP_HOME="/workspace/rustup-home" "/workspace/cargo-home/bin/cargo" "+beta-2023-04-20" "metadata" "--manifest-path" "Cargo.toml" "--no-deps", kill_on_drop: false }`
[INFO] started tweaking crates.io crate themelio-stf 0.11.13
[INFO] finished tweaking crates.io crate themelio-stf 0.11.13
[INFO] tweaked toml for crates.io crate themelio-stf 0.11.13 written to /workspace/builds/worker-0-tc2/source/Cargo.toml
[INFO] crate crates.io crate themelio-stf 0.11.13 already has a lockfile, it will not be regenerated
[INFO] running `Command { std: CARGO_HOME="/workspace/cargo-home" RUSTUP_HOME="/workspace/rustup-home" "/workspace/cargo-home/bin/cargo" "+beta-2023-04-20" "fetch" "--manifest-path" "Cargo.toml", kill_on_drop: false }`
[INFO] [stderr] warning: the cargo feature `edition2021` has been stabilized in the 1.56 release and is no longer necessary to be listed in the manifest
[INFO] [stderr]   See https://doc.rust-lang.org/beta/cargo/reference/manifest.html#the-edition-field for more information about using this feature.
[INFO] [stderr]     Updating crates.io index
[INFO] [stderr]  Downloading crates ...
[INFO] [stderr]   Downloaded derive_arbitrary v1.1.0
[INFO] [stderr]   Downloaded lru v0.7.6
[INFO] [stderr]   Downloaded logos v0.12.0
[INFO] [stderr]   Downloaded logos-derive v0.12.0
[INFO] [stderr]   Downloaded ethnum v1.2.1
[INFO] [stderr]   Downloaded honggfuzz v0.5.54
[INFO] [stderr]   Downloaded arbitrary v1.1.0
[INFO] [stderr]   Downloaded signature v1.5.0
[INFO] [stderr]   Downloaded tmelcrypt v0.2.4
[INFO] [stderr]   Downloaded raw-cpuid v10.3.0
[INFO] [stderr]   Downloaded file_offset v0.1.1
[INFO] [stderr]   Downloaded meshanina v0.3.19
[INFO] [stderr]   Downloaded themelio-structs v0.2.10
[INFO] [stderr]   Downloaded stdcode v0.1.11
[INFO] running `Command { std: "docker" "create" "-v" "/var/lib/crater-agent-workspace/builds/worker-0-tc2/target:/opt/rustwide/target:rw,Z" "-v" "/var/lib/crater-agent-workspace/builds/worker-0-tc2/source:/opt/rustwide/workdir:ro,Z" "-v" "/var/lib/crater-agent-workspace/cargo-home:/opt/rustwide/cargo-home:ro,Z" "-v" "/var/lib/crater-agent-workspace/rustup-home:/opt/rustwide/rustup-home:ro,Z" "-e" "SOURCE_DIR=/opt/rustwide/workdir" "-e" "CARGO_TARGET_DIR=/opt/rustwide/target" "-e" "CARGO_HOME=/opt/rustwide/cargo-home" "-e" "RUSTUP_HOME=/opt/rustwide/rustup-home" "-w" "/opt/rustwide/workdir" "-m" "1610612736" "--user" "0:0" "--network" "none" "ghcr.io/rust-lang/crates-build-env/linux@sha256:5ff2268d62e97bff2cde7d5815dd6ed5b47097566f13b8d0ca110b04b60e07ed" "/opt/rustwide/cargo-home/bin/cargo" "+beta-2023-04-20" "metadata" "--no-deps" "--format-version=1", kill_on_drop: false }`
[INFO] [stdout] 0e11df34bca6ae485d96b791af90130275c8159888589e9e10a11bafe982cee9
[INFO] running `Command { std: "docker" "start" "-a" "0e11df34bca6ae485d96b791af90130275c8159888589e9e10a11bafe982cee9", kill_on_drop: false }`
[INFO] running `Command { std: "docker" "inspect" "0e11df34bca6ae485d96b791af90130275c8159888589e9e10a11bafe982cee9", kill_on_drop: false }`
[INFO] running `Command { std: "docker" "rm" "-f" "0e11df34bca6ae485d96b791af90130275c8159888589e9e10a11bafe982cee9", kill_on_drop: false }`
[INFO] [stdout] 0e11df34bca6ae485d96b791af90130275c8159888589e9e10a11bafe982cee9
[INFO] running `Command { std: "docker" "create" "-v" "/var/lib/crater-agent-workspace/builds/worker-0-tc2/target:/opt/rustwide/target:rw,Z" "-v" "/var/lib/crater-agent-workspace/builds/worker-0-tc2/source:/opt/rustwide/workdir:ro,Z" "-v" "/var/lib/crater-agent-workspace/cargo-home:/opt/rustwide/cargo-home:ro,Z" "-v" "/var/lib/crater-agent-workspace/rustup-home:/opt/rustwide/rustup-home:ro,Z" "-e" "SOURCE_DIR=/opt/rustwide/workdir" "-e" "CARGO_TARGET_DIR=/opt/rustwide/target" "-e" "CARGO_INCREMENTAL=0" "-e" "RUST_BACKTRACE=full" "-e" "RUSTFLAGS=--cap-lints=warn" "-e" "RUSTDOCFLAGS=--cap-lints=warn" "-e" "CARGO_HOME=/opt/rustwide/cargo-home" "-e" "RUSTUP_HOME=/opt/rustwide/rustup-home" "-w" "/opt/rustwide/workdir" "-m" "1610612736" "--user" "0:0" "--network" "none" "ghcr.io/rust-lang/crates-build-env/linux@sha256:5ff2268d62e97bff2cde7d5815dd6ed5b47097566f13b8d0ca110b04b60e07ed" "/opt/rustwide/cargo-home/bin/cargo" "+beta-2023-04-20" "build" "--frozen" "--message-format=json", kill_on_drop: false }`
[INFO] [stdout] 2cb1de33bdbfe19a1ed74976c7b1e37c9bbab796ca461631637d41caefb59da6
[INFO] running `Command { std: "docker" "start" "-a" "2cb1de33bdbfe19a1ed74976c7b1e37c9bbab796ca461631637d41caefb59da6", kill_on_drop: false }`
[INFO] [stderr] warning: the cargo feature `edition2021` has been stabilized in the 1.56 release and is no longer necessary to be listed in the manifest
[INFO] [stderr]   See https://doc.rust-lang.org/beta/cargo/reference/manifest.html#the-edition-field for more information about using this feature.
[INFO] [stderr]    Compiling proc-macro2 v1.0.39
[INFO] [stderr]    Compiling unicode-ident v1.0.0
[INFO] [stderr]    Compiling syn v1.0.96
[INFO] [stderr]    Compiling version_check v0.9.4
[INFO] [stderr]    Compiling libc v0.2.126
[INFO] [stderr]    Compiling typenum v1.15.0
[INFO] [stderr]    Compiling serde_derive v1.0.147
[INFO] [stderr]    Compiling serde v1.0.147
[INFO] [stderr]    Compiling getrandom v0.1.16
[INFO] [stderr]    Compiling ident_case v1.0.1
[INFO] [stderr]    Compiling fnv v1.0.7
[INFO] [stderr]    Compiling strsim v0.10.0
[INFO] [stderr]    Compiling crossbeam-utils v0.8.8
[INFO] [stderr]    Compiling scopeguard v1.1.0
[INFO] [stderr]    Compiling num-traits v0.2.15
[INFO] [stderr]    Compiling memoffset v0.6.5
[INFO] [stderr]    Compiling unicode-xid v0.2.3
[INFO] [stderr]    Compiling subtle v2.4.1
[INFO] [stderr]    Compiling num-integer v0.1.45
[INFO] [stderr]    Compiling crossbeam-epoch v0.9.8
[INFO] [stderr]    Compiling cc v1.0.73
[INFO] [stderr]    Compiling once_cell v1.12.0
[INFO] [stderr]    Compiling generic-array v0.14.5
[INFO] [stderr]    Compiling proc-macro-error-attr v0.4.12
[INFO] [stderr]    Compiling rayon-core v1.9.3
[INFO] [stderr]    Compiling ppv-lite86 v0.2.16
[INFO] [stderr]    Compiling thiserror v1.0.37
[INFO] [stderr]    Compiling arrayvec v0.7.2
[INFO] [stderr]    Compiling proc-macro-error v0.4.12
[INFO] [stderr]    Compiling ahash v0.7.6
[INFO] [stderr]    Compiling num-bigint v0.4.3
[INFO] [stderr]    Compiling hex v0.4.3
[INFO] [stderr]    Compiling cpufeatures v0.2.2
[INFO] [stderr]    Compiling opaque-debug v0.3.0
[INFO] [stderr]    Compiling proc-macro-hack v0.5.19
[INFO] [stderr]    Compiling constant_time_eq v0.1.5
[INFO] [stderr]    Compiling arrayref v0.3.6
[INFO] [stderr]    Compiling byteorder v1.4.3
[INFO] [stderr]    Compiling signature v1.5.0
[INFO] [stderr]    Compiling quote v1.0.18
[INFO] [stderr]    Compiling crossbeam-channel v0.5.4
[INFO] [stderr]    Compiling crossbeam-deque v0.8.1
[INFO] [stderr]    Compiling ed25519 v1.5.2
[INFO] [stderr]    Compiling aho-corasick v0.7.18
[INFO] [stderr]    Compiling num-iter v0.1.43
[INFO] [stderr]    Compiling getrandom v0.2.6
[INFO] [stderr]    Compiling num_cpus v1.13.1
[INFO] [stderr]    Compiling rayon v1.5.3
[INFO] [stderr]    Compiling num-rational v0.4.0
[INFO] [stderr]    Compiling rand_core v0.5.1
[INFO] [stderr]    Compiling bytes v1.2.1
[INFO] [stderr]    Compiling tap v1.0.1
[INFO] [stderr]    Compiling either v1.6.1
[INFO] [stderr]    Compiling blake3 v1.3.1
[INFO] [stderr]    Compiling radium v0.6.2
[INFO] [stderr]    Compiling rand_chacha v0.2.2
[INFO] [stderr]    Compiling regex-syntax v0.6.26
[INFO] [stderr]    Compiling rand v0.7.3
[INFO] [stderr]    Compiling lock_api v0.4.7
[INFO] [stderr]    Compiling base32 v0.4.0
[INFO] [stderr]    Compiling smallvec v1.8.0
[INFO] [stderr]    Compiling parking_lot_core v0.8.5
[INFO] [stderr]    Compiling digest v0.9.0
[INFO] [stderr]    Compiling block-buffer v0.10.2
[INFO] [stderr]    Compiling crypto-common v0.1.3
[INFO] [stderr]    Compiling block-buffer v0.9.0
[INFO] [stderr]    Compiling hashbrown v0.11.2
[INFO] [stderr]    Compiling num-complex v0.4.1
[INFO] [stderr]    Compiling digest v0.10.3
[INFO] [stderr]    Compiling instant v0.1.12
[INFO] [stderr]    Compiling wyz v0.2.0
[INFO] [stderr]    Compiling sha2 v0.9.9
[INFO] [stderr]    Compiling genawaiter-macro v0.99.1
[INFO] [stderr]    Compiling funty v1.1.0
[INFO] [stderr]    Compiling convert_case v0.4.0
[INFO] [stderr]    Compiling rustc-hash v1.1.0
[INFO] [stderr]    Compiling itertools v0.10.3
[INFO] [stderr]    Compiling fastrand v1.7.0
[INFO] [stderr]    Compiling defmac v0.2.1
[INFO] [stderr]    Compiling replace_with v0.1.7
[INFO] [stderr]    Compiling bitvec v0.20.4
[INFO] [stderr]    Compiling lru v0.7.6
[INFO] [stderr]    Compiling ethnum v1.2.1
[INFO] [stderr]    Compiling parking_lot v0.11.2
[INFO] [stderr]    Compiling assoc v0.1.2
[INFO] [stderr]    Compiling atomic_float v0.1.0
[INFO] [stderr]    Compiling regex v1.5.6
[INFO] [stderr]    Compiling toml v0.5.9
[INFO] [stderr]    Compiling num v0.4.0
[INFO] [stderr]    Compiling dashmap v4.0.2
[INFO] [stderr]    Compiling darling_core v0.13.4
[INFO] [stderr]    Compiling synstructure v0.12.6
[INFO] [stderr]    Compiling syn-mid v0.5.3
[INFO] [stderr]    Compiling zeroize_derive v1.3.2
[INFO] [stderr]    Compiling thiserror-impl v1.0.37
[INFO] [stderr]    Compiling derive_arbitrary v1.1.0
[INFO] [stderr]    Compiling structmeta-derive v0.1.5
[INFO] [stderr]    Compiling serde_repr v0.1.9
[INFO] [stderr]    Compiling derive_more v0.99.17
[INFO] [stderr]    Compiling derivative v2.2.0
[INFO] [stderr]    Compiling arbitrary v1.1.0
[INFO] [stderr]    Compiling zeroize v1.5.5
[INFO] [stderr]    Compiling curve25519-dalek v3.2.0
[INFO] [stderr]    Compiling genawaiter-proc-macro v0.99.1
[INFO] [stderr]    Compiling structmeta v0.1.5
[INFO] [stderr]    Compiling darling_macro v0.13.4
[INFO] [stderr]    Compiling proc-macro-crate v1.1.3
[INFO] [stderr]    Compiling parse-display-derive v0.5.5
[INFO] [stderr]    Compiling catvec v0.1.6
[INFO] [stderr]    Compiling num_enum_derive v0.5.7
[INFO] [stderr]    Compiling darling v0.13.4
[INFO] [stderr]    Compiling genawaiter v0.99.1
[INFO] [stderr]    Compiling serde_with_macros v1.5.2
[INFO] [stderr]    Compiling num_enum v0.5.7
[INFO] [stderr]    Compiling parse-display v0.5.5
[INFO] [stderr]    Compiling bincode v1.3.3
[INFO] [stderr]    Compiling serde_with v1.14.0
[INFO] [stderr]    Compiling ed25519-dalek v1.0.1
[INFO] [stderr]    Compiling serde-big-array v0.3.3
[INFO] [stderr]    Compiling novasmt v0.2.19
[INFO] [stderr]    Compiling stdcode v0.1.11
[INFO] [stderr]    Compiling tmelcrypt v0.2.4
[INFO] [stderr]    Compiling themelio-structs v0.2.10
[INFO] [stderr]    Compiling melpow v0.1.1
[INFO] [stderr]    Compiling themelio-stf v0.11.13 (/opt/rustwide/workdir)
[INFO] [stdout] warning: field `name` is never read
[INFO] [stdout]   --> src/stats.rs:59:5
[INFO] [stdout]    |
[INFO] [stdout] 57 | pub struct StatTimer<'a> {
[INFO] [stdout]    |            --------- field in this struct
[INFO] [stdout] 58 |     r: &'a StatCounter,
[INFO] [stdout] 59 |     name: &'static str,
[INFO] [stdout]    |     ^^^^
[INFO] [stdout]    |
[INFO] [stdout]    = note: `#[warn(dead_code)]` on by default
[INFO] [stdout] 
[INFO] [stdout] 
[INFO] [stdout] warning: 1 warning emitted
[INFO] [stdout] 
[INFO] [stdout] 
[INFO] [stderr]     Finished dev [unoptimized + debuginfo] target(s) in 24.33s
[INFO] running `Command { std: "docker" "inspect" "2cb1de33bdbfe19a1ed74976c7b1e37c9bbab796ca461631637d41caefb59da6", kill_on_drop: false }`
[INFO] running `Command { std: "docker" "rm" "-f" "2cb1de33bdbfe19a1ed74976c7b1e37c9bbab796ca461631637d41caefb59da6", kill_on_drop: false }`
[INFO] [stdout] 2cb1de33bdbfe19a1ed74976c7b1e37c9bbab796ca461631637d41caefb59da6
[INFO] running `Command { std: "docker" "create" "-v" "/var/lib/crater-agent-workspace/builds/worker-0-tc2/target:/opt/rustwide/target:rw,Z" "-v" "/var/lib/crater-agent-workspace/builds/worker-0-tc2/source:/opt/rustwide/workdir:ro,Z" "-v" "/var/lib/crater-agent-workspace/cargo-home:/opt/rustwide/cargo-home:ro,Z" "-v" "/var/lib/crater-agent-workspace/rustup-home:/opt/rustwide/rustup-home:ro,Z" "-e" "SOURCE_DIR=/opt/rustwide/workdir" "-e" "CARGO_TARGET_DIR=/opt/rustwide/target" "-e" "CARGO_INCREMENTAL=0" "-e" "RUST_BACKTRACE=full" "-e" "RUSTFLAGS=--cap-lints=warn" "-e" "RUSTDOCFLAGS=--cap-lints=warn" "-e" "CARGO_HOME=/opt/rustwide/cargo-home" "-e" "RUSTUP_HOME=/opt/rustwide/rustup-home" "-w" "/opt/rustwide/workdir" "-m" "1610612736" "--user" "0:0" "--network" "none" "ghcr.io/rust-lang/crates-build-env/linux@sha256:5ff2268d62e97bff2cde7d5815dd6ed5b47097566f13b8d0ca110b04b60e07ed" "/opt/rustwide/cargo-home/bin/cargo" "+beta-2023-04-20" "test" "--frozen" "--no-run" "--message-format=json", kill_on_drop: false }`
[INFO] [stdout] 193b3fb824ce667863495f247e30d93c4dd9196749c0b4c5c8c3dc6e95ae8e0b
[INFO] running `Command { std: "docker" "start" "-a" "193b3fb824ce667863495f247e30d93c4dd9196749c0b4c5c8c3dc6e95ae8e0b", kill_on_drop: false }`
[INFO] [stderr] warning: the cargo feature `edition2021` has been stabilized in the 1.56 release and is no longer necessary to be listed in the manifest
[INFO] [stderr]   See https://doc.rust-lang.org/beta/cargo/reference/manifest.html#the-edition-field for more information about using this feature.
[INFO] [stderr]    Compiling log v0.4.17
[INFO] [stderr]    Compiling num-traits v0.2.15
[INFO] [stderr]    Compiling getrandom v0.2.6
[INFO] [stderr]    Compiling semver v1.0.9
[INFO] [stderr]    Compiling zeroize v1.5.5
[INFO] [stderr]    Compiling serde_json v1.0.81
[INFO] [stderr]    Compiling ryu v1.0.10
[INFO] [stderr]    Compiling regex-automata v0.1.10
[INFO] [stderr]    Compiling unicode-width v0.1.9
[INFO] [stderr]    Compiling itoa v1.0.2
[INFO] [stderr]    Compiling crc32fast v1.3.2
[INFO] [stderr]    Compiling plotters-backend v0.3.2
[INFO] [stderr]    Compiling atty v0.2.14
[INFO] [stderr]    Compiling csv-core v0.1.10
[INFO] [stderr]    Compiling crc-catalog v1.1.1
[INFO] [stderr]    Compiling same-file v1.0.6
[INFO] [stderr]    Compiling curve25519-dalek v3.2.0
[INFO] [stderr]    Compiling ahash v0.7.6
[INFO] [stderr]    Compiling rand_core v0.6.3
[INFO] [stderr]    Compiling textwrap v0.11.0
[INFO] [stderr]    Compiling beef v0.5.2
[INFO] [stderr]    Compiling half v1.8.2
[INFO] [stderr]    Compiling rand_chacha v0.3.1
[INFO] [stderr]    Compiling itoa v0.4.8
[INFO] [stderr]    Compiling hashbrown v0.11.2
[INFO] [stderr]    Compiling bstr v0.2.17
[INFO] [stderr]    Compiling plotters-svg v0.3.1
[INFO] [stderr]    Compiling utf8-ranges v1.0.5
[INFO] [stderr]    Compiling serde_cbor v0.11.2
[INFO] [stderr]    Compiling env_logger v0.8.4
[INFO] [stderr]    Compiling rand v0.8.5
[INFO] [stderr]    Compiling catvec v0.1.6
[INFO] [stderr]    Compiling clap v2.34.0
[INFO] [stderr]    Compiling crc v2.1.0
[INFO] [stderr]    Compiling logos-derive v0.12.0
[INFO] [stderr]    Compiling walkdir v2.3.2
[INFO] [stderr]    Compiling ed25519-dalek v1.0.1
[INFO] [stderr]    Compiling rustc_version v0.4.0
[INFO] [stderr]    Compiling raw-cpuid v10.3.0
[INFO] [stderr]    Compiling time v0.1.44
[INFO] [stderr]    Compiling memmap v0.7.0
[INFO] [stderr]    Compiling tmelcrypt v0.2.4
[INFO] [stderr]    Compiling lru v0.7.6
[INFO] [stderr]    Compiling csv v1.1.6
[INFO] [stderr]    Compiling cast v0.2.7
[INFO] [stderr]    Compiling fs2 v0.4.3
[INFO] [stderr]    Compiling novasmt v0.2.19
[INFO] [stderr]    Compiling termcolor v1.1.3
[INFO] [stderr]    Compiling file_offset v0.1.1
[INFO] [stderr]    Compiling humantime v2.1.0
[INFO] [stderr]    Compiling cache-padded v1.2.0
[INFO] [stderr]    Compiling oorandom v11.1.3
[INFO] [stderr]    Compiling quickcheck v1.0.3
[INFO] [stderr]    Compiling quickcheck_macros v1.0.0
[INFO] [stderr]    Compiling meshanina v0.3.19
[INFO] [stderr]    Compiling melpow v0.1.1
[INFO] [stderr]    Compiling tinytemplate v1.2.1
[INFO] [stderr]    Compiling criterion-plot v0.4.4
[INFO] [stderr]    Compiling env_logger v0.9.0
[INFO] [stderr]    Compiling num-integer v0.1.45
[INFO] [stderr]    Compiling num-complex v0.4.1
[INFO] [stderr]    Compiling plotters v0.3.1
[INFO] [stderr]    Compiling ordered-float v1.1.1
[INFO] [stderr]    Compiling num-bigint v0.4.3
[INFO] [stderr]    Compiling num-iter v0.1.43
[INFO] [stderr]    Compiling quanta v0.9.3
[INFO] [stderr]    Compiling chrono v0.4.19
[INFO] [stderr]    Compiling logos v0.12.0
[INFO] [stderr]    Compiling criterion v0.3.5
[INFO] [stderr]    Compiling num-rational v0.4.0
[INFO] [stderr]    Compiling num v0.4.0
[INFO] [stderr]    Compiling themelio-structs v0.2.10
[INFO] [stderr]    Compiling themelio-stf v0.11.13 (/opt/rustwide/workdir)
[INFO] [stdout] warning: field `name` is never read
[INFO] [stdout]   --> src/stats.rs:59:5
[INFO] [stdout]    |
[INFO] [stdout] 57 | pub struct StatTimer<'a> {
[INFO] [stdout]    |            --------- field in this struct
[INFO] [stdout] 58 |     r: &'a StatCounter,
[INFO] [stdout] 59 |     name: &'static str,
[INFO] [stdout]    |     ^^^^
[INFO] [stdout]    |
[INFO] [stdout]    = note: `#[warn(dead_code)]` on by default
[INFO] [stdout] 
[INFO] [stdout] 
[INFO] [stdout] warning: 1 warning emitted
[INFO] [stdout] 
[INFO] [stdout] 
[INFO] [stdout] warning: field `name` is never read
[INFO] [stdout]   --> src/stats.rs:59:5
[INFO] [stdout]    |
[INFO] [stdout] 57 | pub struct StatTimer<'a> {
[INFO] [stdout]    |            --------- field in this struct
[INFO] [stdout] 58 |     r: &'a StatCounter,
[INFO] [stdout] 59 |     name: &'static str,
[INFO] [stdout]    |     ^^^^
[INFO] [stdout]    |
[INFO] [stdout]    = note: `#[warn(dead_code)]` on by default
[INFO] [stdout] 
[INFO] [stdout] 
[INFO] [stdout] warning: function `random_valid_txx` is never used
[INFO] [stdout]  --> src/testing/utils.rs:7:8
[INFO] [stdout]   |
[INFO] [stdout] 7 | pub fn random_valid_txx(
[INFO] [stdout]   |        ^^^^^^^^^^^^^^^^
[INFO] [stdout] 
[INFO] [stdout] 
[INFO] [stdout] warning: 2 warnings emitted
[INFO] [stdout] 
[INFO] [stdout] 
[INFO] [stderr]     Finished test [unoptimized + debuginfo] target(s) in 21.59s
[INFO] [stderr] warning: the following packages contain code that will be rejected by a future version of Rust: criterion v0.3.5
[INFO] [stderr] note: to see what the problems were, use the option `--future-incompat-report`, or run `cargo report future-incompatibilities --id 1`
[INFO] running `Command { std: "docker" "inspect" "193b3fb824ce667863495f247e30d93c4dd9196749c0b4c5c8c3dc6e95ae8e0b", kill_on_drop: false }`
[INFO] running `Command { std: "docker" "rm" "-f" "193b3fb824ce667863495f247e30d93c4dd9196749c0b4c5c8c3dc6e95ae8e0b", kill_on_drop: false }`
[INFO] [stdout] 193b3fb824ce667863495f247e30d93c4dd9196749c0b4c5c8c3dc6e95ae8e0b
[INFO] running `Command { std: "docker" "create" "-v" "/var/lib/crater-agent-workspace/builds/worker-0-tc2/target:/opt/rustwide/target:rw,Z" "-v" "/var/lib/crater-agent-workspace/builds/worker-0-tc2/source:/opt/rustwide/workdir:ro,Z" "-v" "/var/lib/crater-agent-workspace/cargo-home:/opt/rustwide/cargo-home:ro,Z" "-v" "/var/lib/crater-agent-workspace/rustup-home:/opt/rustwide/rustup-home:ro,Z" "-e" "SOURCE_DIR=/opt/rustwide/workdir" "-e" "CARGO_TARGET_DIR=/opt/rustwide/target" "-e" "CARGO_INCREMENTAL=0" "-e" "RUST_BACKTRACE=full" "-e" "RUSTFLAGS=--cap-lints=warn" "-e" "RUSTDOCFLAGS=--cap-lints=warn" "-e" "CARGO_HOME=/opt/rustwide/cargo-home" "-e" "RUSTUP_HOME=/opt/rustwide/rustup-home" "-w" "/opt/rustwide/workdir" "-m" "1610612736" "--user" "0:0" "--network" "none" "ghcr.io/rust-lang/crates-build-env/linux@sha256:5ff2268d62e97bff2cde7d5815dd6ed5b47097566f13b8d0ca110b04b60e07ed" "/opt/rustwide/cargo-home/bin/cargo" "+beta-2023-04-20" "test" "--frozen", kill_on_drop: false }`
[INFO] [stdout] 9f82dacd7725cd25b11185529552ff74c5fce1942d36fc1014bfcac1b310f129
[INFO] running `Command { std: "docker" "start" "-a" "9f82dacd7725cd25b11185529552ff74c5fce1942d36fc1014bfcac1b310f129", kill_on_drop: false }`
[INFO] [stderr] warning: the cargo feature `edition2021` has been stabilized in the 1.56 release and is no longer necessary to be listed in the manifest
[INFO] [stderr]   See https://doc.rust-lang.org/beta/cargo/reference/manifest.html#the-edition-field for more information about using this feature.
[INFO] [stderr] warning: field `name` is never read
[INFO] [stderr]   --> src/stats.rs:59:5
[INFO] [stderr]    |
[INFO] [stderr] 57 | pub struct StatTimer<'a> {
[INFO] [stderr]    |            --------- field in this struct
[INFO] [stderr] 58 |     r: &'a StatCounter,
[INFO] [stderr] 59 |     name: &'static str,
[INFO] [stderr]    |     ^^^^
[INFO] [stderr]    |
[INFO] [stderr]    = note: `#[warn(dead_code)]` on by default
[INFO] [stderr] 
[INFO] [stderr] warning: `themelio-stf` (lib) generated 1 warning
[INFO] [stderr] warning: function `random_valid_txx` is never used
[INFO] [stderr]  --> src/testing/utils.rs:7:8
[INFO] [stderr]   |
[INFO] [stderr] 7 | pub fn random_valid_txx(
[INFO] [stderr]   |        ^^^^^^^^^^^^^^^^
[INFO] [stderr] 
[INFO] [stderr] warning: `themelio-stf` (lib test) generated 2 warnings (1 duplicate)
[INFO] [stderr]     Finished test [unoptimized + debuginfo] target(s) in 0.31s
[INFO] [stderr] warning: the following packages contain code that will be rejected by a future version of Rust: criterion v0.3.5
[INFO] [stderr] note: to see what the problems were, use the option `--future-incompat-report`, or run `cargo report future-incompatibilities --id 1`
[INFO] [stderr]      Running unittests src/lib.rs (/opt/rustwide/target/debug/deps/themelio_stf-350a30ea2090f5fe)
[INFO] [stdout] 
[INFO] [stdout] running 90 tests
[INFO] [stdout] test melvm::opcode::tests::test_addition ... ok
[INFO] [stdout] test melvm::opcode::tests::test_addition_with_overflow ... ok
[INFO] [stdout] test melvm::executor::tests::add_speed ... ok
[INFO] [stdout] test melvm::executor::tests::instant_overhead ... ok
[INFO] [stdout] test melvm::opcode::tests::test_bit_shift_left ... ok
[INFO] [stdout] test melvm::opcode::tests::test_append_one_vm_vector_to_another ... ok
[INFO] [stdout] test melvm::opcode::tests::test_bempty_bpush_and_bref ... ok
[INFO] [stdout] test melvm::opcode::tests::test_bitwise_and ... ok
[INFO] [stdout] test melvm::opcode::tests::test_bit_shift_right ... ok
[INFO] [stdout] test melvm::opcode::tests::test_append_one_byte_vector_to_another ... ok
[INFO] [stdout] test melvm::opcode::tests::test_bitwise_not_with_wraparound ... ok
[INFO] [stdout] test melvm::opcode::tests::test_bitwise_or ... ok
[INFO] [stdout] test melvm::opcode::tests::test_bitwise_xor ... ok
[INFO] [stdout] test melvm::opcode::tests::test_convert_bytes_to_integer_failing ... ok
[INFO] [stdout] test melvm::opcode::tests::test_bref ... ok
[INFO] [stdout] test melvm::opcode::tests::test_convert_bytes_to_integer ... ok
[INFO] [stdout] test melvm::opcode::tests::test_divide_to_zero ... ok
[INFO] [stdout] test melvm::opcode::tests::test_dup ... ok
[INFO] [stdout] test melvm::opcode::tests::test_equality ... ok
[INFO] [stdout] test melvm::opcode::tests::test_divide_with_decimal ... ok
[INFO] [stdout] test melvm::opcode::tests::test_divide ... ok
[INFO] [stdout] test melvm::opcode::tests::test_greater_than ... ok
[INFO] [stdout] test melvm::opcode::tests::test_convert_integer_to_bytes ... ok
[INFO] [stdout] test melvm::opcode::tests::test_heap_store_and_load ... ok
[INFO] [stdout] test melvm::opcode::tests::test_loop_fail ... ok
[INFO] [stdout] test melvm::opcode::tests::test_loop_inputs_being_not_positive ... ok
[INFO] [stdout] test melvm::opcode::tests::test_loop ... ok
[INFO] [stdout] test melvm::opcode::tests::test_less_than ... ok
[INFO] [stdout] test melvm::opcode::tests::test_hash ... ok
[INFO] [stdout] test melvm::opcode::tests::test_exponentiate ... ok
[INFO] [stdout] test melvm::opcode::tests::test_heap_storeimm_and_loadimm ... ok
[INFO] [stdout] test melvm::opcode::tests::test_multiply ... ok
[INFO] [stdout] test melvm::opcode::tests::test_insert_at_the_beginning_of_a_byte_vector ... ok
[INFO] [stdout] test melvm::opcode::tests::test_not_skipping_an_operation_with_bez ... ok
[INFO] [stdout] test melvm::opcode::tests::test_noop ... ok
[INFO] [stdout] test melvm::opcode::tests::test_multiply_with_overflow ... ok
[INFO] [stdout] test melvm::opcode::tests::test_loop_zero_times ... ok
[INFO] [stdout] test melvm::opcode::tests::test_not_skipping_an_operation_with_bnz ... ok
[INFO] [stdout] test melvm::opcode::tests::test_remainder_is_zero ... ok
[INFO] [stdout] test melvm::opcode::tests::test_remainder ... ok
[INFO] [stdout] test melvm::opcode::tests::test_skipping_an_operation_with_jmp ... ok
[INFO] [stdout] test melvm::opcode::tests::test_insert_at_the_beginning_of_a_vm_vector ... ok
[INFO] [stdout] test melvm::opcode::tests::test_skipping_an_operation_with_bez ... ok
[INFO] [stdout] test melvm::opcode::tests::test_pushic ... ok
[INFO] [stdout] test melvm::opcode::tests::test_overwrite_an_index_of_a_vm_vector ... ok
[INFO] [stdout] test melvm::opcode::tests::test_skipping_an_operation_with_bnz ... ok
[INFO] [stdout] test melvm::opcode::tests::test_overwrite_an_index_of_a_byte_vector ... ok
[INFO] [stdout] test melvm::opcode::tests::test_subtraction_with_wraparound ... ok
[INFO] [stdout] test melvm::opcode::tests::test_subtraction ... ok
[INFO] [stdout] test melvm::opcode::tests::test_typeq_integer ... ok
[INFO] [stdout] test melvm::opcode::tests::test_typeq_byte_vector ... ok
[INFO] [stdout] test melvm::opcode::tests::test_typeq_vector ... ok
[INFO] [stdout] test melvm::opcode::tests::test_verify_an_index_of_a_byte_vector ... ok
[INFO] [stdout] test melvm::opcode::tests::test_verify_an_index_of_a_vm_vector ... ok
[INFO] [stdout] test melvm::opcode::tests::test_verify_the_length_of_a_byte_slice ... ok
[INFO] [stdout] test melvm::opcode::tests::test_verify_the_length_of_a_vm_slice ... ok
[INFO] [stdout] test melvm::opcode::tests::test_verify_empty_vector_with_out_of_bounds_vm_slice ... ok
[INFO] [stdout] test melvm::opcode::tests::test_verify_an_index_of_a_vm_slice ... ok
[INFO] [stdout] test melvm::tests::fuzz_crash_0 ... ok
[INFO] [stdout] test melvm::opcode::tests::test_verify_an_index_of_a_byte_slice ... ok
[INFO] [stdout] test melvm::tests::deterministic_execution ... ok
[INFO] [stdout] test melvm::opcode::tests::test_sigeok ... ok
[INFO] [stdout] test melvm::tests::imbl_bug ... ok
[INFO] [stdout] test melvm::tests::check_sig ... ok
[INFO] [stdout] test state::melmint::tests::math ... ok
[INFO] [stdout] test state::tests::forbid_mainnet_faucet ... ok
[INFO] [stdout] test stake::tests::test_vote_power_single_staker_is_total ... ok
[INFO] [stdout] test stake::tests::test_non_staker_has_no_vote_power ... ok
[INFO] [stdout] test stake::tests::test_vote_power_is_zero_no_stakers ... ok
[INFO] [stdout] test stake::tests::test_staker_has_correct_vote_power_in_epoch ... ok
[INFO] [stdout] test stake::tests::test_staker_has_no_vote_power_in_previous_epoch ... ok
[INFO] [stdout] test state::tests::no_duplicate_faucet_same_block ... ok
[INFO] [stdout] test state::tests::insufficient_fees ... ok
[INFO] [stdout] test state::tests::nonexistant_coin ... ok
[INFO] [stdout] test state::tests::no_duplicate_faucet_diff_blocks ... ok
[INFO] [stdout] test state::melmint::tests::simple_deposit ... ok
[INFO] [stdout] test state::tests::unbalanced_input_and_output ... ok
[INFO] [stdout] test state::tests::script_violation ... ok
[INFO] [stdout] test state::tests::nonexistent_script ... ok
[INFO] [stdout] test melvm::tests::stack_overflow ... ok
[INFO] [stdout] test state::tests::apply_batch_exceed_maximum_coin_value ... ok
[INFO] [stdout] test stake::tests::test_remove_stale_no_stale ... ok
[INFO] [stdout] test state::tests::staked_coin_cannot_spend ... ok
[INFO] [stdout] test melvm::opcode::tests::test_verify_empty_vector_with_out_of_bounds_byte_slice ... FAILED
[INFO] [stdout] test stake::tests::test_remove_stale_all_stale ... ok
[INFO] [stdout] test stake::tests::test_vote_power_is_zero_when_stakers_are_staking_zero ... ok
[INFO] [stdout] test state::tests::fee_pool_increase ... ok
[INFO] [stdout] test state::tests::simple_dmt ... ok
[INFO] [stdout] test state::tests::apply_batch_normal ... ok
[INFO] [stdout] test state::tests::overflow_coins - should panic ... ok
[INFO] [stdout] 
[INFO] [stdout] failures:
[INFO] [stdout] 
[INFO] [stdout] ---- melvm::opcode::tests::test_verify_empty_vector_with_out_of_bounds_byte_slice stdout ----
[INFO] [stdout] Stack (step) is empty.
[INFO] [stdout] Heap (step) is empty.
[INFO] [stdout] [2023-04-30T06:21:28Z DEBUG themelio_stf::melvm::executor] Getting next instruction PushI(5) @ 2, loop state []
[INFO] [stdout] Stack (step): [Int(5)]
[INFO] [stdout] Heap (step) is empty.
[INFO] [stdout] [2023-04-30T06:21:28Z DEBUG themelio_stf::melvm::executor] Getting next instruction PushI(1) @ 3, loop state []
[INFO] [stdout] Stack (step): [Int(5), Int(1)]
[INFO] [stdout] Heap (step) is empty.
[INFO] [stdout] [2023-04-30T06:21:28Z DEBUG themelio_stf::melvm::executor] Getting next instruction PushI(5) @ 4, loop state []
[INFO] [stdout] Stack (step): [Int(5), Int(1), Int(5)]
[INFO] [stdout] Heap (step) is empty.
[INFO] [stdout] [2023-04-30T06:21:28Z DEBUG themelio_stf::melvm::executor] Getting next instruction PushI(4) @ 5, loop state []
[INFO] [stdout] Stack (step): [Int(5), Int(1), Int(5), Int(4)]
[INFO] [stdout] Heap (step) is empty.
[INFO] [stdout] [2023-04-30T06:21:28Z DEBUG themelio_stf::melvm::executor] Getting next instruction PushI(3) @ 6, loop state []
[INFO] [stdout] Stack (step): [Int(5), Int(1), Int(5), Int(4), Int(3)]
[INFO] [stdout] Heap (step) is empty.
[INFO] [stdout] [2023-04-30T06:21:28Z DEBUG themelio_stf::melvm::executor] Getting next instruction PushI(2) @ 7, loop state []
[INFO] [stdout] Stack (step): [Int(5), Int(1), Int(5), Int(4), Int(3), Int(2)]
[INFO] [stdout] Heap (step) is empty.
[INFO] [stdout] [2023-04-30T06:21:28Z DEBUG themelio_stf::melvm::executor] Getting next instruction PushI(1) @ 8, loop state []
[INFO] [stdout] Stack (step): [Int(5), Int(1), Int(5), Int(4), Int(3), Int(2), Int(1)]
[INFO] [stdout] Heap (step) is empty.
[INFO] [stdout] [2023-04-30T06:21:28Z DEBUG themelio_stf::melvm::executor] Getting next instruction BEmpty @ 9, loop state []
[INFO] [stdout] Stack (step): [Int(5), Int(1), Int(5), Int(4), Int(3), Int(2), Int(1), Bytes([])]
[INFO] [stdout] Heap (step) is empty.
[INFO] [stdout] [2023-04-30T06:21:28Z DEBUG themelio_stf::melvm::executor] Getting next instruction BPush @ 10, loop state []
[INFO] [stdout] Stack (step): [Int(5), Int(1), Int(5), Int(4), Int(3), Int(2), Bytes([1])]
[INFO] [stdout] Heap (step) is empty.
[INFO] [stdout] [2023-04-30T06:21:28Z DEBUG themelio_stf::melvm::executor] Getting next instruction BPush @ 11, loop state []
[INFO] [stdout] Stack (step): [Int(5), Int(1), Int(5), Int(4), Int(3), Bytes([1, 2])]
[INFO] [stdout] Heap (step) is empty.
[INFO] [stdout] [2023-04-30T06:21:28Z DEBUG themelio_stf::melvm::executor] Getting next instruction BPush @ 12, loop state []
[INFO] [stdout] Stack (step): [Int(5), Int(1), Int(5), Int(4), Bytes([1, 2, 3])]
[INFO] [stdout] Heap (step) is empty.
[INFO] [stdout] [2023-04-30T06:21:28Z DEBUG themelio_stf::melvm::executor] Getting next instruction BPush @ 13, loop state []
[INFO] [stdout] Stack (step): [Int(5), Int(1), Int(5), Bytes([1, 2, 3, 4])]
[INFO] [stdout] Heap (step) is empty.
[INFO] [stdout] [2023-04-30T06:21:28Z DEBUG themelio_stf::melvm::executor] Getting next instruction BPush @ 14, loop state []
[INFO] [stdout] Stack (step): [Int(5), Int(1), Bytes([1, 2, 3, 4, 5])]
[INFO] [stdout] Heap (step) is empty.
[INFO] [stdout] [2023-04-30T06:21:28Z DEBUG themelio_stf::melvm::executor] Getting next instruction BSlice @ 15, loop state []
[INFO] [stdout] Stack (step): [Bytes([2, 3, 4, 5])]
[INFO] [stdout] Heap (step) is empty.
[INFO] [stdout] [2023-04-30T06:21:28Z DEBUG themelio_stf::melvm::executor] Getting next instruction BLength @ 16, loop state []
[INFO] [stdout] Stack (step): [Int(4)]
[INFO] [stdout] Heap (step) is empty.
[INFO] [stdout] [2023-04-30T06:21:28Z DEBUG themelio_stf::melvm::executor] Getting next instruction PushI(0) @ 17, loop state []
[INFO] [stdout] Stack (step): [Int(4), Int(0)]
[INFO] [stdout] Heap (step) is empty.
[INFO] [stdout] [2023-04-30T06:21:28Z DEBUG themelio_stf::melvm::executor] Getting next instruction Eql @ 18, loop state []
[INFO] [stdout] Stack (final): [Int(0)]
[INFO] [stdout] Heap (final) is empty.
[INFO] [stdout] thread 'melvm::opcode::tests::test_verify_empty_vector_with_out_of_bounds_byte_slice' panicked at 'assertion failed: `(left == right)`
[INFO] [stdout]   left: `false`,
[INFO] [stdout]  right: `true`', src/melvm/opcode.rs:1626:9
[INFO] [stdout] stack backtrace:
[INFO] [stdout]    0:     0x557c94b4c23a - std::backtrace_rs::backtrace::libunwind::trace::h2f05d0192276a8f6
[INFO] [stdout]                                at /rustc/1b7dd2252b99671ce5d1cb9664c5f8636329436d/library/std/src/../../backtrace/src/backtrace/libunwind.rs:93:5
[INFO] [stdout]    1:     0x557c94b4c23a - std::backtrace_rs::backtrace::trace_unsynchronized::hedc23dff7a1af150
[INFO] [stdout]                                at /rustc/1b7dd2252b99671ce5d1cb9664c5f8636329436d/library/std/src/../../backtrace/src/backtrace/mod.rs:66:5
[INFO] [stdout]    2:     0x557c94b4c23a - std::sys_common::backtrace::_print_fmt::h17541ef7592f3ce2
[INFO] [stdout]                                at /rustc/1b7dd2252b99671ce5d1cb9664c5f8636329436d/library/std/src/sys_common/backtrace.rs:65:5
[INFO] [stdout]    3:     0x557c94b4c23a - <std::sys_common::backtrace::_print::DisplayBacktrace as core::fmt::Display>::fmt::h20f75df5ab0c0792
[INFO] [stdout]                                at /rustc/1b7dd2252b99671ce5d1cb9664c5f8636329436d/library/std/src/sys_common/backtrace.rs:44:22
[INFO] [stdout]    4:     0x557c94b70e6f - core::fmt::write::h78109e6f466b3af6
[INFO] [stdout]                                at /rustc/1b7dd2252b99671ce5d1cb9664c5f8636329436d/library/core/src/fmt/mod.rs:1254:17
[INFO] [stdout]    5:     0x557c94b493e5 - std::io::Write::write_fmt::hd24bfb68a1b35a25
[INFO] [stdout]                                at /rustc/1b7dd2252b99671ce5d1cb9664c5f8636329436d/library/std/src/io/mod.rs:1698:15
[INFO] [stdout]    6:     0x557c94b4c005 - std::sys_common::backtrace::_print::h8dac57a9f8fbf9a5
[INFO] [stdout]                                at /rustc/1b7dd2252b99671ce5d1cb9664c5f8636329436d/library/std/src/sys_common/backtrace.rs:47:5
[INFO] [stdout]    7:     0x557c94b4c005 - std::sys_common::backtrace::print::hf9ecbf41d1aa712f
[INFO] [stdout]                                at /rustc/1b7dd2252b99671ce5d1cb9664c5f8636329436d/library/std/src/sys_common/backtrace.rs:34:9
[INFO] [stdout]    8:     0x557c94b4dcbe - std::panicking::default_hook::{{closure}}::h04c07acfc84ca028
[INFO] [stdout]                                at /rustc/1b7dd2252b99671ce5d1cb9664c5f8636329436d/library/std/src/panicking.rs:269:22
[INFO] [stdout]    9:     0x557c94b4d9f1 - std::panicking::default_hook::h01f6bb23e1eceb2c
[INFO] [stdout]                                at /rustc/1b7dd2252b99671ce5d1cb9664c5f8636329436d/library/std/src/panicking.rs:285:9
[INFO] [stdout]   10:     0x557c947aa62b - <alloc::boxed::Box<F,A> as core::ops::function::Fn<Args>>::call::h87fe9f7b2fd49e4c
[INFO] [stdout]                                at /rustc/1b7dd2252b99671ce5d1cb9664c5f8636329436d/library/alloc/src/boxed.rs:1987:9
[INFO] [stdout]   11:     0x557c947aa62b - test::test_main::{{closure}}::he94d679243a7531b
[INFO] [stdout]                                at /rustc/1b7dd2252b99671ce5d1cb9664c5f8636329436d/library/test/src/lib.rs:134:21
[INFO] [stdout]   12:     0x557c94b4e3a4 - <alloc::boxed::Box<F,A> as core::ops::function::Fn<Args>>::call::h3f2d6d8b14c4769f
[INFO] [stdout]                                at /rustc/1b7dd2252b99671ce5d1cb9664c5f8636329436d/library/alloc/src/boxed.rs:1987:9
[INFO] [stdout]   13:     0x557c94b4e3a4 - std::panicking::rust_panic_with_hook::h2bb3722bbaf2f6df
[INFO] [stdout]                                at /rustc/1b7dd2252b99671ce5d1cb9664c5f8636329436d/library/std/src/panicking.rs:695:13
[INFO] [stdout]   14:     0x557c94b4e119 - std::panicking::begin_panic_handler::{{closure}}::h91bc7f36a4be011b
[INFO] [stdout]                                at /rustc/1b7dd2252b99671ce5d1cb9664c5f8636329436d/library/std/src/panicking.rs:582:13
[INFO] [stdout]   15:     0x557c94b4c6a6 - std::sys_common::backtrace::__rust_end_short_backtrace::h8b3d3717114f9e59
[INFO] [stdout]                                at /rustc/1b7dd2252b99671ce5d1cb9664c5f8636329436d/library/std/src/sys_common/backtrace.rs:150:18
[INFO] [stdout]   16:     0x557c94b4de72 - rust_begin_unwind
[INFO] [stdout]                                at /rustc/1b7dd2252b99671ce5d1cb9664c5f8636329436d/library/std/src/panicking.rs:578:5
[INFO] [stdout]   17:     0x557c945e9073 - core::panicking::panic_fmt::hfd368e3fbdabea26
[INFO] [stdout]                                at /rustc/1b7dd2252b99671ce5d1cb9664c5f8636329436d/library/core/src/panicking.rs:67:14
[INFO] [stdout]   18:     0x557c945e949f - core::panicking::assert_failed_inner::haef49168e1798a91
[INFO] [stdout]   19:     0x557c945f976a - core::panicking::assert_failed::h442d403be109a3a2
[INFO] [stdout]                                at /rustc/1b7dd2252b99671ce5d1cb9664c5f8636329436d/library/core/src/panicking.rs:228:5
[INFO] [stdout]   20:     0x557c9472b27c - themelio_stf::melvm::opcode::tests::test_verify_empty_vector_with_out_of_bounds_byte_slice::h75a172acaa776f6d
[INFO] [stdout]                                at /opt/rustwide/workdir/src/melvm/opcode.rs:1626:9
[INFO] [stdout]   21:     0x557c9472aa07 - themelio_stf::melvm::opcode::tests::test_verify_empty_vector_with_out_of_bounds_byte_slice::{{closure}}::hf861cce83d11e0ba
[INFO] [stdout]                                at /opt/rustwide/workdir/src/melvm/opcode.rs:1599:65
[INFO] [stdout]   22:     0x557c947075a5 - core::ops::function::FnOnce::call_once::h909796ebe7ec5623
[INFO] [stdout]                                at /rustc/1b7dd2252b99671ce5d1cb9664c5f8636329436d/library/core/src/ops/function.rs:250:5
[INFO] [stdout]   23:     0x557c947af4ff - core::ops::function::FnOnce::call_once::ha6a70e79f7481a7e
[INFO] [stdout]                                at /rustc/1b7dd2252b99671ce5d1cb9664c5f8636329436d/library/core/src/ops/function.rs:250:5
[INFO] [stdout]   24:     0x557c947af4ff - test::__rust_begin_short_backtrace::hce33033019b61e69
[INFO] [stdout]                                at /rustc/1b7dd2252b99671ce5d1cb9664c5f8636329436d/library/test/src/lib.rs:655:18
[INFO] [stdout]   25:     0x557c9477ccec - test::run_test::{{closure}}::h858d3528838ae3e5
[INFO] [stdout]                                at /rustc/1b7dd2252b99671ce5d1cb9664c5f8636329436d/library/test/src/lib.rs:646:30
[INFO] [stdout]   26:     0x557c9477ccec - core::ops::function::FnOnce::call_once{{vtable.shim}}::he8ac2b00f01ae79e
[INFO] [stdout]                                at /rustc/1b7dd2252b99671ce5d1cb9664c5f8636329436d/library/core/src/ops/function.rs:250:5
[INFO] [stdout]   27:     0x557c947ae5d6 - <alloc::boxed::Box<F,A> as core::ops::function::FnOnce<Args>>::call_once::h8093d25b522725ef
[INFO] [stdout]                                at /rustc/1b7dd2252b99671ce5d1cb9664c5f8636329436d/library/alloc/src/boxed.rs:1973:9
[INFO] [stdout]   28:     0x557c947ae5d6 - <core::panic::unwind_safe::AssertUnwindSafe<F> as core::ops::function::FnOnce<()>>::call_once::h5c334c204e4a3913
[INFO] [stdout]                                at /rustc/1b7dd2252b99671ce5d1cb9664c5f8636329436d/library/core/src/panic/unwind_safe.rs:271:9
[INFO] [stdout]   29:     0x557c947ae5d6 - std::panicking::try::do_call::ha8b740c7b9478074
[INFO] [stdout]                                at /rustc/1b7dd2252b99671ce5d1cb9664c5f8636329436d/library/std/src/panicking.rs:485:40
[INFO] [stdout]   30:     0x557c947ae5d6 - std::panicking::try::h5d34f63d0e41b64e
[INFO] [stdout]                                at /rustc/1b7dd2252b99671ce5d1cb9664c5f8636329436d/library/std/src/panicking.rs:449:19
[INFO] [stdout]   31:     0x557c947ae5d6 - std::panic::catch_unwind::hcfbb511e1aa7fc67
[INFO] [stdout]                                at /rustc/1b7dd2252b99671ce5d1cb9664c5f8636329436d/library/std/src/panic.rs:140:14
[INFO] [stdout]   32:     0x557c947ae5d6 - test::run_test_in_process::h9abda90f802eaf21
[INFO] [stdout]                                at /rustc/1b7dd2252b99671ce5d1cb9664c5f8636329436d/library/test/src/lib.rs:678:27
[INFO] [stdout]   33:     0x557c947ae5d6 - test::run_test::run_test_inner::{{closure}}::h0f058de91f6c6edf
[INFO] [stdout]                                at /rustc/1b7dd2252b99671ce5d1cb9664c5f8636329436d/library/test/src/lib.rs:572:39
[INFO] [stdout]   34:     0x557c947774f5 - test::run_test::run_test_inner::{{closure}}::h5ca48a4c59c6c1fb
[INFO] [stdout]                                at /rustc/1b7dd2252b99671ce5d1cb9664c5f8636329436d/library/test/src/lib.rs:599:37
[INFO] [stdout]   35:     0x557c947774f5 - std::sys_common::backtrace::__rust_begin_short_backtrace::h32bd51e1495d4a33
[INFO] [stdout]                                at /rustc/1b7dd2252b99671ce5d1cb9664c5f8636329436d/library/std/src/sys_common/backtrace.rs:134:18
[INFO] [stdout]   36:     0x557c9477ca31 - std::thread::Builder::spawn_unchecked_::{{closure}}::{{closure}}::hc086fae9b128b2db
[INFO] [stdout]                                at /rustc/1b7dd2252b99671ce5d1cb9664c5f8636329436d/library/std/src/thread/mod.rs:526:17
[INFO] [stdout]   37:     0x557c9477ca31 - <core::panic::unwind_safe::AssertUnwindSafe<F> as core::ops::function::FnOnce<()>>::call_once::hb66571888d270d43
[INFO] [stdout]                                at /rustc/1b7dd2252b99671ce5d1cb9664c5f8636329436d/library/core/src/panic/unwind_safe.rs:271:9
[INFO] [stdout]   38:     0x557c9477ca31 - std::panicking::try::do_call::h4fa2ef4f6e51fecf
[INFO] [stdout]                                at /rustc/1b7dd2252b99671ce5d1cb9664c5f8636329436d/library/std/src/panicking.rs:485:40
[INFO] [stdout]   39:     0x557c9477ca31 - std::panicking::try::h1e9e22b8584489b5
[INFO] [stdout]                                at /rustc/1b7dd2252b99671ce5d1cb9664c5f8636329436d/library/std/src/panicking.rs:449:19
[INFO] [stdout]   40:     0x557c9477ca31 - std::panic::catch_unwind::h44698a3de0e0769e
[INFO] [stdout]                                at /rustc/1b7dd2252b99671ce5d1cb9664c5f8636329436d/library/std/src/panic.rs:140:14
[INFO] [stdout]   41:     0x557c9477ca31 - std::thread::Builder::spawn_unchecked_::{{closure}}::h50153abde3fe239e
[INFO] [stdout]                                at /rustc/1b7dd2252b99671ce5d1cb9664c5f8636329436d/library/std/src/thread/mod.rs:525:30
[INFO] [stdout]   42:     0x557c9477ca31 - core::ops::function::FnOnce::call_once{{vtable.shim}}::hbe5bbf6f38394364
[INFO] [stdout]                                at /rustc/1b7dd2252b99671ce5d1cb9664c5f8636329436d/library/core/src/ops/function.rs:250:5
[INFO] [stdout]   43:     0x557c94b52955 - <alloc::boxed::Box<F,A> as core::ops::function::FnOnce<Args>>::call_once::h0d83cb2920a49046
[INFO] [stdout]                                at /rustc/1b7dd2252b99671ce5d1cb9664c5f8636329436d/library/alloc/src/boxed.rs:1973:9
[INFO] [stdout]   44:     0x557c94b52955 - <alloc::boxed::Box<F,A> as core::ops::function::FnOnce<Args>>::call_once::hbe0a008aa7d9ef59
[INFO] [stdout]                                at /rustc/1b7dd2252b99671ce5d1cb9664c5f8636329436d/library/alloc/src/boxed.rs:1973:9
[INFO] [stdout]   45:     0x557c94b52955 - std::sys::unix::thread::Thread::new::thread_start::h3a466996bdf6b1f9
[INFO] [stdout]                                at /rustc/1b7dd2252b99671ce5d1cb9664c5f8636329436d/library/std/src/sys/unix/thread.rs:108:17
[INFO] [stdout]   46:     0x7f35108a4b43 - <unknown>
[INFO] [stdout]   47:     0x7f3510935bb4 - __clone
[INFO] [stdout]   48:                0x0 - <unknown>
[INFO] [stdout] 
[INFO] [stdout] 
[INFO] [stdout] failures:
[INFO] [stdout]     melvm::opcode::tests::test_verify_empty_vector_with_out_of_bounds_byte_slice
[INFO] [stdout] 
[INFO] [stdout] test result: FAILED. 89 passed; 1 failed; 0 ignored; 0 measured; 0 filtered out; finished in 7.97s
[INFO] [stdout] 
[INFO] [stderr] error: test failed, to rerun pass `--lib`
[INFO] running `Command { std: "docker" "inspect" "9f82dacd7725cd25b11185529552ff74c5fce1942d36fc1014bfcac1b310f129", kill_on_drop: false }`
[INFO] running `Command { std: "docker" "rm" "-f" "9f82dacd7725cd25b11185529552ff74c5fce1942d36fc1014bfcac1b310f129", kill_on_drop: false }`
[INFO] [stdout] 9f82dacd7725cd25b11185529552ff74c5fce1942d36fc1014bfcac1b310f129
