[INFO] fetching crate thalo-schema 0.5.0...
[INFO] testing thalo-schema-0.5.0 against 1.69.0 for beta-1.70-1
[INFO] extracting crate thalo-schema 0.5.0 into /workspace/builds/worker-4-tc1/source
[INFO] validating manifest of crates.io crate thalo-schema 0.5.0 on toolchain 1.69.0
[INFO] running `Command { std: CARGO_HOME="/workspace/cargo-home" RUSTUP_HOME="/workspace/rustup-home" "/workspace/cargo-home/bin/cargo" "+1.69.0" "metadata" "--manifest-path" "Cargo.toml" "--no-deps", kill_on_drop: false }`
[INFO] started tweaking crates.io crate thalo-schema 0.5.0
[INFO] finished tweaking crates.io crate thalo-schema 0.5.0
[INFO] tweaked toml for crates.io crate thalo-schema 0.5.0 written to /workspace/builds/worker-4-tc1/source/Cargo.toml
[INFO] running `Command { std: CARGO_HOME="/workspace/cargo-home" RUSTUP_HOME="/workspace/rustup-home" __CARGO_TEST_CHANNEL_OVERRIDE_DO_NOT_USE_THIS="nightly" "/workspace/cargo-home/bin/cargo" "+1.69.0" "generate-lockfile" "--manifest-path" "Cargo.toml" "-Zno-index-update", kill_on_drop: false }`
[INFO] running `Command { std: CARGO_HOME="/workspace/cargo-home" RUSTUP_HOME="/workspace/rustup-home" "/workspace/cargo-home/bin/cargo" "+1.69.0" "fetch" "--manifest-path" "Cargo.toml", kill_on_drop: false }`
[INFO] running `Command { std: "docker" "create" "-v" "/var/lib/crater-agent-workspace/builds/worker-4-tc1/target:/opt/rustwide/target:rw,Z" "-v" "/var/lib/crater-agent-workspace/builds/worker-4-tc1/source:/opt/rustwide/workdir:ro,Z" "-v" "/var/lib/crater-agent-workspace/cargo-home:/opt/rustwide/cargo-home:ro,Z" "-v" "/var/lib/crater-agent-workspace/rustup-home:/opt/rustwide/rustup-home:ro,Z" "-e" "SOURCE_DIR=/opt/rustwide/workdir" "-e" "CARGO_TARGET_DIR=/opt/rustwide/target" "-e" "CARGO_HOME=/opt/rustwide/cargo-home" "-e" "RUSTUP_HOME=/opt/rustwide/rustup-home" "-w" "/opt/rustwide/workdir" "-m" "1610612736" "--user" "0:0" "--network" "none" "ghcr.io/rust-lang/crates-build-env/linux@sha256:97d61d7686bf65f8ecb15491ab51835e82dc9176a96a831f143a431b191fc501" "/opt/rustwide/cargo-home/bin/cargo" "+1.69.0" "metadata" "--no-deps" "--format-version=1", kill_on_drop: false }`
[INFO] [stdout] d138e6ca3456076d9a863aded1809ce5bd35b0140c0436499da6bde5c5cb60e5
[INFO] running `Command { std: "docker" "start" "-a" "d138e6ca3456076d9a863aded1809ce5bd35b0140c0436499da6bde5c5cb60e5", kill_on_drop: false }`
[INFO] running `Command { std: "docker" "inspect" "d138e6ca3456076d9a863aded1809ce5bd35b0140c0436499da6bde5c5cb60e5", kill_on_drop: false }`
[INFO] running `Command { std: "docker" "rm" "-f" "d138e6ca3456076d9a863aded1809ce5bd35b0140c0436499da6bde5c5cb60e5", kill_on_drop: false }`
[INFO] [stdout] d138e6ca3456076d9a863aded1809ce5bd35b0140c0436499da6bde5c5cb60e5
[INFO] running `Command { std: "docker" "create" "-v" "/var/lib/crater-agent-workspace/builds/worker-4-tc1/target:/opt/rustwide/target:rw,Z" "-v" "/var/lib/crater-agent-workspace/builds/worker-4-tc1/source:/opt/rustwide/workdir:ro,Z" "-v" "/var/lib/crater-agent-workspace/cargo-home:/opt/rustwide/cargo-home:ro,Z" "-v" "/var/lib/crater-agent-workspace/rustup-home:/opt/rustwide/rustup-home:ro,Z" "-e" "SOURCE_DIR=/opt/rustwide/workdir" "-e" "CARGO_TARGET_DIR=/opt/rustwide/target" "-e" "CARGO_INCREMENTAL=0" "-e" "RUST_BACKTRACE=full" "-e" "RUSTFLAGS=--cap-lints=warn" "-e" "RUSTDOCFLAGS=--cap-lints=warn" "-e" "CARGO_HOME=/opt/rustwide/cargo-home" "-e" "RUSTUP_HOME=/opt/rustwide/rustup-home" "-w" "/opt/rustwide/workdir" "-m" "1610612736" "--user" "0:0" "--network" "none" "ghcr.io/rust-lang/crates-build-env/linux@sha256:97d61d7686bf65f8ecb15491ab51835e82dc9176a96a831f143a431b191fc501" "/opt/rustwide/cargo-home/bin/cargo" "+1.69.0" "build" "--frozen" "--message-format=json", kill_on_drop: false }`
[INFO] [stdout] cedff30cbaa93c5ca68e0b414a9d0e2bcd0c2e2c8ed6cfca23447687faf66ec8
[INFO] running `Command { std: "docker" "start" "-a" "cedff30cbaa93c5ca68e0b414a9d0e2bcd0c2e2c8ed6cfca23447687faf66ec8", kill_on_drop: false }`
[INFO] [stderr]    Compiling proc-macro2 v1.0.56
[INFO] [stderr]    Compiling serde_derive v1.0.160
[INFO] [stderr]    Compiling serde v1.0.160
[INFO] [stderr]    Compiling hashbrown v0.12.3
[INFO] [stderr]    Compiling linked-hash-map v0.5.6
[INFO] [stderr]    Compiling ryu v1.0.13
[INFO] [stderr]    Compiling indexmap v1.9.3
[INFO] [stderr]    Compiling yaml-rust v0.4.5
[INFO] [stderr]    Compiling quote v1.0.26
[INFO] [stderr]    Compiling syn v2.0.15
[INFO] [stderr]    Compiling thiserror-impl v1.0.40
[INFO] [stderr]    Compiling thiserror v1.0.40
[INFO] [stderr]    Compiling serde_yaml v0.8.26
[INFO] [stderr]    Compiling thalo-schema v0.5.0 (/opt/rustwide/workdir)
[INFO] [stderr]     Finished dev [unoptimized + debuginfo] target(s) in 9.97s
[INFO] running `Command { std: "docker" "inspect" "cedff30cbaa93c5ca68e0b414a9d0e2bcd0c2e2c8ed6cfca23447687faf66ec8", kill_on_drop: false }`
[INFO] running `Command { std: "docker" "rm" "-f" "cedff30cbaa93c5ca68e0b414a9d0e2bcd0c2e2c8ed6cfca23447687faf66ec8", kill_on_drop: false }`
[INFO] [stdout] cedff30cbaa93c5ca68e0b414a9d0e2bcd0c2e2c8ed6cfca23447687faf66ec8
[INFO] running `Command { std: "docker" "create" "-v" "/var/lib/crater-agent-workspace/builds/worker-4-tc1/target:/opt/rustwide/target:rw,Z" "-v" "/var/lib/crater-agent-workspace/builds/worker-4-tc1/source:/opt/rustwide/workdir:ro,Z" "-v" "/var/lib/crater-agent-workspace/cargo-home:/opt/rustwide/cargo-home:ro,Z" "-v" "/var/lib/crater-agent-workspace/rustup-home:/opt/rustwide/rustup-home:ro,Z" "-e" "SOURCE_DIR=/opt/rustwide/workdir" "-e" "CARGO_TARGET_DIR=/opt/rustwide/target" "-e" "CARGO_INCREMENTAL=0" "-e" "RUST_BACKTRACE=full" "-e" "RUSTFLAGS=--cap-lints=warn" "-e" "RUSTDOCFLAGS=--cap-lints=warn" "-e" "CARGO_HOME=/opt/rustwide/cargo-home" "-e" "RUSTUP_HOME=/opt/rustwide/rustup-home" "-w" "/opt/rustwide/workdir" "-m" "1610612736" "--user" "0:0" "--network" "none" "ghcr.io/rust-lang/crates-build-env/linux@sha256:97d61d7686bf65f8ecb15491ab51835e82dc9176a96a831f143a431b191fc501" "/opt/rustwide/cargo-home/bin/cargo" "+1.69.0" "test" "--frozen" "--no-run" "--message-format=json", kill_on_drop: false }`
[INFO] [stdout] 2eff1ac69f9e3f086e90e74e60a332856c1ddd46661b74c5b609f60fe97fd6fd
[INFO] running `Command { std: "docker" "start" "-a" "2eff1ac69f9e3f086e90e74e60a332856c1ddd46661b74c5b609f60fe97fd6fd", kill_on_drop: false }`
[INFO] [stderr]    Compiling thalo-schema v0.5.0 (/opt/rustwide/workdir)
[INFO] [stderr]     Finished test [unoptimized + debuginfo] target(s) in 0.86s
[INFO] running `Command { std: "docker" "inspect" "2eff1ac69f9e3f086e90e74e60a332856c1ddd46661b74c5b609f60fe97fd6fd", kill_on_drop: false }`
[INFO] running `Command { std: "docker" "rm" "-f" "2eff1ac69f9e3f086e90e74e60a332856c1ddd46661b74c5b609f60fe97fd6fd", kill_on_drop: false }`
[INFO] [stdout] 2eff1ac69f9e3f086e90e74e60a332856c1ddd46661b74c5b609f60fe97fd6fd
[INFO] running `Command { std: "docker" "create" "-v" "/var/lib/crater-agent-workspace/builds/worker-4-tc1/target:/opt/rustwide/target:rw,Z" "-v" "/var/lib/crater-agent-workspace/builds/worker-4-tc1/source:/opt/rustwide/workdir:ro,Z" "-v" "/var/lib/crater-agent-workspace/cargo-home:/opt/rustwide/cargo-home:ro,Z" "-v" "/var/lib/crater-agent-workspace/rustup-home:/opt/rustwide/rustup-home:ro,Z" "-e" "SOURCE_DIR=/opt/rustwide/workdir" "-e" "CARGO_TARGET_DIR=/opt/rustwide/target" "-e" "CARGO_INCREMENTAL=0" "-e" "RUST_BACKTRACE=full" "-e" "RUSTFLAGS=--cap-lints=warn" "-e" "RUSTDOCFLAGS=--cap-lints=warn" "-e" "CARGO_HOME=/opt/rustwide/cargo-home" "-e" "RUSTUP_HOME=/opt/rustwide/rustup-home" "-w" "/opt/rustwide/workdir" "-m" "1610612736" "--user" "0:0" "--network" "none" "ghcr.io/rust-lang/crates-build-env/linux@sha256:97d61d7686bf65f8ecb15491ab51835e82dc9176a96a831f143a431b191fc501" "/opt/rustwide/cargo-home/bin/cargo" "+1.69.0" "test" "--frozen", kill_on_drop: false }`
[INFO] [stdout] b13c7a408fd5ffe15d193bb22ad8653e40221ca2150b9a945146f9301af88022
[INFO] running `Command { std: "docker" "start" "-a" "b13c7a408fd5ffe15d193bb22ad8653e40221ca2150b9a945146f9301af88022", kill_on_drop: false }`
[INFO] [stderr]     Finished test [unoptimized + debuginfo] target(s) in 0.01s
[INFO] [stderr]      Running unittests src/lib.rs (/opt/rustwide/target/debug/deps/thalo_schema-d43902d57fbf9383)
[INFO] [stdout] 
[INFO] [stdout] running 2 tests
[INFO] [stdout] test compiler::tests::it_compile_schema_events ... ok
[INFO] [stdout] test compiler::tests::it_compile_schema_commands ... ok
[INFO] [stdout] 
[INFO] [stdout] test result: ok. 2 passed; 0 failed; 0 ignored; 0 measured; 0 filtered out; finished in 0.00s
[INFO] [stdout] 
[INFO] [stderr]    Doc-tests thalo-schema
[INFO] [stdout] 
[INFO] [stdout] running 2 tests
[INFO] [stdout] test src/lib.rs - (line 59) ... FAILED
[INFO] [stdout] test src/compiler.rs - compiler::Compiler (line 14) ... FAILED
[INFO] [stdout] 
[INFO] [stdout] failures:
[INFO] [stdout] 
[INFO] [stdout] ---- src/lib.rs - (line 59) stdout ----
[INFO] [stdout] error[E0433]: failed to resolve: use of undeclared crate or module `thalo`
[INFO] [stdout]  --> src/lib.rs:60:5
[INFO] [stdout]   |
[INFO] [stdout] 3 | use thalo::aggregate::{Aggregate, TypeId};
[INFO] [stdout]   |     ^^^^^ use of undeclared crate or module `thalo`
[INFO] [stdout] 
[INFO] [stdout] error[E0432]: unresolved import `BankAccountEvent`
[INFO] [stdout]   --> src/lib.rs:86:9
[INFO] [stdout]    |
[INFO] [stdout] 29 |     use BankAccountEvent::*;
[INFO] [stdout]    |         ^^^^^^^^^^^^^^^^ use of undeclared type `BankAccountEvent`
[INFO] [stdout] 
[INFO] [stdout] error: cannot find macro `include_aggregate` in this scope
[INFO] [stdout]  --> src/lib.rs:63:1
[INFO] [stdout]   |
[INFO] [stdout] 6 | include_aggregate!("BankAccount");
[INFO] [stdout]   | ^^^^^^^^^^^^^^^^^
[INFO] [stdout] 
[INFO] [stdout] error: cannot determine resolution for the derive macro `Aggregate`
[INFO] [stdout]  --> src/lib.rs:65:10
[INFO] [stdout]   |
[INFO] [stdout] 8 | #[derive(Aggregate, Clone, Debug, Default, PartialEq, TypeId)]
[INFO] [stdout]   |          ^^^^^^^^^
[INFO] [stdout]   |
[INFO] [stdout]   = note: import resolution is stuck, try simplifying macro imports
[INFO] [stdout] 
[INFO] [stdout] error: cannot determine resolution for the derive macro `TypeId`
[INFO] [stdout]  --> src/lib.rs:65:55
[INFO] [stdout]   |
[INFO] [stdout] 8 | #[derive(Aggregate, Clone, Debug, Default, PartialEq, TypeId)]
[INFO] [stdout]   |                                                       ^^^^^^
[INFO] [stdout]   |
[INFO] [stdout]   = note: import resolution is stuck, try simplifying macro imports
[INFO] [stdout] 
[INFO] [stdout] error[E0405]: cannot find trait `BankAccountCommand` in this scope
[INFO] [stdout]   --> src/lib.rs:71:6
[INFO] [stdout]    |
[INFO] [stdout] 14 | impl BankAccountCommand for BankAccount {
[INFO] [stdout]    |      ^^^^^^^^^^^^^^^^^^ not found in this scope
[INFO] [stdout] 
[INFO] [stdout] error[E0412]: cannot find type `OpenedAccountEvent` in this scope
[INFO] [stdout]   --> src/lib.rs:72:60
[INFO] [stdout]    |
[INFO] [stdout] 15 |     fn open_account(&self, initial_balance: f64) -> Result<OpenedAccountEvent, BankAccountError> {
[INFO] [stdout]    |                                                            ^^^^^^^^^^^^^^^^^^ not found in this scope
[INFO] [stdout]    |
[INFO] [stdout] help: you might be missing a type parameter
[INFO] [stdout]    |
[INFO] [stdout] 14 | impl<OpenedAccountEvent> BankAccountCommand for BankAccount {
[INFO] [stdout]    |     ++++++++++++++++++++
[INFO] [stdout] 
[INFO] [stdout] error[E0412]: cannot find type `BankAccountError` in this scope
[INFO] [stdout]   --> src/lib.rs:72:80
[INFO] [stdout]    |
[INFO] [stdout] 9  | pub struct BankAccount {
[INFO] [stdout]    | ---------------------- similarly named struct `BankAccount` defined here
[INFO] [stdout] ...
[INFO] [stdout] 15 |     fn open_account(&self, initial_balance: f64) -> Result<OpenedAccountEvent, BankAccountError> {
[INFO] [stdout]    |                                                                                ^^^^^^^^^^^^^^^^
[INFO] [stdout]    |
[INFO] [stdout] help: a struct with a similar name exists
[INFO] [stdout]    |
[INFO] [stdout] 15 |     fn open_account(&self, initial_balance: f64) -> Result<OpenedAccountEvent, BankAccount> {
[INFO] [stdout]    |                                                                                ~~~~~~~~~~~
[INFO] [stdout] help: you might be missing a type parameter
[INFO] [stdout]    |
[INFO] [stdout] 14 | impl<BankAccountError> BankAccountCommand for BankAccount {
[INFO] [stdout]    |     ++++++++++++++++++
[INFO] [stdout] 
[INFO] [stdout] error[E0412]: cannot find type `DepositedFundsEvent` in this scope
[INFO] [stdout]   --> src/lib.rs:76:52
[INFO] [stdout]    |
[INFO] [stdout] 19 |     fn deposit_funds(&self, amount: f64) -> Result<DepositedFundsEvent, BankAccountError> {
[INFO] [stdout]    |                                                    ^^^^^^^^^^^^^^^^^^^ not found in this scope
[INFO] [stdout]    |
[INFO] [stdout] help: you might be missing a type parameter
[INFO] [stdout]    |
[INFO] [stdout] 14 | impl<DepositedFundsEvent> BankAccountCommand for BankAccount {
[INFO] [stdout]    |     +++++++++++++++++++++
[INFO] [stdout] 
[INFO] [stdout] error[E0412]: cannot find type `BankAccountError` in this scope
[INFO] [stdout]   --> src/lib.rs:76:73
[INFO] [stdout]    |
[INFO] [stdout] 9  | pub struct BankAccount {
[INFO] [stdout]    | ---------------------- similarly named struct `BankAccount` defined here
[INFO] [stdout] ...
[INFO] [stdout] 19 |     fn deposit_funds(&self, amount: f64) -> Result<DepositedFundsEvent, BankAccountError> {
[INFO] [stdout]    |                                                                         ^^^^^^^^^^^^^^^^
[INFO] [stdout]    |
[INFO] [stdout] help: a struct with a similar name exists
[INFO] [stdout]    |
[INFO] [stdout] 19 |     fn deposit_funds(&self, amount: f64) -> Result<DepositedFundsEvent, BankAccount> {
[INFO] [stdout]    |                                                                         ~~~~~~~~~~~
[INFO] [stdout] help: you might be missing a type parameter
[INFO] [stdout]    |
[INFO] [stdout] 14 | impl<BankAccountError> BankAccountCommand for BankAccount {
[INFO] [stdout]    |     ++++++++++++++++++
[INFO] [stdout] 
[INFO] [stdout] error[E0412]: cannot find type `WithdrewFundsEvent` in this scope
[INFO] [stdout]   --> src/lib.rs:80:53
[INFO] [stdout]    |
[INFO] [stdout] 23 |     fn withdraw_funds(&self, amount: f64) -> Result<WithdrewFundsEvent, BankAccountError> {
[INFO] [stdout]    |                                                     ^^^^^^^^^^^^^^^^^^ not found in this scope
[INFO] [stdout]    |
[INFO] [stdout] help: you might be missing a type parameter
[INFO] [stdout]    |
[INFO] [stdout] 14 | impl<WithdrewFundsEvent> BankAccountCommand for BankAccount {
[INFO] [stdout]    |     ++++++++++++++++++++
[INFO] [stdout] 
[INFO] [stdout] error[E0412]: cannot find type `BankAccountError` in this scope
[INFO] [stdout]   --> src/lib.rs:80:73
[INFO] [stdout]    |
[INFO] [stdout] 9  | pub struct BankAccount {
[INFO] [stdout]    | ---------------------- similarly named struct `BankAccount` defined here
[INFO] [stdout] ...
[INFO] [stdout] 23 |     fn withdraw_funds(&self, amount: f64) -> Result<WithdrewFundsEvent, BankAccountError> {
[INFO] [stdout]    |                                                                         ^^^^^^^^^^^^^^^^
[INFO] [stdout]    |
[INFO] [stdout] help: a struct with a similar name exists
[INFO] [stdout]    |
[INFO] [stdout] 23 |     fn withdraw_funds(&self, amount: f64) -> Result<WithdrewFundsEvent, BankAccount> {
[INFO] [stdout]    |                                                                         ~~~~~~~~~~~
[INFO] [stdout] help: you might be missing a type parameter
[INFO] [stdout]    |
[INFO] [stdout] 14 | impl<BankAccountError> BankAccountCommand for BankAccount {
[INFO] [stdout]    |     ++++++++++++++++++
[INFO] [stdout] 
[INFO] [stdout] error[E0412]: cannot find type `BankAccountEvent` in this scope
[INFO] [stdout]   --> src/lib.rs:85:49
[INFO] [stdout]    |
[INFO] [stdout] 9  | pub struct BankAccount {
[INFO] [stdout]    | ---------------------- similarly named struct `BankAccount` defined here
[INFO] [stdout] ...
[INFO] [stdout] 28 | fn apply(bank_account: &mut BankAccount, event: BankAccountEvent) {
[INFO] [stdout]    |                                                 ^^^^^^^^^^^^^^^^ help: a struct with a similar name exists: `BankAccount`
[INFO] [stdout] 
[INFO] [stdout] error[E0531]: cannot find tuple struct or tuple variant `OpenedAccount` in this scope
[INFO] [stdout]   --> src/lib.rs:89:9
[INFO] [stdout]    |
[INFO] [stdout] 32 |         OpenedAccount(_) => { todo!() },
[INFO] [stdout]    |         ^^^^^^^^^^^^^ not found in this scope
[INFO] [stdout] 
[INFO] [stdout] error[E0531]: cannot find tuple struct or tuple variant `DepositedFunds` in this scope
[INFO] [stdout]   --> src/lib.rs:90:9
[INFO] [stdout]    |
[INFO] [stdout] 33 |         DepositedFunds(_) => { todo!() },
[INFO] [stdout]    |         ^^^^^^^^^^^^^^ not found in this scope
[INFO] [stdout] 
[INFO] [stdout] error[E0531]: cannot find tuple struct or tuple variant `WithdrewFunds` in this scope
[INFO] [stdout]   --> src/lib.rs:91:9
[INFO] [stdout]    |
[INFO] [stdout] 34 |         WithdrewFunds(_) => { todo!() },
[INFO] [stdout]    |         ^^^^^^^^^^^^^ not found in this scope
[INFO] [stdout] 
[INFO] [stdout] error: aborting due to 16 previous errors
[INFO] [stdout] 
[INFO] [stdout] Some errors have detailed explanations: E0405, E0412, E0432, E0433, E0531.
[INFO] [stdout] For more information about an error, try `rustc --explain E0405`.
[INFO] [stdout] Couldn't compile the test.
[INFO] [stdout] ---- src/compiler.rs - compiler::Compiler (line 14) stdout ----
[INFO] [stdout] Test executable failed (exit status: 101).
[INFO] [stdout] 
[INFO] [stdout] stderr:
[INFO] [stdout] thread 'main' panicked at 'called `Result::unwrap()` on an `Err` value: NotPresent', src/compiler.rs:59:43
[INFO] [stdout] stack backtrace:
[INFO] [stdout]    0:     0x55ab4846282a - std::backtrace_rs::backtrace::libunwind::trace::ha9053a9a07ca49cb
[INFO] [stdout]                                at /rustc/84c898d65adf2f39a5a98507f1fe0ce10a2b8dbc/library/std/src/../../backtrace/src/backtrace/libunwind.rs:93:5
[INFO] [stdout]    1:     0x55ab4846282a - std::backtrace_rs::backtrace::trace_unsynchronized::h9c2852a457ad564e
[INFO] [stdout]                                at /rustc/84c898d65adf2f39a5a98507f1fe0ce10a2b8dbc/library/std/src/../../backtrace/src/backtrace/mod.rs:66:5
[INFO] [stdout]    2:     0x55ab4846282a - std::sys_common::backtrace::_print_fmt::h457936fbfaa0070f
[INFO] [stdout]                                at /rustc/84c898d65adf2f39a5a98507f1fe0ce10a2b8dbc/library/std/src/sys_common/backtrace.rs:65:5
[INFO] [stdout]    3:     0x55ab4846282a - <std::sys_common::backtrace::_print::DisplayBacktrace as core::fmt::Display>::fmt::h5779d7bf7f70cb0c
[INFO] [stdout]                                at /rustc/84c898d65adf2f39a5a98507f1fe0ce10a2b8dbc/library/std/src/sys_common/backtrace.rs:44:22
[INFO] [stdout]    4:     0x55ab4848298e - core::fmt::write::h5a4baaff1bcd3eb5
[INFO] [stdout]                                at /rustc/84c898d65adf2f39a5a98507f1fe0ce10a2b8dbc/library/core/src/fmt/mod.rs:1232:17
[INFO] [stdout]    5:     0x55ab48460845 - std::io::Write::write_fmt::h4bc1f301cb9e9cce
[INFO] [stdout]                                at /rustc/84c898d65adf2f39a5a98507f1fe0ce10a2b8dbc/library/std/src/io/mod.rs:1684:15
[INFO] [stdout]    6:     0x55ab484625f5 - std::sys_common::backtrace::_print::h5fcdc36060f177e8
[INFO] [stdout]                                at /rustc/84c898d65adf2f39a5a98507f1fe0ce10a2b8dbc/library/std/src/sys_common/backtrace.rs:47:5
[INFO] [stdout]    7:     0x55ab484625f5 - std::sys_common::backtrace::print::h54ca9458b876c8bf
[INFO] [stdout]                                at /rustc/84c898d65adf2f39a5a98507f1fe0ce10a2b8dbc/library/std/src/sys_common/backtrace.rs:34:9
[INFO] [stdout]    8:     0x55ab48463c4f - std::panicking::default_hook::{{closure}}::hbe471161c7664ed6
[INFO] [stdout]                                at /rustc/84c898d65adf2f39a5a98507f1fe0ce10a2b8dbc/library/std/src/panicking.rs:271:22
[INFO] [stdout]    9:     0x55ab4846398b - std::panicking::default_hook::ha3500da57aa4ac4f
[INFO] [stdout]                                at /rustc/84c898d65adf2f39a5a98507f1fe0ce10a2b8dbc/library/std/src/panicking.rs:290:9
[INFO] [stdout]   10:     0x55ab484641f8 - std::panicking::rust_panic_with_hook::h50c09d000dc561d2
[INFO] [stdout]                                at /rustc/84c898d65adf2f39a5a98507f1fe0ce10a2b8dbc/library/std/src/panicking.rs:692:13
[INFO] [stdout]   11:     0x55ab484640f9 - std::panicking::begin_panic_handler::{{closure}}::h9e2b2176e00e0d9c
[INFO] [stdout]                                at /rustc/84c898d65adf2f39a5a98507f1fe0ce10a2b8dbc/library/std/src/panicking.rs:583:13
[INFO] [stdout]   12:     0x55ab48462c96 - std::sys_common::backtrace::__rust_end_short_backtrace::h5739b8e512c09d02
[INFO] [stdout]                                at /rustc/84c898d65adf2f39a5a98507f1fe0ce10a2b8dbc/library/std/src/sys_common/backtrace.rs:150:18
[INFO] [stdout]   13:     0x55ab48463e02 - rust_begin_unwind
[INFO] [stdout]                                at /rustc/84c898d65adf2f39a5a98507f1fe0ce10a2b8dbc/library/std/src/panicking.rs:579:5
[INFO] [stdout]   14:     0x55ab483af313 - core::panicking::panic_fmt::hf33a1475b4dc5c3e
[INFO] [stdout]                                at /rustc/84c898d65adf2f39a5a98507f1fe0ce10a2b8dbc/library/core/src/panicking.rs:64:14
[INFO] [stdout]   15:     0x55ab483af763 - core::result::unwrap_failed::hdff5465d74574b44
[INFO] [stdout]                                at /rustc/84c898d65adf2f39a5a98507f1fe0ce10a2b8dbc/library/core/src/result.rs:1750:5
[INFO] [stdout]   16:     0x55ab483be4f4 - core::result::Result<T,E>::unwrap::h97ba224b793146c6
[INFO] [stdout]                                at /rustc/84c898d65adf2f39a5a98507f1fe0ce10a2b8dbc/library/core/src/result.rs:1090:23
[INFO] [stdout]   17:     0x55ab483b31b9 - thalo_schema::compiler::Compiler::compile::ha7aa557c8ce88ea3
[INFO] [stdout]                                at /opt/rustwide/workdir/src/compiler.rs:59:23
[INFO] [stdout]   18:     0x55ab483b0b7f - rust_out::main::h814e4485e8126bd3
[INFO] [stdout]   19:     0x55ab483b0233 - core::ops::function::FnOnce::call_once::h418395fa84eb39c5
[INFO] [stdout]   20:     0x55ab483affb9 - std::sys_common::backtrace::__rust_begin_short_backtrace::h5acf3b30b4430eb6
[INFO] [stdout]   21:     0x55ab483b0099 - std::rt::lang_start::{{closure}}::h2e55cc04816b6fce
[INFO] [stdout]   22:     0x55ab4845d32c - core::ops::function::impls::<impl core::ops::function::FnOnce<A> for &F>::call_once::hd6efcd3bec896f2c
[INFO] [stdout]                                at /rustc/84c898d65adf2f39a5a98507f1fe0ce10a2b8dbc/library/core/src/ops/function.rs:287:13
[INFO] [stdout]   23:     0x55ab4845d32c - std::panicking::try::do_call::hce04e543bb1f4cbb
[INFO] [stdout]                                at /rustc/84c898d65adf2f39a5a98507f1fe0ce10a2b8dbc/library/std/src/panicking.rs:487:40
[INFO] [stdout]   24:     0x55ab4845d32c - std::panicking::try::h3342dd4e1f680968
[INFO] [stdout]                                at /rustc/84c898d65adf2f39a5a98507f1fe0ce10a2b8dbc/library/std/src/panicking.rs:451:19
[INFO] [stdout]   25:     0x55ab4845d32c - std::panic::catch_unwind::h148ce1e59ac0cee7
[INFO] [stdout]                                at /rustc/84c898d65adf2f39a5a98507f1fe0ce10a2b8dbc/library/std/src/panic.rs:140:14
[INFO] [stdout]   26:     0x55ab4845d32c - std::rt::lang_start_internal::{{closure}}::h25f9dda2057a67fe
[INFO] [stdout]                                at /rustc/84c898d65adf2f39a5a98507f1fe0ce10a2b8dbc/library/std/src/rt.rs:148:48
[INFO] [stdout]   27:     0x55ab4845d32c - std::panicking::try::do_call::h7caaaeaf9401650b
[INFO] [stdout]                                at /rustc/84c898d65adf2f39a5a98507f1fe0ce10a2b8dbc/library/std/src/panicking.rs:487:40
[INFO] [stdout]   28:     0x55ab4845d32c - std::panicking::try::he7d15285746cbbc2
[INFO] [stdout]                                at /rustc/84c898d65adf2f39a5a98507f1fe0ce10a2b8dbc/library/std/src/panicking.rs:451:19
[INFO] [stdout]   29:     0x55ab4845d32c - std::panic::catch_unwind::h89fb4f50c0301fe0
[INFO] [stdout]                                at /rustc/84c898d65adf2f39a5a98507f1fe0ce10a2b8dbc/library/std/src/panic.rs:140:14
[INFO] [stdout]   30:     0x55ab4845d32c - std::rt::lang_start_internal::h078acd489417d3c1
[INFO] [stdout]                                at /rustc/84c898d65adf2f39a5a98507f1fe0ce10a2b8dbc/library/std/src/rt.rs:148:20
[INFO] [stdout]   31:     0x55ab483b0077 - std::rt::lang_start::h702943dc6c3d6703
[INFO] [stdout]   32:     0x55ab483b0c25 - main
[INFO] [stdout]   33:     0x7f908687ad90 - <unknown>
[INFO] [stdout]   34:     0x7f908687ae40 - __libc_start_main
[INFO] [stdout]   35:     0x55ab483af945 - _start
[INFO] [stdout]   36:                0x0 - <unknown>
[INFO] [stdout] 
[INFO] [stdout] 
[INFO] [stdout] 
[INFO] [stdout] failures:
[INFO] [stdout]     src/compiler.rs - compiler::Compiler (line 14)
[INFO] [stdout]     src/lib.rs - (line 59)
[INFO] [stdout] 
[INFO] [stdout] test result: FAILED. 0 passed; 2 failed; 0 ignored; 0 measured; 0 filtered out; finished in 0.47s
[INFO] [stdout] 
[INFO] [stderr] error: doctest failed, to rerun pass `--doc`
[INFO] running `Command { std: "docker" "inspect" "b13c7a408fd5ffe15d193bb22ad8653e40221ca2150b9a945146f9301af88022", kill_on_drop: false }`
[INFO] running `Command { std: "docker" "rm" "-f" "b13c7a408fd5ffe15d193bb22ad8653e40221ca2150b9a945146f9301af88022", kill_on_drop: false }`
[INFO] [stdout] b13c7a408fd5ffe15d193bb22ad8653e40221ca2150b9a945146f9301af88022
