[INFO] fetching crate tf-bindgen-codegen 0.1.0...
[INFO] testing tf-bindgen-codegen-0.1.0 against 1.69.0 for beta-1.70-1
[INFO] extracting crate tf-bindgen-codegen 0.1.0 into /workspace/builds/worker-2-tc1/source
[INFO] validating manifest of crates.io crate tf-bindgen-codegen 0.1.0 on toolchain 1.69.0
[INFO] running `Command { std: CARGO_HOME="/workspace/cargo-home" RUSTUP_HOME="/workspace/rustup-home" "/workspace/cargo-home/bin/cargo" "+1.69.0" "metadata" "--manifest-path" "Cargo.toml" "--no-deps", kill_on_drop: false }`
[INFO] started tweaking crates.io crate tf-bindgen-codegen 0.1.0
[INFO] finished tweaking crates.io crate tf-bindgen-codegen 0.1.0
[INFO] tweaked toml for crates.io crate tf-bindgen-codegen 0.1.0 written to /workspace/builds/worker-2-tc1/source/Cargo.toml
[INFO] running `Command { std: CARGO_HOME="/workspace/cargo-home" RUSTUP_HOME="/workspace/rustup-home" __CARGO_TEST_CHANNEL_OVERRIDE_DO_NOT_USE_THIS="nightly" "/workspace/cargo-home/bin/cargo" "+1.69.0" "generate-lockfile" "--manifest-path" "Cargo.toml" "-Zno-index-update", kill_on_drop: false }`
[INFO] running `Command { std: CARGO_HOME="/workspace/cargo-home" RUSTUP_HOME="/workspace/rustup-home" "/workspace/cargo-home/bin/cargo" "+1.69.0" "fetch" "--manifest-path" "Cargo.toml", kill_on_drop: false }`
[INFO] running `Command { std: "docker" "create" "-v" "/var/lib/crater-agent-workspace/builds/worker-2-tc1/target:/opt/rustwide/target:rw,Z" "-v" "/var/lib/crater-agent-workspace/builds/worker-2-tc1/source:/opt/rustwide/workdir:ro,Z" "-v" "/var/lib/crater-agent-workspace/cargo-home:/opt/rustwide/cargo-home:ro,Z" "-v" "/var/lib/crater-agent-workspace/rustup-home:/opt/rustwide/rustup-home:ro,Z" "-e" "SOURCE_DIR=/opt/rustwide/workdir" "-e" "CARGO_TARGET_DIR=/opt/rustwide/target" "-e" "CARGO_HOME=/opt/rustwide/cargo-home" "-e" "RUSTUP_HOME=/opt/rustwide/rustup-home" "-w" "/opt/rustwide/workdir" "-m" "1610612736" "--user" "0:0" "--network" "none" "ghcr.io/rust-lang/crates-build-env/linux@sha256:5ff2268d62e97bff2cde7d5815dd6ed5b47097566f13b8d0ca110b04b60e07ed" "/opt/rustwide/cargo-home/bin/cargo" "+1.69.0" "metadata" "--no-deps" "--format-version=1", kill_on_drop: false }`
[INFO] [stdout] 5f8a7369a1ec644bbd8e5e9886324e471e1b42a437afbf56d6de1e59663bd952
[INFO] running `Command { std: "docker" "start" "-a" "5f8a7369a1ec644bbd8e5e9886324e471e1b42a437afbf56d6de1e59663bd952", kill_on_drop: false }`
[INFO] running `Command { std: "docker" "inspect" "5f8a7369a1ec644bbd8e5e9886324e471e1b42a437afbf56d6de1e59663bd952", kill_on_drop: false }`
[INFO] running `Command { std: "docker" "rm" "-f" "5f8a7369a1ec644bbd8e5e9886324e471e1b42a437afbf56d6de1e59663bd952", kill_on_drop: false }`
[INFO] [stdout] 5f8a7369a1ec644bbd8e5e9886324e471e1b42a437afbf56d6de1e59663bd952
[INFO] running `Command { std: "docker" "create" "-v" "/var/lib/crater-agent-workspace/builds/worker-2-tc1/target:/opt/rustwide/target:rw,Z" "-v" "/var/lib/crater-agent-workspace/builds/worker-2-tc1/source:/opt/rustwide/workdir:ro,Z" "-v" "/var/lib/crater-agent-workspace/cargo-home:/opt/rustwide/cargo-home:ro,Z" "-v" "/var/lib/crater-agent-workspace/rustup-home:/opt/rustwide/rustup-home:ro,Z" "-e" "SOURCE_DIR=/opt/rustwide/workdir" "-e" "CARGO_TARGET_DIR=/opt/rustwide/target" "-e" "CARGO_INCREMENTAL=0" "-e" "RUST_BACKTRACE=full" "-e" "RUSTFLAGS=--cap-lints=warn" "-e" "RUSTDOCFLAGS=--cap-lints=warn" "-e" "CARGO_HOME=/opt/rustwide/cargo-home" "-e" "RUSTUP_HOME=/opt/rustwide/rustup-home" "-w" "/opt/rustwide/workdir" "-m" "1610612736" "--user" "0:0" "--network" "none" "ghcr.io/rust-lang/crates-build-env/linux@sha256:5ff2268d62e97bff2cde7d5815dd6ed5b47097566f13b8d0ca110b04b60e07ed" "/opt/rustwide/cargo-home/bin/cargo" "+1.69.0" "build" "--frozen" "--message-format=json", kill_on_drop: false }`
[INFO] [stdout] 6ff91bd0c8666ea2faacb39eb61437116bbcc7a7deb671dd4f0d23e42dfed3aa
[INFO] running `Command { std: "docker" "start" "-a" "6ff91bd0c8666ea2faacb39eb61437116bbcc7a7deb671dd4f0d23e42dfed3aa", kill_on_drop: false }`
[INFO] [stderr]    Compiling proc-macro2 v1.0.56
[INFO] [stderr]    Compiling unicode-ident v1.0.8
[INFO] [stderr]    Compiling syn v1.0.109
[INFO] [stderr]    Compiling ident_case v1.0.1
[INFO] [stderr]    Compiling fnv v1.0.7
[INFO] [stderr]    Compiling strsim v0.10.0
[INFO] [stderr]    Compiling heck v0.4.1
[INFO] [stderr]    Compiling quote v1.0.26
[INFO] [stderr]    Compiling darling_core v0.14.4
[INFO] [stderr]    Compiling darling_macro v0.14.4
[INFO] [stderr]    Compiling darling v0.14.4
[INFO] [stderr]    Compiling tf-bindgen-codegen v0.1.0 (/opt/rustwide/workdir)
[INFO] [stderr]     Finished dev [unoptimized + debuginfo] target(s) in 6.15s
[INFO] running `Command { std: "docker" "inspect" "6ff91bd0c8666ea2faacb39eb61437116bbcc7a7deb671dd4f0d23e42dfed3aa", kill_on_drop: false }`
[INFO] running `Command { std: "docker" "rm" "-f" "6ff91bd0c8666ea2faacb39eb61437116bbcc7a7deb671dd4f0d23e42dfed3aa", kill_on_drop: false }`
[INFO] [stdout] 6ff91bd0c8666ea2faacb39eb61437116bbcc7a7deb671dd4f0d23e42dfed3aa
[INFO] running `Command { std: "docker" "create" "-v" "/var/lib/crater-agent-workspace/builds/worker-2-tc1/target:/opt/rustwide/target:rw,Z" "-v" "/var/lib/crater-agent-workspace/builds/worker-2-tc1/source:/opt/rustwide/workdir:ro,Z" "-v" "/var/lib/crater-agent-workspace/cargo-home:/opt/rustwide/cargo-home:ro,Z" "-v" "/var/lib/crater-agent-workspace/rustup-home:/opt/rustwide/rustup-home:ro,Z" "-e" "SOURCE_DIR=/opt/rustwide/workdir" "-e" "CARGO_TARGET_DIR=/opt/rustwide/target" "-e" "CARGO_INCREMENTAL=0" "-e" "RUST_BACKTRACE=full" "-e" "RUSTFLAGS=--cap-lints=warn" "-e" "RUSTDOCFLAGS=--cap-lints=warn" "-e" "CARGO_HOME=/opt/rustwide/cargo-home" "-e" "RUSTUP_HOME=/opt/rustwide/rustup-home" "-w" "/opt/rustwide/workdir" "-m" "1610612736" "--user" "0:0" "--network" "none" "ghcr.io/rust-lang/crates-build-env/linux@sha256:5ff2268d62e97bff2cde7d5815dd6ed5b47097566f13b8d0ca110b04b60e07ed" "/opt/rustwide/cargo-home/bin/cargo" "+1.69.0" "test" "--frozen" "--no-run" "--message-format=json", kill_on_drop: false }`
[INFO] [stdout] 0bfc95aef8dd5ca4588f4cd4b64eed725915a551deb62a51526c362621e34a73
[INFO] running `Command { std: "docker" "start" "-a" "0bfc95aef8dd5ca4588f4cd4b64eed725915a551deb62a51526c362621e34a73", kill_on_drop: false }`
[INFO] [stderr]    Compiling tf-bindgen-codegen v0.1.0 (/opt/rustwide/workdir)
[INFO] [stderr]     Finished test [unoptimized + debuginfo] target(s) in 0.71s
[INFO] running `Command { std: "docker" "inspect" "0bfc95aef8dd5ca4588f4cd4b64eed725915a551deb62a51526c362621e34a73", kill_on_drop: false }`
[INFO] running `Command { std: "docker" "rm" "-f" "0bfc95aef8dd5ca4588f4cd4b64eed725915a551deb62a51526c362621e34a73", kill_on_drop: false }`
[INFO] [stdout] 0bfc95aef8dd5ca4588f4cd4b64eed725915a551deb62a51526c362621e34a73
[INFO] running `Command { std: "docker" "create" "-v" "/var/lib/crater-agent-workspace/builds/worker-2-tc1/target:/opt/rustwide/target:rw,Z" "-v" "/var/lib/crater-agent-workspace/builds/worker-2-tc1/source:/opt/rustwide/workdir:ro,Z" "-v" "/var/lib/crater-agent-workspace/cargo-home:/opt/rustwide/cargo-home:ro,Z" "-v" "/var/lib/crater-agent-workspace/rustup-home:/opt/rustwide/rustup-home:ro,Z" "-e" "SOURCE_DIR=/opt/rustwide/workdir" "-e" "CARGO_TARGET_DIR=/opt/rustwide/target" "-e" "CARGO_INCREMENTAL=0" "-e" "RUST_BACKTRACE=full" "-e" "RUSTFLAGS=--cap-lints=warn" "-e" "RUSTDOCFLAGS=--cap-lints=warn" "-e" "CARGO_HOME=/opt/rustwide/cargo-home" "-e" "RUSTUP_HOME=/opt/rustwide/rustup-home" "-w" "/opt/rustwide/workdir" "-m" "1610612736" "--user" "0:0" "--network" "none" "ghcr.io/rust-lang/crates-build-env/linux@sha256:5ff2268d62e97bff2cde7d5815dd6ed5b47097566f13b8d0ca110b04b60e07ed" "/opt/rustwide/cargo-home/bin/cargo" "+1.69.0" "test" "--frozen", kill_on_drop: false }`
[INFO] [stdout] a3620e3c8f5ab38efd29689c632d3eb8888efe4ff9fd90849f69ec4bdf331e48
[INFO] running `Command { std: "docker" "start" "-a" "a3620e3c8f5ab38efd29689c632d3eb8888efe4ff9fd90849f69ec4bdf331e48", kill_on_drop: false }`
[INFO] [stderr]     Finished test [unoptimized + debuginfo] target(s) in 0.03s
[INFO] [stderr]      Running unittests src/lib.rs (/opt/rustwide/target/debug/deps/tf_bindgen_codegen-7eb661061ca3fa01)
[INFO] [stdout] 
[INFO] [stdout] running 0 tests
[INFO] [stdout] 
[INFO] [stdout] test result: ok. 0 passed; 0 failed; 0 ignored; 0 measured; 0 filtered out; finished in 0.00s
[INFO] [stdout] 
[INFO] [stderr]    Doc-tests tf-bindgen-codegen
[INFO] [stdout] 
[INFO] [stdout] running 2 tests
[INFO] [stdout] test src/lib.rs - resource (line 14) ... FAILED
[INFO] [stdout] test src/lib.rs - construct_derive (line 45) ... FAILED
[INFO] [stdout] 
[INFO] [stdout] failures:
[INFO] [stdout] 
[INFO] [stdout] ---- src/lib.rs - resource (line 14) stdout ----
[INFO] [stdout] error[E0432]: unresolved import `tf_codegen`
[INFO] [stdout]  --> src/lib.rs:15:5
[INFO] [stdout]   |
[INFO] [stdout] 3 | use tf_codegen::resource;
[INFO] [stdout]   |     ^^^^^^^^^^ use of undeclared crate or module `tf_codegen`
[INFO] [stdout] 
[INFO] [stdout] error: cannot determine resolution for the macro `resource`
[INFO] [stdout]  --> src/lib.rs:17:1
[INFO] [stdout]   |
[INFO] [stdout] 5 | resource! {
[INFO] [stdout]   | ^^^^^^^^
[INFO] [stdout]   |
[INFO] [stdout]   = note: import resolution is stuck, try simplifying macro imports
[INFO] [stdout] 
[INFO] [stdout] error: aborting due to 2 previous errors
[INFO] [stdout] 
[INFO] [stdout] For more information about this error, try `rustc --explain E0432`.
[INFO] [stdout] Couldn't compile the test.
[INFO] [stdout] ---- src/lib.rs - construct_derive (line 45) stdout ----
[INFO] [stdout] error[E0433]: failed to resolve: use of undeclared crate or module `tf_codegen`
[INFO] [stdout]  --> src/lib.rs:46:10
[INFO] [stdout]   |
[INFO] [stdout] 3 | #[derive(tf_codegen::Construct)]
[INFO] [stdout]   |          ^^^^^^^^^^ use of undeclared crate or module `tf_codegen`
[INFO] [stdout] 
[INFO] [stdout] error: cannot find attribute `construct` in this scope
[INFO] [stdout]  --> src/lib.rs:47:3
[INFO] [stdout]   |
[INFO] [stdout] 4 | #[construct(crate = "::tf_codegen")] // optional
[INFO] [stdout]   |   ^^^^^^^^^
[INFO] [stdout] 
[INFO] [stdout] error: cannot find attribute `construct` in this scope
[INFO] [stdout]  --> src/lib.rs:49:4
[INFO] [stdout]   |
[INFO] [stdout] 6 |     #[construct(scope)]
[INFO] [stdout]   |       ^^^^^^^^^
[INFO] [stdout] 
[INFO] [stdout] error: cannot find attribute `construct` in this scope
[INFO] [stdout]  --> src/lib.rs:51:4
[INFO] [stdout]   |
[INFO] [stdout] 8 |     #[construct(id)]
[INFO] [stdout]   |       ^^^^^^^^^
[INFO] [stdout] 
[INFO] [stdout] error[E0433]: failed to resolve: could not find `tf_bindgen` in the list of imported crates
[INFO] [stdout]  --> src/lib.rs:50:22
[INFO] [stdout]   |
[INFO] [stdout] 7 |     __m_scope: Rc<dyn ::tf_bindgen::Construct>,
[INFO] [stdout]   |                         ^^^^^^^^^^ could not find `tf_bindgen` in the list of imported crates
[INFO] [stdout] 
[INFO] [stdout] error[E0412]: cannot find type `Rc` in this scope
[INFO] [stdout]  --> src/lib.rs:50:13
[INFO] [stdout]   |
[INFO] [stdout] 7 |     __m_scope: Rc<dyn ::tf_bindgen::Construct>,
[INFO] [stdout]   |                ^^ not found in this scope
[INFO] [stdout]   |
[INFO] [stdout] help: consider importing this struct
[INFO] [stdout]   |
[INFO] [stdout] 2 | use std::rc::Rc;
[INFO] [stdout]   |
[INFO] [stdout] 
[INFO] [stdout] error: aborting due to 6 previous errors
[INFO] [stdout] 
[INFO] [stdout] Some errors have detailed explanations: E0412, E0433.
[INFO] [stdout] For more information about an error, try `rustc --explain E0412`.
[INFO] [stdout] Couldn't compile the test.
[INFO] [stdout] 
[INFO] [stdout] failures:
[INFO] [stdout]     src/lib.rs - construct_derive (line 45)
[INFO] [stdout]     src/lib.rs - resource (line 14)
[INFO] [stdout] 
[INFO] [stdout] test result: FAILED. 0 passed; 2 failed; 0 ignored; 0 measured; 0 filtered out; finished in 0.05s
[INFO] [stdout] 
[INFO] [stderr] error: doctest failed, to rerun pass `--doc`
[INFO] running `Command { std: "docker" "inspect" "a3620e3c8f5ab38efd29689c632d3eb8888efe4ff9fd90849f69ec4bdf331e48", kill_on_drop: false }`
[INFO] running `Command { std: "docker" "rm" "-f" "a3620e3c8f5ab38efd29689c632d3eb8888efe4ff9fd90849f69ec4bdf331e48", kill_on_drop: false }`
[INFO] [stdout] a3620e3c8f5ab38efd29689c632d3eb8888efe4ff9fd90849f69ec4bdf331e48
