[INFO] fetching crate testisodd 0.1.1...
[INFO] testing testisodd-0.1.1 against beta-2023-04-20 for beta-1.70-1
[INFO] extracting crate testisodd 0.1.1 into /workspace/builds/worker-7-tc2/source
[INFO] validating manifest of crates.io crate testisodd 0.1.1 on toolchain beta-2023-04-20
[INFO] running `Command { std: CARGO_HOME="/workspace/cargo-home" RUSTUP_HOME="/workspace/rustup-home" "/workspace/cargo-home/bin/cargo" "+beta-2023-04-20" "metadata" "--manifest-path" "Cargo.toml" "--no-deps", kill_on_drop: false }`
[INFO] started tweaking crates.io crate testisodd 0.1.1
[INFO] finished tweaking crates.io crate testisodd 0.1.1
[INFO] tweaked toml for crates.io crate testisodd 0.1.1 written to /workspace/builds/worker-7-tc2/source/Cargo.toml
[INFO] crate crates.io crate testisodd 0.1.1 already has a lockfile, it will not be regenerated
[INFO] running `Command { std: CARGO_HOME="/workspace/cargo-home" RUSTUP_HOME="/workspace/rustup-home" "/workspace/cargo-home/bin/cargo" "+beta-2023-04-20" "fetch" "--manifest-path" "Cargo.toml", kill_on_drop: false }`
[INFO] running `Command { std: "docker" "create" "-v" "/var/lib/crater-agent-workspace/builds/worker-7-tc2/target:/opt/rustwide/target:rw,Z" "-v" "/var/lib/crater-agent-workspace/builds/worker-7-tc2/source:/opt/rustwide/workdir:ro,Z" "-v" "/var/lib/crater-agent-workspace/cargo-home:/opt/rustwide/cargo-home:ro,Z" "-v" "/var/lib/crater-agent-workspace/rustup-home:/opt/rustwide/rustup-home:ro,Z" "-e" "SOURCE_DIR=/opt/rustwide/workdir" "-e" "CARGO_TARGET_DIR=/opt/rustwide/target" "-e" "CARGO_HOME=/opt/rustwide/cargo-home" "-e" "RUSTUP_HOME=/opt/rustwide/rustup-home" "-w" "/opt/rustwide/workdir" "-m" "1610612736" "--user" "0:0" "--network" "none" "ghcr.io/rust-lang/crates-build-env/linux@sha256:5ff2268d62e97bff2cde7d5815dd6ed5b47097566f13b8d0ca110b04b60e07ed" "/opt/rustwide/cargo-home/bin/cargo" "+beta-2023-04-20" "metadata" "--no-deps" "--format-version=1", kill_on_drop: false }`
[INFO] [stdout] 313f436231cf1207a2dcbed0e3ca4db828c0501f312c96e428c8910648413331
[INFO] running `Command { std: "docker" "start" "-a" "313f436231cf1207a2dcbed0e3ca4db828c0501f312c96e428c8910648413331", kill_on_drop: false }`
[INFO] running `Command { std: "docker" "inspect" "313f436231cf1207a2dcbed0e3ca4db828c0501f312c96e428c8910648413331", kill_on_drop: false }`
[INFO] running `Command { std: "docker" "rm" "-f" "313f436231cf1207a2dcbed0e3ca4db828c0501f312c96e428c8910648413331", kill_on_drop: false }`
[INFO] [stdout] 313f436231cf1207a2dcbed0e3ca4db828c0501f312c96e428c8910648413331
[INFO] running `Command { std: "docker" "create" "-v" "/var/lib/crater-agent-workspace/builds/worker-7-tc2/target:/opt/rustwide/target:rw,Z" "-v" "/var/lib/crater-agent-workspace/builds/worker-7-tc2/source:/opt/rustwide/workdir:ro,Z" "-v" "/var/lib/crater-agent-workspace/cargo-home:/opt/rustwide/cargo-home:ro,Z" "-v" "/var/lib/crater-agent-workspace/rustup-home:/opt/rustwide/rustup-home:ro,Z" "-e" "SOURCE_DIR=/opt/rustwide/workdir" "-e" "CARGO_TARGET_DIR=/opt/rustwide/target" "-e" "CARGO_INCREMENTAL=0" "-e" "RUST_BACKTRACE=full" "-e" "RUSTFLAGS=--cap-lints=warn" "-e" "RUSTDOCFLAGS=--cap-lints=warn" "-e" "CARGO_HOME=/opt/rustwide/cargo-home" "-e" "RUSTUP_HOME=/opt/rustwide/rustup-home" "-w" "/opt/rustwide/workdir" "-m" "1610612736" "--user" "0:0" "--network" "none" "ghcr.io/rust-lang/crates-build-env/linux@sha256:5ff2268d62e97bff2cde7d5815dd6ed5b47097566f13b8d0ca110b04b60e07ed" "/opt/rustwide/cargo-home/bin/cargo" "+beta-2023-04-20" "build" "--frozen" "--message-format=json", kill_on_drop: false }`
[INFO] [stdout] b0eb2dcbf99e64d7ddd50b7aad210528f68c84c0f1a94c08b8e14608649f87cb
[INFO] running `Command { std: "docker" "start" "-a" "b0eb2dcbf99e64d7ddd50b7aad210528f68c84c0f1a94c08b8e14608649f87cb", kill_on_drop: false }`
[INFO] [stderr]    Compiling testisodd v0.1.1 (/opt/rustwide/workdir)
[INFO] [stderr]     Finished dev [unoptimized + debuginfo] target(s) in 0.61s
[INFO] running `Command { std: "docker" "inspect" "b0eb2dcbf99e64d7ddd50b7aad210528f68c84c0f1a94c08b8e14608649f87cb", kill_on_drop: false }`
[INFO] running `Command { std: "docker" "rm" "-f" "b0eb2dcbf99e64d7ddd50b7aad210528f68c84c0f1a94c08b8e14608649f87cb", kill_on_drop: false }`
[INFO] [stdout] b0eb2dcbf99e64d7ddd50b7aad210528f68c84c0f1a94c08b8e14608649f87cb
[INFO] running `Command { std: "docker" "create" "-v" "/var/lib/crater-agent-workspace/builds/worker-7-tc2/target:/opt/rustwide/target:rw,Z" "-v" "/var/lib/crater-agent-workspace/builds/worker-7-tc2/source:/opt/rustwide/workdir:ro,Z" "-v" "/var/lib/crater-agent-workspace/cargo-home:/opt/rustwide/cargo-home:ro,Z" "-v" "/var/lib/crater-agent-workspace/rustup-home:/opt/rustwide/rustup-home:ro,Z" "-e" "SOURCE_DIR=/opt/rustwide/workdir" "-e" "CARGO_TARGET_DIR=/opt/rustwide/target" "-e" "CARGO_INCREMENTAL=0" "-e" "RUST_BACKTRACE=full" "-e" "RUSTFLAGS=--cap-lints=warn" "-e" "RUSTDOCFLAGS=--cap-lints=warn" "-e" "CARGO_HOME=/opt/rustwide/cargo-home" "-e" "RUSTUP_HOME=/opt/rustwide/rustup-home" "-w" "/opt/rustwide/workdir" "-m" "1610612736" "--user" "0:0" "--network" "none" "ghcr.io/rust-lang/crates-build-env/linux@sha256:5ff2268d62e97bff2cde7d5815dd6ed5b47097566f13b8d0ca110b04b60e07ed" "/opt/rustwide/cargo-home/bin/cargo" "+beta-2023-04-20" "test" "--frozen" "--no-run" "--message-format=json", kill_on_drop: false }`
[INFO] [stdout] b0471287acba22ead952bcca30641dbe807067a516e785e58260e55328991db5
[INFO] running `Command { std: "docker" "start" "-a" "b0471287acba22ead952bcca30641dbe807067a516e785e58260e55328991db5", kill_on_drop: false }`
[INFO] [stderr]    Compiling testisodd v0.1.1 (/opt/rustwide/workdir)
[INFO] [stderr]     Finished test [unoptimized + debuginfo] target(s) in 0.57s
[INFO] running `Command { std: "docker" "inspect" "b0471287acba22ead952bcca30641dbe807067a516e785e58260e55328991db5", kill_on_drop: false }`
[INFO] running `Command { std: "docker" "rm" "-f" "b0471287acba22ead952bcca30641dbe807067a516e785e58260e55328991db5", kill_on_drop: false }`
[INFO] [stdout] b0471287acba22ead952bcca30641dbe807067a516e785e58260e55328991db5
[INFO] running `Command { std: "docker" "create" "-v" "/var/lib/crater-agent-workspace/builds/worker-7-tc2/target:/opt/rustwide/target:rw,Z" "-v" "/var/lib/crater-agent-workspace/builds/worker-7-tc2/source:/opt/rustwide/workdir:ro,Z" "-v" "/var/lib/crater-agent-workspace/cargo-home:/opt/rustwide/cargo-home:ro,Z" "-v" "/var/lib/crater-agent-workspace/rustup-home:/opt/rustwide/rustup-home:ro,Z" "-e" "SOURCE_DIR=/opt/rustwide/workdir" "-e" "CARGO_TARGET_DIR=/opt/rustwide/target" "-e" "CARGO_INCREMENTAL=0" "-e" "RUST_BACKTRACE=full" "-e" "RUSTFLAGS=--cap-lints=warn" "-e" "RUSTDOCFLAGS=--cap-lints=warn" "-e" "CARGO_HOME=/opt/rustwide/cargo-home" "-e" "RUSTUP_HOME=/opt/rustwide/rustup-home" "-w" "/opt/rustwide/workdir" "-m" "1610612736" "--user" "0:0" "--network" "none" "ghcr.io/rust-lang/crates-build-env/linux@sha256:5ff2268d62e97bff2cde7d5815dd6ed5b47097566f13b8d0ca110b04b60e07ed" "/opt/rustwide/cargo-home/bin/cargo" "+beta-2023-04-20" "test" "--frozen", kill_on_drop: false }`
[INFO] [stdout] f521b70e2b98dd521c18321953d30dc86529bb63c13973667ec09fb8b5f61dbd
[INFO] running `Command { std: "docker" "start" "-a" "f521b70e2b98dd521c18321953d30dc86529bb63c13973667ec09fb8b5f61dbd", kill_on_drop: false }`
[INFO] [stderr]     Finished test [unoptimized + debuginfo] target(s) in 0.01s
[INFO] [stderr]      Running unittests src/lib.rs (/opt/rustwide/target/debug/deps/testisodd-a048bf3f7a5bc548)
[INFO] [stdout] 
[INFO] [stdout] running 0 tests
[INFO] [stdout] 
[INFO] [stderr]      Running unittests src/main.rs (/opt/rustwide/target/debug/deps/testisodd-f691c1d6600fb197)
[INFO] [stdout] test result: ok. 0 passed; 0 failed; 0 ignored; 0 measured; 0 filtered out; finished in 0.00s
[INFO] [stdout] 
[INFO] [stdout] 
[INFO] [stdout] running 0 tests
[INFO] [stdout] 
[INFO] [stderr]    Doc-tests testisodd
[INFO] [stdout] test result: ok. 0 passed; 0 failed; 0 ignored; 0 measured; 0 filtered out; finished in 0.00s
[INFO] [stdout] 
[INFO] [stdout] 
[INFO] [stdout] running 1 test
[INFO] [stdout] test src/lib.rs - is_odd (line 10) ... FAILED
[INFO] [stdout] 
[INFO] [stdout] failures:
[INFO] [stdout] 
[INFO] [stdout] ---- src/lib.rs - is_odd (line 10) stdout ----
[INFO] [stdout] error: cannot find macro `prinln` in this scope
[INFO] [stdout]  --> src/lib.rs:12:1
[INFO] [stdout]   |
[INFO] [stdout] 4 | prinln!("{}", value); // true
[INFO] [stdout]   | ^^^^^^ help: a macro with a similar name exists: `println`
[INFO] [stdout]  --> /rustc/1b7dd2252b99671ce5d1cb9664c5f8636329436d/library/std/src/macros.rs:132:1
[INFO] [stdout]   |
[INFO] [stdout]   = note: similarly named macro `println` defined here
[INFO] [stdout] 
[INFO] [stdout] error[E0425]: cannot find function `is_odd` in this scope
[INFO] [stdout]  --> src/lib.rs:11:25
[INFO] [stdout]   |
[INFO] [stdout] 3 | let value_is_odd: i32 = is_odd(20);
[INFO] [stdout]   |                         ^^^^^^ not found in this scope
[INFO] [stdout]   |
[INFO] [stdout] help: consider importing this function
[INFO] [stdout]   |
[INFO] [stdout] 2 + use testisodd::is_odd;
[INFO] [stdout]   |
[INFO] [stdout] 
[INFO] [stdout] error: aborting due to 2 previous errors
[INFO] [stdout] 
[INFO] [stdout] For more information about this error, try `rustc --explain E0425`.
[INFO] [stdout] Couldn't compile the test.
[INFO] [stdout] 
[INFO] [stdout] failures:
[INFO] [stdout]     src/lib.rs - is_odd (line 10)
[INFO] [stdout] 
[INFO] [stdout] test result: FAILED. 0 passed; 1 failed; 0 ignored; 0 measured; 0 filtered out; finished in 0.06s
[INFO] [stdout] 
[INFO] [stderr] error: doctest failed, to rerun pass `--doc`
[INFO] running `Command { std: "docker" "inspect" "f521b70e2b98dd521c18321953d30dc86529bb63c13973667ec09fb8b5f61dbd", kill_on_drop: false }`
[INFO] running `Command { std: "docker" "rm" "-f" "f521b70e2b98dd521c18321953d30dc86529bb63c13973667ec09fb8b5f61dbd", kill_on_drop: false }`
[INFO] [stdout] f521b70e2b98dd521c18321953d30dc86529bb63c13973667ec09fb8b5f61dbd
