[INFO] fetching crate tempconvert 0.1.0...
[INFO] testing tempconvert-0.1.0 against 1.69.0 for beta-1.70-1
[INFO] extracting crate tempconvert 0.1.0 into /workspace/builds/worker-2-tc1/source
[INFO] validating manifest of crates.io crate tempconvert 0.1.0 on toolchain 1.69.0
[INFO] running `Command { std: CARGO_HOME="/workspace/cargo-home" RUSTUP_HOME="/workspace/rustup-home" "/workspace/cargo-home/bin/cargo" "+1.69.0" "metadata" "--manifest-path" "Cargo.toml" "--no-deps", kill_on_drop: false }`
[INFO] started tweaking crates.io crate tempconvert 0.1.0
[INFO] finished tweaking crates.io crate tempconvert 0.1.0
[INFO] tweaked toml for crates.io crate tempconvert 0.1.0 written to /workspace/builds/worker-2-tc1/source/Cargo.toml
[INFO] running `Command { std: CARGO_HOME="/workspace/cargo-home" RUSTUP_HOME="/workspace/rustup-home" __CARGO_TEST_CHANNEL_OVERRIDE_DO_NOT_USE_THIS="nightly" "/workspace/cargo-home/bin/cargo" "+1.69.0" "generate-lockfile" "--manifest-path" "Cargo.toml" "-Zno-index-update", kill_on_drop: false }`
[INFO] running `Command { std: CARGO_HOME="/workspace/cargo-home" RUSTUP_HOME="/workspace/rustup-home" "/workspace/cargo-home/bin/cargo" "+1.69.0" "fetch" "--manifest-path" "Cargo.toml", kill_on_drop: false }`
[INFO] running `Command { std: "docker" "create" "-v" "/var/lib/crater-agent-workspace/builds/worker-2-tc1/target:/opt/rustwide/target:rw,Z" "-v" "/var/lib/crater-agent-workspace/builds/worker-2-tc1/source:/opt/rustwide/workdir:ro,Z" "-v" "/var/lib/crater-agent-workspace/cargo-home:/opt/rustwide/cargo-home:ro,Z" "-v" "/var/lib/crater-agent-workspace/rustup-home:/opt/rustwide/rustup-home:ro,Z" "-e" "SOURCE_DIR=/opt/rustwide/workdir" "-e" "CARGO_TARGET_DIR=/opt/rustwide/target" "-e" "CARGO_HOME=/opt/rustwide/cargo-home" "-e" "RUSTUP_HOME=/opt/rustwide/rustup-home" "-w" "/opt/rustwide/workdir" "-m" "1610612736" "--user" "0:0" "--network" "none" "ghcr.io/rust-lang/crates-build-env/linux@sha256:5ff2268d62e97bff2cde7d5815dd6ed5b47097566f13b8d0ca110b04b60e07ed" "/opt/rustwide/cargo-home/bin/cargo" "+1.69.0" "metadata" "--no-deps" "--format-version=1", kill_on_drop: false }`
[INFO] [stdout] 52cd90f2f0eeba715887ed54793bfe97d70319a7b43cbf3f4522b86e169f970a
[INFO] running `Command { std: "docker" "start" "-a" "52cd90f2f0eeba715887ed54793bfe97d70319a7b43cbf3f4522b86e169f970a", kill_on_drop: false }`
[INFO] running `Command { std: "docker" "inspect" "52cd90f2f0eeba715887ed54793bfe97d70319a7b43cbf3f4522b86e169f970a", kill_on_drop: false }`
[INFO] running `Command { std: "docker" "rm" "-f" "52cd90f2f0eeba715887ed54793bfe97d70319a7b43cbf3f4522b86e169f970a", kill_on_drop: false }`
[INFO] [stdout] 52cd90f2f0eeba715887ed54793bfe97d70319a7b43cbf3f4522b86e169f970a
[INFO] running `Command { std: "docker" "create" "-v" "/var/lib/crater-agent-workspace/builds/worker-2-tc1/target:/opt/rustwide/target:rw,Z" "-v" "/var/lib/crater-agent-workspace/builds/worker-2-tc1/source:/opt/rustwide/workdir:ro,Z" "-v" "/var/lib/crater-agent-workspace/cargo-home:/opt/rustwide/cargo-home:ro,Z" "-v" "/var/lib/crater-agent-workspace/rustup-home:/opt/rustwide/rustup-home:ro,Z" "-e" "SOURCE_DIR=/opt/rustwide/workdir" "-e" "CARGO_TARGET_DIR=/opt/rustwide/target" "-e" "CARGO_INCREMENTAL=0" "-e" "RUST_BACKTRACE=full" "-e" "RUSTFLAGS=--cap-lints=warn" "-e" "RUSTDOCFLAGS=--cap-lints=warn" "-e" "CARGO_HOME=/opt/rustwide/cargo-home" "-e" "RUSTUP_HOME=/opt/rustwide/rustup-home" "-w" "/opt/rustwide/workdir" "-m" "1610612736" "--user" "0:0" "--network" "none" "ghcr.io/rust-lang/crates-build-env/linux@sha256:5ff2268d62e97bff2cde7d5815dd6ed5b47097566f13b8d0ca110b04b60e07ed" "/opt/rustwide/cargo-home/bin/cargo" "+1.69.0" "build" "--frozen" "--message-format=json", kill_on_drop: false }`
[INFO] [stdout] 55edbd16924f20e3e9d71cc395a764e796f752f6c70da9c4bfe4b6a33f309c6e
[INFO] running `Command { std: "docker" "start" "-a" "55edbd16924f20e3e9d71cc395a764e796f752f6c70da9c4bfe4b6a33f309c6e", kill_on_drop: false }`
[INFO] [stderr]    Compiling tempconvert v0.1.0 (/opt/rustwide/workdir)
[INFO] [stderr]     Finished dev [unoptimized + debuginfo] target(s) in 0.21s
[INFO] running `Command { std: "docker" "inspect" "55edbd16924f20e3e9d71cc395a764e796f752f6c70da9c4bfe4b6a33f309c6e", kill_on_drop: false }`
[INFO] running `Command { std: "docker" "rm" "-f" "55edbd16924f20e3e9d71cc395a764e796f752f6c70da9c4bfe4b6a33f309c6e", kill_on_drop: false }`
[INFO] [stdout] 55edbd16924f20e3e9d71cc395a764e796f752f6c70da9c4bfe4b6a33f309c6e
[INFO] running `Command { std: "docker" "create" "-v" "/var/lib/crater-agent-workspace/builds/worker-2-tc1/target:/opt/rustwide/target:rw,Z" "-v" "/var/lib/crater-agent-workspace/builds/worker-2-tc1/source:/opt/rustwide/workdir:ro,Z" "-v" "/var/lib/crater-agent-workspace/cargo-home:/opt/rustwide/cargo-home:ro,Z" "-v" "/var/lib/crater-agent-workspace/rustup-home:/opt/rustwide/rustup-home:ro,Z" "-e" "SOURCE_DIR=/opt/rustwide/workdir" "-e" "CARGO_TARGET_DIR=/opt/rustwide/target" "-e" "CARGO_INCREMENTAL=0" "-e" "RUST_BACKTRACE=full" "-e" "RUSTFLAGS=--cap-lints=warn" "-e" "RUSTDOCFLAGS=--cap-lints=warn" "-e" "CARGO_HOME=/opt/rustwide/cargo-home" "-e" "RUSTUP_HOME=/opt/rustwide/rustup-home" "-w" "/opt/rustwide/workdir" "-m" "1610612736" "--user" "0:0" "--network" "none" "ghcr.io/rust-lang/crates-build-env/linux@sha256:5ff2268d62e97bff2cde7d5815dd6ed5b47097566f13b8d0ca110b04b60e07ed" "/opt/rustwide/cargo-home/bin/cargo" "+1.69.0" "test" "--frozen" "--no-run" "--message-format=json", kill_on_drop: false }`
[INFO] [stdout] 7454162bcb478e4fbb0c6ecb7e8f1fcb48396f899bdd2dd4a892f5fcc152d82f
[INFO] running `Command { std: "docker" "start" "-a" "7454162bcb478e4fbb0c6ecb7e8f1fcb48396f899bdd2dd4a892f5fcc152d82f", kill_on_drop: false }`
[INFO] [stderr]    Compiling tempconvert v0.1.0 (/opt/rustwide/workdir)
[INFO] [stderr]     Finished test [unoptimized + debuginfo] target(s) in 0.37s
[INFO] running `Command { std: "docker" "inspect" "7454162bcb478e4fbb0c6ecb7e8f1fcb48396f899bdd2dd4a892f5fcc152d82f", kill_on_drop: false }`
[INFO] running `Command { std: "docker" "rm" "-f" "7454162bcb478e4fbb0c6ecb7e8f1fcb48396f899bdd2dd4a892f5fcc152d82f", kill_on_drop: false }`
[INFO] [stdout] 7454162bcb478e4fbb0c6ecb7e8f1fcb48396f899bdd2dd4a892f5fcc152d82f
[INFO] running `Command { std: "docker" "create" "-v" "/var/lib/crater-agent-workspace/builds/worker-2-tc1/target:/opt/rustwide/target:rw,Z" "-v" "/var/lib/crater-agent-workspace/builds/worker-2-tc1/source:/opt/rustwide/workdir:ro,Z" "-v" "/var/lib/crater-agent-workspace/cargo-home:/opt/rustwide/cargo-home:ro,Z" "-v" "/var/lib/crater-agent-workspace/rustup-home:/opt/rustwide/rustup-home:ro,Z" "-e" "SOURCE_DIR=/opt/rustwide/workdir" "-e" "CARGO_TARGET_DIR=/opt/rustwide/target" "-e" "CARGO_INCREMENTAL=0" "-e" "RUST_BACKTRACE=full" "-e" "RUSTFLAGS=--cap-lints=warn" "-e" "RUSTDOCFLAGS=--cap-lints=warn" "-e" "CARGO_HOME=/opt/rustwide/cargo-home" "-e" "RUSTUP_HOME=/opt/rustwide/rustup-home" "-w" "/opt/rustwide/workdir" "-m" "1610612736" "--user" "0:0" "--network" "none" "ghcr.io/rust-lang/crates-build-env/linux@sha256:5ff2268d62e97bff2cde7d5815dd6ed5b47097566f13b8d0ca110b04b60e07ed" "/opt/rustwide/cargo-home/bin/cargo" "+1.69.0" "test" "--frozen", kill_on_drop: false }`
[INFO] [stdout] e45d668e69ae994c71b6ebadccfc63df72a0c5c85fd603da03afb482acf9e3f3
[INFO] running `Command { std: "docker" "start" "-a" "e45d668e69ae994c71b6ebadccfc63df72a0c5c85fd603da03afb482acf9e3f3", kill_on_drop: false }`
[INFO] [stderr]     Finished test [unoptimized + debuginfo] target(s) in 0.01s
[INFO] [stderr]      Running unittests src/lib.rs (/opt/rustwide/target/debug/deps/tempconvert-8a361e2413dd4dc9)
[INFO] [stdout] 
[INFO] [stdout] running 2 tests
[INFO] [stdout] test tests::test_utils ... ok
[INFO] [stdout] test tests::test_units ... ok
[INFO] [stdout] 
[INFO] [stdout] test result: ok. 2 passed; 0 failed; 0 ignored; 0 measured; 0 filtered out; finished in 0.01s
[INFO] [stdout] 
[INFO] [stderr]      Running tests/test_units.rs (/opt/rustwide/target/debug/deps/test_units-820cc91cf19459ac)
[INFO] [stdout] 
[INFO] [stdout] running 9 tests
[INFO] [stdout] test test_c_units::test_c_from_k ... ok
[INFO] [stdout] test test_k_units::test_k_from_c ... ok
[INFO] [stdout] test test_c_units::test_c ... ok
[INFO] [stdout] test test_f_units::test_f ... ok
[INFO] [stdout] test test_k_units::test_k ... ok
[INFO] [stdout] test test_k_units::test_k_from_f ... ok
[INFO] [stdout] test test_f_units::test_f_from_c ... ok
[INFO] [stdout] test test_c_units::test_c_from_f ... ok
[INFO] [stdout] test test_f_units::test_f_from_k ... ok
[INFO] [stdout] 
[INFO] [stdout] test result: ok. 9 passed; 0 failed; 0 ignored; 0 measured; 0 filtered out; finished in 0.02s
[INFO] [stdout] 
[INFO] [stderr]      Running tests/test_utils.rs (/opt/rustwide/target/debug/deps/test_utils-bd001d6c9c8bcf45)
[INFO] [stdout] 
[INFO] [stdout] running 6 tests
[INFO] [stdout] test test_utils::test_k_to_c ... ok
[INFO] [stdout] test test_utils::test_f_to_c ... ok
[INFO] [stdout] test test_utils::test_c_to_f ... ok
[INFO] [stdout] test test_utils::test_k_to_f ... ok
[INFO] [stdout] test test_utils::test_c_to_k ... ok
[INFO] [stdout] test test_utils::test_f_to_k ... ok
[INFO] [stdout] 
[INFO] [stdout] test result: ok. 6 passed; 0 failed; 0 ignored; 0 measured; 0 filtered out; finished in 0.01s
[INFO] [stdout] 
[INFO] [stderr]    Doc-tests tempconvert
[INFO] [stdout] 
[INFO] [stdout] running 9 tests
[INFO] [stdout] test src/units/k.rs - units::k::K (line 11) ... FAILED
[INFO] [stdout] test src/units/c.rs - units::c::C (line 11) ... FAILED
[INFO] [stdout] test src/utils.rs - utils::c_to_k (line 17) ... ok
[INFO] [stdout] test src/utils.rs - utils::f_to_k (line 41) ... ok
[INFO] [stdout] test src/utils.rs - utils::c_to_f (line 6) ... ok
[INFO] [stdout] test src/utils.rs - utils::k_to_f (line 64) ... ok
[INFO] [stdout] test src/utils.rs - utils::k_to_c (line 53) ... ok
[INFO] [stdout] test src/units/f.rs - units::f::F (line 11) ... ok
[INFO] [stdout] test src/utils.rs - utils::f_to_c (line 31) ... ok
[INFO] [stdout] 
[INFO] [stdout] failures:
[INFO] [stdout] 
[INFO] [stdout] ---- src/units/k.rs - units::k::K (line 11) stdout ----
[INFO] [stdout] error[E0603]: struct `F` is private
[INFO] [stdout]  --> src/units/k.rs:12:26
[INFO] [stdout]   |
[INFO] [stdout] 3 | use tempconvert::units::{F, C, K};
[INFO] [stdout]   |                          ^ private struct
[INFO] [stdout]   |
[INFO] [stdout] note: the struct `F` is defined here
[INFO] [stdout]  --> /opt/rustwide/workdir/src/units/mod.rs:1:12
[INFO] [stdout]   |
[INFO] [stdout] 1 | use self::{f::F, c::C, k::K};
[INFO] [stdout]   |            ^^^^
[INFO] [stdout] 
[INFO] [stdout] error[E0603]: struct `C` is private
[INFO] [stdout]  --> src/units/k.rs:12:29
[INFO] [stdout]   |
[INFO] [stdout] 3 | use tempconvert::units::{F, C, K};
[INFO] [stdout]   |                             ^ private struct
[INFO] [stdout]   |
[INFO] [stdout] note: the struct `C` is defined here
[INFO] [stdout]  --> /opt/rustwide/workdir/src/units/mod.rs:1:18
[INFO] [stdout]   |
[INFO] [stdout] 1 | use self::{f::F, c::C, k::K};
[INFO] [stdout]   |                  ^^^^
[INFO] [stdout] 
[INFO] [stdout] error[E0603]: struct `K` is private
[INFO] [stdout]  --> src/units/k.rs:12:32
[INFO] [stdout]   |
[INFO] [stdout] 3 | use tempconvert::units::{F, C, K};
[INFO] [stdout]   |                                ^ private struct
[INFO] [stdout]   |
[INFO] [stdout] note: the struct `K` is defined here
[INFO] [stdout]  --> /opt/rustwide/workdir/src/units/mod.rs:1:24
[INFO] [stdout]   |
[INFO] [stdout] 1 | use self::{f::F, c::C, k::K};
[INFO] [stdout]   |                        ^^^^
[INFO] [stdout] 
[INFO] [stdout] error: aborting due to 3 previous errors
[INFO] [stdout] 
[INFO] [stdout] For more information about this error, try `rustc --explain E0603`.
[INFO] [stdout] Couldn't compile the test.
[INFO] [stdout] ---- src/units/c.rs - units::c::C (line 11) stdout ----
[INFO] [stdout] error: expected `;`, found keyword `fn`
[INFO] [stdout]  --> src/units/c.rs:12:27
[INFO] [stdout]   |
[INFO] [stdout] 3 | use tempconvert::{F, C, K}
[INFO] [stdout]   |                           ^ help: add `;` here
[INFO] [stdout] 4 | fn main() {
[INFO] [stdout]   | -- unexpected token
[INFO] [stdout] 
[INFO] [stdout] error: aborting due to previous error
[INFO] [stdout] 
[INFO] [stdout] Couldn't compile the test.
[INFO] [stdout] 
[INFO] [stdout] failures:
[INFO] [stdout]     src/units/c.rs - units::c::C (line 11)
[INFO] [stdout]     src/units/k.rs - units::k::K (line 11)
[INFO] [stdout] 
[INFO] [stdout] test result: FAILED. 7 passed; 2 failed; 0 ignored; 0 measured; 0 filtered out; finished in 0.26s
[INFO] [stdout] 
[INFO] [stderr] error: doctest failed, to rerun pass `--doc`
[INFO] running `Command { std: "docker" "inspect" "e45d668e69ae994c71b6ebadccfc63df72a0c5c85fd603da03afb482acf9e3f3", kill_on_drop: false }`
[INFO] running `Command { std: "docker" "rm" "-f" "e45d668e69ae994c71b6ebadccfc63df72a0c5c85fd603da03afb482acf9e3f3", kill_on_drop: false }`
[INFO] [stdout] e45d668e69ae994c71b6ebadccfc63df72a0c5c85fd603da03afb482acf9e3f3
