[INFO] fetching crate telegram-bot-api 0.1.2...
[INFO] testing telegram-bot-api-0.1.2 against 1.69.0 for beta-1.70-1
[INFO] extracting crate telegram-bot-api 0.1.2 into /workspace/builds/worker-3-tc1/source
[INFO] validating manifest of crates.io crate telegram-bot-api 0.1.2 on toolchain 1.69.0
[INFO] running `Command { std: CARGO_HOME="/workspace/cargo-home" RUSTUP_HOME="/workspace/rustup-home" "/workspace/cargo-home/bin/cargo" "+1.69.0" "metadata" "--manifest-path" "Cargo.toml" "--no-deps", kill_on_drop: false }`
[INFO] started tweaking crates.io crate telegram-bot-api 0.1.2
[INFO] finished tweaking crates.io crate telegram-bot-api 0.1.2
[INFO] tweaked toml for crates.io crate telegram-bot-api 0.1.2 written to /workspace/builds/worker-3-tc1/source/Cargo.toml
[INFO] running `Command { std: CARGO_HOME="/workspace/cargo-home" RUSTUP_HOME="/workspace/rustup-home" __CARGO_TEST_CHANNEL_OVERRIDE_DO_NOT_USE_THIS="nightly" "/workspace/cargo-home/bin/cargo" "+1.69.0" "generate-lockfile" "--manifest-path" "Cargo.toml" "-Zno-index-update", kill_on_drop: false }`
[INFO] running `Command { std: CARGO_HOME="/workspace/cargo-home" RUSTUP_HOME="/workspace/rustup-home" "/workspace/cargo-home/bin/cargo" "+1.69.0" "fetch" "--manifest-path" "Cargo.toml", kill_on_drop: false }`
[INFO] running `Command { std: "docker" "create" "-v" "/var/lib/crater-agent-workspace/builds/worker-3-tc1/target:/opt/rustwide/target:rw,Z" "-v" "/var/lib/crater-agent-workspace/builds/worker-3-tc1/source:/opt/rustwide/workdir:ro,Z" "-v" "/var/lib/crater-agent-workspace/cargo-home:/opt/rustwide/cargo-home:ro,Z" "-v" "/var/lib/crater-agent-workspace/rustup-home:/opt/rustwide/rustup-home:ro,Z" "-e" "SOURCE_DIR=/opt/rustwide/workdir" "-e" "CARGO_TARGET_DIR=/opt/rustwide/target" "-e" "CARGO_HOME=/opt/rustwide/cargo-home" "-e" "RUSTUP_HOME=/opt/rustwide/rustup-home" "-w" "/opt/rustwide/workdir" "-m" "1610612736" "--user" "0:0" "--network" "none" "ghcr.io/rust-lang/crates-build-env/linux@sha256:5ff2268d62e97bff2cde7d5815dd6ed5b47097566f13b8d0ca110b04b60e07ed" "/opt/rustwide/cargo-home/bin/cargo" "+1.69.0" "metadata" "--no-deps" "--format-version=1", kill_on_drop: false }`
[INFO] [stdout] 47b7006ada4e34038fa6a34a993d50e871f0b35f98aac07fa4581476e9fd92d0
[INFO] running `Command { std: "docker" "start" "-a" "47b7006ada4e34038fa6a34a993d50e871f0b35f98aac07fa4581476e9fd92d0", kill_on_drop: false }`
[INFO] running `Command { std: "docker" "inspect" "47b7006ada4e34038fa6a34a993d50e871f0b35f98aac07fa4581476e9fd92d0", kill_on_drop: false }`
[INFO] running `Command { std: "docker" "rm" "-f" "47b7006ada4e34038fa6a34a993d50e871f0b35f98aac07fa4581476e9fd92d0", kill_on_drop: false }`
[INFO] [stdout] 47b7006ada4e34038fa6a34a993d50e871f0b35f98aac07fa4581476e9fd92d0
[INFO] running `Command { std: "docker" "create" "-v" "/var/lib/crater-agent-workspace/builds/worker-3-tc1/target:/opt/rustwide/target:rw,Z" "-v" "/var/lib/crater-agent-workspace/builds/worker-3-tc1/source:/opt/rustwide/workdir:ro,Z" "-v" "/var/lib/crater-agent-workspace/cargo-home:/opt/rustwide/cargo-home:ro,Z" "-v" "/var/lib/crater-agent-workspace/rustup-home:/opt/rustwide/rustup-home:ro,Z" "-e" "SOURCE_DIR=/opt/rustwide/workdir" "-e" "CARGO_TARGET_DIR=/opt/rustwide/target" "-e" "CARGO_INCREMENTAL=0" "-e" "RUST_BACKTRACE=full" "-e" "RUSTFLAGS=--cap-lints=warn" "-e" "RUSTDOCFLAGS=--cap-lints=warn" "-e" "CARGO_HOME=/opt/rustwide/cargo-home" "-e" "RUSTUP_HOME=/opt/rustwide/rustup-home" "-w" "/opt/rustwide/workdir" "-m" "1610612736" "--user" "0:0" "--network" "none" "ghcr.io/rust-lang/crates-build-env/linux@sha256:5ff2268d62e97bff2cde7d5815dd6ed5b47097566f13b8d0ca110b04b60e07ed" "/opt/rustwide/cargo-home/bin/cargo" "+1.69.0" "build" "--frozen" "--message-format=json", kill_on_drop: false }`
[INFO] [stdout] c34cc8eef12e2e3a560519722b45feed1cb2eb448755d2c5b875ad9fb61fc27c
[INFO] running `Command { std: "docker" "start" "-a" "c34cc8eef12e2e3a560519722b45feed1cb2eb448755d2c5b875ad9fb61fc27c", kill_on_drop: false }`
[INFO] [stderr]    Compiling openssl-sys v0.9.87
[INFO] [stderr]    Compiling futures-core v0.3.28
[INFO] [stderr]    Compiling parking_lot_core v0.9.7
[INFO] [stderr]    Compiling tokio v1.28.0
[INFO] [stderr]    Compiling syn v2.0.15
[INFO] [stderr]    Compiling mio v0.8.6
[INFO] [stderr]    Compiling num_cpus v1.15.0
[INFO] [stderr]    Compiling socket2 v0.4.9
[INFO] [stderr]    Compiling parking_lot v0.12.1
[INFO] [stderr]    Compiling signal-hook-registry v1.4.1
[INFO] [stderr]    Compiling futures-task v0.3.28
[INFO] [stderr]    Compiling tracing-core v0.1.30
[INFO] [stderr]    Compiling openssl v0.10.52
[INFO] [stderr]    Compiling futures-util v0.3.28
[INFO] [stderr]    Compiling tracing v0.1.37
[INFO] [stderr]    Compiling indexmap v1.9.3
[INFO] [stderr]    Compiling serde v1.0.160
[INFO] [stderr]    Compiling futures-channel v0.3.28
[INFO] [stderr]    Compiling native-tls v0.2.11
[INFO] [stderr]    Compiling want v0.3.0
[INFO] [stderr]    Compiling mime_guess v2.0.4
[INFO] [stderr]    Compiling tokio-macros v2.1.0
[INFO] [stderr]    Compiling openssl-macros v0.1.1
[INFO] [stderr]    Compiling serde_derive v1.0.160
[INFO] [stderr]    Compiling tokio-util v0.7.8
[INFO] [stderr]    Compiling tokio-native-tls v0.3.1
[INFO] [stderr]    Compiling h2 v0.3.18
[INFO] [stderr]    Compiling serde_urlencoded v0.7.1
[INFO] [stderr]    Compiling serde_json v1.0.96
[INFO] [stderr]    Compiling hyper v0.14.26
[INFO] [stderr]    Compiling hyper-tls v0.5.0
[INFO] [stderr]    Compiling reqwest v0.11.17
[INFO] [stderr]    Compiling telegram-bot-api v0.1.2 (/opt/rustwide/workdir)
[INFO] [stderr]     Finished dev [unoptimized + debuginfo] target(s) in 45.35s
[INFO] running `Command { std: "docker" "inspect" "c34cc8eef12e2e3a560519722b45feed1cb2eb448755d2c5b875ad9fb61fc27c", kill_on_drop: false }`
[INFO] running `Command { std: "docker" "rm" "-f" "c34cc8eef12e2e3a560519722b45feed1cb2eb448755d2c5b875ad9fb61fc27c", kill_on_drop: false }`
[INFO] [stdout] c34cc8eef12e2e3a560519722b45feed1cb2eb448755d2c5b875ad9fb61fc27c
[INFO] running `Command { std: "docker" "create" "-v" "/var/lib/crater-agent-workspace/builds/worker-3-tc1/target:/opt/rustwide/target:rw,Z" "-v" "/var/lib/crater-agent-workspace/builds/worker-3-tc1/source:/opt/rustwide/workdir:ro,Z" "-v" "/var/lib/crater-agent-workspace/cargo-home:/opt/rustwide/cargo-home:ro,Z" "-v" "/var/lib/crater-agent-workspace/rustup-home:/opt/rustwide/rustup-home:ro,Z" "-e" "SOURCE_DIR=/opt/rustwide/workdir" "-e" "CARGO_TARGET_DIR=/opt/rustwide/target" "-e" "CARGO_INCREMENTAL=0" "-e" "RUST_BACKTRACE=full" "-e" "RUSTFLAGS=--cap-lints=warn" "-e" "RUSTDOCFLAGS=--cap-lints=warn" "-e" "CARGO_HOME=/opt/rustwide/cargo-home" "-e" "RUSTUP_HOME=/opt/rustwide/rustup-home" "-w" "/opt/rustwide/workdir" "-m" "1610612736" "--user" "0:0" "--network" "none" "ghcr.io/rust-lang/crates-build-env/linux@sha256:5ff2268d62e97bff2cde7d5815dd6ed5b47097566f13b8d0ca110b04b60e07ed" "/opt/rustwide/cargo-home/bin/cargo" "+1.69.0" "test" "--frozen" "--no-run" "--message-format=json", kill_on_drop: false }`
[INFO] [stdout] 824f92e251c48c4cd5d9bc59d6786367891db1ee5048d94c43f4d121a80f89d9
[INFO] running `Command { std: "docker" "start" "-a" "824f92e251c48c4cd5d9bc59d6786367891db1ee5048d94c43f4d121a80f89d9", kill_on_drop: false }`
[INFO] [stderr]    Compiling telegram-bot-api v0.1.2 (/opt/rustwide/workdir)
[INFO] [stderr]     Finished test [unoptimized + debuginfo] target(s) in 9.17s
[INFO] running `Command { std: "docker" "inspect" "824f92e251c48c4cd5d9bc59d6786367891db1ee5048d94c43f4d121a80f89d9", kill_on_drop: false }`
[INFO] running `Command { std: "docker" "rm" "-f" "824f92e251c48c4cd5d9bc59d6786367891db1ee5048d94c43f4d121a80f89d9", kill_on_drop: false }`
[INFO] [stdout] 824f92e251c48c4cd5d9bc59d6786367891db1ee5048d94c43f4d121a80f89d9
[INFO] running `Command { std: "docker" "create" "-v" "/var/lib/crater-agent-workspace/builds/worker-3-tc1/target:/opt/rustwide/target:rw,Z" "-v" "/var/lib/crater-agent-workspace/builds/worker-3-tc1/source:/opt/rustwide/workdir:ro,Z" "-v" "/var/lib/crater-agent-workspace/cargo-home:/opt/rustwide/cargo-home:ro,Z" "-v" "/var/lib/crater-agent-workspace/rustup-home:/opt/rustwide/rustup-home:ro,Z" "-e" "SOURCE_DIR=/opt/rustwide/workdir" "-e" "CARGO_TARGET_DIR=/opt/rustwide/target" "-e" "CARGO_INCREMENTAL=0" "-e" "RUST_BACKTRACE=full" "-e" "RUSTFLAGS=--cap-lints=warn" "-e" "RUSTDOCFLAGS=--cap-lints=warn" "-e" "CARGO_HOME=/opt/rustwide/cargo-home" "-e" "RUSTUP_HOME=/opt/rustwide/rustup-home" "-w" "/opt/rustwide/workdir" "-m" "1610612736" "--user" "0:0" "--network" "none" "ghcr.io/rust-lang/crates-build-env/linux@sha256:5ff2268d62e97bff2cde7d5815dd6ed5b47097566f13b8d0ca110b04b60e07ed" "/opt/rustwide/cargo-home/bin/cargo" "+1.69.0" "test" "--frozen", kill_on_drop: false }`
[INFO] [stdout] fec988ec26d03fe81c4efc526e1c6a310bc141189b1d067e24af3f7c10a58bb0
[INFO] running `Command { std: "docker" "start" "-a" "fec988ec26d03fe81c4efc526e1c6a310bc141189b1d067e24af3f7c10a58bb0", kill_on_drop: false }`
[INFO] [stderr]     Blocking waiting for file lock on package cache
[INFO] [stderr]     Finished test [unoptimized + debuginfo] target(s) in 0.25s
[INFO] [stderr]      Running unittests src/lib.rs (/opt/rustwide/target/debug/deps/telegram_bot_api-ea5172a4f45ad11e)
[INFO] [stdout] 
[INFO] [stdout] running 0 tests
[INFO] [stdout] 
[INFO] [stdout] test result: ok. 0 passed; 0 failed; 0 ignored; 0 measured; 0 filtered out; finished in 0.00s
[INFO] [stdout] 
[INFO] [stderr]    Doc-tests telegram-bot-api
[INFO] [stdout] 
[INFO] [stdout] running 8 tests
[INFO] [stdout] test src/types.rs - types::InputMedia (line 4348) ... FAILED
[INFO] [stdout] test src/types.rs - types::PassportElementError (line 4990) ... FAILED
[INFO] [stdout] test src/types.rs - types::InputMessageContent (line 4972) ... FAILED
[INFO] [stdout] test src/types.rs - types::ChatMember (line 4275) ... FAILED
[INFO] [stdout] test src/types.rs - types::InlineQueryResult (line 5015) ... FAILED
[INFO] [stdout] test src/types.rs - types::BotCommandScope (line 4301) ... FAILED
[INFO] [stdout] test src/bot.rs - bot::BotApi::new (line 97) ... FAILED
[INFO] [stdout] test src/types.rs - types::MenuButton (line 4330) ... FAILED
[INFO] [stdout] 
[INFO] [stdout] failures:
[INFO] [stdout] 
[INFO] [stdout] ---- src/types.rs - types::InputMedia (line 4348) stdout ----
[INFO] [stdout] error: expected `;`, found `InputMediaDocument`
[INFO] [stdout]  --> src/types.rs:4349:20
[INFO] [stdout]   |
[INFO] [stdout] 3 | InputMediaAnimation
[INFO] [stdout]   |                    ^ help: add `;` here
[INFO] [stdout] 4 | InputMediaDocument
[INFO] [stdout]   | ------------------ unexpected token
[INFO] [stdout] 
[INFO] [stdout] error: expected `;`, found `InputMediaAudio`
[INFO] [stdout]  --> src/types.rs:4350:19
[INFO] [stdout]   |
[INFO] [stdout] 4 | InputMediaDocument
[INFO] [stdout]   |                   ^ help: add `;` here
[INFO] [stdout] 5 | InputMediaAudio
[INFO] [stdout]   | --------------- unexpected token
[INFO] [stdout] 
[INFO] [stdout] error: expected `;`, found `InputMediaPhoto`
[INFO] [stdout]  --> src/types.rs:4351:16
[INFO] [stdout]   |
[INFO] [stdout] 5 | InputMediaAudio
[INFO] [stdout]   |                ^ help: add `;` here
[INFO] [stdout] 6 | InputMediaPhoto
[INFO] [stdout]   | --------------- unexpected token
[INFO] [stdout] 
[INFO] [stdout] error: expected `;`, found `InputMediaVideo`
[INFO] [stdout]  --> src/types.rs:4352:16
[INFO] [stderr] error: doctest failed, to rerun pass `--doc`
[INFO] [stdout]   |
[INFO] [stdout] 6 | InputMediaPhoto
[INFO] [stdout]   |                ^ help: add `;` here
[INFO] [stdout] 7 | InputMediaVideo
[INFO] [stdout]   | --------------- unexpected token
[INFO] [stdout] 
[INFO] [stdout] error[E0425]: cannot find value `InputMediaVideo` in this scope
[INFO] [stdout]  --> src/types.rs:4353:1
[INFO] [stdout]   |
[INFO] [stdout] 7 | InputMediaVideo
[INFO] [stdout]   | ^^^^^^^^^^^^^^^ not found in this scope
[INFO] [stdout]   |
[INFO] [stdout] help: consider importing this tuple variant
[INFO] [stdout]   |
[INFO] [stdout] 2 | use telegram_bot_api::types::InputMedia::InputMediaVideo;
[INFO] [stdout]   |
[INFO] [stdout] 
[INFO] [stdout] error: aborting due to 5 previous errors
[INFO] [stdout] 
[INFO] [stdout] For more information about this error, try `rustc --explain E0425`.
[INFO] [stdout] Couldn't compile the test.
[INFO] [stdout] ---- src/types.rs - types::PassportElementError (line 4990) stdout ----
[INFO] [stdout] error: expected `;`, found `PassportElementErrorFrontSide`
[INFO] [stdout]  --> src/types.rs:4991:30
[INFO] [stdout]   |
[INFO] [stdout] 3 | PassportElementErrorDataField
[INFO] [stdout]   |                              ^ help: add `;` here
[INFO] [stdout] 4 | PassportElementErrorFrontSide
[INFO] [stdout]   | ----------------------------- unexpected token
[INFO] [stdout] 
[INFO] [stdout] error: expected `;`, found `PassportElementErrorReverseSide`
[INFO] [stdout]  --> src/types.rs:4992:30
[INFO] [stdout]   |
[INFO] [stdout] 4 | PassportElementErrorFrontSide
[INFO] [stdout]   |                              ^ help: add `;` here
[INFO] [stdout] 5 | PassportElementErrorReverseSide
[INFO] [stdout]   | ------------------------------- unexpected token
[INFO] [stdout] 
[INFO] [stdout] error: expected `;`, found `PassportElementErrorSelfie`
[INFO] [stdout]  --> src/types.rs:4993:32
[INFO] [stdout]   |
[INFO] [stdout] 5 | PassportElementErrorReverseSide
[INFO] [stdout]   |                                ^ help: add `;` here
[INFO] [stdout] 6 | PassportElementErrorSelfie
[INFO] [stdout]   | -------------------------- unexpected token
[INFO] [stdout] 
[INFO] [stdout] error: expected `;`, found `PassportElementErrorFile`
[INFO] [stdout]  --> src/types.rs:4994:27
[INFO] [stdout]   |
[INFO] [stdout] 6 | PassportElementErrorSelfie
[INFO] [stdout]   |                           ^ help: add `;` here
[INFO] [stdout] 7 | PassportElementErrorFile
[INFO] [stdout]   | ------------------------ unexpected token
[INFO] [stdout] 
[INFO] [stdout] error: expected `;`, found `PassportElementErrorFiles`
[INFO] [stdout]  --> src/types.rs:4995:25
[INFO] [stdout]   |
[INFO] [stdout] 7 | PassportElementErrorFile
[INFO] [stdout]   |                         ^ help: add `;` here
[INFO] [stdout] 8 | PassportElementErrorFiles
[INFO] [stdout]   | ------------------------- unexpected token
[INFO] [stdout] 
[INFO] [stdout] error: expected `;`, found `PassportElementErrorTranslationFile`
[INFO] [stdout]  --> src/types.rs:4996:26
[INFO] [stdout]   |
[INFO] [stdout] 8 | PassportElementErrorFiles
[INFO] [stdout]   |                          ^ help: add `;` here
[INFO] [stdout] 9 | PassportElementErrorTranslationFile
[INFO] [stdout]   | ----------------------------------- unexpected token
[INFO] [stdout] 
[INFO] [stdout] error: expected `;`, found `PassportElementErrorTranslationFiles`
[INFO] [stdout]   --> src/types.rs:4997:36
[INFO] [stdout]    |
[INFO] [stdout] 9  | PassportElementErrorTranslationFile
[INFO] [stdout]    |                                    ^ help: add `;` here
[INFO] [stdout] 10 | PassportElementErrorTranslationFiles
[INFO] [stdout]    | ------------------------------------ unexpected token
[INFO] [stdout] 
[INFO] [stdout] error: expected `;`, found `PassportElementErrorUnspecified`
[INFO] [stdout]   --> src/types.rs:4998:37
[INFO] [stdout]    |
[INFO] [stdout] 10 | PassportElementErrorTranslationFiles
[INFO] [stdout]    |                                     ^ help: add `;` here
[INFO] [stdout] 11 | PassportElementErrorUnspecified
[INFO] [stdout]    | ------------------------------- unexpected token
[INFO] [stdout] 
[INFO] [stdout] error[E0425]: cannot find value `PassportElementErrorUnspecified` in this scope
[INFO] [stdout]   --> src/types.rs:4999:1
[INFO] [stdout]    |
[INFO] [stdout] 11 | PassportElementErrorUnspecified
[INFO] [stdout]    | ^^^^^^^^^^^^^^^^^^^^^^^^^^^^^^^ not found in this scope
[INFO] [stdout]    |
[INFO] [stdout] help: consider importing this tuple variant
[INFO] [stdout]    |
[INFO] [stdout] 2  | use telegram_bot_api::types::PassportElementError::PassportElementErrorUnspecified;
[INFO] [stdout]    |
[INFO] [stdout] 
[INFO] [stdout] error: aborting due to 9 previous errors
[INFO] [stdout] 
[INFO] [stdout] For more information about this error, try `rustc --explain E0425`.
[INFO] [stdout] Couldn't compile the test.
[INFO] [stdout] ---- src/types.rs - types::InputMessageContent (line 4972) stdout ----
[INFO] [stdout] error: expected `;`, found `InputLocationMessageContent`
[INFO] [stdout]  --> src/types.rs:4973:24
[INFO] [stdout]   |
[INFO] [stdout] 3 | InputTextMessageContent
[INFO] [stdout]   |                        ^ help: add `;` here
[INFO] [stdout] 4 | InputLocationMessageContent
[INFO] [stdout]   | --------------------------- unexpected token
[INFO] [stdout] 
[INFO] [stdout] error: expected `;`, found `InputVenueMessageContent`
[INFO] [stdout]  --> src/types.rs:4974:28
[INFO] [stdout]   |
[INFO] [stdout] 4 | InputLocationMessageContent
[INFO] [stdout]   |                            ^ help: add `;` here
[INFO] [stdout] 5 | InputVenueMessageContent
[INFO] [stdout]   | ------------------------ unexpected token
[INFO] [stdout] 
[INFO] [stdout] error: expected `;`, found `InputContactMessageContent`
[INFO] [stdout]  --> src/types.rs:4975:25
[INFO] [stdout]   |
[INFO] [stdout] 5 | InputVenueMessageContent
[INFO] [stdout]   |                         ^ help: add `;` here
[INFO] [stdout] 6 | InputContactMessageContent
[INFO] [stdout]   | -------------------------- unexpected token
[INFO] [stdout] 
[INFO] [stdout] error: expected `;`, found `InputInvoiceMessageContent`
[INFO] [stdout]  --> src/types.rs:4976:27
[INFO] [stdout]   |
[INFO] [stdout] 6 | InputContactMessageContent
[INFO] [stdout]   |                           ^ help: add `;` here
[INFO] [stdout] 7 | InputInvoiceMessageContent
[INFO] [stdout]   | -------------------------- unexpected token
[INFO] [stdout] 
[INFO] [stdout] error[E0425]: cannot find value `InputInvoiceMessageContent` in this scope
[INFO] [stdout]  --> src/types.rs:4977:1
[INFO] [stdout]   |
[INFO] [stdout] 7 | InputInvoiceMessageContent
[INFO] [stdout]   | ^^^^^^^^^^^^^^^^^^^^^^^^^^ not found in this scope
[INFO] [stdout]   |
[INFO] [stdout] help: consider importing this tuple variant
[INFO] [stdout]   |
[INFO] [stdout] 2 | use telegram_bot_api::types::InputMessageContent::InputInvoiceMessageContent;
[INFO] [stdout]   |
[INFO] [stdout] 
[INFO] [stdout] error: aborting due to 5 previous errors
[INFO] [stdout] 
[INFO] [stdout] For more information about this error, try `rustc --explain E0425`.
[INFO] [stdout] Couldn't compile the test.
[INFO] [stdout] ---- src/types.rs - types::ChatMember (line 4275) stdout ----
[INFO] [stdout] error: expected `;`, found `ChatMemberAdministrator`
[INFO] [stdout]  --> src/types.rs:4276:16
[INFO] [stdout]   |
[INFO] [stdout] 3 | ChatMemberOwner
[INFO] [stdout]   |                ^ help: add `;` here
[INFO] [stdout] 4 | ChatMemberAdministrator
[INFO] [stdout]   | ----------------------- unexpected token
[INFO] [stdout] 
[INFO] [stdout] error: expected `;`, found `ChatMemberMember`
[INFO] [stdout]  --> src/types.rs:4277:24
[INFO] [stdout]   |
[INFO] [stdout] 4 | ChatMemberAdministrator
[INFO] [stdout]   |                        ^ help: add `;` here
[INFO] [stdout] 5 | ChatMemberMember
[INFO] [stdout]   | ---------------- unexpected token
[INFO] [stdout] 
[INFO] [stdout] error: expected `;`, found `ChatMemberRestricted`
[INFO] [stdout]  --> src/types.rs:4278:17
[INFO] [stdout]   |
[INFO] [stdout] 5 | ChatMemberMember
[INFO] [stdout]   |                 ^ help: add `;` here
[INFO] [stdout] 6 | ChatMemberRestricted
[INFO] [stdout]   | -------------------- unexpected token
[INFO] [stdout] 
[INFO] [stdout] error: expected `;`, found `ChatMemberLeft`
[INFO] [stdout]  --> src/types.rs:4279:21
[INFO] [stdout]   |
[INFO] [stdout] 6 | ChatMemberRestricted
[INFO] [stdout]   |                     ^ help: add `;` here
[INFO] [stdout] 7 | ChatMemberLeft
[INFO] [stdout]   | -------------- unexpected token
[INFO] [stdout] 
[INFO] [stdout] error: expected `;`, found `ChatMemberBanned`
[INFO] [stdout]  --> src/types.rs:4280:15
[INFO] [stdout]   |
[INFO] [stdout] 7 | ChatMemberLeft
[INFO] [stdout]   |               ^ help: add `;` here
[INFO] [stdout] 8 | ChatMemberBanned
[INFO] [stdout]   | ---------------- unexpected token
[INFO] [stdout] 
[INFO] [stdout] error[E0425]: cannot find value `ChatMemberBanned` in this scope
[INFO] [stdout]  --> src/types.rs:4281:1
[INFO] [stdout]   |
[INFO] [stdout] 8 | ChatMemberBanned
[INFO] [stdout]   | ^^^^^^^^^^^^^^^^ not found in this scope
[INFO] [stdout]   |
[INFO] [stdout] help: consider importing this tuple variant
[INFO] [stdout]   |
[INFO] [stdout] 2 | use telegram_bot_api::types::ChatMember::ChatMemberBanned;
[INFO] [stdout]   |
[INFO] [stdout] 
[INFO] [stdout] error: aborting due to 6 previous errors
[INFO] [stdout] 
[INFO] [stdout] For more information about this error, try `rustc --explain E0425`.
[INFO] [stdout] Couldn't compile the test.
[INFO] [stdout] ---- src/types.rs - types::InlineQueryResult (line 5015) stdout ----
[INFO] [stdout] error: expected `;`, found `InlineQueryResultCachedDocument`
[INFO] [stdout]  --> src/types.rs:5016:29
[INFO] [stdout]   |
[INFO] [stdout] 3 | InlineQueryResultCachedAudio
[INFO] [stdout]   |                             ^ help: add `;` here
[INFO] [stdout] 4 | InlineQueryResultCachedDocument
[INFO] [stdout]   | ------------------------------- unexpected token
[INFO] [stdout] 
[INFO] [stdout] error: expected `;`, found `InlineQueryResultCachedGif`
[INFO] [stdout]  --> src/types.rs:5017:32
[INFO] [stdout]   |
[INFO] [stdout] 4 | InlineQueryResultCachedDocument
[INFO] [stdout]   |                                ^ help: add `;` here
[INFO] [stdout] 5 | InlineQueryResultCachedGif
[INFO] [stdout]   | -------------------------- unexpected token
[INFO] [stdout] 
[INFO] [stdout] error: expected `;`, found `InlineQueryResultCachedMpeg4Gif`
[INFO] [stdout]  --> src/types.rs:5018:27
[INFO] [stdout]   |
[INFO] [stdout] 5 | InlineQueryResultCachedGif
[INFO] [stdout]   |                           ^ help: add `;` here
[INFO] [stdout] 6 | InlineQueryResultCachedMpeg4Gif
[INFO] [stdout]   | ------------------------------- unexpected token
[INFO] [stdout] 
[INFO] [stdout] error: expected `;`, found `InlineQueryResultCachedPhoto`
[INFO] [stdout]  --> src/types.rs:5019:32
[INFO] [stdout]   |
[INFO] [stdout] 6 | InlineQueryResultCachedMpeg4Gif
[INFO] [stdout]   |                                ^ help: add `;` here
[INFO] [stdout] 7 | InlineQueryResultCachedPhoto
[INFO] [stdout]   | ---------------------------- unexpected token
[INFO] [stdout] 
[INFO] [stdout] error: expected `;`, found `InlineQueryResultCachedSticker`
[INFO] [stdout]  --> src/types.rs:5020:29
[INFO] [stdout]   |
[INFO] [stdout] 7 | InlineQueryResultCachedPhoto
[INFO] [stdout]   |                             ^ help: add `;` here
[INFO] [stdout] 8 | InlineQueryResultCachedSticker
[INFO] [stdout]   | ------------------------------ unexpected token
[INFO] [stdout] 
[INFO] [stdout] error: expected `;`, found `InlineQueryResultCachedVideo`
[INFO] [stdout]  --> src/types.rs:5021:31
[INFO] [stdout]   |
[INFO] [stdout] 8 | InlineQueryResultCachedSticker
[INFO] [stdout]   |                               ^ help: add `;` here
[INFO] [stdout] 9 | InlineQueryResultCachedVideo
[INFO] [stdout]   | ---------------------------- unexpected token
[INFO] [stdout] 
[INFO] [stdout] error: expected `;`, found `InlineQueryResultCachedVoice`
[INFO] [stdout]   --> src/types.rs:5022:29
[INFO] [stdout]    |
[INFO] [stdout] 9  | InlineQueryResultCachedVideo
[INFO] [stdout]    |                             ^ help: add `;` here
[INFO] [stdout] 10 | InlineQueryResultCachedVoice
[INFO] [stdout]    | ---------------------------- unexpected token
[INFO] [stdout] 
[INFO] [stdout] error: expected `;`, found `InlineQueryResultArticle`
[INFO] [stdout]   --> src/types.rs:5023:29
[INFO] [stdout]    |
[INFO] [stdout] 10 | InlineQueryResultCachedVoice
[INFO] [stdout]    |                             ^ help: add `;` here
[INFO] [stdout] 11 | InlineQueryResultArticle
[INFO] [stdout]    | ------------------------ unexpected token
[INFO] [stdout] 
[INFO] [stdout] error: expected `;`, found `InlineQueryResultAudio`
[INFO] [stdout]   --> src/types.rs:5024:25
[INFO] [stdout]    |
[INFO] [stdout] 11 | InlineQueryResultArticle
[INFO] [stdout]    |                         ^ help: add `;` here
[INFO] [stdout] 12 | InlineQueryResultAudio
[INFO] [stdout]    | ---------------------- unexpected token
[INFO] [stdout] 
[INFO] [stdout] error: expected `;`, found `InlineQueryResultContact`
[INFO] [stdout]   --> src/types.rs:5025:23
[INFO] [stdout]    |
[INFO] [stdout] 12 | InlineQueryResultAudio
[INFO] [stdout]    |                       ^ help: add `;` here
[INFO] [stdout] 13 | InlineQueryResultContact
[INFO] [stdout]    | ------------------------ unexpected token
[INFO] [stdout] 
[INFO] [stdout] error: expected `;`, found `InlineQueryResultGame`
[INFO] [stdout]   --> src/types.rs:5026:25
[INFO] [stdout]    |
[INFO] [stdout] 13 | InlineQueryResultContact
[INFO] [stdout]    |                         ^ help: add `;` here
[INFO] [stdout] 14 | InlineQueryResultGame
[INFO] [stdout]    | --------------------- unexpected token
[INFO] [stdout] 
[INFO] [stdout] error: expected `;`, found `InlineQueryResultDocument`
[INFO] [stdout]   --> src/types.rs:5027:22
[INFO] [stdout]    |
[INFO] [stdout] 14 | InlineQueryResultGame
[INFO] [stdout]    |                      ^ help: add `;` here
[INFO] [stdout] 15 | InlineQueryResultDocument
[INFO] [stdout]    | ------------------------- unexpected token
[INFO] [stdout] 
[INFO] [stdout] error: expected `;`, found `InlineQueryResultGif`
[INFO] [stdout]   --> src/types.rs:5028:26
[INFO] [stdout]    |
[INFO] [stdout] 15 | InlineQueryResultDocument
[INFO] [stdout]    |                          ^ help: add `;` here
[INFO] [stdout] 16 | InlineQueryResultGif
[INFO] [stdout]    | -------------------- unexpected token
[INFO] [stdout] 
[INFO] [stdout] error: expected `;`, found `InlineQueryResultLocation`
[INFO] [stdout]   --> src/types.rs:5029:21
[INFO] [stdout]    |
[INFO] [stdout] 16 | InlineQueryResultGif
[INFO] [stdout]    |                     ^ help: add `;` here
[INFO] [stdout] 17 | InlineQueryResultLocation
[INFO] [stdout]    | ------------------------- unexpected token
[INFO] [stdout] 
[INFO] [stdout] error: expected `;`, found `InlineQueryResultMpeg4Gif`
[INFO] [stdout]   --> src/types.rs:5030:26
[INFO] [stdout]    |
[INFO] [stdout] 17 | InlineQueryResultLocation
[INFO] [stdout]    |                          ^ help: add `;` here
[INFO] [stdout] 18 | InlineQueryResultMpeg4Gif
[INFO] [stdout]    | ------------------------- unexpected token
[INFO] [stdout] 
[INFO] [stdout] error: expected `;`, found `InlineQueryResultPhoto`
[INFO] [stdout]   --> src/types.rs:5031:26
[INFO] [stdout]    |
[INFO] [stdout] 18 | InlineQueryResultMpeg4Gif
[INFO] [stdout]    |                          ^ help: add `;` here
[INFO] [stdout] 19 | InlineQueryResultPhoto
[INFO] [stdout]    | ---------------------- unexpected token
[INFO] [stdout] 
[INFO] [stdout] error: expected `;`, found `InlineQueryResultVenue`
[INFO] [stdout]   --> src/types.rs:5032:23
[INFO] [stdout]    |
[INFO] [stdout] 19 | InlineQueryResultPhoto
[INFO] [stdout]    |                       ^ help: add `;` here
[INFO] [stdout] 20 | InlineQueryResultVenue
[INFO] [stdout]    | ---------------------- unexpected token
[INFO] [stdout] 
[INFO] [stdout] error: expected `;`, found `InlineQueryResultVideo`
[INFO] [stdout]   --> src/types.rs:5033:23
[INFO] [stdout]    |
[INFO] [stdout] 20 | InlineQueryResultVenue
[INFO] [stdout]    |                       ^ help: add `;` here
[INFO] [stdout] 21 | InlineQueryResultVideo
[INFO] [stdout]    | ---------------------- unexpected token
[INFO] [stdout] 
[INFO] [stdout] error: expected `;`, found `InlineQueryResultVoice`
[INFO] [stdout]   --> src/types.rs:5034:23
[INFO] [stdout]    |
[INFO] [stdout] 21 | InlineQueryResultVideo
[INFO] [stdout]    |                       ^ help: add `;` here
[INFO] [stdout] 22 | InlineQueryResultVoice
[INFO] [stdout]    | ---------------------- unexpected token
[INFO] [stdout] 
[INFO] [stdout] error[E0425]: cannot find value `InlineQueryResultVoice` in this scope
[INFO] [stdout]   --> src/types.rs:5035:1
[INFO] [stdout]    |
[INFO] [stdout] 22 | InlineQueryResultVoice
[INFO] [stdout]    | ^^^^^^^^^^^^^^^^^^^^^^ not found in this scope
[INFO] [stdout]    |
[INFO] [stdout] help: consider importing this tuple variant
[INFO] [stdout]    |
[INFO] [stdout] 2  | use telegram_bot_api::types::InlineQueryResult::InlineQueryResultVoice;
[INFO] [stdout]    |
[INFO] [stdout] 
[INFO] [stdout] error: aborting due to 20 previous errors
[INFO] [stdout] 
[INFO] [stdout] For more information about this error, try `rustc --explain E0425`.
[INFO] [stdout] Couldn't compile the test.
[INFO] [stdout] ---- src/types.rs - types::BotCommandScope (line 4301) stdout ----
[INFO] [stdout] error: expected `;`, found `BotCommandScopeAllPrivateChats`
[INFO] [stdout]  --> src/types.rs:4302:23
[INFO] [stdout]   |
[INFO] [stdout] 3 | BotCommandScopeDefault
[INFO] [stdout]   |                       ^ help: add `;` here
[INFO] [stdout] 4 | BotCommandScopeAllPrivateChats
[INFO] [stdout]   | ------------------------------ unexpected token
[INFO] [stdout] 
[INFO] [stdout] error: expected `;`, found `BotCommandScopeAllGroupChats`
[INFO] [stdout]  --> src/types.rs:4303:31
[INFO] [stdout]   |
[INFO] [stdout] 4 | BotCommandScopeAllPrivateChats
[INFO] [stdout]   |                               ^ help: add `;` here
[INFO] [stdout] 5 | BotCommandScopeAllGroupChats
[INFO] [stdout]   | ---------------------------- unexpected token
[INFO] [stdout] 
[INFO] [stdout] error: expected `;`, found `BotCommandScopeAllChatAdministrators`
[INFO] [stdout]  --> src/types.rs:4304:29
[INFO] [stdout]   |
[INFO] [stdout] 5 | BotCommandScopeAllGroupChats
[INFO] [stdout]   |                             ^ help: add `;` here
[INFO] [stdout] 6 | BotCommandScopeAllChatAdministrators
[INFO] [stdout]   | ------------------------------------ unexpected token
[INFO] [stdout] 
[INFO] [stdout] error: expected `;`, found `BotCommandScopeChat`
[INFO] [stdout]  --> src/types.rs:4305:37
[INFO] [stdout]   |
[INFO] [stdout] 6 | BotCommandScopeAllChatAdministrators
[INFO] [stdout]   |                                     ^ help: add `;` here
[INFO] [stdout] 7 | BotCommandScopeChat
[INFO] [stdout]   | ------------------- unexpected token
[INFO] [stdout] 
[INFO] [stdout] error: expected `;`, found `BotCommandScopeChatAdministrators`
[INFO] [stdout]  --> src/types.rs:4306:20
[INFO] [stdout]   |
[INFO] [stdout] 7 | BotCommandScopeChat
[INFO] [stdout]   |                    ^ help: add `;` here
[INFO] [stdout] 8 | BotCommandScopeChatAdministrators
[INFO] [stdout]   | --------------------------------- unexpected token
[INFO] [stdout] 
[INFO] [stdout] error: expected `;`, found `BotCommandScopeChatMember`
[INFO] [stdout]  --> src/types.rs:4307:34
[INFO] [stdout]   |
[INFO] [stdout] 8 | BotCommandScopeChatAdministrators
[INFO] [stdout]   |                                  ^ help: add `;` here
[INFO] [stdout] 9 | BotCommandScopeChatMember
[INFO] [stdout]   | ------------------------- unexpected token
[INFO] [stdout] 
[INFO] [stdout] error[E0425]: cannot find value `BotCommandScopeChatMember` in this scope
[INFO] [stdout]  --> src/types.rs:4308:1
[INFO] [stdout]   |
[INFO] [stdout] 9 | BotCommandScopeChatMember
[INFO] [stdout]   | ^^^^^^^^^^^^^^^^^^^^^^^^^ not found in this scope
[INFO] [stdout]   |
[INFO] [stdout] help: consider importing this tuple variant
[INFO] [stdout]   |
[INFO] [stdout] 2 | use telegram_bot_api::types::BotCommandScope::BotCommandScopeChatMember;
[INFO] [stdout]   |
[INFO] [stdout] 
[INFO] [stdout] error: aborting due to 7 previous errors
[INFO] [stdout] 
[INFO] [stdout] For more information about this error, try `rustc --explain E0425`.
[INFO] [stdout] Couldn't compile the test.
[INFO] [stdout] ---- src/bot.rs - bot::BotApi::new (line 97) stdout ----
[INFO] [stdout] error[E0425]: cannot find function `new` in this scope
[INFO] [stdout]  --> src/bot.rs:98:1
[INFO] [stdout]   |
[INFO] [stdout] 3 | new(String::from("token"),Some(String::from("http://127.0.0.1:8081/bot")));
[INFO] [stdout]   | ^^^ not found in this scope
[INFO] [stdout] 
[INFO] [stdout] error: aborting due to previous error
[INFO] [stdout] 
[INFO] [stdout] For more information about this error, try `rustc --explain E0425`.
[INFO] [stdout] Couldn't compile the test.
[INFO] [stdout] ---- src/types.rs - types::MenuButton (line 4330) stdout ----
[INFO] [stdout] error: expected `;`, found `MenuButtonWebApp`
[INFO] [stdout]  --> src/types.rs:4331:19
[INFO] [stdout]   |
[INFO] [stdout] 3 | MenuButtonCommands
[INFO] [stdout]   |                   ^ help: add `;` here
[INFO] [stdout] 4 | MenuButtonWebApp
[INFO] [stdout]   | ---------------- unexpected token
[INFO] [stdout] 
[INFO] [stdout] error: expected `;`, found `MenuButtonDefault`
[INFO] [stdout]  --> src/types.rs:4332:17
[INFO] [stdout]   |
[INFO] [stdout] 4 | MenuButtonWebApp
[INFO] [stdout]   |                 ^ help: add `;` here
[INFO] [stdout] 5 | MenuButtonDefault
[INFO] [stdout]   | ----------------- unexpected token
[INFO] [stdout] 
[INFO] [stdout] error[E0425]: cannot find value `MenuButtonDefault` in this scope
[INFO] [stdout]  --> src/types.rs:4333:1
[INFO] [stdout]   |
[INFO] [stdout] 5 | MenuButtonDefault
[INFO] [stdout]   | ^^^^^^^^^^^^^^^^^ not found in this scope
[INFO] [stdout]   |
[INFO] [stdout] help: consider importing this tuple variant
[INFO] [stdout]   |
[INFO] [stdout] 2 | use telegram_bot_api::types::MenuButton::MenuButtonDefault;
[INFO] [stdout]   |
[INFO] [stdout] 
[INFO] [stdout] error: aborting due to 3 previous errors
[INFO] [stdout] 
[INFO] [stdout] For more information about this error, try `rustc --explain E0425`.
[INFO] [stdout] Couldn't compile the test.
[INFO] [stdout] 
[INFO] [stdout] failures:
[INFO] [stdout]     src/bot.rs - bot::BotApi::new (line 97)
[INFO] [stdout]     src/types.rs - types::BotCommandScope (line 4301)
[INFO] [stdout]     src/types.rs - types::ChatMember (line 4275)
[INFO] [stdout]     src/types.rs - types::InlineQueryResult (line 5015)
[INFO] [stdout]     src/types.rs - types::InputMedia (line 4348)
[INFO] [stdout]     src/types.rs - types::InputMessageContent (line 4972)
[INFO] [stdout]     src/types.rs - types::MenuButton (line 4330)
[INFO] [stdout]     src/types.rs - types::PassportElementError (line 4990)
[INFO] [stdout] 
[INFO] [stdout] test result: FAILED. 0 passed; 8 failed; 0 ignored; 0 measured; 0 filtered out; finished in 0.32s
[INFO] [stdout] 
[INFO] running `Command { std: "docker" "inspect" "fec988ec26d03fe81c4efc526e1c6a310bc141189b1d067e24af3f7c10a58bb0", kill_on_drop: false }`
[INFO] running `Command { std: "docker" "rm" "-f" "fec988ec26d03fe81c4efc526e1c6a310bc141189b1d067e24af3f7c10a58bb0", kill_on_drop: false }`
[INFO] [stdout] fec988ec26d03fe81c4efc526e1c6a310bc141189b1d067e24af3f7c10a58bb0
