[INFO] fetching crate telecomande 1.2.2...
[INFO] testing telecomande-1.2.2 against beta-2023-04-20 for beta-1.70-1
[INFO] extracting crate telecomande 1.2.2 into /workspace/builds/worker-3-tc2/source
[INFO] validating manifest of crates.io crate telecomande 1.2.2 on toolchain beta-2023-04-20
[INFO] running `Command { std: CARGO_HOME="/workspace/cargo-home" RUSTUP_HOME="/workspace/rustup-home" "/workspace/cargo-home/bin/cargo" "+beta-2023-04-20" "metadata" "--manifest-path" "Cargo.toml" "--no-deps", kill_on_drop: false }`
[INFO] started tweaking crates.io crate telecomande 1.2.2
[INFO] finished tweaking crates.io crate telecomande 1.2.2
[INFO] tweaked toml for crates.io crate telecomande 1.2.2 written to /workspace/builds/worker-3-tc2/source/Cargo.toml
[INFO] running `Command { std: CARGO_HOME="/workspace/cargo-home" RUSTUP_HOME="/workspace/rustup-home" __CARGO_TEST_CHANNEL_OVERRIDE_DO_NOT_USE_THIS="nightly" "/workspace/cargo-home/bin/cargo" "+beta-2023-04-20" "generate-lockfile" "--manifest-path" "Cargo.toml" "-Zno-index-update", kill_on_drop: false }`
[INFO] running `Command { std: CARGO_HOME="/workspace/cargo-home" RUSTUP_HOME="/workspace/rustup-home" "/workspace/cargo-home/bin/cargo" "+beta-2023-04-20" "fetch" "--manifest-path" "Cargo.toml", kill_on_drop: false }`
[INFO] running `Command { std: "docker" "create" "-v" "/var/lib/crater-agent-workspace/builds/worker-3-tc2/target:/opt/rustwide/target:rw,Z" "-v" "/var/lib/crater-agent-workspace/builds/worker-3-tc2/source:/opt/rustwide/workdir:ro,Z" "-v" "/var/lib/crater-agent-workspace/cargo-home:/opt/rustwide/cargo-home:ro,Z" "-v" "/var/lib/crater-agent-workspace/rustup-home:/opt/rustwide/rustup-home:ro,Z" "-e" "SOURCE_DIR=/opt/rustwide/workdir" "-e" "CARGO_TARGET_DIR=/opt/rustwide/target" "-e" "CARGO_HOME=/opt/rustwide/cargo-home" "-e" "RUSTUP_HOME=/opt/rustwide/rustup-home" "-w" "/opt/rustwide/workdir" "-m" "1610612736" "--user" "0:0" "--network" "none" "ghcr.io/rust-lang/crates-build-env/linux@sha256:5ff2268d62e97bff2cde7d5815dd6ed5b47097566f13b8d0ca110b04b60e07ed" "/opt/rustwide/cargo-home/bin/cargo" "+beta-2023-04-20" "metadata" "--no-deps" "--format-version=1", kill_on_drop: false }`
[INFO] [stdout] e015e67c945f894a0211913a9245ee57ce70d4fde5fb9cce8a78fc1be739d17d
[INFO] running `Command { std: "docker" "start" "-a" "e015e67c945f894a0211913a9245ee57ce70d4fde5fb9cce8a78fc1be739d17d", kill_on_drop: false }`
[INFO] running `Command { std: "docker" "inspect" "e015e67c945f894a0211913a9245ee57ce70d4fde5fb9cce8a78fc1be739d17d", kill_on_drop: false }`
[INFO] running `Command { std: "docker" "rm" "-f" "e015e67c945f894a0211913a9245ee57ce70d4fde5fb9cce8a78fc1be739d17d", kill_on_drop: false }`
[INFO] [stdout] e015e67c945f894a0211913a9245ee57ce70d4fde5fb9cce8a78fc1be739d17d
[INFO] running `Command { std: "docker" "create" "-v" "/var/lib/crater-agent-workspace/builds/worker-3-tc2/target:/opt/rustwide/target:rw,Z" "-v" "/var/lib/crater-agent-workspace/builds/worker-3-tc2/source:/opt/rustwide/workdir:ro,Z" "-v" "/var/lib/crater-agent-workspace/cargo-home:/opt/rustwide/cargo-home:ro,Z" "-v" "/var/lib/crater-agent-workspace/rustup-home:/opt/rustwide/rustup-home:ro,Z" "-e" "SOURCE_DIR=/opt/rustwide/workdir" "-e" "CARGO_TARGET_DIR=/opt/rustwide/target" "-e" "CARGO_INCREMENTAL=0" "-e" "RUST_BACKTRACE=full" "-e" "RUSTFLAGS=--cap-lints=warn" "-e" "RUSTDOCFLAGS=--cap-lints=warn" "-e" "CARGO_HOME=/opt/rustwide/cargo-home" "-e" "RUSTUP_HOME=/opt/rustwide/rustup-home" "-w" "/opt/rustwide/workdir" "-m" "1610612736" "--user" "0:0" "--network" "none" "ghcr.io/rust-lang/crates-build-env/linux@sha256:5ff2268d62e97bff2cde7d5815dd6ed5b47097566f13b8d0ca110b04b60e07ed" "/opt/rustwide/cargo-home/bin/cargo" "+beta-2023-04-20" "build" "--frozen" "--message-format=json", kill_on_drop: false }`
[INFO] [stdout] abce036e357bf8eef6ce4d03245a3e8251e29c7f9706b669c61878ebdf1f7b17
[INFO] running `Command { std: "docker" "start" "-a" "abce036e357bf8eef6ce4d03245a3e8251e29c7f9706b669c61878ebdf1f7b17", kill_on_drop: false }`
[INFO] [stderr]    Compiling libc v0.2.142
[INFO] [stderr]    Compiling log v0.4.17
[INFO] [stderr]    Compiling tokio v1.28.0
[INFO] [stderr]    Compiling syn v2.0.15
[INFO] [stderr]    Compiling parking_lot_core v0.9.7
[INFO] [stderr]    Compiling socket2 v0.4.9
[INFO] [stderr]    Compiling num_cpus v1.15.0
[INFO] [stderr]    Compiling mio v0.8.6
[INFO] [stderr]    Compiling signal-hook-registry v1.4.1
[INFO] [stderr]    Compiling parking_lot v0.12.1
[INFO] [stderr]    Compiling tokio-macros v2.1.0
[INFO] [stderr]    Compiling async-trait v0.1.68
[INFO] [stderr]    Compiling telecomande v1.2.2 (/opt/rustwide/workdir)
[INFO] [stderr]     Finished dev [unoptimized + debuginfo] target(s) in 13.49s
[INFO] running `Command { std: "docker" "inspect" "abce036e357bf8eef6ce4d03245a3e8251e29c7f9706b669c61878ebdf1f7b17", kill_on_drop: false }`
[INFO] running `Command { std: "docker" "rm" "-f" "abce036e357bf8eef6ce4d03245a3e8251e29c7f9706b669c61878ebdf1f7b17", kill_on_drop: false }`
[INFO] [stdout] abce036e357bf8eef6ce4d03245a3e8251e29c7f9706b669c61878ebdf1f7b17
[INFO] running `Command { std: "docker" "create" "-v" "/var/lib/crater-agent-workspace/builds/worker-3-tc2/target:/opt/rustwide/target:rw,Z" "-v" "/var/lib/crater-agent-workspace/builds/worker-3-tc2/source:/opt/rustwide/workdir:ro,Z" "-v" "/var/lib/crater-agent-workspace/cargo-home:/opt/rustwide/cargo-home:ro,Z" "-v" "/var/lib/crater-agent-workspace/rustup-home:/opt/rustwide/rustup-home:ro,Z" "-e" "SOURCE_DIR=/opt/rustwide/workdir" "-e" "CARGO_TARGET_DIR=/opt/rustwide/target" "-e" "CARGO_INCREMENTAL=0" "-e" "RUST_BACKTRACE=full" "-e" "RUSTFLAGS=--cap-lints=warn" "-e" "RUSTDOCFLAGS=--cap-lints=warn" "-e" "CARGO_HOME=/opt/rustwide/cargo-home" "-e" "RUSTUP_HOME=/opt/rustwide/rustup-home" "-w" "/opt/rustwide/workdir" "-m" "1610612736" "--user" "0:0" "--network" "none" "ghcr.io/rust-lang/crates-build-env/linux@sha256:5ff2268d62e97bff2cde7d5815dd6ed5b47097566f13b8d0ca110b04b60e07ed" "/opt/rustwide/cargo-home/bin/cargo" "+beta-2023-04-20" "test" "--frozen" "--no-run" "--message-format=json", kill_on_drop: false }`
[INFO] [stdout] 2b9b18bdf4bda569eb5d50857881b6b1bee9d118189810fc611fcf778a05a1d5
[INFO] running `Command { std: "docker" "start" "-a" "2b9b18bdf4bda569eb5d50857881b6b1bee9d118189810fc611fcf778a05a1d5", kill_on_drop: false }`
[INFO] [stderr]    Compiling telecomande v1.2.2 (/opt/rustwide/workdir)
[INFO] [stderr]     Finished test [unoptimized + debuginfo] target(s) in 1.15s
[INFO] running `Command { std: "docker" "inspect" "2b9b18bdf4bda569eb5d50857881b6b1bee9d118189810fc611fcf778a05a1d5", kill_on_drop: false }`
[INFO] running `Command { std: "docker" "rm" "-f" "2b9b18bdf4bda569eb5d50857881b6b1bee9d118189810fc611fcf778a05a1d5", kill_on_drop: false }`
[INFO] [stdout] 2b9b18bdf4bda569eb5d50857881b6b1bee9d118189810fc611fcf778a05a1d5
[INFO] running `Command { std: "docker" "create" "-v" "/var/lib/crater-agent-workspace/builds/worker-3-tc2/target:/opt/rustwide/target:rw,Z" "-v" "/var/lib/crater-agent-workspace/builds/worker-3-tc2/source:/opt/rustwide/workdir:ro,Z" "-v" "/var/lib/crater-agent-workspace/cargo-home:/opt/rustwide/cargo-home:ro,Z" "-v" "/var/lib/crater-agent-workspace/rustup-home:/opt/rustwide/rustup-home:ro,Z" "-e" "SOURCE_DIR=/opt/rustwide/workdir" "-e" "CARGO_TARGET_DIR=/opt/rustwide/target" "-e" "CARGO_INCREMENTAL=0" "-e" "RUST_BACKTRACE=full" "-e" "RUSTFLAGS=--cap-lints=warn" "-e" "RUSTDOCFLAGS=--cap-lints=warn" "-e" "CARGO_HOME=/opt/rustwide/cargo-home" "-e" "RUSTUP_HOME=/opt/rustwide/rustup-home" "-w" "/opt/rustwide/workdir" "-m" "1610612736" "--user" "0:0" "--network" "none" "ghcr.io/rust-lang/crates-build-env/linux@sha256:5ff2268d62e97bff2cde7d5815dd6ed5b47097566f13b8d0ca110b04b60e07ed" "/opt/rustwide/cargo-home/bin/cargo" "+beta-2023-04-20" "test" "--frozen", kill_on_drop: false }`
[INFO] [stdout] f3a88cf09ea3d2d2ace1e83090e7f3b242897224f7b39ea6abb6b3df94dab4a4
[INFO] running `Command { std: "docker" "start" "-a" "f3a88cf09ea3d2d2ace1e83090e7f3b242897224f7b39ea6abb6b3df94dab4a4", kill_on_drop: false }`
[INFO] [stderr]     Finished test [unoptimized + debuginfo] target(s) in 0.02s
[INFO] [stderr]      Running unittests src/lib.rs (/opt/rustwide/target/debug/deps/telecomande-b880b50a933ff468)
[INFO] [stdout] 
[INFO] [stdout] running 1 test
[INFO] [stdout] test examples::example ... ok
[INFO] [stdout] 
[INFO] [stdout] test result: ok. 1 passed; 0 failed; 0 ignored; 0 measured; 0 filtered out; finished in 0.05s
[INFO] [stdout] 
[INFO] [stderr]    Doc-tests telecomande
[INFO] [stdout] 
[INFO] [stdout] running 1 test
[INFO] [stdout] test src/lib.rs - (line 6) ... FAILED
[INFO] [stdout] 
[INFO] [stdout] failures:
[INFO] [stdout] 
[INFO] [stdout] ---- src/lib.rs - (line 6) stdout ----
[INFO] [stdout] error[E0405]: cannot find trait `Manager` in crate `telecomande`
[INFO] [stdout]   --> src/lib.rs:19:23
[INFO] [stdout]    |
[INFO] [stdout] 15 |     impl telecomande::Manager for Mgr {
[INFO] [stdout]    |                       ^^^^^^^ not found in `telecomande`
[INFO] [stdout] 
[INFO] [stdout] error[E0425]: cannot find function `spawn` in crate `telecomande`
[INFO] [stdout]   --> src/lib.rs:32:31
[INFO] [stdout]    |
[INFO] [stdout] 28 |     let handle = telecomande::spawn(manager);
[INFO] [stdout]    |                               ^^^^^ not found in `telecomande`
[INFO] [stdout]    |
[INFO] [stdout] help: consider importing one of these items
[INFO] [stdout]    |
[INFO] [stdout] 2  + use std::thread::spawn;
[INFO] [stdout]    |
[INFO] [stdout] 2  + use tokio::spawn;
[INFO] [stdout]    |
[INFO] [stdout] help: if you import `spawn`, refer to it directly
[INFO] [stdout]    |
[INFO] [stdout] 28 -     let handle = telecomande::spawn(manager);
[INFO] [stdout] 28 +     let handle = spawn(manager);
[INFO] [stdout]    |
[INFO] [stdout] 
[INFO] [stdout] error: aborting due to 2 previous errors
[INFO] [stdout] 
[INFO] [stdout] Some errors have detailed explanations: E0405, E0425.
[INFO] [stdout] For more information about an error, try `rustc --explain E0405`.
[INFO] [stdout] Couldn't compile the test.
[INFO] [stdout] 
[INFO] [stdout] failures:
[INFO] [stdout]     src/lib.rs - (line 6)
[INFO] [stdout] 
[INFO] [stdout] test result: FAILED. 0 passed; 1 failed; 0 ignored; 0 measured; 0 filtered out; finished in 0.05s
[INFO] [stdout] 
[INFO] [stderr] error: doctest failed, to rerun pass `--doc`
[INFO] running `Command { std: "docker" "inspect" "f3a88cf09ea3d2d2ace1e83090e7f3b242897224f7b39ea6abb6b3df94dab4a4", kill_on_drop: false }`
[INFO] running `Command { std: "docker" "rm" "-f" "f3a88cf09ea3d2d2ace1e83090e7f3b242897224f7b39ea6abb6b3df94dab4a4", kill_on_drop: false }`
[INFO] [stdout] f3a88cf09ea3d2d2ace1e83090e7f3b242897224f7b39ea6abb6b3df94dab4a4
