[INFO] fetching crate tcmb_evds 0.1.0...
[INFO] testing tcmb_evds-0.1.0 against 1.69.0 for beta-1.70-1
[INFO] extracting crate tcmb_evds 0.1.0 into /workspace/builds/worker-4-tc1/source
[INFO] validating manifest of crates.io crate tcmb_evds 0.1.0 on toolchain 1.69.0
[INFO] running `Command { std: CARGO_HOME="/workspace/cargo-home" RUSTUP_HOME="/workspace/rustup-home" "/workspace/cargo-home/bin/cargo" "+1.69.0" "metadata" "--manifest-path" "Cargo.toml" "--no-deps", kill_on_drop: false }`
[INFO] started tweaking crates.io crate tcmb_evds 0.1.0
[INFO] finished tweaking crates.io crate tcmb_evds 0.1.0
[INFO] tweaked toml for crates.io crate tcmb_evds 0.1.0 written to /workspace/builds/worker-4-tc1/source/Cargo.toml
[INFO] running `Command { std: CARGO_HOME="/workspace/cargo-home" RUSTUP_HOME="/workspace/rustup-home" __CARGO_TEST_CHANNEL_OVERRIDE_DO_NOT_USE_THIS="nightly" "/workspace/cargo-home/bin/cargo" "+1.69.0" "generate-lockfile" "--manifest-path" "Cargo.toml" "-Zno-index-update", kill_on_drop: false }`
[INFO] running `Command { std: CARGO_HOME="/workspace/cargo-home" RUSTUP_HOME="/workspace/rustup-home" "/workspace/cargo-home/bin/cargo" "+1.69.0" "fetch" "--manifest-path" "Cargo.toml", kill_on_drop: false }`
[INFO] running `Command { std: "docker" "create" "-v" "/var/lib/crater-agent-workspace/builds/worker-4-tc1/target:/opt/rustwide/target:rw,Z" "-v" "/var/lib/crater-agent-workspace/builds/worker-4-tc1/source:/opt/rustwide/workdir:ro,Z" "-v" "/var/lib/crater-agent-workspace/cargo-home:/opt/rustwide/cargo-home:ro,Z" "-v" "/var/lib/crater-agent-workspace/rustup-home:/opt/rustwide/rustup-home:ro,Z" "-e" "SOURCE_DIR=/opt/rustwide/workdir" "-e" "CARGO_TARGET_DIR=/opt/rustwide/target" "-e" "CARGO_HOME=/opt/rustwide/cargo-home" "-e" "RUSTUP_HOME=/opt/rustwide/rustup-home" "-w" "/opt/rustwide/workdir" "-m" "1610612736" "--user" "0:0" "--network" "none" "ghcr.io/rust-lang/crates-build-env/linux@sha256:5ff2268d62e97bff2cde7d5815dd6ed5b47097566f13b8d0ca110b04b60e07ed" "/opt/rustwide/cargo-home/bin/cargo" "+1.69.0" "metadata" "--no-deps" "--format-version=1", kill_on_drop: false }`
[INFO] [stdout] 46426f4f3a58befd86facb60a93728d9c812728442c12293c8bf1d772b499ae3
[INFO] running `Command { std: "docker" "start" "-a" "46426f4f3a58befd86facb60a93728d9c812728442c12293c8bf1d772b499ae3", kill_on_drop: false }`
[INFO] running `Command { std: "docker" "inspect" "46426f4f3a58befd86facb60a93728d9c812728442c12293c8bf1d772b499ae3", kill_on_drop: false }`
[INFO] running `Command { std: "docker" "rm" "-f" "46426f4f3a58befd86facb60a93728d9c812728442c12293c8bf1d772b499ae3", kill_on_drop: false }`
[INFO] [stdout] 46426f4f3a58befd86facb60a93728d9c812728442c12293c8bf1d772b499ae3
[INFO] running `Command { std: "docker" "create" "-v" "/var/lib/crater-agent-workspace/builds/worker-4-tc1/target:/opt/rustwide/target:rw,Z" "-v" "/var/lib/crater-agent-workspace/builds/worker-4-tc1/source:/opt/rustwide/workdir:ro,Z" "-v" "/var/lib/crater-agent-workspace/cargo-home:/opt/rustwide/cargo-home:ro,Z" "-v" "/var/lib/crater-agent-workspace/rustup-home:/opt/rustwide/rustup-home:ro,Z" "-e" "SOURCE_DIR=/opt/rustwide/workdir" "-e" "CARGO_TARGET_DIR=/opt/rustwide/target" "-e" "CARGO_INCREMENTAL=0" "-e" "RUST_BACKTRACE=full" "-e" "RUSTFLAGS=--cap-lints=warn" "-e" "RUSTDOCFLAGS=--cap-lints=warn" "-e" "CARGO_HOME=/opt/rustwide/cargo-home" "-e" "RUSTUP_HOME=/opt/rustwide/rustup-home" "-w" "/opt/rustwide/workdir" "-m" "1610612736" "--user" "0:0" "--network" "none" "ghcr.io/rust-lang/crates-build-env/linux@sha256:5ff2268d62e97bff2cde7d5815dd6ed5b47097566f13b8d0ca110b04b60e07ed" "/opt/rustwide/cargo-home/bin/cargo" "+1.69.0" "build" "--frozen" "--message-format=json", kill_on_drop: false }`
[INFO] [stdout] d6fa5c7382359f8793286026ab8fdbe96754d632dd1f9a15d598cff527fc334b
[INFO] running `Command { std: "docker" "start" "-a" "d6fa5c7382359f8793286026ab8fdbe96754d632dd1f9a15d598cff527fc334b", kill_on_drop: false }`
[INFO] [stderr]    Compiling cc v1.0.79
[INFO] [stderr]    Compiling pkg-config v0.3.26
[INFO] [stderr]    Compiling libc v0.2.142
[INFO] [stderr]    Compiling curl v0.4.44
[INFO] [stderr]    Compiling openssl-probe v0.1.5
[INFO] [stderr]    Compiling openssl-sys v0.9.87
[INFO] [stderr]    Compiling libz-sys v1.1.9
[INFO] [stderr]    Compiling curl-sys v0.4.61+curl-8.0.1
[INFO] [stderr]    Compiling socket2 v0.4.9
[INFO] [stderr]    Compiling tcmb_evds v0.1.0 (/opt/rustwide/workdir)
[INFO] [stderr]     Finished dev [unoptimized + debuginfo] target(s) in 3.26s
[INFO] running `Command { std: "docker" "inspect" "d6fa5c7382359f8793286026ab8fdbe96754d632dd1f9a15d598cff527fc334b", kill_on_drop: false }`
[INFO] running `Command { std: "docker" "rm" "-f" "d6fa5c7382359f8793286026ab8fdbe96754d632dd1f9a15d598cff527fc334b", kill_on_drop: false }`
[INFO] [stdout] d6fa5c7382359f8793286026ab8fdbe96754d632dd1f9a15d598cff527fc334b
[INFO] running `Command { std: "docker" "create" "-v" "/var/lib/crater-agent-workspace/builds/worker-4-tc1/target:/opt/rustwide/target:rw,Z" "-v" "/var/lib/crater-agent-workspace/builds/worker-4-tc1/source:/opt/rustwide/workdir:ro,Z" "-v" "/var/lib/crater-agent-workspace/cargo-home:/opt/rustwide/cargo-home:ro,Z" "-v" "/var/lib/crater-agent-workspace/rustup-home:/opt/rustwide/rustup-home:ro,Z" "-e" "SOURCE_DIR=/opt/rustwide/workdir" "-e" "CARGO_TARGET_DIR=/opt/rustwide/target" "-e" "CARGO_INCREMENTAL=0" "-e" "RUST_BACKTRACE=full" "-e" "RUSTFLAGS=--cap-lints=warn" "-e" "RUSTDOCFLAGS=--cap-lints=warn" "-e" "CARGO_HOME=/opt/rustwide/cargo-home" "-e" "RUSTUP_HOME=/opt/rustwide/rustup-home" "-w" "/opt/rustwide/workdir" "-m" "1610612736" "--user" "0:0" "--network" "none" "ghcr.io/rust-lang/crates-build-env/linux@sha256:5ff2268d62e97bff2cde7d5815dd6ed5b47097566f13b8d0ca110b04b60e07ed" "/opt/rustwide/cargo-home/bin/cargo" "+1.69.0" "test" "--frozen" "--no-run" "--message-format=json", kill_on_drop: false }`
[INFO] [stdout] 2351ddeabe8ce707fba406f8d987a4248e5f4c791de4c141686b64313d3b0027
[INFO] running `Command { std: "docker" "start" "-a" "2351ddeabe8ce707fba406f8d987a4248e5f4c791de4c141686b64313d3b0027", kill_on_drop: false }`
[INFO] [stderr]    Compiling tcmb_evds v0.1.0 (/opt/rustwide/workdir)
[INFO] [stderr]     Finished test [unoptimized + debuginfo] target(s) in 0.60s
[INFO] running `Command { std: "docker" "inspect" "2351ddeabe8ce707fba406f8d987a4248e5f4c791de4c141686b64313d3b0027", kill_on_drop: false }`
[INFO] running `Command { std: "docker" "rm" "-f" "2351ddeabe8ce707fba406f8d987a4248e5f4c791de4c141686b64313d3b0027", kill_on_drop: false }`
[INFO] [stdout] 2351ddeabe8ce707fba406f8d987a4248e5f4c791de4c141686b64313d3b0027
[INFO] running `Command { std: "docker" "create" "-v" "/var/lib/crater-agent-workspace/builds/worker-4-tc1/target:/opt/rustwide/target:rw,Z" "-v" "/var/lib/crater-agent-workspace/builds/worker-4-tc1/source:/opt/rustwide/workdir:ro,Z" "-v" "/var/lib/crater-agent-workspace/cargo-home:/opt/rustwide/cargo-home:ro,Z" "-v" "/var/lib/crater-agent-workspace/rustup-home:/opt/rustwide/rustup-home:ro,Z" "-e" "SOURCE_DIR=/opt/rustwide/workdir" "-e" "CARGO_TARGET_DIR=/opt/rustwide/target" "-e" "CARGO_INCREMENTAL=0" "-e" "RUST_BACKTRACE=full" "-e" "RUSTFLAGS=--cap-lints=warn" "-e" "RUSTDOCFLAGS=--cap-lints=warn" "-e" "CARGO_HOME=/opt/rustwide/cargo-home" "-e" "RUSTUP_HOME=/opt/rustwide/rustup-home" "-w" "/opt/rustwide/workdir" "-m" "1610612736" "--user" "0:0" "--network" "none" "ghcr.io/rust-lang/crates-build-env/linux@sha256:5ff2268d62e97bff2cde7d5815dd6ed5b47097566f13b8d0ca110b04b60e07ed" "/opt/rustwide/cargo-home/bin/cargo" "+1.69.0" "test" "--frozen", kill_on_drop: false }`
[INFO] [stdout] 71bff929964789164d6be0fea445d2bf91cfd8569c1ddec15e7b4ee72f9ba4cd
[INFO] running `Command { std: "docker" "start" "-a" "71bff929964789164d6be0fea445d2bf91cfd8569c1ddec15e7b4ee72f9ba4cd", kill_on_drop: false }`
[INFO] [stderr]     Finished test [unoptimized + debuginfo] target(s) in 0.01s
[INFO] [stderr]      Running unittests src/lib.rs (/opt/rustwide/target/debug/deps/tcmb_evds-847f2c939b8ee9c3)
[INFO] [stdout] 
[INFO] [stdout] running 5 tests
[INFO] [stdout] test date::tests::should_do ... ok
[INFO] [stdout] test evds_currency::test::should_make_default ... ok
[INFO] [stdout] test common::tests::evds_functionalities_should_work ... ok
[INFO] [stdout] test common::tests::api_functionality_should_work ... ok
[INFO] [stdout] test common::tests::should_change_api_key ... ok
[INFO] [stdout] 
[INFO] [stdout] test result: ok. 5 passed; 0 failed; 0 ignored; 0 measured; 0 filtered out; finished in 0.01s
[INFO] [stdout] 
[INFO] [stderr]    Doc-tests tcmb_evds
[INFO] [stdout] 
[INFO] [stdout] running 23 tests
[INFO] [stdout] test src/evds_basic/mod.rs - evds_basic::get_data_group (line 108) ... FAILED
[INFO] [stdout] test src/evds_basic/mod.rs - evds_basic::get_data (line 27) ... FAILED
[INFO] [stdout] test src/evds_basic/mod.rs - evds_basic::get_advanced_data_group (line 237) ... FAILED
[INFO] [stdout] test src/evds_basic/mod.rs - evds_basic::get_categories (line 181) ... FAILED
[INFO] [stdout] test src/common/mod.rs - common::Evds::change_api_key (line 204) ... FAILED
[INFO] [stdout] test src/evds_currency/mod.rs - evds_currency::CurrencySeries::from (line 417) ... ok
[INFO] [stdout] test src/evds_currency/frequency_formulas.rs - evds_currency::frequency_formulas::AdvancedProcesses::from (line 126) ... ok
[INFO] [stdout] test src/common/mod.rs - common::Evds::change_return_format (line 231) ... ok
[INFO] [stdout] test src/evds_currency/mod.rs - evds_currency::CurrencySeries::get_advanced_data (line 541) ... ok
[INFO] [stdout] test src/date/mod.rs - date::DateRange::from (line 112) ... ok
[INFO] [stdout] test src/traits/making_url_format.rs - traits::making_url_format::MakingUrlFormat::generate_multiple_currency_format_for_combination (line 66) ... FAILED
[INFO] [stdout] test src/evds_basic/mod.rs - evds_basic::get_series_list (line 306) ... ok
[INFO] [stdout] test src/evds_currency/mod.rs - evds_currency::CurrencySeries::get_data (line 468) ... ok
[INFO] [stdout] test src/common/mod.rs - common::Evds::from (line 163) ... ok
[INFO] [stdout] test src/common/mod.rs - common::ApiKey::from (line 108) ... ok
[INFO] [stdout] test src/date/mod.rs - date::Date::from (line 30) ... ok
[INFO] [stdout] test src/lib.rs - (line 51) ... FAILED
[INFO] [stdout] test src/evds_currency/mod.rs - evds_currency::MultipleCurrencySeries::from (line 675) ... ok
[INFO] [stdout] test src/evds_currency/mod.rs - evds_currency::CurrencyCodes (line 188) ... ok
[INFO] [stdout] test src/evds_currency/mod.rs - evds_currency::MultipleCurrencySeries::get_multiple_data (line 737) ... ok
[INFO] [stdout] test src/lib.rs - (line 80) ... FAILED
[INFO] [stdout] test src/lib.rs - common (line 169) ... FAILED
[INFO] [stdout] test src/lib.rs - date (line 200) ... ok
[INFO] [stdout] 
[INFO] [stdout] failures:
[INFO] [stdout] 
[INFO] [stdout] ---- src/evds_basic/mod.rs - evds_basic::get_data_group (line 108) stdout ----
[INFO] [stdout] error[E0308]: mismatched types
[INFO] [stdout]    --> src/evds_basic/mod.rs:124:41
[INFO] [stdout]     |
[INFO] [stdout] 19  |       if let Ok(api_key) = ApiKey::from("users_api_key") { api_key }
[INFO] [stdout]     |                            ------------ ^^^^^^^^^^^^^^^- help: try using a conversion method: `.to_string()`
[INFO] [stdout]     |                            |            |
[INFO] [stdout]     |                            |            expected `String`, found `&str`
[INFO] [stdout]     |                            arguments to this function are incorrect
[INFO] [stdout]     |
[INFO] [stdout] note: associated function defined here
[INFO] [stdout]    --> /opt/rustwide/workdir/src/common/mod.rs:128:12
[INFO] [stdout]     |
[INFO] [stdout] 128 |     pub fn from(key: String) -> Result<ApiKey, ReturnError> {
[INFO] [stdout]     |            ^^^^
[INFO] [stdout] 
[INFO] [stdout] error: aborting due to previous error
[INFO] [stdout] 
[INFO] [stdout] For more information about this error, try `rustc --explain E0308`.
[INFO] [stdout] Couldn't compile the test.
[INFO] [stdout] ---- src/evds_basic/mod.rs - evds_basic::get_data (line 27) stdout ----
[INFO] [stdout] error[E0308]: mismatched types
[INFO] [stdout]    --> src/evds_basic/mod.rs:44:41
[INFO] [stdout]     |
[INFO] [stdout] 20  |       if let Ok(api_key) = ApiKey::from("users_api_key") { api_key }
[INFO] [stdout]     |                            ------------ ^^^^^^^^^^^^^^^- help: try using a conversion method: `.to_string()`
[INFO] [stdout]     |                            |            |
[INFO] [stdout]     |                            |            expected `String`, found `&str`
[INFO] [stdout]     |                            arguments to this function are incorrect
[INFO] [stdout]     |
[INFO] [stdout] note: associated function defined here
[INFO] [stdout]    --> /opt/rustwide/workdir/src/common/mod.rs:128:12
[INFO] [stdout]     |
[INFO] [stdout] 128 |     pub fn from(key: String) -> Result<ApiKey, ReturnError> {
[INFO] [stdout]     |            ^^^^
[INFO] [stdout] 
[INFO] [stdout] error: aborting due to previous error
[INFO] [stdout] 
[INFO] [stdout] For more information about this error, try `rustc --explain E0308`.
[INFO] [stdout] Couldn't compile the test.
[INFO] [stdout] ---- src/evds_basic/mod.rs - evds_basic::get_advanced_data_group (line 237) stdout ----
[INFO] [stdout] error[E0308]: mismatched types
[INFO] [stdout]    --> src/evds_basic/mod.rs:243:41
[INFO] [stdout]     |
[INFO] [stdout] 9   |       if let Ok(api_key) = ApiKey::from("users_api_key") { api_key }
[INFO] [stdout]     |                            ------------ ^^^^^^^^^^^^^^^- help: try using a conversion method: `.to_string()`
[INFO] [stdout]     |                            |            |
[INFO] [stdout]     |                            |            expected `String`, found `&str`
[INFO] [stdout]     |                            arguments to this function are incorrect
[INFO] [stdout]     |
[INFO] [stdout] note: associated function defined here
[INFO] [stdout]    --> /opt/rustwide/workdir/src/common/mod.rs:128:12
[INFO] [stdout]     |
[INFO] [stdout] 128 |     pub fn from(key: String) -> Result<ApiKey, ReturnError> {
[INFO] [stdout]     |            ^^^^
[INFO] [stdout] 
[INFO] [stdout] error: aborting due to previous error
[INFO] [stdout] 
[INFO] [stdout] For more information about this error, try `rustc --explain E0308`.
[INFO] [stdout] Couldn't compile the test.
[INFO] [stdout] ---- src/evds_basic/mod.rs - evds_basic::get_categories (line 181) stdout ----
[INFO] [stdout] error[E0308]: mismatched types
[INFO] [stdout]    --> src/evds_basic/mod.rs:187:41
[INFO] [stdout]     |
[INFO] [stdout] 9   |       if let Ok(api_key) = ApiKey::from("users_api_key") { api_key }
[INFO] [stdout]     |                            ------------ ^^^^^^^^^^^^^^^- help: try using a conversion method: `.to_string()`
[INFO] [stdout]     |                            |            |
[INFO] [stdout]     |                            |            expected `String`, found `&str`
[INFO] [stdout]     |                            arguments to this function are incorrect
[INFO] [stdout]     |
[INFO] [stdout] note: associated function defined here
[INFO] [stdout]    --> /opt/rustwide/workdir/src/common/mod.rs:128:12
[INFO] [stdout]     |
[INFO] [stdout] 128 |     pub fn from(key: String) -> Result<ApiKey, ReturnError> {
[INFO] [stdout]     |            ^^^^
[INFO] [stdout] 
[INFO] [stdout] error: aborting due to previous error
[INFO] [stdout] 
[INFO] [stdout] For more information about this error, try `rustc --explain E0308`.
[INFO] [stdout] Couldn't compile the test.
[INFO] [stdout] ---- src/common/mod.rs - common::Evds::change_api_key (line 204) stdout ----
[INFO] [stdout] Test executable failed (exit status: 1).
[INFO] [stdout] 
[INFO] [stdout] stderr:
[INFO] [stdout] Error: InvalidApiKeyOrBadInternetConnection
[INFO] [stdout] 
[INFO] [stdout] 
[INFO] [stdout] ---- src/traits/making_url_format.rs - traits::making_url_format::MakingUrlFormat::generate_multiple_currency_format_for_combination (line 66) stdout ----
[INFO] [stdout] error: expected one of `.`, `;`, `?`, `}`, or an operator, found `Ytl`
[INFO] [stdout]  --> src/traits/making_url_format.rs:67:4
[INFO] [stdout]   |
[INFO] [stdout] 3 | 1. Ytl Mode On : TP.DK.USD.A.YTL-TP.DK.EUR.A.YTL-TP.DK.GBP.A.YTL
[INFO] [stdout]   |    ^^^ expected one of `.`, `;`, `?`, `}`, or an operator
[INFO] [stdout] 
[INFO] [stdout] error: aborting due to previous error
[INFO] [stdout] 
[INFO] [stdout] Couldn't compile the test.
[INFO] [stdout] ---- src/lib.rs - (line 51) stdout ----
[INFO] [stdout] Test executable failed (exit status: 1).
[INFO] [stdout] 
[INFO] [stdout] stderr:
[INFO] [stdout] Error: InvalidApiKeyOrBadInternetConnection
[INFO] [stdout] 
[INFO] [stdout] 
[INFO] [stdout] ---- src/lib.rs - (line 80) stdout ----
[INFO] [stdout] Test executable failed (exit status: 1).
[INFO] [stdout] 
[INFO] [stdout] stderr:
[INFO] [stdout] Error: InvalidApiKeyOrBadInternetConnection
[INFO] [stdout] 
[INFO] [stdout] 
[INFO] [stdout] ---- src/lib.rs - common (line 169) stdout ----
[INFO] [stdout] Test executable failed (exit status: 1).
[INFO] [stdout] 
[INFO] [stdout] stderr:
[INFO] [stdout] Error: InvalidApiKeyOrBadInternetConnection
[INFO] [stdout] 
[INFO] [stdout] 
[INFO] [stdout] 
[INFO] [stdout] failures:
[INFO] [stdout]     src/common/mod.rs - common::Evds::change_api_key (line 204)
[INFO] [stdout]     src/evds_basic/mod.rs - evds_basic::get_advanced_data_group (line 237)
[INFO] [stdout]     src/evds_basic/mod.rs - evds_basic::get_categories (line 181)
[INFO] [stdout]     src/evds_basic/mod.rs - evds_basic::get_data (line 27)
[INFO] [stdout]     src/evds_basic/mod.rs - evds_basic::get_data_group (line 108)
[INFO] [stdout]     src/lib.rs - (line 51)
[INFO] [stdout]     src/lib.rs - (line 80)
[INFO] [stdout]     src/lib.rs - common (line 169)
[INFO] [stdout]     src/traits/making_url_format.rs - traits::making_url_format::MakingUrlFormat::generate_multiple_currency_format_for_combination (line 66)
[INFO] [stdout] 
[INFO] [stdout] test result: FAILED. 14 passed; 9 failed; 0 ignored; 0 measured; 0 filtered out; finished in 0.81s
[INFO] [stdout] 
[INFO] [stderr] error: doctest failed, to rerun pass `--doc`
[INFO] running `Command { std: "docker" "inspect" "71bff929964789164d6be0fea445d2bf91cfd8569c1ddec15e7b4ee72f9ba4cd", kill_on_drop: false }`
[INFO] running `Command { std: "docker" "rm" "-f" "71bff929964789164d6be0fea445d2bf91cfd8569c1ddec15e7b4ee72f9ba4cd", kill_on_drop: false }`
[INFO] [stdout] 71bff929964789164d6be0fea445d2bf91cfd8569c1ddec15e7b4ee72f9ba4cd
