[INFO] fetching crate target-lexicon-macros 0.1.0-alpha.1...
[INFO] testing target-lexicon-macros-0.1.0-alpha.1 against beta-2023-04-20 for beta-1.70-1
[INFO] extracting crate target-lexicon-macros 0.1.0-alpha.1 into /workspace/builds/worker-7-tc2/source
[INFO] validating manifest of crates.io crate target-lexicon-macros 0.1.0-alpha.1 on toolchain beta-2023-04-20
[INFO] running `Command { std: CARGO_HOME="/workspace/cargo-home" RUSTUP_HOME="/workspace/rustup-home" "/workspace/cargo-home/bin/cargo" "+beta-2023-04-20" "metadata" "--manifest-path" "Cargo.toml" "--no-deps", kill_on_drop: false }`
[INFO] started tweaking crates.io crate target-lexicon-macros 0.1.0-alpha.1
[INFO] finished tweaking crates.io crate target-lexicon-macros 0.1.0-alpha.1
[INFO] tweaked toml for crates.io crate target-lexicon-macros 0.1.0-alpha.1 written to /workspace/builds/worker-7-tc2/source/Cargo.toml
[INFO] crate crates.io crate target-lexicon-macros 0.1.0-alpha.1 already has a lockfile, it will not be regenerated
[INFO] running `Command { std: CARGO_HOME="/workspace/cargo-home" RUSTUP_HOME="/workspace/rustup-home" "/workspace/cargo-home/bin/cargo" "+beta-2023-04-20" "fetch" "--manifest-path" "Cargo.toml", kill_on_drop: false }`
[INFO] running `Command { std: "docker" "create" "-v" "/var/lib/crater-agent-workspace/builds/worker-7-tc2/target:/opt/rustwide/target:rw,Z" "-v" "/var/lib/crater-agent-workspace/builds/worker-7-tc2/source:/opt/rustwide/workdir:ro,Z" "-v" "/var/lib/crater-agent-workspace/cargo-home:/opt/rustwide/cargo-home:ro,Z" "-v" "/var/lib/crater-agent-workspace/rustup-home:/opt/rustwide/rustup-home:ro,Z" "-e" "SOURCE_DIR=/opt/rustwide/workdir" "-e" "CARGO_TARGET_DIR=/opt/rustwide/target" "-e" "CARGO_HOME=/opt/rustwide/cargo-home" "-e" "RUSTUP_HOME=/opt/rustwide/rustup-home" "-w" "/opt/rustwide/workdir" "-m" "1610612736" "--user" "0:0" "--network" "none" "ghcr.io/rust-lang/crates-build-env/linux@sha256:5ff2268d62e97bff2cde7d5815dd6ed5b47097566f13b8d0ca110b04b60e07ed" "/opt/rustwide/cargo-home/bin/cargo" "+beta-2023-04-20" "metadata" "--no-deps" "--format-version=1", kill_on_drop: false }`
[INFO] [stdout] b980b662e7c18d404d9db90e97c76170b3d581404f12c28bc018a11e22a0a2a2
[INFO] running `Command { std: "docker" "start" "-a" "b980b662e7c18d404d9db90e97c76170b3d581404f12c28bc018a11e22a0a2a2", kill_on_drop: false }`
[INFO] running `Command { std: "docker" "inspect" "b980b662e7c18d404d9db90e97c76170b3d581404f12c28bc018a11e22a0a2a2", kill_on_drop: false }`
[INFO] running `Command { std: "docker" "rm" "-f" "b980b662e7c18d404d9db90e97c76170b3d581404f12c28bc018a11e22a0a2a2", kill_on_drop: false }`
[INFO] [stdout] b980b662e7c18d404d9db90e97c76170b3d581404f12c28bc018a11e22a0a2a2
[INFO] running `Command { std: "docker" "create" "-v" "/var/lib/crater-agent-workspace/builds/worker-7-tc2/target:/opt/rustwide/target:rw,Z" "-v" "/var/lib/crater-agent-workspace/builds/worker-7-tc2/source:/opt/rustwide/workdir:ro,Z" "-v" "/var/lib/crater-agent-workspace/cargo-home:/opt/rustwide/cargo-home:ro,Z" "-v" "/var/lib/crater-agent-workspace/rustup-home:/opt/rustwide/rustup-home:ro,Z" "-e" "SOURCE_DIR=/opt/rustwide/workdir" "-e" "CARGO_TARGET_DIR=/opt/rustwide/target" "-e" "CARGO_INCREMENTAL=0" "-e" "RUST_BACKTRACE=full" "-e" "RUSTFLAGS=--cap-lints=warn" "-e" "RUSTDOCFLAGS=--cap-lints=warn" "-e" "CARGO_HOME=/opt/rustwide/cargo-home" "-e" "RUSTUP_HOME=/opt/rustwide/rustup-home" "-w" "/opt/rustwide/workdir" "-m" "1610612736" "--user" "0:0" "--network" "none" "ghcr.io/rust-lang/crates-build-env/linux@sha256:5ff2268d62e97bff2cde7d5815dd6ed5b47097566f13b8d0ca110b04b60e07ed" "/opt/rustwide/cargo-home/bin/cargo" "+beta-2023-04-20" "build" "--frozen" "--message-format=json", kill_on_drop: false }`
[INFO] [stdout] d43341c33551808773a85952dedec4bac1a3a6b001f2cd365f602e68937ffde7
[INFO] running `Command { std: "docker" "start" "-a" "d43341c33551808773a85952dedec4bac1a3a6b001f2cd365f602e68937ffde7", kill_on_drop: false }`
[INFO] [stderr]    Compiling proc-macro2 v1.0.40
[INFO] [stderr]    Compiling quote v1.0.20
[INFO] [stderr]    Compiling unicode-ident v1.0.1
[INFO] [stderr]    Compiling syn v1.0.98
[INFO] [stderr]    Compiling target-lexicon v0.12.4
[INFO] [stderr]    Compiling target-lexicon-macros v0.1.0-alpha.1 (/opt/rustwide/workdir)
[INFO] [stderr]     Finished dev [unoptimized + debuginfo] target(s) in 8.26s
[INFO] running `Command { std: "docker" "inspect" "d43341c33551808773a85952dedec4bac1a3a6b001f2cd365f602e68937ffde7", kill_on_drop: false }`
[INFO] running `Command { std: "docker" "rm" "-f" "d43341c33551808773a85952dedec4bac1a3a6b001f2cd365f602e68937ffde7", kill_on_drop: false }`
[INFO] [stdout] d43341c33551808773a85952dedec4bac1a3a6b001f2cd365f602e68937ffde7
[INFO] running `Command { std: "docker" "create" "-v" "/var/lib/crater-agent-workspace/builds/worker-7-tc2/target:/opt/rustwide/target:rw,Z" "-v" "/var/lib/crater-agent-workspace/builds/worker-7-tc2/source:/opt/rustwide/workdir:ro,Z" "-v" "/var/lib/crater-agent-workspace/cargo-home:/opt/rustwide/cargo-home:ro,Z" "-v" "/var/lib/crater-agent-workspace/rustup-home:/opt/rustwide/rustup-home:ro,Z" "-e" "SOURCE_DIR=/opt/rustwide/workdir" "-e" "CARGO_TARGET_DIR=/opt/rustwide/target" "-e" "CARGO_INCREMENTAL=0" "-e" "RUST_BACKTRACE=full" "-e" "RUSTFLAGS=--cap-lints=warn" "-e" "RUSTDOCFLAGS=--cap-lints=warn" "-e" "CARGO_HOME=/opt/rustwide/cargo-home" "-e" "RUSTUP_HOME=/opt/rustwide/rustup-home" "-w" "/opt/rustwide/workdir" "-m" "1610612736" "--user" "0:0" "--network" "none" "ghcr.io/rust-lang/crates-build-env/linux@sha256:5ff2268d62e97bff2cde7d5815dd6ed5b47097566f13b8d0ca110b04b60e07ed" "/opt/rustwide/cargo-home/bin/cargo" "+beta-2023-04-20" "test" "--frozen" "--no-run" "--message-format=json", kill_on_drop: false }`
[INFO] [stdout] 4662747aa5a810d6175fcd8297d8f44b9fa180b264d666a1eb37a7f029d865b7
[INFO] running `Command { std: "docker" "start" "-a" "4662747aa5a810d6175fcd8297d8f44b9fa180b264d666a1eb37a7f029d865b7", kill_on_drop: false }`
[INFO] [stderr]     Blocking waiting for file lock on package cache
[INFO] [stderr]    Compiling target-lexicon-macros v0.1.0-alpha.1 (/opt/rustwide/workdir)
[INFO] [stderr]     Finished test [unoptimized + debuginfo] target(s) in 0.99s
[INFO] running `Command { std: "docker" "inspect" "4662747aa5a810d6175fcd8297d8f44b9fa180b264d666a1eb37a7f029d865b7", kill_on_drop: false }`
[INFO] running `Command { std: "docker" "rm" "-f" "4662747aa5a810d6175fcd8297d8f44b9fa180b264d666a1eb37a7f029d865b7", kill_on_drop: false }`
[INFO] [stdout] 4662747aa5a810d6175fcd8297d8f44b9fa180b264d666a1eb37a7f029d865b7
[INFO] running `Command { std: "docker" "create" "-v" "/var/lib/crater-agent-workspace/builds/worker-7-tc2/target:/opt/rustwide/target:rw,Z" "-v" "/var/lib/crater-agent-workspace/builds/worker-7-tc2/source:/opt/rustwide/workdir:ro,Z" "-v" "/var/lib/crater-agent-workspace/cargo-home:/opt/rustwide/cargo-home:ro,Z" "-v" "/var/lib/crater-agent-workspace/rustup-home:/opt/rustwide/rustup-home:ro,Z" "-e" "SOURCE_DIR=/opt/rustwide/workdir" "-e" "CARGO_TARGET_DIR=/opt/rustwide/target" "-e" "CARGO_INCREMENTAL=0" "-e" "RUST_BACKTRACE=full" "-e" "RUSTFLAGS=--cap-lints=warn" "-e" "RUSTDOCFLAGS=--cap-lints=warn" "-e" "CARGO_HOME=/opt/rustwide/cargo-home" "-e" "RUSTUP_HOME=/opt/rustwide/rustup-home" "-w" "/opt/rustwide/workdir" "-m" "1610612736" "--user" "0:0" "--network" "none" "ghcr.io/rust-lang/crates-build-env/linux@sha256:5ff2268d62e97bff2cde7d5815dd6ed5b47097566f13b8d0ca110b04b60e07ed" "/opt/rustwide/cargo-home/bin/cargo" "+beta-2023-04-20" "test" "--frozen", kill_on_drop: false }`
[INFO] [stdout] 01166f72f87078bd3ea27cfba55062190c0f928511528cc7035cfac2f946df5c
[INFO] running `Command { std: "docker" "start" "-a" "01166f72f87078bd3ea27cfba55062190c0f928511528cc7035cfac2f946df5c", kill_on_drop: false }`
[INFO] [stderr]     Finished test [unoptimized + debuginfo] target(s) in 0.01s
[INFO] [stderr]      Running unittests src/lib.rs (/opt/rustwide/target/debug/deps/target_lexicon_macros-ed46fdd89aa76be7)
[INFO] [stdout] 
[INFO] [stdout] running 0 tests
[INFO] [stdout] 
[INFO] [stdout] test result: ok. 0 passed; 0 failed; 0 ignored; 0 measured; 0 filtered out; finished in 0.00s
[INFO] [stdout] 
[INFO] [stderr]    Doc-tests target-lexicon-macros
[INFO] [stdout] 
[INFO] [stdout] running 1 test
[INFO] [stdout] test src/lib.rs - triple (line 10) ... FAILED
[INFO] [stdout] 
[INFO] [stdout] failures:
[INFO] [stdout] 
[INFO] [stdout] ---- src/lib.rs - triple (line 10) stdout ----
[INFO] [stdout] error: cannot find macro `triple` in this scope
[INFO] [stdout]  --> src/lib.rs:11:24
[INFO] [stdout]   |
[INFO] [stdout] 3 | const TARGET: Triple = triple!("x86_64-unknown-linux-gnu");
[INFO] [stdout]   |                        ^^^^^^
[INFO] [stdout]   |
[INFO] [stdout]   = help: consider importing one of these items:
[INFO] [stdout]           target_lexicon::triple
[INFO] [stdout]           target_lexicon_macros::triple
[INFO] [stdout] 
[INFO] [stdout] error[E0412]: cannot find type `Triple` in this scope
[INFO] [stdout]  --> src/lib.rs:11:15
[INFO] [stdout]   |
[INFO] [stdout] 3 | const TARGET: Triple = triple!("x86_64-unknown-linux-gnu");
[INFO] [stdout]   |               ^^^^^^ not found in this scope
[INFO] [stdout]   |
[INFO] [stdout] help: consider importing this struct
[INFO] [stdout]   |
[INFO] [stdout] 2 + use target_lexicon::Triple;
[INFO] [stdout]   |
[INFO] [stdout] 
[INFO] [stdout] error: aborting due to 2 previous errors
[INFO] [stdout] 
[INFO] [stdout] For more information about this error, try `rustc --explain E0412`.
[INFO] [stdout] Couldn't compile the test.
[INFO] [stdout] 
[INFO] [stdout] failures:
[INFO] [stdout]     src/lib.rs - triple (line 10)
[INFO] [stdout] 
[INFO] [stdout] test result: FAILED. 0 passed; 1 failed; 0 ignored; 0 measured; 0 filtered out; finished in 0.03s
[INFO] [stdout] 
[INFO] [stderr] error: doctest failed, to rerun pass `--doc`
[INFO] running `Command { std: "docker" "inspect" "01166f72f87078bd3ea27cfba55062190c0f928511528cc7035cfac2f946df5c", kill_on_drop: false }`
[INFO] running `Command { std: "docker" "rm" "-f" "01166f72f87078bd3ea27cfba55062190c0f928511528cc7035cfac2f946df5c", kill_on_drop: false }`
[INFO] [stdout] 01166f72f87078bd3ea27cfba55062190c0f928511528cc7035cfac2f946df5c
