[INFO] fetching crate taq 1.2.0...
[INFO] testing taq-1.2.0 against 1.69.0 for beta-1.70-1
[INFO] extracting crate taq 1.2.0 into /workspace/builds/worker-4-tc1/source
[INFO] validating manifest of crates.io crate taq 1.2.0 on toolchain 1.69.0
[INFO] running `Command { std: CARGO_HOME="/workspace/cargo-home" RUSTUP_HOME="/workspace/rustup-home" "/workspace/cargo-home/bin/cargo" "+1.69.0" "metadata" "--manifest-path" "Cargo.toml" "--no-deps", kill_on_drop: false }`
[INFO] started tweaking crates.io crate taq 1.2.0
[INFO] finished tweaking crates.io crate taq 1.2.0
[INFO] tweaked toml for crates.io crate taq 1.2.0 written to /workspace/builds/worker-4-tc1/source/Cargo.toml
[INFO] crate crates.io crate taq 1.2.0 already has a lockfile, it will not be regenerated
[INFO] running `Command { std: CARGO_HOME="/workspace/cargo-home" RUSTUP_HOME="/workspace/rustup-home" "/workspace/cargo-home/bin/cargo" "+1.69.0" "fetch" "--manifest-path" "Cargo.toml", kill_on_drop: false }`
[INFO] running `Command { std: "docker" "create" "-v" "/var/lib/crater-agent-workspace/builds/worker-4-tc1/target:/opt/rustwide/target:rw,Z" "-v" "/var/lib/crater-agent-workspace/builds/worker-4-tc1/source:/opt/rustwide/workdir:ro,Z" "-v" "/var/lib/crater-agent-workspace/cargo-home:/opt/rustwide/cargo-home:ro,Z" "-v" "/var/lib/crater-agent-workspace/rustup-home:/opt/rustwide/rustup-home:ro,Z" "-e" "SOURCE_DIR=/opt/rustwide/workdir" "-e" "CARGO_TARGET_DIR=/opt/rustwide/target" "-e" "CARGO_HOME=/opt/rustwide/cargo-home" "-e" "RUSTUP_HOME=/opt/rustwide/rustup-home" "-w" "/opt/rustwide/workdir" "-m" "1610612736" "--user" "0:0" "--network" "none" "ghcr.io/rust-lang/crates-build-env/linux@sha256:5ff2268d62e97bff2cde7d5815dd6ed5b47097566f13b8d0ca110b04b60e07ed" "/opt/rustwide/cargo-home/bin/cargo" "+1.69.0" "metadata" "--no-deps" "--format-version=1", kill_on_drop: false }`
[INFO] [stdout] 733c87ac59d0eb25fd34ee82ee2584ca0a4211ee51596cd0ab75c40aa6591fe4
[INFO] running `Command { std: "docker" "start" "-a" "733c87ac59d0eb25fd34ee82ee2584ca0a4211ee51596cd0ab75c40aa6591fe4", kill_on_drop: false }`
[INFO] running `Command { std: "docker" "inspect" "733c87ac59d0eb25fd34ee82ee2584ca0a4211ee51596cd0ab75c40aa6591fe4", kill_on_drop: false }`
[INFO] running `Command { std: "docker" "rm" "-f" "733c87ac59d0eb25fd34ee82ee2584ca0a4211ee51596cd0ab75c40aa6591fe4", kill_on_drop: false }`
[INFO] [stdout] 733c87ac59d0eb25fd34ee82ee2584ca0a4211ee51596cd0ab75c40aa6591fe4
[INFO] running `Command { std: "docker" "create" "-v" "/var/lib/crater-agent-workspace/builds/worker-4-tc1/target:/opt/rustwide/target:rw,Z" "-v" "/var/lib/crater-agent-workspace/builds/worker-4-tc1/source:/opt/rustwide/workdir:ro,Z" "-v" "/var/lib/crater-agent-workspace/cargo-home:/opt/rustwide/cargo-home:ro,Z" "-v" "/var/lib/crater-agent-workspace/rustup-home:/opt/rustwide/rustup-home:ro,Z" "-e" "SOURCE_DIR=/opt/rustwide/workdir" "-e" "CARGO_TARGET_DIR=/opt/rustwide/target" "-e" "CARGO_INCREMENTAL=0" "-e" "RUST_BACKTRACE=full" "-e" "RUSTFLAGS=--cap-lints=warn" "-e" "RUSTDOCFLAGS=--cap-lints=warn" "-e" "CARGO_HOME=/opt/rustwide/cargo-home" "-e" "RUSTUP_HOME=/opt/rustwide/rustup-home" "-w" "/opt/rustwide/workdir" "-m" "1610612736" "--user" "0:0" "--network" "none" "ghcr.io/rust-lang/crates-build-env/linux@sha256:5ff2268d62e97bff2cde7d5815dd6ed5b47097566f13b8d0ca110b04b60e07ed" "/opt/rustwide/cargo-home/bin/cargo" "+1.69.0" "build" "--frozen" "--message-format=json", kill_on_drop: false }`
[INFO] [stdout] 1ac015d15aef3531f84f4040ef5816fead9ae6aa8d6ebe4f419a4783385758c8
[INFO] running `Command { std: "docker" "start" "-a" "1ac015d15aef3531f84f4040ef5816fead9ae6aa8d6ebe4f419a4783385758c8", kill_on_drop: false }`
[INFO] [stderr]    Compiling proc-macro2 v1.0.51
[INFO] [stderr]    Compiling syn v1.0.109
[INFO] [stderr]    Compiling async-trait v0.1.64
[INFO] [stderr]    Compiling state v0.5.3
[INFO] [stderr]    Compiling tokio v1.25.0
[INFO] [stderr]    Compiling quote v1.0.23
[INFO] [stderr]    Compiling taq v1.2.0 (/opt/rustwide/workdir)
[INFO] [stderr]     Finished dev [unoptimized + debuginfo] target(s) in 5.55s
[INFO] running `Command { std: "docker" "inspect" "1ac015d15aef3531f84f4040ef5816fead9ae6aa8d6ebe4f419a4783385758c8", kill_on_drop: false }`
[INFO] running `Command { std: "docker" "rm" "-f" "1ac015d15aef3531f84f4040ef5816fead9ae6aa8d6ebe4f419a4783385758c8", kill_on_drop: false }`
[INFO] [stdout] 1ac015d15aef3531f84f4040ef5816fead9ae6aa8d6ebe4f419a4783385758c8
[INFO] running `Command { std: "docker" "create" "-v" "/var/lib/crater-agent-workspace/builds/worker-4-tc1/target:/opt/rustwide/target:rw,Z" "-v" "/var/lib/crater-agent-workspace/builds/worker-4-tc1/source:/opt/rustwide/workdir:ro,Z" "-v" "/var/lib/crater-agent-workspace/cargo-home:/opt/rustwide/cargo-home:ro,Z" "-v" "/var/lib/crater-agent-workspace/rustup-home:/opt/rustwide/rustup-home:ro,Z" "-e" "SOURCE_DIR=/opt/rustwide/workdir" "-e" "CARGO_TARGET_DIR=/opt/rustwide/target" "-e" "CARGO_INCREMENTAL=0" "-e" "RUST_BACKTRACE=full" "-e" "RUSTFLAGS=--cap-lints=warn" "-e" "RUSTDOCFLAGS=--cap-lints=warn" "-e" "CARGO_HOME=/opt/rustwide/cargo-home" "-e" "RUSTUP_HOME=/opt/rustwide/rustup-home" "-w" "/opt/rustwide/workdir" "-m" "1610612736" "--user" "0:0" "--network" "none" "ghcr.io/rust-lang/crates-build-env/linux@sha256:5ff2268d62e97bff2cde7d5815dd6ed5b47097566f13b8d0ca110b04b60e07ed" "/opt/rustwide/cargo-home/bin/cargo" "+1.69.0" "test" "--frozen" "--no-run" "--message-format=json", kill_on_drop: false }`
[INFO] [stdout] 0d85e1c9385849b69ada5f810405c898e93d37ad1d7463c13e7022cbd8d66ce3
[INFO] running `Command { std: "docker" "start" "-a" "0d85e1c9385849b69ada5f810405c898e93d37ad1d7463c13e7022cbd8d66ce3", kill_on_drop: false }`
[INFO] [stderr]    Compiling libc v0.2.139
[INFO] [stderr]    Compiling futures-core v0.3.26
[INFO] [stderr]    Compiling futures-channel v0.3.26
[INFO] [stderr]    Compiling futures-task v0.3.26
[INFO] [stderr]    Compiling futures-sink v0.3.26
[INFO] [stderr]    Compiling futures-util v0.3.26
[INFO] [stderr]    Compiling tokio v1.25.0
[INFO] [stderr]    Compiling futures-io v0.3.26
[INFO] [stderr]    Compiling futures-macro v0.3.26
[INFO] [stderr]    Compiling tokio-macros v1.8.2
[INFO] [stderr]    Compiling parking_lot_core v0.9.7
[INFO] [stderr]    Compiling signal-hook-registry v1.4.1
[INFO] [stderr]    Compiling num_cpus v1.15.0
[INFO] [stderr]    Compiling socket2 v0.4.7
[INFO] [stderr]    Compiling mio v0.8.6
[INFO] [stderr]    Compiling parking_lot v0.12.1
[INFO] [stderr]    Compiling futures-executor v0.3.26
[INFO] [stderr]    Compiling futures v0.3.26
[INFO] [stderr]    Compiling taq v1.2.0 (/opt/rustwide/workdir)
[INFO] [stderr]     Finished test [unoptimized + debuginfo] target(s) in 6.31s
[INFO] running `Command { std: "docker" "inspect" "0d85e1c9385849b69ada5f810405c898e93d37ad1d7463c13e7022cbd8d66ce3", kill_on_drop: false }`
[INFO] running `Command { std: "docker" "rm" "-f" "0d85e1c9385849b69ada5f810405c898e93d37ad1d7463c13e7022cbd8d66ce3", kill_on_drop: false }`
[INFO] [stdout] 0d85e1c9385849b69ada5f810405c898e93d37ad1d7463c13e7022cbd8d66ce3
[INFO] running `Command { std: "docker" "create" "-v" "/var/lib/crater-agent-workspace/builds/worker-4-tc1/target:/opt/rustwide/target:rw,Z" "-v" "/var/lib/crater-agent-workspace/builds/worker-4-tc1/source:/opt/rustwide/workdir:ro,Z" "-v" "/var/lib/crater-agent-workspace/cargo-home:/opt/rustwide/cargo-home:ro,Z" "-v" "/var/lib/crater-agent-workspace/rustup-home:/opt/rustwide/rustup-home:ro,Z" "-e" "SOURCE_DIR=/opt/rustwide/workdir" "-e" "CARGO_TARGET_DIR=/opt/rustwide/target" "-e" "CARGO_INCREMENTAL=0" "-e" "RUST_BACKTRACE=full" "-e" "RUSTFLAGS=--cap-lints=warn" "-e" "RUSTDOCFLAGS=--cap-lints=warn" "-e" "CARGO_HOME=/opt/rustwide/cargo-home" "-e" "RUSTUP_HOME=/opt/rustwide/rustup-home" "-w" "/opt/rustwide/workdir" "-m" "1610612736" "--user" "0:0" "--network" "none" "ghcr.io/rust-lang/crates-build-env/linux@sha256:5ff2268d62e97bff2cde7d5815dd6ed5b47097566f13b8d0ca110b04b60e07ed" "/opt/rustwide/cargo-home/bin/cargo" "+1.69.0" "test" "--frozen", kill_on_drop: false }`
[INFO] [stdout] 6de7ed34475a667c595d049099d309e37b50246d8ddb50f44e83641470f4eafc
[INFO] running `Command { std: "docker" "start" "-a" "6de7ed34475a667c595d049099d309e37b50246d8ddb50f44e83641470f4eafc", kill_on_drop: false }`
[INFO] [stderr]     Finished test [unoptimized + debuginfo] target(s) in 0.04s
[INFO] [stderr]      Running unittests src/lib.rs (/opt/rustwide/target/debug/deps/taq-7657ed2a28951c77)
[INFO] [stdout] 
[INFO] [stdout] running 0 tests
[INFO] [stdout] 
[INFO] [stdout] test result: ok. 0 passed; 0 failed; 0 ignored; 0 measured; 0 filtered out; finished in 0.00s
[INFO] [stdout] 
[INFO] [stderr]    Doc-tests taq
[INFO] [stdout] 
[INFO] [stdout] running 5 tests
[INFO] [stdout] test src/handle/mod.rs - handle::Handle<A>::run (line 40) ... FAILED
[INFO] [stdout] test src/task.rs - task::Task::task (line 26) ... FAILED
[INFO] [stdout] test src/job.rs - job::job (line 15) ... FAILED
[INFO] [stdout] test src/job.rs - job::Job (line 41) ... FAILED
[INFO] [stdout] test src/handle/ext.rs - handle::ext::HandleExt::recv (line 14) ... FAILED
[INFO] [stdout] 
[INFO] [stdout] failures:
[INFO] [stdout] 
[INFO] [stdout] ---- src/handle/mod.rs - handle::Handle<A>::run (line 40) stdout ----
[INFO] [stdout] error: cannot find macro `job` in this scope
[INFO] [stdout]  --> src/handle/mod.rs:42:12
[INFO] [stdout]   |
[INFO] [stdout] 4 | handle.run(job!(|s: &mut String| s.clone()))?;
[INFO] [stdout]   |            ^^^
[INFO] [stdout]   |
[INFO] [stdout]   = help: consider importing this macro:
[INFO] [stdout]           taq::job
[INFO] [stdout] 
[INFO] [stdout] error[E0425]: cannot find value `handle` in this scope
[INFO] [stdout]  --> src/handle/mod.rs:42:1
[INFO] [stdout]   |
[INFO] [stdout] 4 | handle.run(job!(|s: &mut String| s.clone()))?;
[INFO] [stdout]   | ^^^^^^ not found in this scope
[INFO] [stdout] 
[INFO] [stdout] error: aborting due to 2 previous errors
[INFO] [stdout] 
[INFO] [stdout] For more information about this error, try `rustc --explain E0425`.
[INFO] [stdout] Couldn't compile the test.
[INFO] [stdout] ---- src/task.rs - task::Task::task (line 26) stdout ----
[INFO] [stdout] error[E0405]: cannot find trait `Task` in this scope
[INFO] [stdout]   --> src/task.rs:36:6
[INFO] [stdout]    |
[INFO] [stdout] 12 | impl Task for DoesJobsAndStuff {
[INFO] [stdout]    |      ^^^^ not found in this scope
[INFO] [stdout]    |
[INFO] [stdout] help: consider importing this trait
[INFO] [stdout]    |
[INFO] [stdout] 2  | use taq::Task;
[INFO] [stdout]    |
[INFO] [stdout] 
[INFO] [stdout] error[E0412]: cannot find type `TaskManager` in this scope
[INFO] [stdout]   --> src/task.rs:37:34
[INFO] [stdout]    |
[INFO] [stdout] 13 |     async fn task(self, mut mgr: TaskManager<Self>) -> Option<()> {
[INFO] [stdout]    |                                  ^^^^^^^^^^^ not found in this scope
[INFO] [stdout]    |
[INFO] [stdout] help: consider importing this struct
[INFO] [stdout]    |
[INFO] [stdout] 2  | use taq::TaskManager;
[INFO] [stdout]    |
[INFO] [stdout] 
[INFO] [stdout] error: aborting due to 2 previous errors
[INFO] [stdout] 
[INFO] [stdout] Some errors have detailed explanations: E0405, E0412.
[INFO] [stdout] For more information about an error, try `rustc --explain E0405`.
[INFO] [stdout] Couldn't compile the test.
[INFO] [stdout] ---- src/job.rs - job::job (line 15) stdout ----
[INFO] [stdout] error: cannot find macro `job` in this scope
[INFO] [stdout]  --> src/job.rs:16:32
[INFO] [stdout]   |
[INFO] [stdout] 3 | let request: Job<String, ()> = job!(|s| {
[INFO] [stdout]   |                                ^^^
[INFO] [stdout]   |
[INFO] [stdout]   = help: consider importing this macro:
[INFO] [stdout]           taq::job
[INFO] [stdout] 
[INFO] [stdout] error: cannot find macro `job` in this scope
[INFO] [stdout]  --> src/job.rs:20:36
[INFO] [stdout]   |
[INFO] [stdout] 7 | let request: Job<String, String> = job!(|s| s.clone());
[INFO] [stdout]   |                                    ^^^
[INFO] [stdout]   |
[INFO] [stdout]   = help: consider importing this macro:
[INFO] [stdout]           taq::job
[INFO] [stdout] 
[INFO] [stdout] error[E0412]: cannot find type `Job` in this scope
[INFO] [stdout]  --> src/job.rs:16:14
[INFO] [stdout]   |
[INFO] [stdout] 3 | let request: Job<String, ()> = job!(|s| {
[INFO] [stdout]   |              ^^^ not found in this scope
[INFO] [stdout]   |
[INFO] [stdout] help: consider importing this struct
[INFO] [stdout]   |
[INFO] [stdout] 2 | use taq::Job;
[INFO] [stdout]   |
[INFO] [stdout] 
[INFO] [stdout] error[E0412]: cannot find type `Job` in this scope
[INFO] [stdout]  --> src/job.rs:20:14
[INFO] [stdout]   |
[INFO] [stdout] 7 | let request: Job<String, String> = job!(|s| s.clone());
[INFO] [stdout]   |              ^^^ not found in this scope
[INFO] [stdout]   |
[INFO] [stdout] help: consider importing this struct
[INFO] [stdout]   |
[INFO] [stdout] 2 | use taq::Job;
[INFO] [stdout]   |
[INFO] [stdout] 
[INFO] [stdout] error: aborting due to 4 previous errors
[INFO] [stdout] 
[INFO] [stdout] For more information about this error, try `rustc --explain E0412`.
[INFO] [stdout] Couldn't compile the test.
[INFO] [stdout] ---- src/job.rs - job::Job (line 41) stdout ----
[INFO] [stdout] error: cannot find macro `job` in this scope
[INFO] [stdout]  --> src/job.rs:48:17
[INFO] [stdout]   |
[INFO] [stdout] 9 | string_provider(job!(|s| {
[INFO] [stdout]   |                 ^^^
[INFO] [stdout]   |
[INFO] [stdout]   = help: consider importing this macro:
[INFO] [stdout]           taq::job
[INFO] [stdout] 
[INFO] [stdout] error[E0412]: cannot find type `Job` in this scope
[INFO] [stdout]  --> src/job.rs:42:31
[INFO] [stdout]   |
[INFO] [stdout] 3 | async fn string_provider(req: Job<String, ()>) {
[INFO] [stdout]   |                               ^^^ not found in this scope
[INFO] [stdout]   |
[INFO] [stdout] help: consider importing this struct
[INFO] [stdout]   |
[INFO] [stdout] 2 | use taq::Job;
[INFO] [stdout]   |
[INFO] [stdout] 
[INFO] [stdout] error[E0728]: `await` is only allowed inside `async` functions and blocks
[INFO] [stdout]   --> src/job.rs:50:4
[INFO] [stdout]    |
[INFO] [stdout] 2  | fn main() { #[allow(non_snake_case)] fn _doctest_main_src_job_rs_41_0() {
[INFO] [stdout]    |                                         ----------------------------- this is not `async`
[INFO] [stdout] ...
[INFO] [stdout] 11 | })).await;
[INFO] [stdout]    |    ^^^^^^ only allowed inside `async` functions and blocks
[INFO] [stdout] 
[INFO] [stdout] error: aborting due to 3 previous errors
[INFO] [stdout] 
[INFO] [stdout] Some errors have detailed explanations: E0412, E0728.
[INFO] [stdout] For more information about an error, try `rustc --explain E0412`.
[INFO] [stdout] Couldn't compile the test.
[INFO] [stdout] ---- src/handle/ext.rs - handle::ext::HandleExt::recv (line 14) stdout ----
[INFO] [stdout] error: cannot find macro `job` in this scope
[INFO] [stdout]  --> src/handle/ext.rs:16:22
[INFO] [stdout]   |
[INFO] [stdout] 4 | let res = handle.run(job!(|s: &mut String| s.clone()))?.await?;
[INFO] [stdout]   |                      ^^^
[INFO] [stdout]   |
[INFO] [stdout]   = help: consider importing this macro:
[INFO] [stdout]           taq::job
[INFO] [stdout] 
[INFO] [stdout] error[E0425]: cannot find value `handle` in this scope
[INFO] [stdout]  --> src/handle/ext.rs:16:11
[INFO] [stdout]   |
[INFO] [stdout] 4 | let res = handle.run(job!(|s: &mut String| s.clone()))?.await?;
[INFO] [stdout]   |           ^^^^^^ not found in this scope
[INFO] [stdout] 
[INFO] [stdout] error[E0728]: `await` is only allowed inside `async` functions and blocks
[INFO] [stdout]  --> src/handle/ext.rs:16:56
[INFO] [stdout]   |
[INFO] [stdout] 3 | fn main() { #[allow(non_snake_case)] fn _doctest_main_src_handle_ext_rs_14_0() {
[INFO] [stdout]   |                                         ------------------------------------ this is not `async`
[INFO] [stdout] 4 | let res = handle.run(job!(|s: &mut String| s.clone()))?.await?;
[INFO] [stdout]   |                                                        ^^^^^^ only allowed inside `async` functions and blocks
[INFO] [stdout] 
[INFO] [stdout] error[E0277]: the `?` operator can only be used in a function that returns `Result` or `Option` (or another type that implements `FromResidual`)
[INFO] [stdout]  --> src/handle/ext.rs:16:62
[INFO] [stdout]   |
[INFO] [stdout] 3 | fn main() { #[allow(non_snake_case)] fn _doctest_main_src_handle_ext_rs_14_0() {
[INFO] [stdout]   |                                      ----------------------------------------- this function should return `Result` or `Option` to accept `?`
[INFO] [stdout] 4 | let res = handle.run(job!(|s: &mut String| s.clone()))?.await?;
[INFO] [stdout]   |                                                              ^ cannot use the `?` operator in a function that returns `()`
[INFO] [stdout]   |
[INFO] [stdout]   = help: the trait `FromResidual<_>` is not implemented for `()`
[INFO] [stdout] 
[INFO] [stdout] error: aborting due to 4 previous errors
[INFO] [stdout] 
[INFO] [stdout] Some errors have detailed explanations: E0277, E0425, E0728.
[INFO] [stdout] For more information about an error, try `rustc --explain E0277`.
[INFO] [stdout] Couldn't compile the test.
[INFO] [stdout] 
[INFO] [stdout] failures:
[INFO] [stdout]     src/handle/ext.rs - handle::ext::HandleExt::recv (line 14)
[INFO] [stdout]     src/handle/mod.rs - handle::Handle<A>::run (line 40)
[INFO] [stdout]     src/job.rs - job::Job (line 41)
[INFO] [stdout]     src/job.rs - job::job (line 15)
[INFO] [stdout]     src/task.rs - task::Task::task (line 26)
[INFO] [stdout] 
[INFO] [stdout] test result: FAILED. 0 passed; 5 failed; 0 ignored; 0 measured; 0 filtered out; finished in 0.07s
[INFO] [stdout] 
[INFO] [stderr] error: doctest failed, to rerun pass `--doc`
[INFO] running `Command { std: "docker" "inspect" "6de7ed34475a667c595d049099d309e37b50246d8ddb50f44e83641470f4eafc", kill_on_drop: false }`
[INFO] running `Command { std: "docker" "rm" "-f" "6de7ed34475a667c595d049099d309e37b50246d8ddb50f44e83641470f4eafc", kill_on_drop: false }`
[INFO] [stdout] 6de7ed34475a667c595d049099d309e37b50246d8ddb50f44e83641470f4eafc
