[INFO] fetching crate tail 0.3.0...
[INFO] testing tail-0.3.0 against 1.69.0 for beta-1.70-1
[INFO] extracting crate tail 0.3.0 into /workspace/builds/worker-7-tc1/source
[INFO] validating manifest of crates.io crate tail 0.3.0 on toolchain 1.69.0
[INFO] running `Command { std: CARGO_HOME="/workspace/cargo-home" RUSTUP_HOME="/workspace/rustup-home" "/workspace/cargo-home/bin/cargo" "+1.69.0" "metadata" "--manifest-path" "Cargo.toml" "--no-deps", kill_on_drop: false }`
[INFO] started tweaking crates.io crate tail 0.3.0
[INFO] finished tweaking crates.io crate tail 0.3.0
[INFO] tweaked toml for crates.io crate tail 0.3.0 written to /workspace/builds/worker-7-tc1/source/Cargo.toml
[INFO] running `Command { std: CARGO_HOME="/workspace/cargo-home" RUSTUP_HOME="/workspace/rustup-home" __CARGO_TEST_CHANNEL_OVERRIDE_DO_NOT_USE_THIS="nightly" "/workspace/cargo-home/bin/cargo" "+1.69.0" "generate-lockfile" "--manifest-path" "Cargo.toml" "-Zno-index-update", kill_on_drop: false }`
[INFO] running `Command { std: CARGO_HOME="/workspace/cargo-home" RUSTUP_HOME="/workspace/rustup-home" "/workspace/cargo-home/bin/cargo" "+1.69.0" "fetch" "--manifest-path" "Cargo.toml", kill_on_drop: false }`
[INFO] [stderr]  Downloading crates ...
[INFO] [stderr]   Downloaded inotify v0.5.1
[INFO] running `Command { std: "docker" "create" "-v" "/var/lib/crater-agent-workspace/builds/worker-7-tc1/target:/opt/rustwide/target:rw,Z" "-v" "/var/lib/crater-agent-workspace/builds/worker-7-tc1/source:/opt/rustwide/workdir:ro,Z" "-v" "/var/lib/crater-agent-workspace/cargo-home:/opt/rustwide/cargo-home:ro,Z" "-v" "/var/lib/crater-agent-workspace/rustup-home:/opt/rustwide/rustup-home:ro,Z" "-e" "SOURCE_DIR=/opt/rustwide/workdir" "-e" "CARGO_TARGET_DIR=/opt/rustwide/target" "-e" "CARGO_HOME=/opt/rustwide/cargo-home" "-e" "RUSTUP_HOME=/opt/rustwide/rustup-home" "-w" "/opt/rustwide/workdir" "-m" "1610612736" "--user" "0:0" "--network" "none" "ghcr.io/rust-lang/crates-build-env/linux@sha256:5ff2268d62e97bff2cde7d5815dd6ed5b47097566f13b8d0ca110b04b60e07ed" "/opt/rustwide/cargo-home/bin/cargo" "+1.69.0" "metadata" "--no-deps" "--format-version=1", kill_on_drop: false }`
[INFO] [stdout] 96137d8c3a77c9fade736a29e530d10b834fcb35f04d8df75e41173d96d4ae6e
[INFO] running `Command { std: "docker" "start" "-a" "96137d8c3a77c9fade736a29e530d10b834fcb35f04d8df75e41173d96d4ae6e", kill_on_drop: false }`
[INFO] running `Command { std: "docker" "inspect" "96137d8c3a77c9fade736a29e530d10b834fcb35f04d8df75e41173d96d4ae6e", kill_on_drop: false }`
[INFO] running `Command { std: "docker" "rm" "-f" "96137d8c3a77c9fade736a29e530d10b834fcb35f04d8df75e41173d96d4ae6e", kill_on_drop: false }`
[INFO] [stdout] 96137d8c3a77c9fade736a29e530d10b834fcb35f04d8df75e41173d96d4ae6e
[INFO] running `Command { std: "docker" "create" "-v" "/var/lib/crater-agent-workspace/builds/worker-7-tc1/target:/opt/rustwide/target:rw,Z" "-v" "/var/lib/crater-agent-workspace/builds/worker-7-tc1/source:/opt/rustwide/workdir:ro,Z" "-v" "/var/lib/crater-agent-workspace/cargo-home:/opt/rustwide/cargo-home:ro,Z" "-v" "/var/lib/crater-agent-workspace/rustup-home:/opt/rustwide/rustup-home:ro,Z" "-e" "SOURCE_DIR=/opt/rustwide/workdir" "-e" "CARGO_TARGET_DIR=/opt/rustwide/target" "-e" "CARGO_INCREMENTAL=0" "-e" "RUST_BACKTRACE=full" "-e" "RUSTFLAGS=--cap-lints=warn" "-e" "RUSTDOCFLAGS=--cap-lints=warn" "-e" "CARGO_HOME=/opt/rustwide/cargo-home" "-e" "RUSTUP_HOME=/opt/rustwide/rustup-home" "-w" "/opt/rustwide/workdir" "-m" "1610612736" "--user" "0:0" "--network" "none" "ghcr.io/rust-lang/crates-build-env/linux@sha256:5ff2268d62e97bff2cde7d5815dd6ed5b47097566f13b8d0ca110b04b60e07ed" "/opt/rustwide/cargo-home/bin/cargo" "+1.69.0" "build" "--frozen" "--message-format=json", kill_on_drop: false }`
[INFO] [stdout] ecf85ef544501f08bd5993cc70faa9c97d26be095e6f938b9f3596fa156779e7
[INFO] running `Command { std: "docker" "start" "-a" "ecf85ef544501f08bd5993cc70faa9c97d26be095e6f938b9f3596fa156779e7", kill_on_drop: false }`
[INFO] [stderr]    Compiling libc v0.2.142
[INFO] [stderr]    Compiling unicode-width v0.1.10
[INFO] [stderr]    Compiling futures v0.1.31
[INFO] [stderr]    Compiling bitflags v1.3.2
[INFO] [stderr]    Compiling getopts v0.2.21
[INFO] [stderr]    Compiling inotify-sys v0.1.5
[INFO] [stderr]    Compiling inotify v0.5.1
[INFO] [stderr]    Compiling tail v0.3.0 (/opt/rustwide/workdir)
[INFO] [stdout] warning: variable does not need to be mutable
[INFO] [stdout]   --> src/main.rs:88:13
[INFO] [stdout]    |
[INFO] [stdout] 88 |         let mut wd = watcher.add_watch(Path::new(&file_name), WatchMask::MODIFY)
[INFO] [stdout]    |             ----^^
[INFO] [stdout]    |             |
[INFO] [stdout]    |             help: remove this `mut`
[INFO] [stdout]    |
[INFO] [stdout]    = note: `#[warn(unused_mut)]` on by default
[INFO] [stdout] 
[INFO] [stdout] 
[INFO] [stdout] warning: variable does not need to be mutable
[INFO] [stdout]   --> src/main.rs:90:13
[INFO] [stdout]    |
[INFO] [stdout] 90 |         let mut fd = File::open(&file_name)
[INFO] [stdout]    |             ----^^
[INFO] [stdout]    |             |
[INFO] [stdout]    |             help: remove this `mut`
[INFO] [stdout] 
[INFO] [stdout] 
[INFO] [stdout] warning: panic message is not a string literal
[INFO] [stdout]   --> src/main.rs:64:28
[INFO] [stdout]    |
[INFO] [stdout] 64 |         Err(f) => { panic!(f.to_string()) }
[INFO] [stdout]    |                            ^^^^^^^^^^^^^
[INFO] [stdout]    |
[INFO] [stdout]    = note: this usage of `panic!()` is deprecated; it will be a hard error in Rust 2021
[INFO] [stdout]    = note: for more information, see <https://doc.rust-lang.org/nightly/edition-guide/rust-2021/panic-macro-consistency.html>
[INFO] [stdout]    = note: `#[warn(non_fmt_panics)]` on by default
[INFO] [stdout] help: add a "{}" format string to `Display` the message
[INFO] [stdout]    |
[INFO] [stdout] 64 |         Err(f) => { panic!("{}", f.to_string()) }
[INFO] [stdout]    |                            +++++
[INFO] [stdout] 
[INFO] [stdout] 
[INFO] [stdout] warning: 3 warnings emitted
[INFO] [stdout] 
[INFO] [stdout] 
[INFO] [stderr]     Finished dev [unoptimized + debuginfo] target(s) in 4.90s
[INFO] running `Command { std: "docker" "inspect" "ecf85ef544501f08bd5993cc70faa9c97d26be095e6f938b9f3596fa156779e7", kill_on_drop: false }`
[INFO] running `Command { std: "docker" "rm" "-f" "ecf85ef544501f08bd5993cc70faa9c97d26be095e6f938b9f3596fa156779e7", kill_on_drop: false }`
[INFO] [stdout] ecf85ef544501f08bd5993cc70faa9c97d26be095e6f938b9f3596fa156779e7
[INFO] running `Command { std: "docker" "create" "-v" "/var/lib/crater-agent-workspace/builds/worker-7-tc1/target:/opt/rustwide/target:rw,Z" "-v" "/var/lib/crater-agent-workspace/builds/worker-7-tc1/source:/opt/rustwide/workdir:ro,Z" "-v" "/var/lib/crater-agent-workspace/cargo-home:/opt/rustwide/cargo-home:ro,Z" "-v" "/var/lib/crater-agent-workspace/rustup-home:/opt/rustwide/rustup-home:ro,Z" "-e" "SOURCE_DIR=/opt/rustwide/workdir" "-e" "CARGO_TARGET_DIR=/opt/rustwide/target" "-e" "CARGO_INCREMENTAL=0" "-e" "RUST_BACKTRACE=full" "-e" "RUSTFLAGS=--cap-lints=warn" "-e" "RUSTDOCFLAGS=--cap-lints=warn" "-e" "CARGO_HOME=/opt/rustwide/cargo-home" "-e" "RUSTUP_HOME=/opt/rustwide/rustup-home" "-w" "/opt/rustwide/workdir" "-m" "1610612736" "--user" "0:0" "--network" "none" "ghcr.io/rust-lang/crates-build-env/linux@sha256:5ff2268d62e97bff2cde7d5815dd6ed5b47097566f13b8d0ca110b04b60e07ed" "/opt/rustwide/cargo-home/bin/cargo" "+1.69.0" "test" "--frozen" "--no-run" "--message-format=json", kill_on_drop: false }`
[INFO] [stdout] 87c6ef70e91edbf1cfbe9c3dc4bd5f7776c510ab426ad7db80ee5135aef7c666
[INFO] running `Command { std: "docker" "start" "-a" "87c6ef70e91edbf1cfbe9c3dc4bd5f7776c510ab426ad7db80ee5135aef7c666", kill_on_drop: false }`
[INFO] [stderr]    Compiling tail v0.3.0 (/opt/rustwide/workdir)
[INFO] [stdout] warning: variable does not need to be mutable
[INFO] [stdout]   --> src/main.rs:88:13
[INFO] [stdout]    |
[INFO] [stdout] 88 |         let mut wd = watcher.add_watch(Path::new(&file_name), WatchMask::MODIFY)
[INFO] [stdout]    |             ----^^
[INFO] [stdout]    |             |
[INFO] [stdout]    |             help: remove this `mut`
[INFO] [stdout]    |
[INFO] [stdout]    = note: `#[warn(unused_mut)]` on by default
[INFO] [stdout] 
[INFO] [stdout] 
[INFO] [stdout] warning: variable does not need to be mutable
[INFO] [stdout]   --> src/main.rs:90:13
[INFO] [stdout]    |
[INFO] [stdout] 90 |         let mut fd = File::open(&file_name)
[INFO] [stdout]    |             ----^^
[INFO] [stdout]    |             |
[INFO] [stdout]    |             help: remove this `mut`
[INFO] [stdout] 
[INFO] [stdout] 
[INFO] [stdout] warning: panic message is not a string literal
[INFO] [stdout]   --> src/main.rs:64:28
[INFO] [stdout]    |
[INFO] [stdout] 64 |         Err(f) => { panic!(f.to_string()) }
[INFO] [stdout]    |                            ^^^^^^^^^^^^^
[INFO] [stdout]    |
[INFO] [stdout]    = note: this usage of `panic!()` is deprecated; it will be a hard error in Rust 2021
[INFO] [stdout]    = note: for more information, see <https://doc.rust-lang.org/nightly/edition-guide/rust-2021/panic-macro-consistency.html>
[INFO] [stdout]    = note: `#[warn(non_fmt_panics)]` on by default
[INFO] [stdout] help: add a "{}" format string to `Display` the message
[INFO] [stdout]    |
[INFO] [stdout] 64 |         Err(f) => { panic!("{}", f.to_string()) }
[INFO] [stdout]    |                            +++++
[INFO] [stdout] 
[INFO] [stdout] 
[INFO] [stdout] warning: 3 warnings emitted
[INFO] [stdout] 
[INFO] [stdout] 
[INFO] [stderr]     Finished test [unoptimized + debuginfo] target(s) in 1.09s
[INFO] running `Command { std: "docker" "inspect" "87c6ef70e91edbf1cfbe9c3dc4bd5f7776c510ab426ad7db80ee5135aef7c666", kill_on_drop: false }`
[INFO] running `Command { std: "docker" "rm" "-f" "87c6ef70e91edbf1cfbe9c3dc4bd5f7776c510ab426ad7db80ee5135aef7c666", kill_on_drop: false }`
[INFO] [stdout] 87c6ef70e91edbf1cfbe9c3dc4bd5f7776c510ab426ad7db80ee5135aef7c666
[INFO] running `Command { std: "docker" "create" "-v" "/var/lib/crater-agent-workspace/builds/worker-7-tc1/target:/opt/rustwide/target:rw,Z" "-v" "/var/lib/crater-agent-workspace/builds/worker-7-tc1/source:/opt/rustwide/workdir:ro,Z" "-v" "/var/lib/crater-agent-workspace/cargo-home:/opt/rustwide/cargo-home:ro,Z" "-v" "/var/lib/crater-agent-workspace/rustup-home:/opt/rustwide/rustup-home:ro,Z" "-e" "SOURCE_DIR=/opt/rustwide/workdir" "-e" "CARGO_TARGET_DIR=/opt/rustwide/target" "-e" "CARGO_INCREMENTAL=0" "-e" "RUST_BACKTRACE=full" "-e" "RUSTFLAGS=--cap-lints=warn" "-e" "RUSTDOCFLAGS=--cap-lints=warn" "-e" "CARGO_HOME=/opt/rustwide/cargo-home" "-e" "RUSTUP_HOME=/opt/rustwide/rustup-home" "-w" "/opt/rustwide/workdir" "-m" "1610612736" "--user" "0:0" "--network" "none" "ghcr.io/rust-lang/crates-build-env/linux@sha256:5ff2268d62e97bff2cde7d5815dd6ed5b47097566f13b8d0ca110b04b60e07ed" "/opt/rustwide/cargo-home/bin/cargo" "+1.69.0" "test" "--frozen", kill_on_drop: false }`
[INFO] [stdout] 9dee6378ed5878eb7a60fb67d666d0f68ab4e7fd61d15910da3bb59f18fa2d3e
[INFO] running `Command { std: "docker" "start" "-a" "9dee6378ed5878eb7a60fb67d666d0f68ab4e7fd61d15910da3bb59f18fa2d3e", kill_on_drop: false }`
[INFO] [stderr] warning: variable does not need to be mutable
[INFO] [stderr]   --> src/main.rs:88:13
[INFO] [stderr]    |
[INFO] [stderr] 88 |         let mut wd = watcher.add_watch(Path::new(&file_name), WatchMask::MODIFY)
[INFO] [stderr]    |             ----^^
[INFO] [stderr]    |             |
[INFO] [stderr]    |             help: remove this `mut`
[INFO] [stderr]    |
[INFO] [stderr]    = note: `#[warn(unused_mut)]` on by default
[INFO] [stderr] 
[INFO] [stderr] warning: variable does not need to be mutable
[INFO] [stderr]   --> src/main.rs:90:13
[INFO] [stderr]    |
[INFO] [stderr] 90 |         let mut fd = File::open(&file_name)
[INFO] [stderr]    |             ----^^
[INFO] [stderr]    |             |
[INFO] [stderr]    |             help: remove this `mut`
[INFO] [stderr] 
[INFO] [stderr] warning: panic message is not a string literal
[INFO] [stderr]   --> src/main.rs:64:28
[INFO] [stderr]    |
[INFO] [stderr] 64 |         Err(f) => { panic!(f.to_string()) }
[INFO] [stderr]    |                            ^^^^^^^^^^^^^
[INFO] [stderr]    |
[INFO] [stderr]    = note: this usage of `panic!()` is deprecated; it will be a hard error in Rust 2021
[INFO] [stderr]    = note: for more information, see <https://doc.rust-lang.org/nightly/edition-guide/rust-2021/panic-macro-consistency.html>
[INFO] [stderr]    = note: `#[warn(non_fmt_panics)]` on by default
[INFO] [stderr] help: add a "{}" format string to `Display` the message
[INFO] [stderr]    |
[INFO] [stderr] 64 |         Err(f) => { panic!("{}", f.to_string()) }
[INFO] [stderr]    |                            +++++
[INFO] [stderr] 
[INFO] [stderr] warning: `tail` (bin "tail" test) generated 3 warnings (run `cargo fix --bin "tail" --tests` to apply 3 suggestions)
[INFO] [stderr]     Finished test [unoptimized + debuginfo] target(s) in 0.01s
[INFO] [stderr]      Running unittests src/lib.rs (/opt/rustwide/target/debug/deps/tail-346962d653d2e6c5)
[INFO] [stdout] 
[INFO] [stdout] running 0 tests
[INFO] [stderr]      Running unittests src/main.rs (/opt/rustwide/target/debug/deps/tail-4ce6169328ca2e86)
[INFO] [stdout] 
[INFO] [stdout] test result: ok. 0 passed; 0 failed; 0 ignored; 0 measured; 0 filtered out; finished in 0.00s
[INFO] [stdout] 
[INFO] [stdout] 
[INFO] [stdout] running 0 tests
[INFO] [stdout] 
[INFO] [stdout] test result: ok. 0 passed; 0 failed; 0 ignored; 0 measured; 0 filtered out; finished in 0.00s
[INFO] [stdout] 
[INFO] [stderr]    Doc-tests tail
[INFO] [stdout] 
[INFO] [stdout] running 1 test
[INFO] [stdout] test src/lib.rs - BackwardsReader (line 23) ... FAILED
[INFO] [stdout] 
[INFO] [stdout] failures:
[INFO] [stdout] 
[INFO] [stdout] ---- src/lib.rs - BackwardsReader (line 23) stdout ----
[INFO] [stdout] error[E0433]: failed to resolve: use of undeclared type `BufWriter`
[INFO] [stdout]  --> src/lib.rs:24:18
[INFO] [stdout]   |
[INFO] [stdout] 3 | let mut writer = BufWriter::new(std::io::stdout());
[INFO] [stdout]   |                  ^^^^^^^^^ use of undeclared type `BufWriter`
[INFO] [stdout]   |
[INFO] [stdout] help: consider importing this struct
[INFO] [stdout]   |
[INFO] [stdout] 2 | use std::io::BufWriter;
[INFO] [stdout]   |
[INFO] [stdout] 
[INFO] [stdout] error[E0433]: failed to resolve: use of undeclared type `BackwardsReader`
[INFO] [stdout]  --> src/lib.rs:25:18
[INFO] [stdout]   |
[INFO] [stdout] 4 | let mut reader = BackwardsReader::new(10, &mut writer);
[INFO] [stdout]   |                  ^^^^^^^^^^^^^^^ use of undeclared type `BackwardsReader`
[INFO] [stdout] 
[INFO] [stdout] error: aborting due to 2 previous errors
[INFO] [stdout] 
[INFO] [stdout] For more information about this error, try `rustc --explain E0433`.
[INFO] [stdout] Couldn't compile the test.
[INFO] [stdout] 
[INFO] [stdout] failures:
[INFO] [stdout]     src/lib.rs - BackwardsReader (line 23)
[INFO] [stdout] 
[INFO] [stdout] test result: FAILED. 0 passed; 1 failed; 0 ignored; 0 measured; 0 filtered out; finished in 0.05s
[INFO] [stdout] 
[INFO] [stderr] error: doctest failed, to rerun pass `--doc`
[INFO] running `Command { std: "docker" "inspect" "9dee6378ed5878eb7a60fb67d666d0f68ab4e7fd61d15910da3bb59f18fa2d3e", kill_on_drop: false }`
[INFO] running `Command { std: "docker" "rm" "-f" "9dee6378ed5878eb7a60fb67d666d0f68ab4e7fd61d15910da3bb59f18fa2d3e", kill_on_drop: false }`
[INFO] [stdout] 9dee6378ed5878eb7a60fb67d666d0f68ab4e7fd61d15910da3bb59f18fa2d3e
