[INFO] fetching crate system_profiler 0.1.0...
[INFO] testing system_profiler-0.1.0 against 1.69.0 for beta-1.70-1
[INFO] extracting crate system_profiler 0.1.0 into /workspace/builds/worker-5-tc1/source
[INFO] validating manifest of crates.io crate system_profiler 0.1.0 on toolchain 1.69.0
[INFO] running `Command { std: CARGO_HOME="/workspace/cargo-home" RUSTUP_HOME="/workspace/rustup-home" "/workspace/cargo-home/bin/cargo" "+1.69.0" "metadata" "--manifest-path" "Cargo.toml" "--no-deps", kill_on_drop: false }`
[INFO] started tweaking crates.io crate system_profiler 0.1.0
[INFO] finished tweaking crates.io crate system_profiler 0.1.0
[INFO] tweaked toml for crates.io crate system_profiler 0.1.0 written to /workspace/builds/worker-5-tc1/source/Cargo.toml
[INFO] running `Command { std: CARGO_HOME="/workspace/cargo-home" RUSTUP_HOME="/workspace/rustup-home" __CARGO_TEST_CHANNEL_OVERRIDE_DO_NOT_USE_THIS="nightly" "/workspace/cargo-home/bin/cargo" "+1.69.0" "generate-lockfile" "--manifest-path" "Cargo.toml" "-Zno-index-update", kill_on_drop: false }`
[INFO] running `Command { std: CARGO_HOME="/workspace/cargo-home" RUSTUP_HOME="/workspace/rustup-home" "/workspace/cargo-home/bin/cargo" "+1.69.0" "fetch" "--manifest-path" "Cargo.toml", kill_on_drop: false }`
[INFO] running `Command { std: "docker" "create" "-v" "/var/lib/crater-agent-workspace/builds/worker-5-tc1/target:/opt/rustwide/target:rw,Z" "-v" "/var/lib/crater-agent-workspace/builds/worker-5-tc1/source:/opt/rustwide/workdir:ro,Z" "-v" "/var/lib/crater-agent-workspace/cargo-home:/opt/rustwide/cargo-home:ro,Z" "-v" "/var/lib/crater-agent-workspace/rustup-home:/opt/rustwide/rustup-home:ro,Z" "-e" "SOURCE_DIR=/opt/rustwide/workdir" "-e" "CARGO_TARGET_DIR=/opt/rustwide/target" "-e" "CARGO_HOME=/opt/rustwide/cargo-home" "-e" "RUSTUP_HOME=/opt/rustwide/rustup-home" "-w" "/opt/rustwide/workdir" "-m" "1610612736" "--user" "0:0" "--network" "none" "ghcr.io/rust-lang/crates-build-env/linux@sha256:5ff2268d62e97bff2cde7d5815dd6ed5b47097566f13b8d0ca110b04b60e07ed" "/opt/rustwide/cargo-home/bin/cargo" "+1.69.0" "metadata" "--no-deps" "--format-version=1", kill_on_drop: false }`
[INFO] [stdout] bbcdcfdd9de42f628fd3b90bf16192aed104dd5d8b0500a232619063a0974a12
[INFO] running `Command { std: "docker" "start" "-a" "bbcdcfdd9de42f628fd3b90bf16192aed104dd5d8b0500a232619063a0974a12", kill_on_drop: false }`
[INFO] running `Command { std: "docker" "inspect" "bbcdcfdd9de42f628fd3b90bf16192aed104dd5d8b0500a232619063a0974a12", kill_on_drop: false }`
[INFO] running `Command { std: "docker" "rm" "-f" "bbcdcfdd9de42f628fd3b90bf16192aed104dd5d8b0500a232619063a0974a12", kill_on_drop: false }`
[INFO] [stdout] bbcdcfdd9de42f628fd3b90bf16192aed104dd5d8b0500a232619063a0974a12
[INFO] running `Command { std: "docker" "create" "-v" "/var/lib/crater-agent-workspace/builds/worker-5-tc1/target:/opt/rustwide/target:rw,Z" "-v" "/var/lib/crater-agent-workspace/builds/worker-5-tc1/source:/opt/rustwide/workdir:ro,Z" "-v" "/var/lib/crater-agent-workspace/cargo-home:/opt/rustwide/cargo-home:ro,Z" "-v" "/var/lib/crater-agent-workspace/rustup-home:/opt/rustwide/rustup-home:ro,Z" "-e" "SOURCE_DIR=/opt/rustwide/workdir" "-e" "CARGO_TARGET_DIR=/opt/rustwide/target" "-e" "CARGO_INCREMENTAL=0" "-e" "RUST_BACKTRACE=full" "-e" "RUSTFLAGS=--cap-lints=warn" "-e" "RUSTDOCFLAGS=--cap-lints=warn" "-e" "CARGO_HOME=/opt/rustwide/cargo-home" "-e" "RUSTUP_HOME=/opt/rustwide/rustup-home" "-w" "/opt/rustwide/workdir" "-m" "1610612736" "--user" "0:0" "--network" "none" "ghcr.io/rust-lang/crates-build-env/linux@sha256:5ff2268d62e97bff2cde7d5815dd6ed5b47097566f13b8d0ca110b04b60e07ed" "/opt/rustwide/cargo-home/bin/cargo" "+1.69.0" "build" "--frozen" "--message-format=json", kill_on_drop: false }`
[INFO] [stdout] 1fdc810a25049b10ab5c5b169d6c645a5ebef6d1d516634bdad04bcd60ededd3
[INFO] running `Command { std: "docker" "start" "-a" "1fdc810a25049b10ab5c5b169d6c645a5ebef6d1d516634bdad04bcd60ededd3", kill_on_drop: false }`
[INFO] [stderr]    Compiling safemem v0.3.3
[INFO] [stderr]    Compiling indexmap v1.9.3
[INFO] [stderr]    Compiling time v0.3.20
[INFO] [stderr]    Compiling quick-xml v0.28.2
[INFO] [stderr]    Compiling serde_derive v1.0.160
[INFO] [stderr]    Compiling line-wrap v0.1.1
[INFO] [stderr]    Compiling plist v1.4.3
[INFO] [stderr]    Compiling system_profiler v0.1.0 (/opt/rustwide/workdir)
[INFO] [stderr]     Finished dev [unoptimized + debuginfo] target(s) in 4.80s
[INFO] running `Command { std: "docker" "inspect" "1fdc810a25049b10ab5c5b169d6c645a5ebef6d1d516634bdad04bcd60ededd3", kill_on_drop: false }`
[INFO] running `Command { std: "docker" "rm" "-f" "1fdc810a25049b10ab5c5b169d6c645a5ebef6d1d516634bdad04bcd60ededd3", kill_on_drop: false }`
[INFO] [stdout] 1fdc810a25049b10ab5c5b169d6c645a5ebef6d1d516634bdad04bcd60ededd3
[INFO] running `Command { std: "docker" "create" "-v" "/var/lib/crater-agent-workspace/builds/worker-5-tc1/target:/opt/rustwide/target:rw,Z" "-v" "/var/lib/crater-agent-workspace/builds/worker-5-tc1/source:/opt/rustwide/workdir:ro,Z" "-v" "/var/lib/crater-agent-workspace/cargo-home:/opt/rustwide/cargo-home:ro,Z" "-v" "/var/lib/crater-agent-workspace/rustup-home:/opt/rustwide/rustup-home:ro,Z" "-e" "SOURCE_DIR=/opt/rustwide/workdir" "-e" "CARGO_TARGET_DIR=/opt/rustwide/target" "-e" "CARGO_INCREMENTAL=0" "-e" "RUST_BACKTRACE=full" "-e" "RUSTFLAGS=--cap-lints=warn" "-e" "RUSTDOCFLAGS=--cap-lints=warn" "-e" "CARGO_HOME=/opt/rustwide/cargo-home" "-e" "RUSTUP_HOME=/opt/rustwide/rustup-home" "-w" "/opt/rustwide/workdir" "-m" "1610612736" "--user" "0:0" "--network" "none" "ghcr.io/rust-lang/crates-build-env/linux@sha256:5ff2268d62e97bff2cde7d5815dd6ed5b47097566f13b8d0ca110b04b60e07ed" "/opt/rustwide/cargo-home/bin/cargo" "+1.69.0" "test" "--frozen" "--no-run" "--message-format=json", kill_on_drop: false }`
[INFO] [stdout] 0fac793ed92632441a518b3bb4c1c7d922d4e79dddf59e3615db5fb5b330b6fe
[INFO] running `Command { std: "docker" "start" "-a" "0fac793ed92632441a518b3bb4c1c7d922d4e79dddf59e3615db5fb5b330b6fe", kill_on_drop: false }`
[INFO] [stderr]    Compiling system_profiler v0.1.0 (/opt/rustwide/workdir)
[INFO] [stderr]     Finished test [unoptimized + debuginfo] target(s) in 1.47s
[INFO] running `Command { std: "docker" "inspect" "0fac793ed92632441a518b3bb4c1c7d922d4e79dddf59e3615db5fb5b330b6fe", kill_on_drop: false }`
[INFO] running `Command { std: "docker" "rm" "-f" "0fac793ed92632441a518b3bb4c1c7d922d4e79dddf59e3615db5fb5b330b6fe", kill_on_drop: false }`
[INFO] [stdout] 0fac793ed92632441a518b3bb4c1c7d922d4e79dddf59e3615db5fb5b330b6fe
[INFO] running `Command { std: "docker" "create" "-v" "/var/lib/crater-agent-workspace/builds/worker-5-tc1/target:/opt/rustwide/target:rw,Z" "-v" "/var/lib/crater-agent-workspace/builds/worker-5-tc1/source:/opt/rustwide/workdir:ro,Z" "-v" "/var/lib/crater-agent-workspace/cargo-home:/opt/rustwide/cargo-home:ro,Z" "-v" "/var/lib/crater-agent-workspace/rustup-home:/opt/rustwide/rustup-home:ro,Z" "-e" "SOURCE_DIR=/opt/rustwide/workdir" "-e" "CARGO_TARGET_DIR=/opt/rustwide/target" "-e" "CARGO_INCREMENTAL=0" "-e" "RUST_BACKTRACE=full" "-e" "RUSTFLAGS=--cap-lints=warn" "-e" "RUSTDOCFLAGS=--cap-lints=warn" "-e" "CARGO_HOME=/opt/rustwide/cargo-home" "-e" "RUSTUP_HOME=/opt/rustwide/rustup-home" "-w" "/opt/rustwide/workdir" "-m" "1610612736" "--user" "0:0" "--network" "none" "ghcr.io/rust-lang/crates-build-env/linux@sha256:5ff2268d62e97bff2cde7d5815dd6ed5b47097566f13b8d0ca110b04b60e07ed" "/opt/rustwide/cargo-home/bin/cargo" "+1.69.0" "test" "--frozen", kill_on_drop: false }`
[INFO] [stdout] b4c3672e95ce14f997b971dcfc5ec79b89a8faf086b984a30296566070662a94
[INFO] running `Command { std: "docker" "start" "-a" "b4c3672e95ce14f997b971dcfc5ec79b89a8faf086b984a30296566070662a94", kill_on_drop: false }`
[INFO] [stderr]     Blocking waiting for file lock on package cache
[INFO] [stderr]     Finished test [unoptimized + debuginfo] target(s) in 0.12s
[INFO] [stderr]      Running unittests src/lib.rs (/opt/rustwide/target/debug/deps/system_profiler-c2132bf4f0ea0843)
[INFO] [stdout] 
[INFO] [stdout] running 2 tests
[INFO] [stdout] test data_types::sp_displays::test ... FAILED
[INFO] [stderr] error: test failed, to rerun pass `--lib`
[INFO] [stdout] test data_types::sp_storage::test ... FAILED
[INFO] [stdout] 
[INFO] [stdout] failures:
[INFO] [stdout] 
[INFO] [stdout] ---- data_types::sp_displays::test stdout ----
[INFO] [stdout] Error: ProcessError(Os { code: 2, kind: NotFound, message: "No such file or directory" })
[INFO] [stdout] 
[INFO] [stdout] ---- data_types::sp_storage::test stdout ----
[INFO] [stdout] Error: ProcessError(Os { code: 2, kind: NotFound, message: "No such file or directory" })
[INFO] [stdout] 
[INFO] [stdout] 
[INFO] [stdout] failures:
[INFO] [stdout]     data_types::sp_displays::test
[INFO] [stdout]     data_types::sp_storage::test
[INFO] [stdout] 
[INFO] [stdout] test result: FAILED. 0 passed; 2 failed; 0 ignored; 0 measured; 0 filtered out; finished in 0.02s
[INFO] [stdout] 
[INFO] running `Command { std: "docker" "inspect" "b4c3672e95ce14f997b971dcfc5ec79b89a8faf086b984a30296566070662a94", kill_on_drop: false }`
[INFO] running `Command { std: "docker" "rm" "-f" "b4c3672e95ce14f997b971dcfc5ec79b89a8faf086b984a30296566070662a94", kill_on_drop: false }`
[INFO] [stdout] b4c3672e95ce14f997b971dcfc5ec79b89a8faf086b984a30296566070662a94
