[INFO] fetching crate syntex_pos 0.59.1...
[INFO] testing syntex_pos-0.59.1 against 1.69.0 for beta-1.70-1
[INFO] extracting crate syntex_pos 0.59.1 into /workspace/builds/worker-2-tc1/source
[INFO] validating manifest of crates.io crate syntex_pos 0.59.1 on toolchain 1.69.0
[INFO] running `Command { std: CARGO_HOME="/workspace/cargo-home" RUSTUP_HOME="/workspace/rustup-home" "/workspace/cargo-home/bin/cargo" "+1.69.0" "metadata" "--manifest-path" "Cargo.toml" "--no-deps", kill_on_drop: false }`
[INFO] started tweaking crates.io crate syntex_pos 0.59.1
[INFO] finished tweaking crates.io crate syntex_pos 0.59.1
[INFO] tweaked toml for crates.io crate syntex_pos 0.59.1 written to /workspace/builds/worker-2-tc1/source/Cargo.toml
[INFO] running `Command { std: CARGO_HOME="/workspace/cargo-home" RUSTUP_HOME="/workspace/rustup-home" __CARGO_TEST_CHANNEL_OVERRIDE_DO_NOT_USE_THIS="nightly" "/workspace/cargo-home/bin/cargo" "+1.69.0" "generate-lockfile" "--manifest-path" "Cargo.toml" "-Zno-index-update", kill_on_drop: false }`
[INFO] running `Command { std: CARGO_HOME="/workspace/cargo-home" RUSTUP_HOME="/workspace/rustup-home" "/workspace/cargo-home/bin/cargo" "+1.69.0" "fetch" "--manifest-path" "Cargo.toml", kill_on_drop: false }`
[INFO] running `Command { std: "docker" "create" "-v" "/var/lib/crater-agent-workspace/builds/worker-2-tc1/target:/opt/rustwide/target:rw,Z" "-v" "/var/lib/crater-agent-workspace/builds/worker-2-tc1/source:/opt/rustwide/workdir:ro,Z" "-v" "/var/lib/crater-agent-workspace/cargo-home:/opt/rustwide/cargo-home:ro,Z" "-v" "/var/lib/crater-agent-workspace/rustup-home:/opt/rustwide/rustup-home:ro,Z" "-e" "SOURCE_DIR=/opt/rustwide/workdir" "-e" "CARGO_TARGET_DIR=/opt/rustwide/target" "-e" "CARGO_HOME=/opt/rustwide/cargo-home" "-e" "RUSTUP_HOME=/opt/rustwide/rustup-home" "-w" "/opt/rustwide/workdir" "-m" "1610612736" "--user" "0:0" "--network" "none" "ghcr.io/rust-lang/crates-build-env/linux@sha256:5ff2268d62e97bff2cde7d5815dd6ed5b47097566f13b8d0ca110b04b60e07ed" "/opt/rustwide/cargo-home/bin/cargo" "+1.69.0" "metadata" "--no-deps" "--format-version=1", kill_on_drop: false }`
[INFO] [stdout] 53f267cd47f7a293c29f861e20ee36569b4fc0dc885b34c7f29b422ae5ea1376
[INFO] running `Command { std: "docker" "start" "-a" "53f267cd47f7a293c29f861e20ee36569b4fc0dc885b34c7f29b422ae5ea1376", kill_on_drop: false }`
[INFO] running `Command { std: "docker" "inspect" "53f267cd47f7a293c29f861e20ee36569b4fc0dc885b34c7f29b422ae5ea1376", kill_on_drop: false }`
[INFO] running `Command { std: "docker" "rm" "-f" "53f267cd47f7a293c29f861e20ee36569b4fc0dc885b34c7f29b422ae5ea1376", kill_on_drop: false }`
[INFO] [stdout] 53f267cd47f7a293c29f861e20ee36569b4fc0dc885b34c7f29b422ae5ea1376
[INFO] running `Command { std: "docker" "create" "-v" "/var/lib/crater-agent-workspace/builds/worker-2-tc1/target:/opt/rustwide/target:rw,Z" "-v" "/var/lib/crater-agent-workspace/builds/worker-2-tc1/source:/opt/rustwide/workdir:ro,Z" "-v" "/var/lib/crater-agent-workspace/cargo-home:/opt/rustwide/cargo-home:ro,Z" "-v" "/var/lib/crater-agent-workspace/rustup-home:/opt/rustwide/rustup-home:ro,Z" "-e" "SOURCE_DIR=/opt/rustwide/workdir" "-e" "CARGO_TARGET_DIR=/opt/rustwide/target" "-e" "CARGO_INCREMENTAL=0" "-e" "RUST_BACKTRACE=full" "-e" "RUSTFLAGS=--cap-lints=warn" "-e" "RUSTDOCFLAGS=--cap-lints=warn" "-e" "CARGO_HOME=/opt/rustwide/cargo-home" "-e" "RUSTUP_HOME=/opt/rustwide/rustup-home" "-w" "/opt/rustwide/workdir" "-m" "1610612736" "--user" "0:0" "--network" "none" "ghcr.io/rust-lang/crates-build-env/linux@sha256:5ff2268d62e97bff2cde7d5815dd6ed5b47097566f13b8d0ca110b04b60e07ed" "/opt/rustwide/cargo-home/bin/cargo" "+1.69.0" "build" "--frozen" "--message-format=json", kill_on_drop: false }`
[INFO] [stdout] 013bc983dfe46989c3b5e38e411e1562e7cff3b5d3b659830073d0c20e5cbd53
[INFO] running `Command { std: "docker" "start" "-a" "013bc983dfe46989c3b5e38e411e1562e7cff3b5d3b659830073d0c20e5cbd53", kill_on_drop: false }`
[INFO] [stderr]    Compiling serde_derive v1.0.160
[INFO] [stderr]    Compiling syn v2.0.15
[INFO] [stderr]    Compiling syntex_pos v0.59.1 (/opt/rustwide/workdir)
[INFO] [stdout] warning: `...` range patterns are deprecated
[INFO] [stdout]    --> src/lib.rs:396:15
[INFO] [stdout]     |
[INFO] [stdout] 396 |             0 ... 0xFF => 1,
[INFO] [stdout]     |               ^^^ help: use `..=` for an inclusive range
[INFO] [stdout]     |
[INFO] [stdout]     = warning: this is accepted in the current edition (Rust 2015) but is a hard error in Rust 2021!
[INFO] [stdout]     = note: for more information, see <https://doc.rust-lang.org/nightly/edition-guide/rust-2021/warnings-promoted-to-error.html>
[INFO] [stdout] note: the lint level is defined here
[INFO] [stdout]    --> src/lib.rs:20:9
[INFO] [stdout]     |
[INFO] [stdout] 20  | #![deny(warnings)]
[INFO] [stdout]     |         ^^^^^^^^
[INFO] [stdout]     = note: `#[warn(ellipsis_inclusive_range_patterns)]` implied by `#[warn(warnings)]`
[INFO] [stdout] 
[INFO] [stdout] 
[INFO] [stdout] warning: `...` range patterns are deprecated
[INFO] [stdout]    --> src/lib.rs:397:19
[INFO] [stdout]     |
[INFO] [stdout] 397 |             0x100 ... 0xFFFF => 2,
[INFO] [stdout]     |                   ^^^ help: use `..=` for an inclusive range
[INFO] [stdout]     |
[INFO] [stdout]     = warning: this is accepted in the current edition (Rust 2015) but is a hard error in Rust 2021!
[INFO] [stdout]     = note: for more information, see <https://doc.rust-lang.org/nightly/edition-guide/rust-2021/warnings-promoted-to-error.html>
[INFO] [stdout] 
[INFO] [stdout] 
[INFO] [stdout] warning: 2 warnings emitted
[INFO] [stdout] 
[INFO] [stdout] 
[INFO] [stderr]     Finished dev [unoptimized + debuginfo] target(s) in 5.22s
[INFO] running `Command { std: "docker" "inspect" "013bc983dfe46989c3b5e38e411e1562e7cff3b5d3b659830073d0c20e5cbd53", kill_on_drop: false }`
[INFO] running `Command { std: "docker" "rm" "-f" "013bc983dfe46989c3b5e38e411e1562e7cff3b5d3b659830073d0c20e5cbd53", kill_on_drop: false }`
[INFO] [stdout] 013bc983dfe46989c3b5e38e411e1562e7cff3b5d3b659830073d0c20e5cbd53
[INFO] running `Command { std: "docker" "create" "-v" "/var/lib/crater-agent-workspace/builds/worker-2-tc1/target:/opt/rustwide/target:rw,Z" "-v" "/var/lib/crater-agent-workspace/builds/worker-2-tc1/source:/opt/rustwide/workdir:ro,Z" "-v" "/var/lib/crater-agent-workspace/cargo-home:/opt/rustwide/cargo-home:ro,Z" "-v" "/var/lib/crater-agent-workspace/rustup-home:/opt/rustwide/rustup-home:ro,Z" "-e" "SOURCE_DIR=/opt/rustwide/workdir" "-e" "CARGO_TARGET_DIR=/opt/rustwide/target" "-e" "CARGO_INCREMENTAL=0" "-e" "RUST_BACKTRACE=full" "-e" "RUSTFLAGS=--cap-lints=warn" "-e" "RUSTDOCFLAGS=--cap-lints=warn" "-e" "CARGO_HOME=/opt/rustwide/cargo-home" "-e" "RUSTUP_HOME=/opt/rustwide/rustup-home" "-w" "/opt/rustwide/workdir" "-m" "1610612736" "--user" "0:0" "--network" "none" "ghcr.io/rust-lang/crates-build-env/linux@sha256:5ff2268d62e97bff2cde7d5815dd6ed5b47097566f13b8d0ca110b04b60e07ed" "/opt/rustwide/cargo-home/bin/cargo" "+1.69.0" "test" "--frozen" "--no-run" "--message-format=json", kill_on_drop: false }`
[INFO] [stdout] 06feabb0e4110c79abfc67ecd8dfe57d31ca13cd742a92dc872d6c98afd03e56
[INFO] running `Command { std: "docker" "start" "-a" "06feabb0e4110c79abfc67ecd8dfe57d31ca13cd742a92dc872d6c98afd03e56", kill_on_drop: false }`
[INFO] [stdout] warning: `...` range patterns are deprecated
[INFO] [stdout]    --> src/lib.rs:396:15
[INFO] [stdout]     |
[INFO] [stdout] 396 |             0 ... 0xFF => 1,
[INFO] [stdout]     |               ^^^ help: use `..=` for an inclusive range
[INFO] [stdout]     |
[INFO] [stdout]     = warning: this is accepted in the current edition (Rust 2015) but is a hard error in Rust 2021!
[INFO] [stdout]     = note: for more information, see <https://doc.rust-lang.org/nightly/edition-guide/rust-2021/warnings-promoted-to-error.html>
[INFO] [stdout] note: the lint level is defined here
[INFO] [stdout]    --> src/lib.rs:20:9
[INFO] [stdout]     |
[INFO] [stdout] 20  | #![deny(warnings)]
[INFO] [stdout]     |         ^^^^^^^^
[INFO] [stdout]     = note: `#[warn(ellipsis_inclusive_range_patterns)]` implied by `#[warn(warnings)]`
[INFO] [stdout] 
[INFO] [stdout] 
[INFO] [stderr]    Compiling syntex_pos v0.59.1 (/opt/rustwide/workdir)
[INFO] [stdout] warning: `...` range patterns are deprecated
[INFO] [stdout]    --> src/lib.rs:397:19
[INFO] [stdout]     |
[INFO] [stdout] 397 |             0x100 ... 0xFFFF => 2,
[INFO] [stdout]     |                   ^^^ help: use `..=` for an inclusive range
[INFO] [stdout]     |
[INFO] [stdout]     = warning: this is accepted in the current edition (Rust 2015) but is a hard error in Rust 2021!
[INFO] [stdout]     = note: for more information, see <https://doc.rust-lang.org/nightly/edition-guide/rust-2021/warnings-promoted-to-error.html>
[INFO] [stdout] 
[INFO] [stdout] 
[INFO] [stdout] warning: 2 warnings emitted
[INFO] [stdout] 
[INFO] [stdout] 
[INFO] [stdout] warning: `...` range patterns are deprecated
[INFO] [stdout]    --> src/lib.rs:396:15
[INFO] [stdout]     |
[INFO] [stdout] 396 |             0 ... 0xFF => 1,
[INFO] [stdout]     |               ^^^ help: use `..=` for an inclusive range
[INFO] [stdout]     |
[INFO] [stdout]     = warning: this is accepted in the current edition (Rust 2015) but is a hard error in Rust 2021!
[INFO] [stdout]     = note: for more information, see <https://doc.rust-lang.org/nightly/edition-guide/rust-2021/warnings-promoted-to-error.html>
[INFO] [stdout] note: the lint level is defined here
[INFO] [stdout]    --> src/lib.rs:20:9
[INFO] [stdout]     |
[INFO] [stdout] 20  | #![deny(warnings)]
[INFO] [stdout]     |         ^^^^^^^^
[INFO] [stdout]     = note: `#[warn(ellipsis_inclusive_range_patterns)]` implied by `#[warn(warnings)]`
[INFO] [stdout] 
[INFO] [stdout] 
[INFO] [stdout] warning: `...` range patterns are deprecated
[INFO] [stdout]    --> src/lib.rs:397:19
[INFO] [stdout]     |
[INFO] [stdout] 397 |             0x100 ... 0xFFFF => 2,
[INFO] [stdout]     |                   ^^^ help: use `..=` for an inclusive range
[INFO] [stdout]     |
[INFO] [stdout]     = warning: this is accepted in the current edition (Rust 2015) but is a hard error in Rust 2021!
[INFO] [stdout]     = note: for more information, see <https://doc.rust-lang.org/nightly/edition-guide/rust-2021/warnings-promoted-to-error.html>
[INFO] [stdout] 
[INFO] [stdout] 
[INFO] [stdout] warning: 2 warnings emitted
[INFO] [stdout] 
[INFO] [stdout] 
[INFO] [stderr]     Finished test [unoptimized + debuginfo] target(s) in 0.71s
[INFO] running `Command { std: "docker" "inspect" "06feabb0e4110c79abfc67ecd8dfe57d31ca13cd742a92dc872d6c98afd03e56", kill_on_drop: false }`
[INFO] running `Command { std: "docker" "rm" "-f" "06feabb0e4110c79abfc67ecd8dfe57d31ca13cd742a92dc872d6c98afd03e56", kill_on_drop: false }`
[INFO] [stdout] 06feabb0e4110c79abfc67ecd8dfe57d31ca13cd742a92dc872d6c98afd03e56
[INFO] running `Command { std: "docker" "create" "-v" "/var/lib/crater-agent-workspace/builds/worker-2-tc1/target:/opt/rustwide/target:rw,Z" "-v" "/var/lib/crater-agent-workspace/builds/worker-2-tc1/source:/opt/rustwide/workdir:ro,Z" "-v" "/var/lib/crater-agent-workspace/cargo-home:/opt/rustwide/cargo-home:ro,Z" "-v" "/var/lib/crater-agent-workspace/rustup-home:/opt/rustwide/rustup-home:ro,Z" "-e" "SOURCE_DIR=/opt/rustwide/workdir" "-e" "CARGO_TARGET_DIR=/opt/rustwide/target" "-e" "CARGO_INCREMENTAL=0" "-e" "RUST_BACKTRACE=full" "-e" "RUSTFLAGS=--cap-lints=warn" "-e" "RUSTDOCFLAGS=--cap-lints=warn" "-e" "CARGO_HOME=/opt/rustwide/cargo-home" "-e" "RUSTUP_HOME=/opt/rustwide/rustup-home" "-w" "/opt/rustwide/workdir" "-m" "1610612736" "--user" "0:0" "--network" "none" "ghcr.io/rust-lang/crates-build-env/linux@sha256:5ff2268d62e97bff2cde7d5815dd6ed5b47097566f13b8d0ca110b04b60e07ed" "/opt/rustwide/cargo-home/bin/cargo" "+1.69.0" "test" "--frozen", kill_on_drop: false }`
[INFO] [stdout] d27fe21194a95bdd1d91985d9e513b45e65a585d36eb7258fb3b7f816c759e5b
[INFO] running `Command { std: "docker" "start" "-a" "d27fe21194a95bdd1d91985d9e513b45e65a585d36eb7258fb3b7f816c759e5b", kill_on_drop: false }`
[INFO] [stderr] warning: `...` range patterns are deprecated
[INFO] [stderr]    --> src/lib.rs:396:15
[INFO] [stderr]     |
[INFO] [stderr] 396 |             0 ... 0xFF => 1,
[INFO] [stderr]     |               ^^^ help: use `..=` for an inclusive range
[INFO] [stderr]     |
[INFO] [stderr]     = warning: this is accepted in the current edition (Rust 2015) but is a hard error in Rust 2021!
[INFO] [stderr]     = note: for more information, see <https://doc.rust-lang.org/nightly/edition-guide/rust-2021/warnings-promoted-to-error.html>
[INFO] [stderr] note: the lint level is defined here
[INFO] [stderr]    --> src/lib.rs:20:9
[INFO] [stderr]     |
[INFO] [stderr] 20  | #![deny(warnings)]
[INFO] [stderr]     |         ^^^^^^^^
[INFO] [stderr]     = note: `#[warn(ellipsis_inclusive_range_patterns)]` implied by `#[warn(warnings)]`
[INFO] [stderr] 
[INFO] [stderr] warning: `...` range patterns are deprecated
[INFO] [stderr]    --> src/lib.rs:397:19
[INFO] [stderr]     |
[INFO] [stderr] 397 |             0x100 ... 0xFFFF => 2,
[INFO] [stderr]     |                   ^^^ help: use `..=` for an inclusive range
[INFO] [stderr]     |
[INFO] [stderr]     = warning: this is accepted in the current edition (Rust 2015) but is a hard error in Rust 2021!
[INFO] [stderr]     = note: for more information, see <https://doc.rust-lang.org/nightly/edition-guide/rust-2021/warnings-promoted-to-error.html>
[INFO] [stderr] 
[INFO] [stderr] warning: `syntex_pos` (lib) generated 2 warnings (run `cargo fix --lib -p syntex_pos` to apply 2 suggestions)
[INFO] [stderr] warning: `syntex_pos` (lib test) generated 2 warnings (2 duplicates)
[INFO] [stderr]     Finished test [unoptimized + debuginfo] target(s) in 0.01s
[INFO] [stderr]      Running unittests src/lib.rs (/opt/rustwide/target/debug/deps/syntex_pos-9bf13c52421911ca)
[INFO] [stdout] 
[INFO] [stdout] running 2 tests
[INFO] [stdout] test tests::test_lookup_line ... ok
[INFO] [stdout] test symbol::tests::interner_tests ... ok
[INFO] [stdout] 
[INFO] [stdout] test result: ok. 2 passed; 0 failed; 0 ignored; 0 measured; 0 filtered out; finished in 0.00s
[INFO] [stdout] 
[INFO] [stderr]    Doc-tests syntex_pos
[INFO] [stderr] warning: `...` range patterns are deprecated
[INFO] [stderr]    --> /opt/rustwide/workdir/src/lib.rs:396:15
[INFO] [stderr]     |
[INFO] [stderr] 396 |             0 ... 0xFF => 1,
[INFO] [stderr]     |               ^^^ help: use `..=` for an inclusive range
[INFO] [stderr]     |
[INFO] [stderr]     = warning: this is accepted in the current edition (Rust 2015) but is a hard error in Rust 2021!
[INFO] [stderr]     = note: for more information, see <https://doc.rust-lang.org/nightly/edition-guide/rust-2021/warnings-promoted-to-error.html>
[INFO] [stderr] note: the lint level is defined here
[INFO] [stderr]    --> /opt/rustwide/workdir/src/lib.rs:20:9
[INFO] [stderr]     |
[INFO] [stderr] 20  | #![deny(warnings)]
[INFO] [stderr]     |         ^^^^^^^^
[INFO] [stderr]     = note: `#[warn(ellipsis_inclusive_range_patterns)]` implied by `#[warn(warnings)]`
[INFO] [stderr] 
[INFO] [stderr] warning: `...` range patterns are deprecated
[INFO] [stderr]    --> /opt/rustwide/workdir/src/lib.rs:397:19
[INFO] [stderr]     |
[INFO] [stderr] 397 |             0x100 ... 0xFFFF => 2,
[INFO] [stderr]     |                   ^^^ help: use `..=` for an inclusive range
[INFO] [stderr]     |
[INFO] [stderr]     = warning: this is accepted in the current edition (Rust 2015) but is a hard error in Rust 2021!
[INFO] [stderr]     = note: for more information, see <https://doc.rust-lang.org/nightly/edition-guide/rust-2021/warnings-promoted-to-error.html>
[INFO] [stderr] 
[INFO] [stderr] warning: 2 warnings emitted
[INFO] [stderr] 
[INFO] [stdout] 
[INFO] [stdout] running 3 tests
[INFO] [stdout] test src/hygiene.rs - hygiene::SyntaxContext::adjust (line 190) ... FAILED
[INFO] [stdout] test src/hygiene.rs - hygiene::SyntaxContext::reverse_glob_adjust (line 259) ... FAILED
[INFO] [stdout] test src/hygiene.rs - hygiene::SyntaxContext::glob_adjust (line 222) ... FAILED
[INFO] [stdout] 
[INFO] [stdout] failures:
[INFO] [stdout] 
[INFO] [stdout] ---- src/hygiene.rs - hygiene::SyntaxContext::adjust (line 190) stdout ----
[INFO] [stdout] error[E0658]: `macro` is experimental
[INFO] [stdout]   --> src/hygiene.rs:193:1
[INFO] [stdout]    |
[INFO] [stdout] 5  | / macro m($f:ident) {
[INFO] [stdout] 6  | |     mod bar {
[INFO] [stdout] 7  | |         pub fn f() {} // `f`'s `SyntaxContext` has a single `Mark` from `m`.
[INFO] [stdout] 8  | |         pub fn $f() {} // `$f`'s `SyntaxContext` is empty.
[INFO] [stdout] ...  |
[INFO] [stdout] 18 | |     //| and it resolves to `::bar::$f`.
[INFO] [stdout] 19 | | }
[INFO] [stdout]    | |_^
[INFO] [stdout]    |
[INFO] [stdout]    = note: see issue #39412 <https://github.com/rust-lang/rust/issues/39412> for more information
[INFO] [stdout] 
[INFO] [stdout] error: aborting due to previous error
[INFO] [stdout] 
[INFO] [stdout] For more information about this error, try `rustc --explain E0658`.
[INFO] [stdout] Couldn't compile the test.
[INFO] [stdout] ---- src/hygiene.rs - hygiene::SyntaxContext::reverse_glob_adjust (line 259) stdout ----
[INFO] [stdout] error[E0424]: expected value, found module `self`
[INFO] [stdout]  --> src/hygiene.rs:260:39
[INFO] [stdout]   |
[INFO] [stdout] 2 | fn main() { #[allow(non_snake_case)] fn _doctest_main_src_hygiene_rs_259_0() {
[INFO] [stdout]   |                                         ---------------------------------- this function can't have a `self` parameter
[INFO] [stdout] 3 | if let Some(privacy_checking_scope) = self.reverse_glob_adjust(expansion, glob_ctxt) {
[INFO] [stdout]   |                                       ^^^^ `self` value is a keyword only available in methods with a `self` parameter
[INFO] [stdout] 
[INFO] [stdout] error[E0425]: cannot find value `expansion` in this scope
[INFO] [stdout]  --> src/hygiene.rs:260:64
[INFO] [stdout]   |
[INFO] [stdout] 3 | if let Some(privacy_checking_scope) = self.reverse_glob_adjust(expansion, glob_ctxt) {
[INFO] [stdout]   |                                                                ^^^^^^^^^ not found in this scope
[INFO] [stdout] 
[INFO] [stdout] error[E0425]: cannot find value `glob_ctxt` in this scope
[INFO] [stdout]  --> src/hygiene.rs:260:75
[INFO] [stdout]   |
[INFO] [stdout] 3 | if let Some(privacy_checking_scope) = self.reverse_glob_adjust(expansion, glob_ctxt) {
[INFO] [stdout]   |                                                                           ^^^^^^^^^ not found in this scope
[INFO] [stdout] 
[INFO] [stdout] error[E0424]: expected value, found module `self`
[INFO] [stdout]  --> src/hygiene.rs:261:13
[INFO] [stdout]   |
[INFO] [stdout] 2 | fn main() { #[allow(non_snake_case)] fn _doctest_main_src_hygiene_rs_259_0() {
[INFO] [stdout]   |                                         ---------------------------------- this function can't have a `self` parameter
[INFO] [stdout] 3 | if let Some(privacy_checking_scope) = self.reverse_glob_adjust(expansion, glob_ctxt) {
[INFO] [stdout] 4 |     assert!(self.glob_adjust(expansion, glob_ctxt) == Some(privacy_checking_scope));
[INFO] [stdout]   |             ^^^^ `self` value is a keyword only available in methods with a `self` parameter
[INFO] [stdout] 
[INFO] [stdout] error[E0425]: cannot find value `expansion` in this scope
[INFO] [stdout]  --> src/hygiene.rs:261:30
[INFO] [stdout]   |
[INFO] [stdout] 4 |     assert!(self.glob_adjust(expansion, glob_ctxt) == Some(privacy_checking_scope));
[INFO] [stdout]   |                              ^^^^^^^^^ not found in this scope
[INFO] [stdout] 
[INFO] [stdout] error[E0425]: cannot find value `glob_ctxt` in this scope
[INFO] [stdout]  --> src/hygiene.rs:261:41
[INFO] [stdout]   |
[INFO] [stdout] 4 |     assert!(self.glob_adjust(expansion, glob_ctxt) == Some(privacy_checking_scope));
[INFO] [stdout]   |                                         ^^^^^^^^^ not found in this scope
[INFO] [stdout] 
[INFO] [stdout] error: aborting due to 6 previous errors
[INFO] [stdout] 
[INFO] [stdout] Some errors have detailed explanations: E0424, E0425.
[INFO] [stdout] For more information about an error, try `rustc --explain E0424`.
[INFO] [stdout] Couldn't compile the test.
[INFO] [stdout] ---- src/hygiene.rs - hygiene::SyntaxContext::glob_adjust (line 222) stdout ----
[INFO] [stdout] error[E0425]: cannot find value `f` in this scope
[INFO] [stdout]  --> src/hygiene.rs:229:7
[INFO] [stdout]   |
[INFO] [stdout] 3 | m!(f);
[INFO] [stdout]   | ----- in this macro invocation
[INFO] [stdout] ...
[INFO] [stdout] 9 |     n(f);
[INFO] [stdout]   |       ^ not found in this scope
[INFO] [stdout]   |
[INFO] [stdout]   = note: this error originates in the macro `m` (in Nightly builds, run with -Z macro-backtrace for more info)
[INFO] [stdout] 
[INFO] [stdout] error[E0658]: `macro` is experimental
[INFO] [stdout]   --> src/hygiene.rs:230:5
[INFO] [stdout]    |
[INFO] [stdout] 3  |   m!(f);
[INFO] [stdout]    |   ----- in this macro invocation
[INFO] [stdout] ...
[INFO] [stdout] 10 | /     macro n($j:ident) {
[INFO] [stdout] 11 | |         use foo::*;
[INFO] [stdout] 12 | |         f(); // `f`'s `SyntaxContext` has a mark from `m` and a mark from `n`
[INFO] [stdout] 13 | |         //^ `glob_adjust` removes the mark from `n`, so this resolves to `foo::f`.
[INFO] [stdout] ...  |
[INFO] [stdout] 17 | |         //^ This cannot be glob-adjusted, so this is a resolution error.
[INFO] [stdout] 18 | |     }
[INFO] [stdout]    | |_____^
[INFO] [stdout]    |
[INFO] [stdout]    = note: see issue #39412 <https://github.com/rust-lang/rust/issues/39412> for more information
[INFO] [stdout]    = note: this error originates in the macro `m` (in Nightly builds, run with -Z macro-backtrace for more info)
[INFO] [stdout] 
[INFO] [stdout] error[E0658]: `macro` is experimental
[INFO] [stdout]   --> src/hygiene.rs:224:1
[INFO] [stdout]    |
[INFO] [stdout] 4  | / macro m($i:ident) {
[INFO] [stdout] 5  | |     mod foo {
[INFO] [stdout] 6  | |         pub fn f() {} // `f`'s `SyntaxContext` has a single `Mark` from `m`.
[INFO] [stdout] 7  | |         pub fn $i() {} // `$i`'s `SyntaxContext` is empty.
[INFO] [stdout] ...  |
[INFO] [stdout] 18 | |     }
[INFO] [stdout] 19 | | }
[INFO] [stdout]    | |_^
[INFO] [stdout]    |
[INFO] [stdout]    = note: see issue #39412 <https://github.com/rust-lang/rust/issues/39412> for more information
[INFO] [stdout] 
[INFO] [stdout] error[E0423]: expected function, found macro `n`
[INFO] [stdout]  --> src/hygiene.rs:229:5
[INFO] [stdout]   |
[INFO] [stdout] 3 | m!(f);
[INFO] [stdout]   | ----- in this macro invocation
[INFO] [stdout] ...
[INFO] [stdout] 9 |     n(f);
[INFO] [stdout]   |     ^ not a function
[INFO] [stdout]   |
[INFO] [stdout]   = note: this error originates in the macro `m` (in Nightly builds, run with -Z macro-backtrace for more info)
[INFO] [stdout] help: use `!` to invoke the macro
[INFO] [stdout]   |
[INFO] [stdout] 9 |     n!(f);
[INFO] [stdout]   |      +
[INFO] [stdout] 
[INFO] [stdout] error: aborting due to 4 previous errors
[INFO] [stdout] 
[INFO] [stdout] Some errors have detailed explanations: E0423, E0425, E0658.
[INFO] [stdout] For more information about an error, try `rustc --explain E0423`.
[INFO] [stdout] Couldn't compile the test.
[INFO] [stdout] 
[INFO] [stdout] failures:
[INFO] [stdout]     src/hygiene.rs - hygiene::SyntaxContext::adjust (line 190)
[INFO] [stdout]     src/hygiene.rs - hygiene::SyntaxContext::glob_adjust (line 222)
[INFO] [stdout]     src/hygiene.rs - hygiene::SyntaxContext::reverse_glob_adjust (line 259)
[INFO] [stdout] 
[INFO] [stdout] test result: FAILED. 0 passed; 3 failed; 0 ignored; 0 measured; 0 filtered out; finished in 0.04s
[INFO] [stdout] 
[INFO] [stderr] error: doctest failed, to rerun pass `--doc`
[INFO] running `Command { std: "docker" "inspect" "d27fe21194a95bdd1d91985d9e513b45e65a585d36eb7258fb3b7f816c759e5b", kill_on_drop: false }`
[INFO] running `Command { std: "docker" "rm" "-f" "d27fe21194a95bdd1d91985d9e513b45e65a585d36eb7258fb3b7f816c759e5b", kill_on_drop: false }`
[INFO] [stdout] d27fe21194a95bdd1d91985d9e513b45e65a585d36eb7258fb3b7f816c759e5b
