[INFO] fetching crate symoxide_macros 0.1.0...
[INFO] testing symoxide_macros-0.1.0 against beta-2023-04-20 for beta-1.70-1
[INFO] extracting crate symoxide_macros 0.1.0 into /workspace/builds/worker-3-tc2/source
[INFO] validating manifest of crates.io crate symoxide_macros 0.1.0 on toolchain beta-2023-04-20
[INFO] running `Command { std: CARGO_HOME="/workspace/cargo-home" RUSTUP_HOME="/workspace/rustup-home" "/workspace/cargo-home/bin/cargo" "+beta-2023-04-20" "metadata" "--manifest-path" "Cargo.toml" "--no-deps", kill_on_drop: false }`
[INFO] started tweaking crates.io crate symoxide_macros 0.1.0
[INFO] finished tweaking crates.io crate symoxide_macros 0.1.0
[INFO] tweaked toml for crates.io crate symoxide_macros 0.1.0 written to /workspace/builds/worker-3-tc2/source/Cargo.toml
[INFO] running `Command { std: CARGO_HOME="/workspace/cargo-home" RUSTUP_HOME="/workspace/rustup-home" __CARGO_TEST_CHANNEL_OVERRIDE_DO_NOT_USE_THIS="nightly" "/workspace/cargo-home/bin/cargo" "+beta-2023-04-20" "generate-lockfile" "--manifest-path" "Cargo.toml" "-Zno-index-update", kill_on_drop: false }`
[INFO] running `Command { std: CARGO_HOME="/workspace/cargo-home" RUSTUP_HOME="/workspace/rustup-home" "/workspace/cargo-home/bin/cargo" "+beta-2023-04-20" "fetch" "--manifest-path" "Cargo.toml", kill_on_drop: false }`
[INFO] running `Command { std: "docker" "create" "-v" "/var/lib/crater-agent-workspace/builds/worker-3-tc2/target:/opt/rustwide/target:rw,Z" "-v" "/var/lib/crater-agent-workspace/builds/worker-3-tc2/source:/opt/rustwide/workdir:ro,Z" "-v" "/var/lib/crater-agent-workspace/cargo-home:/opt/rustwide/cargo-home:ro,Z" "-v" "/var/lib/crater-agent-workspace/rustup-home:/opt/rustwide/rustup-home:ro,Z" "-e" "SOURCE_DIR=/opt/rustwide/workdir" "-e" "CARGO_TARGET_DIR=/opt/rustwide/target" "-e" "CARGO_HOME=/opt/rustwide/cargo-home" "-e" "RUSTUP_HOME=/opt/rustwide/rustup-home" "-w" "/opt/rustwide/workdir" "-m" "1610612736" "--user" "0:0" "--network" "none" "ghcr.io/rust-lang/crates-build-env/linux@sha256:5ff2268d62e97bff2cde7d5815dd6ed5b47097566f13b8d0ca110b04b60e07ed" "/opt/rustwide/cargo-home/bin/cargo" "+beta-2023-04-20" "metadata" "--no-deps" "--format-version=1", kill_on_drop: false }`
[INFO] [stdout] 2fcfa4c9a33eb7d2cada002a43a54b0c6ee7228d036168bcbbbca6be466b1a8e
[INFO] running `Command { std: "docker" "start" "-a" "2fcfa4c9a33eb7d2cada002a43a54b0c6ee7228d036168bcbbbca6be466b1a8e", kill_on_drop: false }`
[INFO] running `Command { std: "docker" "inspect" "2fcfa4c9a33eb7d2cada002a43a54b0c6ee7228d036168bcbbbca6be466b1a8e", kill_on_drop: false }`
[INFO] running `Command { std: "docker" "rm" "-f" "2fcfa4c9a33eb7d2cada002a43a54b0c6ee7228d036168bcbbbca6be466b1a8e", kill_on_drop: false }`
[INFO] [stdout] 2fcfa4c9a33eb7d2cada002a43a54b0c6ee7228d036168bcbbbca6be466b1a8e
[INFO] running `Command { std: "docker" "create" "-v" "/var/lib/crater-agent-workspace/builds/worker-3-tc2/target:/opt/rustwide/target:rw,Z" "-v" "/var/lib/crater-agent-workspace/builds/worker-3-tc2/source:/opt/rustwide/workdir:ro,Z" "-v" "/var/lib/crater-agent-workspace/cargo-home:/opt/rustwide/cargo-home:ro,Z" "-v" "/var/lib/crater-agent-workspace/rustup-home:/opt/rustwide/rustup-home:ro,Z" "-e" "SOURCE_DIR=/opt/rustwide/workdir" "-e" "CARGO_TARGET_DIR=/opt/rustwide/target" "-e" "CARGO_INCREMENTAL=0" "-e" "RUST_BACKTRACE=full" "-e" "RUSTFLAGS=--cap-lints=warn" "-e" "RUSTDOCFLAGS=--cap-lints=warn" "-e" "CARGO_HOME=/opt/rustwide/cargo-home" "-e" "RUSTUP_HOME=/opt/rustwide/rustup-home" "-w" "/opt/rustwide/workdir" "-m" "1610612736" "--user" "0:0" "--network" "none" "ghcr.io/rust-lang/crates-build-env/linux@sha256:5ff2268d62e97bff2cde7d5815dd6ed5b47097566f13b8d0ca110b04b60e07ed" "/opt/rustwide/cargo-home/bin/cargo" "+beta-2023-04-20" "build" "--frozen" "--message-format=json", kill_on_drop: false }`
[INFO] [stdout] ed460696bbc14f5773d0a7480cd09f8eb162dad1180081b5b257d0621243a052
[INFO] running `Command { std: "docker" "start" "-a" "ed460696bbc14f5773d0a7480cd09f8eb162dad1180081b5b257d0621243a052", kill_on_drop: false }`
[INFO] [stderr]    Compiling proc-macro2 v1.0.56
[INFO] [stderr]    Compiling syn v1.0.109
[INFO] [stderr]    Compiling regex-syntax v0.7.1
[INFO] [stderr]    Compiling lazy_static v1.4.0
[INFO] [stderr]    Compiling memchr v2.5.0
[INFO] [stderr]    Compiling aho-corasick v1.0.1
[INFO] [stderr]    Compiling quote v1.0.26
[INFO] [stderr]    Compiling regex v1.8.1
[INFO] [stderr]    Compiling symoxide_macros v0.1.0 (/opt/rustwide/workdir)
[INFO] [stderr]     Finished dev [unoptimized + debuginfo] target(s) in 3.42s
[INFO] running `Command { std: "docker" "inspect" "ed460696bbc14f5773d0a7480cd09f8eb162dad1180081b5b257d0621243a052", kill_on_drop: false }`
[INFO] running `Command { std: "docker" "rm" "-f" "ed460696bbc14f5773d0a7480cd09f8eb162dad1180081b5b257d0621243a052", kill_on_drop: false }`
[INFO] [stdout] ed460696bbc14f5773d0a7480cd09f8eb162dad1180081b5b257d0621243a052
[INFO] running `Command { std: "docker" "create" "-v" "/var/lib/crater-agent-workspace/builds/worker-3-tc2/target:/opt/rustwide/target:rw,Z" "-v" "/var/lib/crater-agent-workspace/builds/worker-3-tc2/source:/opt/rustwide/workdir:ro,Z" "-v" "/var/lib/crater-agent-workspace/cargo-home:/opt/rustwide/cargo-home:ro,Z" "-v" "/var/lib/crater-agent-workspace/rustup-home:/opt/rustwide/rustup-home:ro,Z" "-e" "SOURCE_DIR=/opt/rustwide/workdir" "-e" "CARGO_TARGET_DIR=/opt/rustwide/target" "-e" "CARGO_INCREMENTAL=0" "-e" "RUST_BACKTRACE=full" "-e" "RUSTFLAGS=--cap-lints=warn" "-e" "RUSTDOCFLAGS=--cap-lints=warn" "-e" "CARGO_HOME=/opt/rustwide/cargo-home" "-e" "RUSTUP_HOME=/opt/rustwide/rustup-home" "-w" "/opt/rustwide/workdir" "-m" "1610612736" "--user" "0:0" "--network" "none" "ghcr.io/rust-lang/crates-build-env/linux@sha256:5ff2268d62e97bff2cde7d5815dd6ed5b47097566f13b8d0ca110b04b60e07ed" "/opt/rustwide/cargo-home/bin/cargo" "+beta-2023-04-20" "test" "--frozen" "--no-run" "--message-format=json", kill_on_drop: false }`
[INFO] [stdout] bc79f13bb01ae74feac94edfdc8497319fc8b9c585e754366cedffb3c622da62
[INFO] running `Command { std: "docker" "start" "-a" "bc79f13bb01ae74feac94edfdc8497319fc8b9c585e754366cedffb3c622da62", kill_on_drop: false }`
[INFO] [stderr]    Compiling symoxide_macros v0.1.0 (/opt/rustwide/workdir)
[INFO] [stderr]     Finished test [unoptimized + debuginfo] target(s) in 0.50s
[INFO] running `Command { std: "docker" "inspect" "bc79f13bb01ae74feac94edfdc8497319fc8b9c585e754366cedffb3c622da62", kill_on_drop: false }`
[INFO] running `Command { std: "docker" "rm" "-f" "bc79f13bb01ae74feac94edfdc8497319fc8b9c585e754366cedffb3c622da62", kill_on_drop: false }`
[INFO] [stdout] bc79f13bb01ae74feac94edfdc8497319fc8b9c585e754366cedffb3c622da62
[INFO] running `Command { std: "docker" "create" "-v" "/var/lib/crater-agent-workspace/builds/worker-3-tc2/target:/opt/rustwide/target:rw,Z" "-v" "/var/lib/crater-agent-workspace/builds/worker-3-tc2/source:/opt/rustwide/workdir:ro,Z" "-v" "/var/lib/crater-agent-workspace/cargo-home:/opt/rustwide/cargo-home:ro,Z" "-v" "/var/lib/crater-agent-workspace/rustup-home:/opt/rustwide/rustup-home:ro,Z" "-e" "SOURCE_DIR=/opt/rustwide/workdir" "-e" "CARGO_TARGET_DIR=/opt/rustwide/target" "-e" "CARGO_INCREMENTAL=0" "-e" "RUST_BACKTRACE=full" "-e" "RUSTFLAGS=--cap-lints=warn" "-e" "RUSTDOCFLAGS=--cap-lints=warn" "-e" "CARGO_HOME=/opt/rustwide/cargo-home" "-e" "RUSTUP_HOME=/opt/rustwide/rustup-home" "-w" "/opt/rustwide/workdir" "-m" "1610612736" "--user" "0:0" "--network" "none" "ghcr.io/rust-lang/crates-build-env/linux@sha256:5ff2268d62e97bff2cde7d5815dd6ed5b47097566f13b8d0ca110b04b60e07ed" "/opt/rustwide/cargo-home/bin/cargo" "+beta-2023-04-20" "test" "--frozen", kill_on_drop: false }`
[INFO] [stdout] 1e02d2fbd842cd71ca0a2a1bd8ecba7fab8f36e719e6a20a4b6041517bd806d5
[INFO] running `Command { std: "docker" "start" "-a" "1e02d2fbd842cd71ca0a2a1bd8ecba7fab8f36e719e6a20a4b6041517bd806d5", kill_on_drop: false }`
[INFO] [stderr]     Finished test [unoptimized + debuginfo] target(s) in 0.01s
[INFO] [stderr]      Running unittests src/lib.rs (/opt/rustwide/target/debug/deps/symoxide_macros-8521ea08dad0adc7)
[INFO] [stdout] 
[INFO] [stdout] running 0 tests
[INFO] [stdout] 
[INFO] [stdout] test result: ok. 0 passed; 0 failed; 0 ignored; 0 measured; 0 filtered out; finished in 0.00s
[INFO] [stdout] 
[INFO] [stderr]    Doc-tests symoxide_macros
[INFO] [stdout] 
[INFO] [stdout] running 2 tests
[INFO] [stdout] test src/lib.rs - derive_cached_mapper (line 92) ... FAILED
[INFO] [stdout] test src/lib.rs - variables (line 50) ... FAILED
[INFO] [stdout] 
[INFO] [stdout] failures:
[INFO] [stdout] 
[INFO] [stdout] ---- src/lib.rs - derive_cached_mapper (line 92) stdout ----
[INFO] [stdout] error: expected one of `!`, `(`, `+`, `::`, `<`, `>`, or `as`, found `,`
[INFO] [stdout]  --> src/lib.rs:98:38
[INFO] [stdout]   |
[INFO] [stdout] 7 | struct MyAwesomeMapper {
[INFO] [stdout]   |        --------------- while parsing this struct
[INFO] [stdout] 8 |     cache: <sym::ExpressionRawPointer, Rc<sym::Expression>>
[INFO] [stdout]   |                                      ^ expected one of 7 possible tokens
[INFO] [stdout] 
[INFO] [stdout] error[E0432]: unresolved import `symoxide`
[INFO] [stdout]  --> src/lib.rs:93:5
[INFO] [stdout]   |
[INFO] [stdout] 3 | use symoxide as sym;
[INFO] [stdout]   |     ^^^^^^^^^^^^^^^ no external crate `symoxide`
[INFO] [stdout] 
[INFO] [stdout] error[E0432]: unresolved import `symoxide`
[INFO] [stdout]  --> src/lib.rs:94:5
[INFO] [stdout]   |
[INFO] [stdout] 4 | use symoxide::CachedMapper;
[INFO] [stdout]   |     ^^^^^^^^ use of undeclared crate or module `symoxide`
[INFO] [stdout] 
[INFO] [stdout] error: cannot determine resolution for the derive macro `sym::CachedMapper`
[INFO] [stdout]  --> src/lib.rs:96:10
[INFO] [stdout]   |
[INFO] [stdout] 6 | #[derive(sym::CachedMapper)]
[INFO] [stdout]   |          ^^^^^^^^^^^^^^^^^
[INFO] [stdout]   |
[INFO] [stdout]   = note: import resolution is stuck, try simplifying macro imports
[INFO] [stdout] 
[INFO] [stdout] error: aborting due to 4 previous errors
[INFO] [stdout] 
[INFO] [stdout] For more information about this error, try `rustc --explain E0432`.
[INFO] [stdout] Couldn't compile the test.
[INFO] [stdout] ---- src/lib.rs - variables (line 50) stdout ----
[INFO] [stdout] error[E0432]: unresolved import `symoxide`
[INFO] [stdout]  --> src/lib.rs:51:5
[INFO] [stdout]   |
[INFO] [stdout] 3 | use symoxide as s;
[INFO] [stdout]   |     ^^^^^^^^^^^^^ no external crate `symoxide`
[INFO] [stdout] 
[INFO] [stdout] error: cannot determine resolution for the macro `s::variables`
[INFO] [stdout]  --> src/lib.rs:52:18
[INFO] [stdout]   |
[INFO] [stdout] 4 | let (foo, bar) = s::variables!("foo bar");
[INFO] [stdout]   |                  ^^^^^^^^^^^^
[INFO] [stdout]   |
[INFO] [stdout]   = note: import resolution is stuck, try simplifying macro imports
[INFO] [stdout] 
[INFO] [stdout] error: aborting due to 2 previous errors
[INFO] [stdout] 
[INFO] [stdout] For more information about this error, try `rustc --explain E0432`.
[INFO] [stdout] Couldn't compile the test.
[INFO] [stdout] 
[INFO] [stdout] failures:
[INFO] [stdout]     src/lib.rs - derive_cached_mapper (line 92)
[INFO] [stdout]     src/lib.rs - variables (line 50)
[INFO] [stdout] 
[INFO] [stdout] test result: FAILED. 0 passed; 2 failed; 0 ignored; 0 measured; 0 filtered out; finished in 0.04s
[INFO] [stdout] 
[INFO] [stderr] error: doctest failed, to rerun pass `--doc`
[INFO] running `Command { std: "docker" "inspect" "1e02d2fbd842cd71ca0a2a1bd8ecba7fab8f36e719e6a20a4b6041517bd806d5", kill_on_drop: false }`
[INFO] running `Command { std: "docker" "rm" "-f" "1e02d2fbd842cd71ca0a2a1bd8ecba7fab8f36e719e6a20a4b6041517bd806d5", kill_on_drop: false }`
[INFO] [stdout] 1e02d2fbd842cd71ca0a2a1bd8ecba7fab8f36e719e6a20a4b6041517bd806d5
