[INFO] fetching crate swift-package 0.1.0-alpha.0...
[INFO] testing swift-package-0.1.0-alpha.0 against beta-2023-04-20 for beta-1.70-1
[INFO] extracting crate swift-package 0.1.0-alpha.0 into /workspace/builds/worker-1-tc2/source
[INFO] validating manifest of crates.io crate swift-package 0.1.0-alpha.0 on toolchain beta-2023-04-20
[INFO] running `Command { std: CARGO_HOME="/workspace/cargo-home" RUSTUP_HOME="/workspace/rustup-home" "/workspace/cargo-home/bin/cargo" "+beta-2023-04-20" "metadata" "--manifest-path" "Cargo.toml" "--no-deps", kill_on_drop: false }`
[INFO] started tweaking crates.io crate swift-package 0.1.0-alpha.0
[INFO] finished tweaking crates.io crate swift-package 0.1.0-alpha.0
[INFO] tweaked toml for crates.io crate swift-package 0.1.0-alpha.0 written to /workspace/builds/worker-1-tc2/source/Cargo.toml
[INFO] crate crates.io crate swift-package 0.1.0-alpha.0 already has a lockfile, it will not be regenerated
[INFO] running `Command { std: CARGO_HOME="/workspace/cargo-home" RUSTUP_HOME="/workspace/rustup-home" "/workspace/cargo-home/bin/cargo" "+beta-2023-04-20" "fetch" "--manifest-path" "Cargo.toml", kill_on_drop: false }`
[INFO] [stderr]     Updating crates.io index
[INFO] [stderr]  Downloading crates ...
[INFO] [stderr]   Downloaded zip-extensions v0.6.1
[INFO] [stderr]   Downloaded fs-err v2.9.0
[INFO] [stderr]   Downloaded fs_extra v1.3.0
[INFO] [stderr]   Downloaded rustup-configurator v0.1.0
[INFO] [stderr]   Downloaded xcframework v0.1.0-alpha.2
[INFO] running `Command { std: "docker" "create" "-v" "/var/lib/crater-agent-workspace/builds/worker-1-tc2/target:/opt/rustwide/target:rw,Z" "-v" "/var/lib/crater-agent-workspace/builds/worker-1-tc2/source:/opt/rustwide/workdir:ro,Z" "-v" "/var/lib/crater-agent-workspace/cargo-home:/opt/rustwide/cargo-home:ro,Z" "-v" "/var/lib/crater-agent-workspace/rustup-home:/opt/rustwide/rustup-home:ro,Z" "-e" "SOURCE_DIR=/opt/rustwide/workdir" "-e" "CARGO_TARGET_DIR=/opt/rustwide/target" "-e" "CARGO_HOME=/opt/rustwide/cargo-home" "-e" "RUSTUP_HOME=/opt/rustwide/rustup-home" "-w" "/opt/rustwide/workdir" "-m" "1610612736" "--user" "0:0" "--network" "none" "ghcr.io/rust-lang/crates-build-env/linux@sha256:5ff2268d62e97bff2cde7d5815dd6ed5b47097566f13b8d0ca110b04b60e07ed" "/opt/rustwide/cargo-home/bin/cargo" "+beta-2023-04-20" "metadata" "--no-deps" "--format-version=1", kill_on_drop: false }`
[INFO] [stdout] ee6a9cebbf2e06744a837c7f4f4cffe9be080d3e562ea82b86e6eda7d407cc3e
[INFO] running `Command { std: "docker" "start" "-a" "ee6a9cebbf2e06744a837c7f4f4cffe9be080d3e562ea82b86e6eda7d407cc3e", kill_on_drop: false }`
[INFO] running `Command { std: "docker" "inspect" "ee6a9cebbf2e06744a837c7f4f4cffe9be080d3e562ea82b86e6eda7d407cc3e", kill_on_drop: false }`
[INFO] running `Command { std: "docker" "rm" "-f" "ee6a9cebbf2e06744a837c7f4f4cffe9be080d3e562ea82b86e6eda7d407cc3e", kill_on_drop: false }`
[INFO] [stdout] ee6a9cebbf2e06744a837c7f4f4cffe9be080d3e562ea82b86e6eda7d407cc3e
[INFO] running `Command { std: "docker" "create" "-v" "/var/lib/crater-agent-workspace/builds/worker-1-tc2/target:/opt/rustwide/target:rw,Z" "-v" "/var/lib/crater-agent-workspace/builds/worker-1-tc2/source:/opt/rustwide/workdir:ro,Z" "-v" "/var/lib/crater-agent-workspace/cargo-home:/opt/rustwide/cargo-home:ro,Z" "-v" "/var/lib/crater-agent-workspace/rustup-home:/opt/rustwide/rustup-home:ro,Z" "-e" "SOURCE_DIR=/opt/rustwide/workdir" "-e" "CARGO_TARGET_DIR=/opt/rustwide/target" "-e" "CARGO_INCREMENTAL=0" "-e" "RUST_BACKTRACE=full" "-e" "RUSTFLAGS=--cap-lints=warn" "-e" "RUSTDOCFLAGS=--cap-lints=warn" "-e" "CARGO_HOME=/opt/rustwide/cargo-home" "-e" "RUSTUP_HOME=/opt/rustwide/rustup-home" "-w" "/opt/rustwide/workdir" "-m" "1610612736" "--user" "0:0" "--network" "none" "ghcr.io/rust-lang/crates-build-env/linux@sha256:5ff2268d62e97bff2cde7d5815dd6ed5b47097566f13b8d0ca110b04b60e07ed" "/opt/rustwide/cargo-home/bin/cargo" "+beta-2023-04-20" "build" "--frozen" "--message-format=json", kill_on_drop: false }`
[INFO] [stdout] 129a40a76429f94b9748682b0f982523df5a96230a0dfdd42dcfbc7d57239d43
[INFO] running `Command { std: "docker" "start" "-a" "129a40a76429f94b9748682b0f982523df5a96230a0dfdd42dcfbc7d57239d43", kill_on_drop: false }`
[INFO] [stderr]    Compiling proc-macro2 v1.0.51
[INFO] [stderr]    Compiling unicode-ident v1.0.6
[INFO] [stderr]    Compiling quote v1.0.23
[INFO] [stderr]    Compiling syn v1.0.107
[INFO] [stderr]    Compiling libc v0.2.139
[INFO] [stderr]    Compiling serde_derive v1.0.152
[INFO] [stderr]    Compiling serde v1.0.152
[INFO] [stderr]    Compiling strsim v0.10.0
[INFO] [stderr]    Compiling ident_case v1.0.1
[INFO] [stderr]    Compiling fnv v1.0.7
[INFO] [stderr]    Compiling thiserror v1.0.38
[INFO] [stderr]    Compiling cc v1.0.79
[INFO] [stderr]    Compiling pkg-config v0.3.26
[INFO] [stderr]    Compiling proc-macro-error-attr v1.0.4
[INFO] [stderr]    Compiling crc32fast v1.3.2
[INFO] [stderr]    Compiling io-lifetimes v1.0.5
[INFO] [stderr]    Compiling proc-macro-error v1.0.4
[INFO] [stderr]    Compiling rustix v0.36.8
[INFO] [stderr]    Compiling adler v1.0.2
[INFO] [stderr]    Compiling miniz_oxide v0.6.2
[INFO] [stderr]    Compiling camino v1.1.2
[INFO] [stderr]    Compiling semver v1.0.16
[INFO] [stderr]    Compiling vte_generate_state_changes v0.1.1
[INFO] [stderr]    Compiling serde_json v1.0.93
[INFO] [stderr]    Compiling arrayvec v0.5.2
[INFO] [stderr]    Compiling bzip2-sys v0.1.11+1.0.8
[INFO] [stderr]    Compiling target-lexicon v0.12.6
[INFO] [stderr]    Compiling utf8parse v0.2.0
[INFO] [stderr]    Compiling linux-raw-sys v0.1.4
[INFO] [stderr]    Compiling vte v0.10.1
[INFO] [stderr]    Compiling time v0.1.45
[INFO] [stderr]    Compiling flate2 v1.0.25
[INFO] [stderr]    Compiling itoa v1.0.5
[INFO] [stderr]    Compiling remove_dir_all v0.5.3
[INFO] [stderr]    Compiling anyhow v1.0.69
[INFO] [stderr]    Compiling fastrand v1.8.0
[INFO] [stderr]    Compiling bzip2 v0.4.4
[INFO] [stderr]    Compiling unicode-width v0.1.10
[INFO] [stderr]    Compiling os_str_bytes v6.4.1
[INFO] [stderr]    Compiling ryu v1.0.12
[INFO] [stderr]    Compiling heck v0.4.1
[INFO] [stderr]    Compiling byteorder v1.4.3
[INFO] [stderr]    Compiling console v0.15.5
[INFO] [stderr]    Compiling clap_lex v0.3.1
[INFO] [stderr]    Compiling tempfile v3.3.0
[INFO] [stderr]    Compiling strip-ansi-escapes v0.1.1
[INFO] [stderr]    Compiling zeroize v1.5.7
[INFO] [stderr]    Compiling once_cell v1.17.0
[INFO] [stderr]    Compiling termcolor v1.2.0
[INFO] [stderr]    Compiling shell-words v1.1.0
[INFO] [stderr]    Compiling yansi v0.5.1
[INFO] [stderr]    Compiling dialoguer v0.10.3
[INFO] [stderr]    Compiling fs_extra v1.3.0
[INFO] [stderr]    Compiling fs-err v2.9.0
[INFO] [stderr]    Compiling is-terminal v0.4.3
[INFO] [stderr]    Compiling darling_core v0.14.3
[INFO] [stderr]    Compiling thiserror-impl v1.0.38
[INFO] [stderr]    Compiling clap_derive v4.1.0
[INFO] [stderr]    Compiling darling_macro v0.14.3
[INFO] [stderr]    Compiling darling v0.14.3
[INFO] [stderr]    Compiling zip v0.5.13
[INFO] [stderr]    Compiling derive_builder_core v0.11.2
[INFO] [stderr]    Compiling zip-extensions v0.6.1
[INFO] [stderr]    Compiling clap v4.1.4
[INFO] [stderr]    Compiling derive_builder_macro v0.11.2
[INFO] [stderr]    Compiling derive_builder v0.11.2
[INFO] [stderr]    Compiling cargo-platform v0.1.2
[INFO] [stderr]    Compiling rustup-configurator v0.1.0
[INFO] [stderr]    Compiling cargo_metadata v0.15.3
[INFO] [stderr]    Compiling xcframework v0.1.0-alpha.2
[INFO] [stderr]    Compiling swift-package v0.1.0-alpha.0 (/opt/rustwide/workdir)
[INFO] [stderr]     Finished dev [unoptimized + debuginfo] target(s) in 1m 01s
[INFO] running `Command { std: "docker" "inspect" "129a40a76429f94b9748682b0f982523df5a96230a0dfdd42dcfbc7d57239d43", kill_on_drop: false }`
[INFO] running `Command { std: "docker" "rm" "-f" "129a40a76429f94b9748682b0f982523df5a96230a0dfdd42dcfbc7d57239d43", kill_on_drop: false }`
[INFO] [stdout] 129a40a76429f94b9748682b0f982523df5a96230a0dfdd42dcfbc7d57239d43
[INFO] running `Command { std: "docker" "create" "-v" "/var/lib/crater-agent-workspace/builds/worker-1-tc2/target:/opt/rustwide/target:rw,Z" "-v" "/var/lib/crater-agent-workspace/builds/worker-1-tc2/source:/opt/rustwide/workdir:ro,Z" "-v" "/var/lib/crater-agent-workspace/cargo-home:/opt/rustwide/cargo-home:ro,Z" "-v" "/var/lib/crater-agent-workspace/rustup-home:/opt/rustwide/rustup-home:ro,Z" "-e" "SOURCE_DIR=/opt/rustwide/workdir" "-e" "CARGO_TARGET_DIR=/opt/rustwide/target" "-e" "CARGO_INCREMENTAL=0" "-e" "RUST_BACKTRACE=full" "-e" "RUSTFLAGS=--cap-lints=warn" "-e" "RUSTDOCFLAGS=--cap-lints=warn" "-e" "CARGO_HOME=/opt/rustwide/cargo-home" "-e" "RUSTUP_HOME=/opt/rustwide/rustup-home" "-w" "/opt/rustwide/workdir" "-m" "1610612736" "--user" "0:0" "--network" "none" "ghcr.io/rust-lang/crates-build-env/linux@sha256:5ff2268d62e97bff2cde7d5815dd6ed5b47097566f13b8d0ca110b04b60e07ed" "/opt/rustwide/cargo-home/bin/cargo" "+beta-2023-04-20" "test" "--frozen" "--no-run" "--message-format=json", kill_on_drop: false }`
[INFO] [stdout] 82a88579c566444168256e31d2cd4ea2fa4f13e0d5f91d9e5928314393dcc5e8
[INFO] running `Command { std: "docker" "start" "-a" "82a88579c566444168256e31d2cd4ea2fa4f13e0d5f91d9e5928314393dcc5e8", kill_on_drop: false }`
[INFO] [stderr]    Compiling swift-package v0.1.0-alpha.0 (/opt/rustwide/workdir)
[INFO] [stdout] warning: unused variable: `target_dir`
[INFO] [stdout]   --> tests/test.rs:12:9
[INFO] [stdout]    |
[INFO] [stdout] 12 |     let target_dir = tmp
[INFO] [stdout]    |         ^^^^^^^^^^ help: if this is intentional, prefix it with an underscore: `_target_dir`
[INFO] [stdout]    |
[INFO] [stdout]    = note: `#[warn(unused_variables)]` on by default
[INFO] [stdout] 
[INFO] [stdout] 
[INFO] [stdout] warning: 1 warning emitted
[INFO] [stdout] 
[INFO] [stdout] 
[INFO] [stderr]     Finished test [unoptimized + debuginfo] target(s) in 2.42s
[INFO] running `Command { std: "docker" "inspect" "82a88579c566444168256e31d2cd4ea2fa4f13e0d5f91d9e5928314393dcc5e8", kill_on_drop: false }`
[INFO] running `Command { std: "docker" "rm" "-f" "82a88579c566444168256e31d2cd4ea2fa4f13e0d5f91d9e5928314393dcc5e8", kill_on_drop: false }`
[INFO] [stdout] 82a88579c566444168256e31d2cd4ea2fa4f13e0d5f91d9e5928314393dcc5e8
[INFO] running `Command { std: "docker" "create" "-v" "/var/lib/crater-agent-workspace/builds/worker-1-tc2/target:/opt/rustwide/target:rw,Z" "-v" "/var/lib/crater-agent-workspace/builds/worker-1-tc2/source:/opt/rustwide/workdir:ro,Z" "-v" "/var/lib/crater-agent-workspace/cargo-home:/opt/rustwide/cargo-home:ro,Z" "-v" "/var/lib/crater-agent-workspace/rustup-home:/opt/rustwide/rustup-home:ro,Z" "-e" "SOURCE_DIR=/opt/rustwide/workdir" "-e" "CARGO_TARGET_DIR=/opt/rustwide/target" "-e" "CARGO_INCREMENTAL=0" "-e" "RUST_BACKTRACE=full" "-e" "RUSTFLAGS=--cap-lints=warn" "-e" "RUSTDOCFLAGS=--cap-lints=warn" "-e" "CARGO_HOME=/opt/rustwide/cargo-home" "-e" "RUSTUP_HOME=/opt/rustwide/rustup-home" "-w" "/opt/rustwide/workdir" "-m" "1610612736" "--user" "0:0" "--network" "none" "ghcr.io/rust-lang/crates-build-env/linux@sha256:5ff2268d62e97bff2cde7d5815dd6ed5b47097566f13b8d0ca110b04b60e07ed" "/opt/rustwide/cargo-home/bin/cargo" "+beta-2023-04-20" "test" "--frozen", kill_on_drop: false }`
[INFO] [stdout] ce4283f6d7d823463d37c16e87ffaf8ab44ee0d2a7451e5d06e88e249ed0da32
[INFO] running `Command { std: "docker" "start" "-a" "ce4283f6d7d823463d37c16e87ffaf8ab44ee0d2a7451e5d06e88e249ed0da32", kill_on_drop: false }`
[INFO] [stderr] warning: unused variable: `target_dir`
[INFO] [stderr]   --> tests/test.rs:12:9
[INFO] [stderr]    |
[INFO] [stderr] 12 |     let target_dir = tmp
[INFO] [stderr]    |         ^^^^^^^^^^ help: if this is intentional, prefix it with an underscore: `_target_dir`
[INFO] [stderr]    |
[INFO] [stderr]    = note: `#[warn(unused_variables)]` on by default
[INFO] [stderr] 
[INFO] [stderr] warning: `swift-package` (test "test") generated 1 warning (run `cargo fix --test "test"` to apply 1 suggestion)
[INFO] [stderr]     Finished test [unoptimized + debuginfo] target(s) in 0.08s
[INFO] [stderr]      Running unittests src/lib.rs (/opt/rustwide/target/debug/deps/swift_package-198a26cd460052b2)
[INFO] [stdout] 
[INFO] [stderr]      Running unittests src/main.rs (/opt/rustwide/target/debug/deps/swift_package-a74dc578a2fc51f3)
[INFO] [stdout] running 0 tests
[INFO] [stdout] 
[INFO] [stdout] test result: ok. 0 passed; 0 failed; 0 ignored; 0 measured; 0 filtered out; finished in 0.00s
[INFO] [stdout] 
[INFO] [stderr]      Running tests/test.rs (/opt/rustwide/target/debug/deps/test-7454de355c0d524a)
[INFO] [stdout] 
[INFO] [stdout] running 0 tests
[INFO] [stdout] 
[INFO] [stdout] test result: ok. 0 passed; 0 failed; 0 ignored; 0 measured; 0 filtered out; finished in 0.00s
[INFO] [stdout] 
[INFO] [stdout] 
[INFO] [stdout] running 1 test
[INFO] [stdout] test end_to_end_static ... FAILED
[INFO] [stdout] 
[INFO] [stdout] failures:
[INFO] [stdout] 
[INFO] [stdout] ---- end_to_end_static stdout ----
[INFO] [stdout] thread 'end_to_end_static' panicked at 'called `Result::unwrap()` on an `Err` value: `cargo metadata` exited with an error: error: manifest path `examples/end-to-end/mymath-lib/Cargo.toml` does not exist
[INFO] [stdout] ', tests/test.rs:27:31
[INFO] [stdout] stack backtrace:
[INFO] [stdout]    0:     0x55f2fdf7051a - std::backtrace_rs::backtrace::libunwind::trace::h2f05d0192276a8f6
[INFO] [stdout]                                at /rustc/1b7dd2252b99671ce5d1cb9664c5f8636329436d/library/std/src/../../backtrace/src/backtrace/libunwind.rs:93:5
[INFO] [stdout]    1:     0x55f2fdf7051a - std::backtrace_rs::backtrace::trace_unsynchronized::hedc23dff7a1af150
[INFO] [stdout]                                at /rustc/1b7dd2252b99671ce5d1cb9664c5f8636329436d/library/std/src/../../backtrace/src/backtrace/mod.rs:66:5
[INFO] [stdout]    2:     0x55f2fdf7051a - std::sys_common::backtrace::_print_fmt::h17541ef7592f3ce2
[INFO] [stdout]                                at /rustc/1b7dd2252b99671ce5d1cb9664c5f8636329436d/library/std/src/sys_common/backtrace.rs:65:5
[INFO] [stdout]    3:     0x55f2fdf7051a - <std::sys_common::backtrace::_print::DisplayBacktrace as core::fmt::Display>::fmt::h20f75df5ab0c0792
[INFO] [stdout]                                at /rustc/1b7dd2252b99671ce5d1cb9664c5f8636329436d/library/std/src/sys_common/backtrace.rs:44:22
[INFO] [stdout]    4:     0x55f2fdf96b6f - core::fmt::write::h78109e6f466b3af6
[INFO] [stdout]                                at /rustc/1b7dd2252b99671ce5d1cb9664c5f8636329436d/library/core/src/fmt/mod.rs:1254:17
[INFO] [stdout]    5:     0x55f2fdf6d365 - std::io::Write::write_fmt::hd24bfb68a1b35a25
[INFO] [stdout]                                at /rustc/1b7dd2252b99671ce5d1cb9664c5f8636329436d/library/std/src/io/mod.rs:1698:15
[INFO] [stdout]    6:     0x55f2fdf702e5 - std::sys_common::backtrace::_print::h8dac57a9f8fbf9a5
[INFO] [stdout]                                at /rustc/1b7dd2252b99671ce5d1cb9664c5f8636329436d/library/std/src/sys_common/backtrace.rs:47:5
[INFO] [stdout]    7:     0x55f2fdf702e5 - std::sys_common::backtrace::print::hf9ecbf41d1aa712f
[INFO] [stdout]                                at /rustc/1b7dd2252b99671ce5d1cb9664c5f8636329436d/library/std/src/sys_common/backtrace.rs:34:9
[INFO] [stdout]    8:     0x55f2fdf71f9e - std::panicking::default_hook::{{closure}}::h04c07acfc84ca028
[INFO] [stdout]                                at /rustc/1b7dd2252b99671ce5d1cb9664c5f8636329436d/library/std/src/panicking.rs:269:22
[INFO] [stdout]    9:     0x55f2fdf71cd1 - std::panicking::default_hook::h01f6bb23e1eceb2c
[INFO] [stdout]                                at /rustc/1b7dd2252b99671ce5d1cb9664c5f8636329436d/library/std/src/panicking.rs:285:9
[INFO] [stdout]   10:     0x55f2fdcc6f0b - <alloc::boxed::Box<F,A> as core::ops::function::Fn<Args>>::call::h87fe9f7b2fd49e4c
[INFO] [stdout]                                at /rustc/1b7dd2252b99671ce5d1cb9664c5f8636329436d/library/alloc/src/boxed.rs:1987:9
[INFO] [stdout]   11:     0x55f2fdcc6f0b - test::test_main::{{closure}}::he94d679243a7531b
[INFO] [stdout]                                at /rustc/1b7dd2252b99671ce5d1cb9664c5f8636329436d/library/test/src/lib.rs:134:21
[INFO] [stdout]   12:     0x55f2fdf72684 - <alloc::boxed::Box<F,A> as core::ops::function::Fn<Args>>::call::h3f2d6d8b14c4769f
[INFO] [stdout]                                at /rustc/1b7dd2252b99671ce5d1cb9664c5f8636329436d/library/alloc/src/boxed.rs:1987:9
[INFO] [stdout]   13:     0x55f2fdf72684 - std::panicking::rust_panic_with_hook::h2bb3722bbaf2f6df
[INFO] [stdout]                                at /rustc/1b7dd2252b99671ce5d1cb9664c5f8636329436d/library/std/src/panicking.rs:695:13
[INFO] [stdout]   14:     0x55f2fdf723f9 - std::panicking::begin_panic_handler::{{closure}}::h91bc7f36a4be011b
[INFO] [stdout]                                at /rustc/1b7dd2252b99671ce5d1cb9664c5f8636329436d/library/std/src/panicking.rs:582:13
[INFO] [stdout]   15:     0x55f2fdf70986 - std::sys_common::backtrace::__rust_end_short_backtrace::h8b3d3717114f9e59
[INFO] [stdout]                                at /rustc/1b7dd2252b99671ce5d1cb9664c5f8636329436d/library/std/src/sys_common/backtrace.rs:150:18
[INFO] [stdout]   16:     0x55f2fdf72152 - rust_begin_unwind
[INFO] [stdout]                                at /rustc/1b7dd2252b99671ce5d1cb9664c5f8636329436d/library/std/src/panicking.rs:578:5
[INFO] [stdout]   17:     0x55f2fdc8d633 - core::panicking::panic_fmt::hfd368e3fbdabea26
[INFO] [stdout]                                at /rustc/1b7dd2252b99671ce5d1cb9664c5f8636329436d/library/core/src/panicking.rs:67:14
[INFO] [stdout]   18:     0x55f2fdc8db73 - core::result::unwrap_failed::he54eb4b2f125b26f
[INFO] [stdout]                                at /rustc/1b7dd2252b99671ce5d1cb9664c5f8636329436d/library/core/src/result.rs:1687:5
[INFO] [stdout]   19:     0x55f2fdc91ccd - core::result::Result<T,E>::unwrap::h56663b0c52fe6bd4
[INFO] [stdout]                                at /rustc/1b7dd2252b99671ce5d1cb9664c5f8636329436d/library/core/src/result.rs:1089:23
[INFO] [stdout]   20:     0x55f2fdc92ea9 - test::end_to_end_static::h81cac90df8820bea
[INFO] [stdout]                                at /opt/rustwide/workdir/tests/test.rs:27:5
[INFO] [stdout]   21:     0x55f2fdc92c77 - test::end_to_end_static::{{closure}}::hf2ad9e3e63bc3e8a
[INFO] [stdout]                                at /opt/rustwide/workdir/tests/test.rs:10:24
[INFO] [stdout]   22:     0x55f2fdc924c5 - core::ops::function::FnOnce::call_once::h55bf6a0149fad3a0
[INFO] [stdout]                                at /rustc/1b7dd2252b99671ce5d1cb9664c5f8636329436d/library/core/src/ops/function.rs:250:5
[INFO] [stdout]   23:     0x55f2fdccbddf - core::ops::function::FnOnce::call_once::ha6a70e79f7481a7e
[INFO] [stdout]                                at /rustc/1b7dd2252b99671ce5d1cb9664c5f8636329436d/library/core/src/ops/function.rs:250:5
[INFO] [stdout]   24:     0x55f2fdccbddf - test::__rust_begin_short_backtrace::hce33033019b61e69
[INFO] [stdout]                                at /rustc/1b7dd2252b99671ce5d1cb9664c5f8636329436d/library/test/src/lib.rs:655:18
[INFO] [stdout]   25:     0x55f2fdc995cc - test::run_test::{{closure}}::h858d3528838ae3e5
[INFO] [stdout]                                at /rustc/1b7dd2252b99671ce5d1cb9664c5f8636329436d/library/test/src/lib.rs:646:30
[INFO] [stdout]   26:     0x55f2fdc995cc - core::ops::function::FnOnce::call_once{{vtable.shim}}::he8ac2b00f01ae79e
[INFO] [stdout]                                at /rustc/1b7dd2252b99671ce5d1cb9664c5f8636329436d/library/core/src/ops/function.rs:250:5
[INFO] [stdout]   27:     0x55f2fdccaeb6 - <alloc::boxed::Box<F,A> as core::ops::function::FnOnce<Args>>::call_once::h8093d25b522725ef
[INFO] [stdout]                                at /rustc/1b7dd2252b99671ce5d1cb9664c5f8636329436d/library/alloc/src/boxed.rs:1973:9
[INFO] [stdout]   28:     0x55f2fdccaeb6 - <core::panic::unwind_safe::AssertUnwindSafe<F> as core::ops::function::FnOnce<()>>::call_once::h5c334c204e4a3913
[INFO] [stdout]                                at /rustc/1b7dd2252b99671ce5d1cb9664c5f8636329436d/library/core/src/panic/unwind_safe.rs:271:9
[INFO] [stdout]   29:     0x55f2fdccaeb6 - std::panicking::try::do_call::ha8b740c7b9478074
[INFO] [stdout]                                at /rustc/1b7dd2252b99671ce5d1cb9664c5f8636329436d/library/std/src/panicking.rs:485:40
[INFO] [stdout]   30:     0x55f2fdccaeb6 - std::panicking::try::h5d34f63d0e41b64e
[INFO] [stdout]                                at /rustc/1b7dd2252b99671ce5d1cb9664c5f8636329436d/library/std/src/panicking.rs:449:19
[INFO] [stdout]   31:     0x55f2fdccaeb6 - std::panic::catch_unwind::hcfbb511e1aa7fc67
[INFO] [stdout]                                at /rustc/1b7dd2252b99671ce5d1cb9664c5f8636329436d/library/std/src/panic.rs:140:14
[INFO] [stdout]   32:     0x55f2fdccaeb6 - test::run_test_in_process::h9abda90f802eaf21
[INFO] [stdout]                                at /rustc/1b7dd2252b99671ce5d1cb9664c5f8636329436d/library/test/src/lib.rs:678:27
[INFO] [stdout]   33:     0x55f2fdccaeb6 - test::run_test::run_test_inner::{{closure}}::h0f058de91f6c6edf
[INFO] [stdout]                                at /rustc/1b7dd2252b99671ce5d1cb9664c5f8636329436d/library/test/src/lib.rs:572:39
[INFO] [stdout]   34:     0x55f2fdc93dd5 - test::run_test::run_test_inner::{{closure}}::h5ca48a4c59c6c1fb
[INFO] [stdout]                                at /rustc/1b7dd2252b99671ce5d1cb9664c5f8636329436d/library/test/src/lib.rs:599:37
[INFO] [stdout]   35:     0x55f2fdc93dd5 - std::sys_common::backtrace::__rust_begin_short_backtrace::h32bd51e1495d4a33
[INFO] [stdout]                                at /rustc/1b7dd2252b99671ce5d1cb9664c5f8636329436d/library/std/src/sys_common/backtrace.rs:134:18
[INFO] [stdout]   36:     0x55f2fdc99311 - std::thread::Builder::spawn_unchecked_::{{closure}}::{{closure}}::hc086fae9b128b2db
[INFO] [stdout]                                at /rustc/1b7dd2252b99671ce5d1cb9664c5f8636329436d/library/std/src/thread/mod.rs:526:17
[INFO] [stdout]   37:     0x55f2fdc99311 - <core::panic::unwind_safe::AssertUnwindSafe<F> as core::ops::function::FnOnce<()>>::call_once::hb66571888d270d43
[INFO] [stdout]                                at /rustc/1b7dd2252b99671ce5d1cb9664c5f8636329436d/library/core/src/panic/unwind_safe.rs:271:9
[INFO] [stdout]   38:     0x55f2fdc99311 - std::panicking::try::do_call::h4fa2ef4f6e51fecf
[INFO] [stdout]                                at /rustc/1b7dd2252b99671ce5d1cb9664c5f8636329436d/library/std/src/panicking.rs:485:40
[INFO] [stdout]   39:     0x55f2fdc99311 - std::panicking::try::h1e9e22b8584489b5
[INFO] [stdout]                                at /rustc/1b7dd2252b99671ce5d1cb9664c5f8636329436d/library/std/src/panicking.rs:449:19
[INFO] [stdout]   40:     0x55f2fdc99311 - std::panic::catch_unwind::h44698a3de0e0769e
[INFO] [stdout]                                at /rustc/1b7dd2252b99671ce5d1cb9664c5f8636329436d/library/std/src/panic.rs:140:14
[INFO] [stdout]   41:     0x55f2fdc99311 - std::thread::Builder::spawn_unchecked_::{{closure}}::h50153abde3fe239e
[INFO] [stdout]                                at /rustc/1b7dd2252b99671ce5d1cb9664c5f8636329436d/library/std/src/thread/mod.rs:525:30
[INFO] [stdout]   42:     0x55f2fdc99311 - core::ops::function::FnOnce::call_once{{vtable.shim}}::hbe5bbf6f38394364
[INFO] [stdout]                                at /rustc/1b7dd2252b99671ce5d1cb9664c5f8636329436d/library/core/src/ops/function.rs:250:5
[INFO] [stdout]   43:     0x55f2fdf78095 - <alloc::boxed::Box<F,A> as core::ops::function::FnOnce<Args>>::call_once::h0d83cb2920a49046
[INFO] [stdout]                                at /rustc/1b7dd2252b99671ce5d1cb9664c5f8636329436d/library/alloc/src/boxed.rs:1973:9
[INFO] [stdout]   44:     0x55f2fdf78095 - <alloc::boxed::Box<F,A> as core::ops::function::FnOnce<Args>>::call_once::hbe0a008aa7d9ef59
[INFO] [stdout]                                at /rustc/1b7dd2252b99671ce5d1cb9664c5f8636329436d/library/alloc/src/boxed.rs:1973:9
[INFO] [stdout]   45:     0x55f2fdf78095 - std::sys::unix::thread::Thread::new::thread_start::h3a466996bdf6b1f9
[INFO] [stdout]                                at /rustc/1b7dd2252b99671ce5d1cb9664c5f8636329436d/library/std/src/sys/unix/thread.rs:108:17
[INFO] [stdout]   46:     0x7f156678fb43 - <unknown>
[INFO] [stdout]   47:     0x7f1566820bb4 - __clone
[INFO] [stdout]   48:                0x0 - <unknown>
[INFO] [stdout] 
[INFO] [stdout] 
[INFO] [stdout] failures:
[INFO] [stdout]     end_to_end_static
[INFO] [stdout] 
[INFO] [stdout] test result: FAILED. 0 passed; 1 failed; 0 ignored; 0 measured; 0 filtered out; finished in 0.06s
[INFO] [stdout] 
[INFO] [stderr] error: test failed, to rerun pass `--test test`
[INFO] running `Command { std: "docker" "inspect" "ce4283f6d7d823463d37c16e87ffaf8ab44ee0d2a7451e5d06e88e249ed0da32", kill_on_drop: false }`
[INFO] running `Command { std: "docker" "rm" "-f" "ce4283f6d7d823463d37c16e87ffaf8ab44ee0d2a7451e5d06e88e249ed0da32", kill_on_drop: false }`
[INFO] [stdout] ce4283f6d7d823463d37c16e87ffaf8ab44ee0d2a7451e5d06e88e249ed0da32
