[INFO] fetching crate sweeprs 0.2.0...
[INFO] testing sweeprs-0.2.0 against beta-2023-04-20 for beta-1.70-1
[INFO] extracting crate sweeprs 0.2.0 into /workspace/builds/worker-7-tc2/source
[INFO] validating manifest of crates.io crate sweeprs 0.2.0 on toolchain beta-2023-04-20
[INFO] running `Command { std: CARGO_HOME="/workspace/cargo-home" RUSTUP_HOME="/workspace/rustup-home" "/workspace/cargo-home/bin/cargo" "+beta-2023-04-20" "metadata" "--manifest-path" "Cargo.toml" "--no-deps", kill_on_drop: false }`
[INFO] started tweaking crates.io crate sweeprs 0.2.0
[INFO] finished tweaking crates.io crate sweeprs 0.2.0
[INFO] tweaked toml for crates.io crate sweeprs 0.2.0 written to /workspace/builds/worker-7-tc2/source/Cargo.toml
[INFO] running `Command { std: CARGO_HOME="/workspace/cargo-home" RUSTUP_HOME="/workspace/rustup-home" __CARGO_TEST_CHANNEL_OVERRIDE_DO_NOT_USE_THIS="nightly" "/workspace/cargo-home/bin/cargo" "+beta-2023-04-20" "generate-lockfile" "--manifest-path" "Cargo.toml" "-Zno-index-update", kill_on_drop: false }`
[INFO] running `Command { std: CARGO_HOME="/workspace/cargo-home" RUSTUP_HOME="/workspace/rustup-home" "/workspace/cargo-home/bin/cargo" "+beta-2023-04-20" "fetch" "--manifest-path" "Cargo.toml", kill_on_drop: false }`
[INFO] running `Command { std: "docker" "create" "-v" "/var/lib/crater-agent-workspace/builds/worker-7-tc2/target:/opt/rustwide/target:rw,Z" "-v" "/var/lib/crater-agent-workspace/builds/worker-7-tc2/source:/opt/rustwide/workdir:ro,Z" "-v" "/var/lib/crater-agent-workspace/cargo-home:/opt/rustwide/cargo-home:ro,Z" "-v" "/var/lib/crater-agent-workspace/rustup-home:/opt/rustwide/rustup-home:ro,Z" "-e" "SOURCE_DIR=/opt/rustwide/workdir" "-e" "CARGO_TARGET_DIR=/opt/rustwide/target" "-e" "CARGO_HOME=/opt/rustwide/cargo-home" "-e" "RUSTUP_HOME=/opt/rustwide/rustup-home" "-w" "/opt/rustwide/workdir" "-m" "1610612736" "--user" "0:0" "--network" "none" "ghcr.io/rust-lang/crates-build-env/linux@sha256:97d61d7686bf65f8ecb15491ab51835e82dc9176a96a831f143a431b191fc501" "/opt/rustwide/cargo-home/bin/cargo" "+beta-2023-04-20" "metadata" "--no-deps" "--format-version=1", kill_on_drop: false }`
[INFO] [stdout] a764d0cb3d405f160405bf8be700d658bd9dfb9629d60beafe9206b21dfa3344
[INFO] running `Command { std: "docker" "start" "-a" "a764d0cb3d405f160405bf8be700d658bd9dfb9629d60beafe9206b21dfa3344", kill_on_drop: false }`
[INFO] running `Command { std: "docker" "inspect" "a764d0cb3d405f160405bf8be700d658bd9dfb9629d60beafe9206b21dfa3344", kill_on_drop: false }`
[INFO] running `Command { std: "docker" "rm" "-f" "a764d0cb3d405f160405bf8be700d658bd9dfb9629d60beafe9206b21dfa3344", kill_on_drop: false }`
[INFO] [stdout] a764d0cb3d405f160405bf8be700d658bd9dfb9629d60beafe9206b21dfa3344
[INFO] running `Command { std: "docker" "create" "-v" "/var/lib/crater-agent-workspace/builds/worker-7-tc2/target:/opt/rustwide/target:rw,Z" "-v" "/var/lib/crater-agent-workspace/builds/worker-7-tc2/source:/opt/rustwide/workdir:ro,Z" "-v" "/var/lib/crater-agent-workspace/cargo-home:/opt/rustwide/cargo-home:ro,Z" "-v" "/var/lib/crater-agent-workspace/rustup-home:/opt/rustwide/rustup-home:ro,Z" "-e" "SOURCE_DIR=/opt/rustwide/workdir" "-e" "CARGO_TARGET_DIR=/opt/rustwide/target" "-e" "CARGO_INCREMENTAL=0" "-e" "RUST_BACKTRACE=full" "-e" "RUSTFLAGS=--cap-lints=warn" "-e" "RUSTDOCFLAGS=--cap-lints=warn" "-e" "CARGO_HOME=/opt/rustwide/cargo-home" "-e" "RUSTUP_HOME=/opt/rustwide/rustup-home" "-w" "/opt/rustwide/workdir" "-m" "1610612736" "--user" "0:0" "--network" "none" "ghcr.io/rust-lang/crates-build-env/linux@sha256:97d61d7686bf65f8ecb15491ab51835e82dc9176a96a831f143a431b191fc501" "/opt/rustwide/cargo-home/bin/cargo" "+beta-2023-04-20" "build" "--frozen" "--message-format=json", kill_on_drop: false }`
[INFO] [stdout] 0bfaa483f9c64b1c02aed510f17a946e0ac76cc7b9cc829fc15342a9f022a2ed
[INFO] running `Command { std: "docker" "start" "-a" "0bfaa483f9c64b1c02aed510f17a946e0ac76cc7b9cc829fc15342a9f022a2ed", kill_on_drop: false }`
[INFO] [stderr]    Compiling libc v0.2.142
[INFO] [stderr]    Compiling ppv-lite86 v0.2.17
[INFO] [stderr]    Compiling getrandom v0.2.9
[INFO] [stderr]    Compiling rand_core v0.6.4
[INFO] [stderr]    Compiling rand_chacha v0.3.1
[INFO] [stderr]    Compiling rand v0.8.5
[INFO] [stderr]    Compiling sweeprs v0.2.0 (/opt/rustwide/workdir)
[INFO] [stderr]     Finished dev [unoptimized + debuginfo] target(s) in 2.22s
[INFO] running `Command { std: "docker" "inspect" "0bfaa483f9c64b1c02aed510f17a946e0ac76cc7b9cc829fc15342a9f022a2ed", kill_on_drop: false }`
[INFO] running `Command { std: "docker" "rm" "-f" "0bfaa483f9c64b1c02aed510f17a946e0ac76cc7b9cc829fc15342a9f022a2ed", kill_on_drop: false }`
[INFO] [stdout] 0bfaa483f9c64b1c02aed510f17a946e0ac76cc7b9cc829fc15342a9f022a2ed
[INFO] running `Command { std: "docker" "create" "-v" "/var/lib/crater-agent-workspace/builds/worker-7-tc2/target:/opt/rustwide/target:rw,Z" "-v" "/var/lib/crater-agent-workspace/builds/worker-7-tc2/source:/opt/rustwide/workdir:ro,Z" "-v" "/var/lib/crater-agent-workspace/cargo-home:/opt/rustwide/cargo-home:ro,Z" "-v" "/var/lib/crater-agent-workspace/rustup-home:/opt/rustwide/rustup-home:ro,Z" "-e" "SOURCE_DIR=/opt/rustwide/workdir" "-e" "CARGO_TARGET_DIR=/opt/rustwide/target" "-e" "CARGO_INCREMENTAL=0" "-e" "RUST_BACKTRACE=full" "-e" "RUSTFLAGS=--cap-lints=warn" "-e" "RUSTDOCFLAGS=--cap-lints=warn" "-e" "CARGO_HOME=/opt/rustwide/cargo-home" "-e" "RUSTUP_HOME=/opt/rustwide/rustup-home" "-w" "/opt/rustwide/workdir" "-m" "1610612736" "--user" "0:0" "--network" "none" "ghcr.io/rust-lang/crates-build-env/linux@sha256:97d61d7686bf65f8ecb15491ab51835e82dc9176a96a831f143a431b191fc501" "/opt/rustwide/cargo-home/bin/cargo" "+beta-2023-04-20" "test" "--frozen" "--no-run" "--message-format=json", kill_on_drop: false }`
[INFO] [stdout] dbf3718f64378fb1ae0f28937bc9996219692e884a3c0eb3927361b5cac2dd3f
[INFO] running `Command { std: "docker" "start" "-a" "dbf3718f64378fb1ae0f28937bc9996219692e884a3c0eb3927361b5cac2dd3f", kill_on_drop: false }`
[INFO] [stderr]    Compiling sweeprs v0.2.0 (/opt/rustwide/workdir)
[INFO] [stderr]     Finished test [unoptimized + debuginfo] target(s) in 0.41s
[INFO] running `Command { std: "docker" "inspect" "dbf3718f64378fb1ae0f28937bc9996219692e884a3c0eb3927361b5cac2dd3f", kill_on_drop: false }`
[INFO] running `Command { std: "docker" "rm" "-f" "dbf3718f64378fb1ae0f28937bc9996219692e884a3c0eb3927361b5cac2dd3f", kill_on_drop: false }`
[INFO] [stdout] dbf3718f64378fb1ae0f28937bc9996219692e884a3c0eb3927361b5cac2dd3f
[INFO] running `Command { std: "docker" "create" "-v" "/var/lib/crater-agent-workspace/builds/worker-7-tc2/target:/opt/rustwide/target:rw,Z" "-v" "/var/lib/crater-agent-workspace/builds/worker-7-tc2/source:/opt/rustwide/workdir:ro,Z" "-v" "/var/lib/crater-agent-workspace/cargo-home:/opt/rustwide/cargo-home:ro,Z" "-v" "/var/lib/crater-agent-workspace/rustup-home:/opt/rustwide/rustup-home:ro,Z" "-e" "SOURCE_DIR=/opt/rustwide/workdir" "-e" "CARGO_TARGET_DIR=/opt/rustwide/target" "-e" "CARGO_INCREMENTAL=0" "-e" "RUST_BACKTRACE=full" "-e" "RUSTFLAGS=--cap-lints=warn" "-e" "RUSTDOCFLAGS=--cap-lints=warn" "-e" "CARGO_HOME=/opt/rustwide/cargo-home" "-e" "RUSTUP_HOME=/opt/rustwide/rustup-home" "-w" "/opt/rustwide/workdir" "-m" "1610612736" "--user" "0:0" "--network" "none" "ghcr.io/rust-lang/crates-build-env/linux@sha256:97d61d7686bf65f8ecb15491ab51835e82dc9176a96a831f143a431b191fc501" "/opt/rustwide/cargo-home/bin/cargo" "+beta-2023-04-20" "test" "--frozen", kill_on_drop: false }`
[INFO] [stdout] a9b6d46c41449c5c2f1e121ab8d4653fbd595ae90c12a88fd06117bb7f190cc0
[INFO] running `Command { std: "docker" "start" "-a" "a9b6d46c41449c5c2f1e121ab8d4653fbd595ae90c12a88fd06117bb7f190cc0", kill_on_drop: false }`
[INFO] [stderr]     Blocking waiting for file lock on package cache
[INFO] [stderr]     Finished test [unoptimized + debuginfo] target(s) in 0.17s
[INFO] [stderr]      Running unittests src/lib.rs (/opt/rustwide/target/debug/deps/sweeprs-1e45a7d42a086b96)
[INFO] [stdout] 
[INFO] [stdout] running 19 tests
[INFO] [stdout] test board::tests::bot_left_nbr ... ok
[INFO] [stdout] test board::tests::bot_nbr ... ok
[INFO] [stdout] test board::tests::bot_right_nbr ... ok
[INFO] [stdout] test board::tests::dimension ... ok
[INFO] [stdout] test board::tests::left_nbr ... ok
[INFO] [stdout] test board::tests::init_board ... ok
[INFO] [stdout] test board::tests::new_board ... ok
[INFO] [stdout] test board::tests::out_of_bound ... ok
[INFO] [stdout] test board::tests::right_nbr ... ok
[INFO] [stdout] test board::tests::top_left_nbr ... ok
[INFO] [stdout] test board::tests::top_nbr ... ok
[INFO] [stdout] test board::tests::top_right_nbr ... ok
[INFO] [stdout] test cell::tests::flag_closed ... ok
[INFO] [stdout] test cell::tests::flag_flagged ... ok
[INFO] [stdout] test board::tests::open_cell ... ok
[INFO] [stdout] test cell::tests::open_closed ... ok
[INFO] [stdout] test cell::tests::open_flagged ... ok
[INFO] [stdout] test cell::tests::open_opened ... ok
[INFO] [stdout] test cell::tests::flag_opened ... ok
[INFO] [stdout] 
[INFO] [stdout] test result: ok. 19 passed; 0 failed; 0 ignored; 0 measured; 0 filtered out; finished in 0.00s
[INFO] [stdout] 
[INFO] [stderr]    Doc-tests sweeprs
[INFO] [stdout] 
[INFO] [stdout] running 1 test
[INFO] [stdout] test src/lib.rs - (line 5) ... FAILED
[INFO] [stdout] 
[INFO] [stdout] failures:
[INFO] [stdout] 
[INFO] [stdout] ---- src/lib.rs - (line 5) stdout ----
[INFO] [stdout] error: expected identifier, found reserved identifier `_`
[INFO] [stdout]   --> src/lib.rs:14:5
[INFO] [stdout]    |
[INFO] [stdout] 12 |     _ => (),
[INFO] [stdout]    |     ^ expected identifier, found reserved identifier
[INFO] [stdout] 
[INFO] [stdout] error: expected one of `(`, `,`, `.`, `::`, `?`, `}`, or an operator, found `=>`
[INFO] [stdout]   --> src/lib.rs:14:7
[INFO] [stdout]    |
[INFO] [stdout] 11 |     BoardState::Finished(BoardResult::Win) => println!("You win!").
[INFO] [stdout]    |                                            -- while parsing the `match` arm starting here
[INFO] [stdout] 12 |     _ => (),
[INFO] [stdout]    |       ^^ expected one of 7 possible tokens
[INFO] [stdout] 
[INFO] [stdout] error[E0599]: no function or associated item named `new` found for struct `Board` in the current scope
[INFO] [stdout]  --> src/lib.rs:8:24
[INFO] [stdout]   |
[INFO] [stdout] 6 | let mut board = Board::new(9, 9, 10);
[INFO] [stdout]   |                        ^^^ function or associated item not found in `Board`
[INFO] [stdout]   |
[INFO] [stdout]   = help: items from traits can only be used if the trait is in scope
[INFO] [stdout] help: the following trait is implemented but not in scope; perhaps add a `use` for it:
[INFO] [stdout]   |
[INFO] [stdout] 2 + use crate::sweeprs::SweeperBoard;
[INFO] [stdout]   |
[INFO] [stdout] 
[INFO] [stdout] error: aborting due to 3 previous errors
[INFO] [stdout] 
[INFO] [stdout] For more information about this error, try `rustc --explain E0599`.
[INFO] [stdout] Couldn't compile the test.
[INFO] [stdout] 
[INFO] [stdout] failures:
[INFO] [stdout]     src/lib.rs - (line 5)
[INFO] [stdout] 
[INFO] [stdout] test result: FAILED. 0 passed; 1 failed; 0 ignored; 0 measured; 0 filtered out; finished in 0.05s
[INFO] [stdout] 
[INFO] [stderr] error: doctest failed, to rerun pass `--doc`
[INFO] running `Command { std: "docker" "inspect" "a9b6d46c41449c5c2f1e121ab8d4653fbd595ae90c12a88fd06117bb7f190cc0", kill_on_drop: false }`
[INFO] running `Command { std: "docker" "rm" "-f" "a9b6d46c41449c5c2f1e121ab8d4653fbd595ae90c12a88fd06117bb7f190cc0", kill_on_drop: false }`
[INFO] [stdout] a9b6d46c41449c5c2f1e121ab8d4653fbd595ae90c12a88fd06117bb7f190cc0
