[INFO] fetching crate suspend_fn_proc_macro 0.1.0...
[INFO] testing suspend_fn_proc_macro-0.1.0 against 1.69.0 for beta-1.70-1
[INFO] extracting crate suspend_fn_proc_macro 0.1.0 into /workspace/builds/worker-0-tc1/source
[INFO] validating manifest of crates.io crate suspend_fn_proc_macro 0.1.0 on toolchain 1.69.0
[INFO] running `Command { std: CARGO_HOME="/workspace/cargo-home" RUSTUP_HOME="/workspace/rustup-home" "/workspace/cargo-home/bin/cargo" "+1.69.0" "metadata" "--manifest-path" "Cargo.toml" "--no-deps", kill_on_drop: false }`
[INFO] started tweaking crates.io crate suspend_fn_proc_macro 0.1.0
[INFO] finished tweaking crates.io crate suspend_fn_proc_macro 0.1.0
[INFO] tweaked toml for crates.io crate suspend_fn_proc_macro 0.1.0 written to /workspace/builds/worker-0-tc1/source/Cargo.toml
[INFO] running `Command { std: CARGO_HOME="/workspace/cargo-home" RUSTUP_HOME="/workspace/rustup-home" __CARGO_TEST_CHANNEL_OVERRIDE_DO_NOT_USE_THIS="nightly" "/workspace/cargo-home/bin/cargo" "+1.69.0" "generate-lockfile" "--manifest-path" "Cargo.toml" "-Zno-index-update", kill_on_drop: false }`
[INFO] [stderr]     Blocking waiting for file lock on package cache
[INFO] running `Command { std: CARGO_HOME="/workspace/cargo-home" RUSTUP_HOME="/workspace/rustup-home" "/workspace/cargo-home/bin/cargo" "+1.69.0" "fetch" "--manifest-path" "Cargo.toml", kill_on_drop: false }`
[INFO] [stderr]     Blocking waiting for file lock on package cache
[INFO] [stderr]     Blocking waiting for file lock on package cache
[INFO] running `Command { std: "docker" "create" "-v" "/var/lib/crater-agent-workspace/builds/worker-0-tc1/target:/opt/rustwide/target:rw,Z" "-v" "/var/lib/crater-agent-workspace/builds/worker-0-tc1/source:/opt/rustwide/workdir:ro,Z" "-v" "/var/lib/crater-agent-workspace/cargo-home:/opt/rustwide/cargo-home:ro,Z" "-v" "/var/lib/crater-agent-workspace/rustup-home:/opt/rustwide/rustup-home:ro,Z" "-e" "SOURCE_DIR=/opt/rustwide/workdir" "-e" "CARGO_TARGET_DIR=/opt/rustwide/target" "-e" "CARGO_HOME=/opt/rustwide/cargo-home" "-e" "RUSTUP_HOME=/opt/rustwide/rustup-home" "-w" "/opt/rustwide/workdir" "-m" "1610612736" "--user" "0:0" "--network" "none" "ghcr.io/rust-lang/crates-build-env/linux@sha256:5ff2268d62e97bff2cde7d5815dd6ed5b47097566f13b8d0ca110b04b60e07ed" "/opt/rustwide/cargo-home/bin/cargo" "+1.69.0" "metadata" "--no-deps" "--format-version=1", kill_on_drop: false }`
[INFO] [stdout] 3ea068a641701160d3f2ae30e89fb18c7d8d9ce01b740d05defe14cc52339374
[INFO] running `Command { std: "docker" "start" "-a" "3ea068a641701160d3f2ae30e89fb18c7d8d9ce01b740d05defe14cc52339374", kill_on_drop: false }`
[INFO] running `Command { std: "docker" "inspect" "3ea068a641701160d3f2ae30e89fb18c7d8d9ce01b740d05defe14cc52339374", kill_on_drop: false }`
[INFO] running `Command { std: "docker" "rm" "-f" "3ea068a641701160d3f2ae30e89fb18c7d8d9ce01b740d05defe14cc52339374", kill_on_drop: false }`
[INFO] [stdout] 3ea068a641701160d3f2ae30e89fb18c7d8d9ce01b740d05defe14cc52339374
[INFO] running `Command { std: "docker" "create" "-v" "/var/lib/crater-agent-workspace/builds/worker-0-tc1/target:/opt/rustwide/target:rw,Z" "-v" "/var/lib/crater-agent-workspace/builds/worker-0-tc1/source:/opt/rustwide/workdir:ro,Z" "-v" "/var/lib/crater-agent-workspace/cargo-home:/opt/rustwide/cargo-home:ro,Z" "-v" "/var/lib/crater-agent-workspace/rustup-home:/opt/rustwide/rustup-home:ro,Z" "-e" "SOURCE_DIR=/opt/rustwide/workdir" "-e" "CARGO_TARGET_DIR=/opt/rustwide/target" "-e" "CARGO_INCREMENTAL=0" "-e" "RUST_BACKTRACE=full" "-e" "RUSTFLAGS=--cap-lints=warn" "-e" "RUSTDOCFLAGS=--cap-lints=warn" "-e" "CARGO_HOME=/opt/rustwide/cargo-home" "-e" "RUSTUP_HOME=/opt/rustwide/rustup-home" "-w" "/opt/rustwide/workdir" "-m" "1610612736" "--user" "0:0" "--network" "none" "ghcr.io/rust-lang/crates-build-env/linux@sha256:5ff2268d62e97bff2cde7d5815dd6ed5b47097566f13b8d0ca110b04b60e07ed" "/opt/rustwide/cargo-home/bin/cargo" "+1.69.0" "build" "--frozen" "--message-format=json", kill_on_drop: false }`
[INFO] [stdout] 96e8a034f2d007c2f05bacc350ef18387c07c186721354d4ea4eec22072e5a5b
[INFO] running `Command { std: "docker" "start" "-a" "96e8a034f2d007c2f05bacc350ef18387c07c186721354d4ea4eec22072e5a5b", kill_on_drop: false }`
[INFO] [stderr]    Compiling proc-macro2 v1.0.56
[INFO] [stderr]    Compiling quote v1.0.26
[INFO] [stderr]    Compiling unicode-ident v1.0.8
[INFO] [stderr]    Compiling syn v1.0.109
[INFO] [stderr]    Compiling take_mut v0.2.2
[INFO] [stderr]    Compiling suspend_fn_proc_macro v0.1.0 (/opt/rustwide/workdir)
[INFO] [stderr]     Finished dev [unoptimized + debuginfo] target(s) in 4.53s
[INFO] running `Command { std: "docker" "inspect" "96e8a034f2d007c2f05bacc350ef18387c07c186721354d4ea4eec22072e5a5b", kill_on_drop: false }`
[INFO] running `Command { std: "docker" "rm" "-f" "96e8a034f2d007c2f05bacc350ef18387c07c186721354d4ea4eec22072e5a5b", kill_on_drop: false }`
[INFO] [stdout] 96e8a034f2d007c2f05bacc350ef18387c07c186721354d4ea4eec22072e5a5b
[INFO] running `Command { std: "docker" "create" "-v" "/var/lib/crater-agent-workspace/builds/worker-0-tc1/target:/opt/rustwide/target:rw,Z" "-v" "/var/lib/crater-agent-workspace/builds/worker-0-tc1/source:/opt/rustwide/workdir:ro,Z" "-v" "/var/lib/crater-agent-workspace/cargo-home:/opt/rustwide/cargo-home:ro,Z" "-v" "/var/lib/crater-agent-workspace/rustup-home:/opt/rustwide/rustup-home:ro,Z" "-e" "SOURCE_DIR=/opt/rustwide/workdir" "-e" "CARGO_TARGET_DIR=/opt/rustwide/target" "-e" "CARGO_INCREMENTAL=0" "-e" "RUST_BACKTRACE=full" "-e" "RUSTFLAGS=--cap-lints=warn" "-e" "RUSTDOCFLAGS=--cap-lints=warn" "-e" "CARGO_HOME=/opt/rustwide/cargo-home" "-e" "RUSTUP_HOME=/opt/rustwide/rustup-home" "-w" "/opt/rustwide/workdir" "-m" "1610612736" "--user" "0:0" "--network" "none" "ghcr.io/rust-lang/crates-build-env/linux@sha256:5ff2268d62e97bff2cde7d5815dd6ed5b47097566f13b8d0ca110b04b60e07ed" "/opt/rustwide/cargo-home/bin/cargo" "+1.69.0" "test" "--frozen" "--no-run" "--message-format=json", kill_on_drop: false }`
[INFO] [stdout] 0d098f7acc0797f59ca2736d9286b589f042cfbbfe4dddc6750cec4326a91960
[INFO] running `Command { std: "docker" "start" "-a" "0d098f7acc0797f59ca2736d9286b589f042cfbbfe4dddc6750cec4326a91960", kill_on_drop: false }`
[INFO] [stderr]     Blocking waiting for file lock on package cache
[INFO] [stderr]    Compiling suspend_fn_proc_macro v0.1.0 (/opt/rustwide/workdir)
[INFO] [stderr]     Finished test [unoptimized + debuginfo] target(s) in 0.63s
[INFO] running `Command { std: "docker" "inspect" "0d098f7acc0797f59ca2736d9286b589f042cfbbfe4dddc6750cec4326a91960", kill_on_drop: false }`
[INFO] running `Command { std: "docker" "rm" "-f" "0d098f7acc0797f59ca2736d9286b589f042cfbbfe4dddc6750cec4326a91960", kill_on_drop: false }`
[INFO] [stdout] 0d098f7acc0797f59ca2736d9286b589f042cfbbfe4dddc6750cec4326a91960
[INFO] running `Command { std: "docker" "create" "-v" "/var/lib/crater-agent-workspace/builds/worker-0-tc1/target:/opt/rustwide/target:rw,Z" "-v" "/var/lib/crater-agent-workspace/builds/worker-0-tc1/source:/opt/rustwide/workdir:ro,Z" "-v" "/var/lib/crater-agent-workspace/cargo-home:/opt/rustwide/cargo-home:ro,Z" "-v" "/var/lib/crater-agent-workspace/rustup-home:/opt/rustwide/rustup-home:ro,Z" "-e" "SOURCE_DIR=/opt/rustwide/workdir" "-e" "CARGO_TARGET_DIR=/opt/rustwide/target" "-e" "CARGO_INCREMENTAL=0" "-e" "RUST_BACKTRACE=full" "-e" "RUSTFLAGS=--cap-lints=warn" "-e" "RUSTDOCFLAGS=--cap-lints=warn" "-e" "CARGO_HOME=/opt/rustwide/cargo-home" "-e" "RUSTUP_HOME=/opt/rustwide/rustup-home" "-w" "/opt/rustwide/workdir" "-m" "1610612736" "--user" "0:0" "--network" "none" "ghcr.io/rust-lang/crates-build-env/linux@sha256:5ff2268d62e97bff2cde7d5815dd6ed5b47097566f13b8d0ca110b04b60e07ed" "/opt/rustwide/cargo-home/bin/cargo" "+1.69.0" "test" "--frozen", kill_on_drop: false }`
[INFO] [stdout] 36b44065b0cdcd119e64b1918caf41740131ddd07e156b310b841d9d0fa01e51
[INFO] running `Command { std: "docker" "start" "-a" "36b44065b0cdcd119e64b1918caf41740131ddd07e156b310b841d9d0fa01e51", kill_on_drop: false }`
[INFO] [stderr]     Finished test [unoptimized + debuginfo] target(s) in 0.01s
[INFO] [stderr]      Running unittests src/lib.rs (/opt/rustwide/target/debug/deps/suspend_fn_proc_macro-2eb26f43f9815988)
[INFO] [stdout] 
[INFO] [stdout] running 0 tests
[INFO] [stdout] 
[INFO] [stdout] test result: ok. 0 passed; 0 failed; 0 ignored; 0 measured; 0 filtered out; finished in 0.00s
[INFO] [stdout] 
[INFO] [stderr]    Doc-tests suspend_fn_proc_macro
[INFO] [stdout] 
[INFO] [stdout] running 2 tests
[INFO] [stdout] test src/lib.rs - add_import (line 45) ... FAILED
[INFO] [stdout] test src/wrap_expr.rs - wrap_expr::wrap_expr (line 7) ... FAILED
[INFO] [stdout] 
[INFO] [stdout] failures:
[INFO] [stdout] 
[INFO] [stdout] ---- src/lib.rs - add_import (line 45) stdout ----
[INFO] [stdout] error[E0433]: failed to resolve: use of undeclared crate or module `suspend_fn`
[INFO] [stdout]  --> src/lib.rs:46:5
[INFO] [stdout]   |
[INFO] [stdout] 3 | use suspend_fn::__private::AsFuture;
[INFO] [stdout]   |     ^^^^^^^^^^ use of undeclared crate or module `suspend_fn`
[INFO] [stdout] 
[INFO] [stdout] error: aborting due to previous error
[INFO] [stdout] 
[INFO] [stdout] For more information about this error, try `rustc --explain E0433`.
[INFO] [stdout] Couldn't compile the test.
[INFO] [stdout] ---- src/wrap_expr.rs - wrap_expr::wrap_expr (line 7) stdout ----
[INFO] [stdout] error: expected one of `!` or `[`, found `expr`
[INFO] [stdout]  --> src/wrap_expr.rs:8:18
[INFO] [stdout]   |
[INFO] [stdout] 3 | (no_await::Expr(#expr).as_future().await)
[INFO] [stdout]   |                  ^^^^ expected one of `!` or `[`
[INFO] [stdout] 
[INFO] [stdout] error[E0728]: `await` is only allowed inside `async` functions and blocks
[INFO] [stdout]  --> src/wrap_expr.rs:8:35
[INFO] [stdout]   |
[INFO] [stdout] 2 | fn main() { #[allow(non_snake_case)] fn _doctest_main_src_wrap_expr_rs_7_0() {
[INFO] [stdout]   |                                         ---------------------------------- this is not `async`
[INFO] [stdout] 3 | (no_await::Expr(#expr).as_future().await)
[INFO] [stdout]   |                                   ^^^^^^ only allowed inside `async` functions and blocks
[INFO] [stdout] 
[INFO] [stdout] error: aborting due to 2 previous errors
[INFO] [stdout] 
[INFO] [stdout] For more information about this error, try `rustc --explain E0728`.
[INFO] [stdout] Couldn't compile the test.
[INFO] [stdout] 
[INFO] [stdout] failures:
[INFO] [stdout]     src/lib.rs - add_import (line 45)
[INFO] [stdout]     src/wrap_expr.rs - wrap_expr::wrap_expr (line 7)
[INFO] [stdout] 
[INFO] [stdout] test result: FAILED. 0 passed; 2 failed; 0 ignored; 0 measured; 0 filtered out; finished in 0.06s
[INFO] [stdout] 
[INFO] [stderr] error: doctest failed, to rerun pass `--doc`
[INFO] running `Command { std: "docker" "inspect" "36b44065b0cdcd119e64b1918caf41740131ddd07e156b310b841d9d0fa01e51", kill_on_drop: false }`
[INFO] running `Command { std: "docker" "rm" "-f" "36b44065b0cdcd119e64b1918caf41740131ddd07e156b310b841d9d0fa01e51", kill_on_drop: false }`
[INFO] [stdout] 36b44065b0cdcd119e64b1918caf41740131ddd07e156b310b841d9d0fa01e51
