[INFO] fetching crate superdiff 2.2.0...
[INFO] testing superdiff-2.2.0 against beta-2023-04-20 for beta-1.70-1
[INFO] extracting crate superdiff 2.2.0 into /workspace/builds/worker-7-tc2/source
[INFO] validating manifest of crates.io crate superdiff 2.2.0 on toolchain beta-2023-04-20
[INFO] running `Command { std: CARGO_HOME="/workspace/cargo-home" RUSTUP_HOME="/workspace/rustup-home" "/workspace/cargo-home/bin/cargo" "+beta-2023-04-20" "metadata" "--manifest-path" "Cargo.toml" "--no-deps", kill_on_drop: false }`
[INFO] started tweaking crates.io crate superdiff 2.2.0
[INFO] finished tweaking crates.io crate superdiff 2.2.0
[INFO] tweaked toml for crates.io crate superdiff 2.2.0 written to /workspace/builds/worker-7-tc2/source/Cargo.toml
[INFO] crate crates.io crate superdiff 2.2.0 already has a lockfile, it will not be regenerated
[INFO] running `Command { std: CARGO_HOME="/workspace/cargo-home" RUSTUP_HOME="/workspace/rustup-home" "/workspace/cargo-home/bin/cargo" "+beta-2023-04-20" "fetch" "--manifest-path" "Cargo.toml", kill_on_drop: false }`
[INFO] [stderr]  Downloading crates ...
[INFO] [stderr]   Downloaded clap v4.0.15
[INFO] running `Command { std: "docker" "create" "-v" "/var/lib/crater-agent-workspace/builds/worker-7-tc2/target:/opt/rustwide/target:rw,Z" "-v" "/var/lib/crater-agent-workspace/builds/worker-7-tc2/source:/opt/rustwide/workdir:ro,Z" "-v" "/var/lib/crater-agent-workspace/cargo-home:/opt/rustwide/cargo-home:ro,Z" "-v" "/var/lib/crater-agent-workspace/rustup-home:/opt/rustwide/rustup-home:ro,Z" "-e" "SOURCE_DIR=/opt/rustwide/workdir" "-e" "CARGO_TARGET_DIR=/opt/rustwide/target" "-e" "CARGO_HOME=/opt/rustwide/cargo-home" "-e" "RUSTUP_HOME=/opt/rustwide/rustup-home" "-w" "/opt/rustwide/workdir" "-m" "1610612736" "--user" "0:0" "--network" "none" "ghcr.io/rust-lang/crates-build-env/linux@sha256:5ff2268d62e97bff2cde7d5815dd6ed5b47097566f13b8d0ca110b04b60e07ed" "/opt/rustwide/cargo-home/bin/cargo" "+beta-2023-04-20" "metadata" "--no-deps" "--format-version=1", kill_on_drop: false }`
[INFO] [stdout] 5d5803a6d55b9189bfe272a2e238409bb908a1f46d4ad600b2af57a45d9e3331
[INFO] running `Command { std: "docker" "start" "-a" "5d5803a6d55b9189bfe272a2e238409bb908a1f46d4ad600b2af57a45d9e3331", kill_on_drop: false }`
[INFO] running `Command { std: "docker" "inspect" "5d5803a6d55b9189bfe272a2e238409bb908a1f46d4ad600b2af57a45d9e3331", kill_on_drop: false }`
[INFO] running `Command { std: "docker" "rm" "-f" "5d5803a6d55b9189bfe272a2e238409bb908a1f46d4ad600b2af57a45d9e3331", kill_on_drop: false }`
[INFO] [stdout] 5d5803a6d55b9189bfe272a2e238409bb908a1f46d4ad600b2af57a45d9e3331
[INFO] running `Command { std: "docker" "create" "-v" "/var/lib/crater-agent-workspace/builds/worker-7-tc2/target:/opt/rustwide/target:rw,Z" "-v" "/var/lib/crater-agent-workspace/builds/worker-7-tc2/source:/opt/rustwide/workdir:ro,Z" "-v" "/var/lib/crater-agent-workspace/cargo-home:/opt/rustwide/cargo-home:ro,Z" "-v" "/var/lib/crater-agent-workspace/rustup-home:/opt/rustwide/rustup-home:ro,Z" "-e" "SOURCE_DIR=/opt/rustwide/workdir" "-e" "CARGO_TARGET_DIR=/opt/rustwide/target" "-e" "CARGO_INCREMENTAL=0" "-e" "RUST_BACKTRACE=full" "-e" "RUSTFLAGS=--cap-lints=warn" "-e" "RUSTDOCFLAGS=--cap-lints=warn" "-e" "CARGO_HOME=/opt/rustwide/cargo-home" "-e" "RUSTUP_HOME=/opt/rustwide/rustup-home" "-w" "/opt/rustwide/workdir" "-m" "1610612736" "--user" "0:0" "--network" "none" "ghcr.io/rust-lang/crates-build-env/linux@sha256:5ff2268d62e97bff2cde7d5815dd6ed5b47097566f13b8d0ca110b04b60e07ed" "/opt/rustwide/cargo-home/bin/cargo" "+beta-2023-04-20" "build" "--frozen" "--message-format=json", kill_on_drop: false }`
[INFO] [stdout] 09bda398501f16850a3541f5e4585a093c244e0ffb274597d29d352e4378937d
[INFO] running `Command { std: "docker" "start" "-a" "09bda398501f16850a3541f5e4585a093c244e0ffb274597d29d352e4378937d", kill_on_drop: false }`
[INFO] [stderr]    Compiling proc-macro2 v1.0.47
[INFO] [stderr]    Compiling quote v1.0.21
[INFO] [stderr]    Compiling unicode-ident v1.0.5
[INFO] [stderr]    Compiling syn v1.0.102
[INFO] [stderr]    Compiling version_check v0.9.4
[INFO] [stderr]    Compiling serde_derive v1.0.147
[INFO] [stderr]    Compiling libc v0.2.135
[INFO] [stderr]    Compiling serde v1.0.147
[INFO] [stderr]    Compiling serde_json v1.0.87
[INFO] [stderr]    Compiling os_str_bytes v6.3.0
[INFO] [stderr]    Compiling heck v0.4.0
[INFO] [stderr]    Compiling bitflags v1.3.2
[INFO] [stderr]    Compiling strsim v0.10.0
[INFO] [stderr]    Compiling itoa v1.0.4
[INFO] [stderr]    Compiling termcolor v1.1.3
[INFO] [stderr]    Compiling once_cell v1.15.0
[INFO] [stderr]    Compiling ryu v1.0.11
[INFO] [stderr]    Compiling clap_lex v0.3.0
[INFO] [stderr]    Compiling proc-macro-error-attr v1.0.4
[INFO] [stderr]    Compiling proc-macro-error v1.0.4
[INFO] [stderr]    Compiling atty v0.2.14
[INFO] [stderr]    Compiling clap_derive v4.0.13
[INFO] [stderr]    Compiling clap v4.0.15
[INFO] [stderr]    Compiling superdiff v2.2.0 (/opt/rustwide/workdir)
[INFO] [stderr]     Finished dev [unoptimized + debuginfo] target(s) in 16.45s
[INFO] running `Command { std: "docker" "inspect" "09bda398501f16850a3541f5e4585a093c244e0ffb274597d29d352e4378937d", kill_on_drop: false }`
[INFO] running `Command { std: "docker" "rm" "-f" "09bda398501f16850a3541f5e4585a093c244e0ffb274597d29d352e4378937d", kill_on_drop: false }`
[INFO] [stdout] 09bda398501f16850a3541f5e4585a093c244e0ffb274597d29d352e4378937d
[INFO] running `Command { std: "docker" "create" "-v" "/var/lib/crater-agent-workspace/builds/worker-7-tc2/target:/opt/rustwide/target:rw,Z" "-v" "/var/lib/crater-agent-workspace/builds/worker-7-tc2/source:/opt/rustwide/workdir:ro,Z" "-v" "/var/lib/crater-agent-workspace/cargo-home:/opt/rustwide/cargo-home:ro,Z" "-v" "/var/lib/crater-agent-workspace/rustup-home:/opt/rustwide/rustup-home:ro,Z" "-e" "SOURCE_DIR=/opt/rustwide/workdir" "-e" "CARGO_TARGET_DIR=/opt/rustwide/target" "-e" "CARGO_INCREMENTAL=0" "-e" "RUST_BACKTRACE=full" "-e" "RUSTFLAGS=--cap-lints=warn" "-e" "RUSTDOCFLAGS=--cap-lints=warn" "-e" "CARGO_HOME=/opt/rustwide/cargo-home" "-e" "RUSTUP_HOME=/opt/rustwide/rustup-home" "-w" "/opt/rustwide/workdir" "-m" "1610612736" "--user" "0:0" "--network" "none" "ghcr.io/rust-lang/crates-build-env/linux@sha256:5ff2268d62e97bff2cde7d5815dd6ed5b47097566f13b8d0ca110b04b60e07ed" "/opt/rustwide/cargo-home/bin/cargo" "+beta-2023-04-20" "test" "--frozen" "--no-run" "--message-format=json", kill_on_drop: false }`
[INFO] [stdout] cf8a1ec7ccb8bb6134ebba0bbdcd14802a87d67e29131530f2c774e0815f7499
[INFO] running `Command { std: "docker" "start" "-a" "cf8a1ec7ccb8bb6134ebba0bbdcd14802a87d67e29131530f2c774e0815f7499", kill_on_drop: false }`
[INFO] [stderr]    Compiling superdiff v2.2.0 (/opt/rustwide/workdir)
[INFO] [stderr]     Finished test [unoptimized + debuginfo] target(s) in 1.17s
[INFO] running `Command { std: "docker" "inspect" "cf8a1ec7ccb8bb6134ebba0bbdcd14802a87d67e29131530f2c774e0815f7499", kill_on_drop: false }`
[INFO] running `Command { std: "docker" "rm" "-f" "cf8a1ec7ccb8bb6134ebba0bbdcd14802a87d67e29131530f2c774e0815f7499", kill_on_drop: false }`
[INFO] [stdout] cf8a1ec7ccb8bb6134ebba0bbdcd14802a87d67e29131530f2c774e0815f7499
[INFO] running `Command { std: "docker" "create" "-v" "/var/lib/crater-agent-workspace/builds/worker-7-tc2/target:/opt/rustwide/target:rw,Z" "-v" "/var/lib/crater-agent-workspace/builds/worker-7-tc2/source:/opt/rustwide/workdir:ro,Z" "-v" "/var/lib/crater-agent-workspace/cargo-home:/opt/rustwide/cargo-home:ro,Z" "-v" "/var/lib/crater-agent-workspace/rustup-home:/opt/rustwide/rustup-home:ro,Z" "-e" "SOURCE_DIR=/opt/rustwide/workdir" "-e" "CARGO_TARGET_DIR=/opt/rustwide/target" "-e" "CARGO_INCREMENTAL=0" "-e" "RUST_BACKTRACE=full" "-e" "RUSTFLAGS=--cap-lints=warn" "-e" "RUSTDOCFLAGS=--cap-lints=warn" "-e" "CARGO_HOME=/opt/rustwide/cargo-home" "-e" "RUSTUP_HOME=/opt/rustwide/rustup-home" "-w" "/opt/rustwide/workdir" "-m" "1610612736" "--user" "0:0" "--network" "none" "ghcr.io/rust-lang/crates-build-env/linux@sha256:5ff2268d62e97bff2cde7d5815dd6ed5b47097566f13b8d0ca110b04b60e07ed" "/opt/rustwide/cargo-home/bin/cargo" "+beta-2023-04-20" "test" "--frozen", kill_on_drop: false }`
[INFO] [stdout] a81972af7b56710d2846394e5b1f818a65bb184904a064400c74cada054eb6de
[INFO] running `Command { std: "docker" "start" "-a" "a81972af7b56710d2846394e5b1f818a65bb184904a064400c74cada054eb6de", kill_on_drop: false }`
[INFO] [stderr]     Finished test [unoptimized + debuginfo] target(s) in 0.02s
[INFO] [stderr]      Running unittests src/lib.rs (/opt/rustwide/target/debug/deps/superdiff-fe15f4bccba5a0bc)
[INFO] [stdout] 
[INFO] [stdout] running 3 tests
[INFO] [stdout] test math::tests::test_factorial ... ok
[INFO] [stdout] test comp::tests::test_lev_distance ... ok
[INFO] [stdout] test math::tests::test_combinations ... ok
[INFO] [stdout] 
[INFO] [stdout] test result: ok. 3 passed; 0 failed; 0 ignored; 0 measured; 0 filtered out; finished in 0.00s
[INFO] [stdout] 
[INFO] [stderr]      Running unittests src/main.rs (/opt/rustwide/target/debug/deps/superdiff-6c9c3feb031d1387)
[INFO] [stdout] 
[INFO] [stdout] running 0 tests
[INFO] [stdout] 
[INFO] [stdout] test result: ok. 0 passed; 0 failed; 0 ignored; 0 measured; 0 filtered out; finished in 0.00s
[INFO] [stdout] 
[INFO] [stderr]      Running tests/integration_test.rs (/opt/rustwide/target/debug/deps/integration_test-551044599f491443)
[INFO] [stdout] 
[INFO] [stdout] running 3 tests
[INFO] [stdout] test it_could_probably_check_stdin ... ok
[INFO] [stdout] test it_puts_all_matches_in_same_group ... ok
[INFO] [stderr] error: test failed, to rerun pass `--test integration_test`
[INFO] [stdout] test it_outputs_correct_matches_for_terraria_clone ... FAILED
[INFO] [stdout] 
[INFO] [stdout] failures:
[INFO] [stdout] 
[INFO] [stdout] ---- it_outputs_correct_matches_for_terraria_clone stdout ----
[INFO] [stdout] 1% completed
2% completed
3% completed
4% completed
5% completed
6% completed
7% completed
8% completed
9% completed
10% completed
12% completed
13% completed
14% completed
15% completed
16% completed
17% completed
18% completed
19% completed
20% completed
21% completed
23% completed
24% completed
25% completed
26% completed
27% completed
28% completed
29% completed
30% completed
31% completed
32% completed
34% completed
35% completed
36% completed
37% completed
38% completed
39% completed
40% completed
41% completed
42% completed
43% completed
45% completed
46% completed
47% completed
48% completed
49% completed
50% completed
51% completed
52% completed
53% completed
54% completed
56% completed
57% completed
58% completed
59% completed
60% completed
61% completed
62% completed
63% completed
64% completed
65% completed
67% completed
68% completed
69% completed
70% completed
71% completed
72% completed
73% completed
74% completed
75% completed
76% completed
78% completed
79% completed
80% completed
81% completed
82% completed
83% completed
84% completed
85% completed
86% completed
87% completed
89% completed
90% completed
91% completed
92% completed
93% completed
94% completed
95% completed
96% completed
97% completed
98% completed
100% completed
[INFO] [stdout] thread 'it_outputs_correct_matches_for_terraria_clone' panicked at 'assertion failed: `(left == right)`
[INFO] [stdout]   left: `JsonRoot { version: "2.2.0", files: {}, matches: [] }`,
[INFO] [stdout]  right: `JsonRoot { version: "2.0.3", files: {"examples/TerrariaClone/src/World.java": JsonFileInfo { count_blocks: 6 }, "examples/TerrariaClone/src/Player.java": JsonFileInfo { count_blocks: 2 }, "examples/TerrariaClone/src/Inventory.java": JsonFileInfo { count_blocks: 7 }, "examples/TerrariaClone/src/Entity.java": JsonFileInfo { count_blocks: 1 }, "examples/TerrariaClone/src/TextField.java": JsonFileInfo { count_blocks: 1 }, "examples/TerrariaClone/src/TerrariaClone.java": JsonFileInfo { count_blocks: 20 }}, matches: [JsonMatch { files: {"examples/TerrariaClone/src/TerrariaClone.java": JsonFileInfo { count_blocks: 2 }}, blocks: {"examples/TerrariaClone/src/TerrariaClone.java": [JsonBlockInfo { starting_line: 4047, block_length: 55 }, JsonBlockInfo { starting_line: 6124, block_length: 55 }]} }, JsonMatch { files: {"examples/TerrariaClone/src/Inventory.java": JsonFileInfo { count_blocks: 2 }}, blocks: {"examples/TerrariaClone/src/Inventory.java": [JsonBlockInfo { starting_line: 47, block_length: 30 }, JsonBlockInfo { starting_line: 947, block_length: 30 }]} }, JsonMatch { files: {"examples/TerrariaClone/src/TerrariaClone.java": JsonFileInfo { count_blocks: 4 }}, blocks: {"examples/TerrariaClone/src/TerrariaClone.java": [JsonBlockInfo { starting_line: 2638, block_length: 29 }, JsonBlockInfo { starting_line: 3690, block_length: 29 }, JsonBlockInfo { starting_line: 4047, block_length: 29 }, JsonBlockInfo { starting_line: 6124, block_length: 29 }]} }, JsonMatch { files: {"examples/TerrariaClone/src/Inventory.java": JsonFileInfo { count_blocks: 1 }, "examples/TerrariaClone/src/TextField.java": JsonFileInfo { count_blocks: 1 }, "examples/TerrariaClone/src/Player.java": JsonFileInfo { count_blocks: 1 }, "examples/TerrariaClone/src/Entity.java": JsonFileInfo { count_blocks: 1 }, "examples/TerrariaClone/src/TerrariaClone.java": JsonFileInfo { count_blocks: 1 }, "examples/TerrariaClone/src/World.java": JsonFileInfo { count_blocks: 1 }}, blocks: {"examples/TerrariaClone/src/Entity.java": [JsonBlockInfo { starting_line: 621, block_length: 27 }], "examples/TerrariaClone/src/World.java": [JsonBlockInfo { starting_line: 1360, block_length: 27 }], "examples/TerrariaClone/src/TextField.java": [JsonBlockInfo { starting_line: 57, block_length: 27 }], "examples/TerrariaClone/src/TerrariaClone.java": [JsonBlockInfo { starting_line: 6535, block_length: 27 }], "examples/TerrariaClone/src/Inventory.java": [JsonBlockInfo { starting_line: 1675, block_length: 27 }], "examples/TerrariaClone/src/Player.java": [JsonBlockInfo { starting_line: 328, block_length: 27 }]} }, JsonMatch { files: {"examples/TerrariaClone/src/Inventory.java": JsonFileInfo { count_blocks: 2 }}, blocks: {"examples/TerrariaClone/src/Inventory.java": [JsonBlockInfo { starting_line: 1247, block_length: 23 }, JsonBlockInfo { starting_line: 1369, block_length: 23 }]} }, JsonMatch { files: {"examples/TerrariaClone/src/Inventory.java": JsonFileInfo { count_blocks: 2 }}, blocks: {"examples/TerrariaClone/src/Inventory.java": [JsonBlockInfo { starting_line: 1339, block_length: 27 }, JsonBlockInfo { starting_line: 1465, block_length: 27 }]} }, JsonMatch { files: {"examples/TerrariaClone/src/World.java": JsonFileInfo { count_blocks: 1 }, "examples/TerrariaClone/src/Player.java": JsonFileInfo { count_blocks: 1 }}, blocks: {"examples/TerrariaClone/src/Player.java": [JsonBlockInfo { starting_line: 324, block_length: 31 }], "examples/TerrariaClone/src/World.java": [JsonBlockInfo { starting_line: 1356, block_length: 31 }]} }, JsonMatch { files: {"examples/TerrariaClone/src/TerrariaClone.java": JsonFileInfo { count_blocks: 2 }}, blocks: {"examples/TerrariaClone/src/TerrariaClone.java": [JsonBlockInfo { starting_line: 4363, block_length: 90 }, JsonBlockInfo { starting_line: 4492, block_length: 90 }]} }, JsonMatch { files: {"examples/TerrariaClone/src/TerrariaClone.java": JsonFileInfo { count_blocks: 2 }}, blocks: {"examples/TerrariaClone/src/TerrariaClone.java": [JsonBlockInfo { starting_line: 1042, block_length: 28 }, JsonBlockInfo { starting_line: 1072, block_length: 28 }]} }, JsonMatch { files: {"examples/TerrariaClone/src/TerrariaClone.java": JsonFileInfo { count_blocks: 3 }}, blocks: {"examples/TerrariaClone/src/TerrariaClone.java": [JsonBlockInfo { starting_line: 1927, block_length: 57 }, JsonBlockInfo { starting_line: 1986, block_length: 57 }, JsonBlockInfo { starting_line: 2045, block_length: 57 }]} }, JsonMatch { files: {"examples/TerrariaClone/src/TerrariaClone.java": JsonFileInfo { count_blocks: 2 }}, blocks: {"examples/TerrariaClone/src/TerrariaClone.java": [JsonBlockInfo { starting_line: 1985, block_length: 58 }, JsonBlockInfo { starting_line: 2044, block_length: 58 }]} }, JsonMatch { files: {"examples/TerrariaClone/src/TerrariaClone.java": JsonFileInfo { count_blocks: 2 }}, blocks: {"examples/TerrariaClone/src/TerrariaClone.java": [JsonBlockInfo { starting_line: 4771, block_length: 49 }, JsonBlockInfo { starting_line: 4904, block_length: 49 }]} }, JsonMatch { files: {"examples/TerrariaClone/src/TerrariaClone.java": JsonFileInfo { count_blocks: 2 }}, blocks: {"examples/TerrariaClone/src/TerrariaClone.java": [JsonBlockInfo { starting_line: 4820, block_length: 20 }, JsonBlockInfo { starting_line: 4954, block_length: 20 }]} }, JsonMatch { files: {"examples/TerrariaClone/src/World.java": JsonFileInfo { count_blocks: 2 }}, blocks: {"examples/TerrariaClone/src/World.java": [JsonBlockInfo { starting_line: 568, block_length: 25 }, JsonBlockInfo { starting_line: 640, block_length: 25 }]} }, JsonMatch { files: {"examples/TerrariaClone/src/World.java": JsonFileInfo { count_blocks: 2 }}, blocks: {"examples/TerrariaClone/src/World.java": [JsonBlockInfo { starting_line: 743, block_length: 172 }, JsonBlockInfo { starting_line: 924, block_length: 172 }]} }] }`', tests/integration_test.rs:64:5
[INFO] [stdout] stack backtrace:
[INFO] [stdout]    0:     0x558f3003460a - std::backtrace_rs::backtrace::libunwind::trace::h2f05d0192276a8f6
[INFO] [stdout]                                at /rustc/1b7dd2252b99671ce5d1cb9664c5f8636329436d/library/std/src/../../backtrace/src/backtrace/libunwind.rs:93:5
[INFO] [stdout]    1:     0x558f3003460a - std::backtrace_rs::backtrace::trace_unsynchronized::hedc23dff7a1af150
[INFO] [stdout]                                at /rustc/1b7dd2252b99671ce5d1cb9664c5f8636329436d/library/std/src/../../backtrace/src/backtrace/mod.rs:66:5
[INFO] [stdout]    2:     0x558f3003460a - std::sys_common::backtrace::_print_fmt::h17541ef7592f3ce2
[INFO] [stdout]                                at /rustc/1b7dd2252b99671ce5d1cb9664c5f8636329436d/library/std/src/sys_common/backtrace.rs:65:5
[INFO] [stdout]    3:     0x558f3003460a - <std::sys_common::backtrace::_print::DisplayBacktrace as core::fmt::Display>::fmt::h20f75df5ab0c0792
[INFO] [stdout]                                at /rustc/1b7dd2252b99671ce5d1cb9664c5f8636329436d/library/std/src/sys_common/backtrace.rs:44:22
[INFO] [stdout]    4:     0x558f300585bf - core::fmt::write::h78109e6f466b3af6
[INFO] [stdout]                                at /rustc/1b7dd2252b99671ce5d1cb9664c5f8636329436d/library/core/src/fmt/mod.rs:1254:17
[INFO] [stdout]    5:     0x558f30031915 - std::io::Write::write_fmt::hd24bfb68a1b35a25
[INFO] [stdout]                                at /rustc/1b7dd2252b99671ce5d1cb9664c5f8636329436d/library/std/src/io/mod.rs:1698:15
[INFO] [stdout]    6:     0x558f300343d5 - std::sys_common::backtrace::_print::h8dac57a9f8fbf9a5
[INFO] [stdout]                                at /rustc/1b7dd2252b99671ce5d1cb9664c5f8636329436d/library/std/src/sys_common/backtrace.rs:47:5
[INFO] [stdout]    7:     0x558f300343d5 - std::sys_common::backtrace::print::hf9ecbf41d1aa712f
[INFO] [stdout]                                at /rustc/1b7dd2252b99671ce5d1cb9664c5f8636329436d/library/std/src/sys_common/backtrace.rs:34:9
[INFO] [stdout]    8:     0x558f3003608e - std::panicking::default_hook::{{closure}}::h04c07acfc84ca028
[INFO] [stdout]                                at /rustc/1b7dd2252b99671ce5d1cb9664c5f8636329436d/library/std/src/panicking.rs:269:22
[INFO] [stdout]    9:     0x558f30035dc1 - std::panicking::default_hook::h01f6bb23e1eceb2c
[INFO] [stdout]                                at /rustc/1b7dd2252b99671ce5d1cb9664c5f8636329436d/library/std/src/panicking.rs:285:9
[INFO] [stdout]   10:     0x558f2ff9a3fb - <alloc::boxed::Box<F,A> as core::ops::function::Fn<Args>>::call::h87fe9f7b2fd49e4c
[INFO] [stdout]                                at /rustc/1b7dd2252b99671ce5d1cb9664c5f8636329436d/library/alloc/src/boxed.rs:1987:9
[INFO] [stdout]   11:     0x558f2ff9a3fb - test::test_main::{{closure}}::he94d679243a7531b
[INFO] [stdout]                                at /rustc/1b7dd2252b99671ce5d1cb9664c5f8636329436d/library/test/src/lib.rs:134:21
[INFO] [stdout]   12:     0x558f30036774 - <alloc::boxed::Box<F,A> as core::ops::function::Fn<Args>>::call::h3f2d6d8b14c4769f
[INFO] [stdout]                                at /rustc/1b7dd2252b99671ce5d1cb9664c5f8636329436d/library/alloc/src/boxed.rs:1987:9
[INFO] [stdout]   13:     0x558f30036774 - std::panicking::rust_panic_with_hook::h2bb3722bbaf2f6df
[INFO] [stdout]                                at /rustc/1b7dd2252b99671ce5d1cb9664c5f8636329436d/library/std/src/panicking.rs:695:13
[INFO] [stdout]   14:     0x558f300364e9 - std::panicking::begin_panic_handler::{{closure}}::h91bc7f36a4be011b
[INFO] [stdout]                                at /rustc/1b7dd2252b99671ce5d1cb9664c5f8636329436d/library/std/src/panicking.rs:582:13
[INFO] [stdout]   15:     0x558f30034a76 - std::sys_common::backtrace::__rust_end_short_backtrace::h8b3d3717114f9e59
[INFO] [stdout]                                at /rustc/1b7dd2252b99671ce5d1cb9664c5f8636329436d/library/std/src/sys_common/backtrace.rs:150:18
[INFO] [stdout]   16:     0x558f30036242 - rust_begin_unwind
[INFO] [stdout]                                at /rustc/1b7dd2252b99671ce5d1cb9664c5f8636329436d/library/std/src/panicking.rs:578:5
[INFO] [stdout]   17:     0x558f2ff52ba3 - core::panicking::panic_fmt::hfd368e3fbdabea26
[INFO] [stdout]                                at /rustc/1b7dd2252b99671ce5d1cb9664c5f8636329436d/library/core/src/panicking.rs:67:14
[INFO] [stdout]   18:     0x558f2ff52f6f - core::panicking::assert_failed_inner::haef49168e1798a91
[INFO] [stdout]   19:     0x558f2ff62a6a - core::panicking::assert_failed::h43f82636bd78b09e
[INFO] [stdout]                                at /rustc/1b7dd2252b99671ce5d1cb9664c5f8636329436d/library/core/src/panicking.rs:228:5
[INFO] [stdout]   20:     0x558f2ff65d26 - integration_test::it_outputs_correct_matches_for_terraria_clone::h5013fc7a6d4a7f8b
[INFO] [stdout]                                at /opt/rustwide/workdir/tests/integration_test.rs:64:5
[INFO] [stdout]   21:     0x558f2ff65a87 - integration_test::it_outputs_correct_matches_for_terraria_clone::{{closure}}::hd76427d8e1ccc589
[INFO] [stdout]                                at /opt/rustwide/workdir/tests/integration_test.rs:47:52
[INFO] [stdout]   22:     0x558f2ff618c5 - core::ops::function::FnOnce::call_once::h1b71dc9c5edf8f2d
[INFO] [stdout]                                at /rustc/1b7dd2252b99671ce5d1cb9664c5f8636329436d/library/core/src/ops/function.rs:250:5
[INFO] [stdout]   23:     0x558f2ff9f2cf - core::ops::function::FnOnce::call_once::ha6a70e79f7481a7e
[INFO] [stdout]                                at /rustc/1b7dd2252b99671ce5d1cb9664c5f8636329436d/library/core/src/ops/function.rs:250:5
[INFO] [stdout]   24:     0x558f2ff9f2cf - test::__rust_begin_short_backtrace::hce33033019b61e69
[INFO] [stdout]                                at /rustc/1b7dd2252b99671ce5d1cb9664c5f8636329436d/library/test/src/lib.rs:655:18
[INFO] [stdout]   25:     0x558f2ff6cabc - test::run_test::{{closure}}::h858d3528838ae3e5
[INFO] [stdout]                                at /rustc/1b7dd2252b99671ce5d1cb9664c5f8636329436d/library/test/src/lib.rs:646:30
[INFO] [stdout]   26:     0x558f2ff6cabc - core::ops::function::FnOnce::call_once{{vtable.shim}}::he8ac2b00f01ae79e
[INFO] [stdout]                                at /rustc/1b7dd2252b99671ce5d1cb9664c5f8636329436d/library/core/src/ops/function.rs:250:5
[INFO] [stdout]   27:     0x558f2ff9e3a6 - <alloc::boxed::Box<F,A> as core::ops::function::FnOnce<Args>>::call_once::h8093d25b522725ef
[INFO] [stdout]                                at /rustc/1b7dd2252b99671ce5d1cb9664c5f8636329436d/library/alloc/src/boxed.rs:1973:9
[INFO] [stdout]   28:     0x558f2ff9e3a6 - <core::panic::unwind_safe::AssertUnwindSafe<F> as core::ops::function::FnOnce<()>>::call_once::h5c334c204e4a3913
[INFO] [stdout]                                at /rustc/1b7dd2252b99671ce5d1cb9664c5f8636329436d/library/core/src/panic/unwind_safe.rs:271:9
[INFO] [stdout]   29:     0x558f2ff9e3a6 - std::panicking::try::do_call::ha8b740c7b9478074
[INFO] [stdout]                                at /rustc/1b7dd2252b99671ce5d1cb9664c5f8636329436d/library/std/src/panicking.rs:485:40
[INFO] [stdout]   30:     0x558f2ff9e3a6 - std::panicking::try::h5d34f63d0e41b64e
[INFO] [stdout]                                at /rustc/1b7dd2252b99671ce5d1cb9664c5f8636329436d/library/std/src/panicking.rs:449:19
[INFO] [stdout]   31:     0x558f2ff9e3a6 - std::panic::catch_unwind::hcfbb511e1aa7fc67
[INFO] [stdout]                                at /rustc/1b7dd2252b99671ce5d1cb9664c5f8636329436d/library/std/src/panic.rs:140:14
[INFO] [stdout]   32:     0x558f2ff9e3a6 - test::run_test_in_process::h9abda90f802eaf21
[INFO] [stdout]                                at /rustc/1b7dd2252b99671ce5d1cb9664c5f8636329436d/library/test/src/lib.rs:678:27
[INFO] [stdout]   33:     0x558f2ff9e3a6 - test::run_test::run_test_inner::{{closure}}::h0f058de91f6c6edf
[INFO] [stdout]                                at /rustc/1b7dd2252b99671ce5d1cb9664c5f8636329436d/library/test/src/lib.rs:572:39
[INFO] [stdout]   34:     0x558f2ff672c5 - test::run_test::run_test_inner::{{closure}}::h5ca48a4c59c6c1fb
[INFO] [stdout]                                at /rustc/1b7dd2252b99671ce5d1cb9664c5f8636329436d/library/test/src/lib.rs:599:37
[INFO] [stdout]   35:     0x558f2ff672c5 - std::sys_common::backtrace::__rust_begin_short_backtrace::h32bd51e1495d4a33
[INFO] [stdout]                                at /rustc/1b7dd2252b99671ce5d1cb9664c5f8636329436d/library/std/src/sys_common/backtrace.rs:134:18
[INFO] [stdout]   36:     0x558f2ff6c801 - std::thread::Builder::spawn_unchecked_::{{closure}}::{{closure}}::hc086fae9b128b2db
[INFO] [stdout]                                at /rustc/1b7dd2252b99671ce5d1cb9664c5f8636329436d/library/std/src/thread/mod.rs:526:17
[INFO] [stdout]   37:     0x558f2ff6c801 - <core::panic::unwind_safe::AssertUnwindSafe<F> as core::ops::function::FnOnce<()>>::call_once::hb66571888d270d43
[INFO] [stdout]                                at /rustc/1b7dd2252b99671ce5d1cb9664c5f8636329436d/library/core/src/panic/unwind_safe.rs:271:9
[INFO] [stdout]   38:     0x558f2ff6c801 - std::panicking::try::do_call::h4fa2ef4f6e51fecf
[INFO] [stdout]                                at /rustc/1b7dd2252b99671ce5d1cb9664c5f8636329436d/library/std/src/panicking.rs:485:40
[INFO] [stdout]   39:     0x558f2ff6c801 - std::panicking::try::h1e9e22b8584489b5
[INFO] [stdout]                                at /rustc/1b7dd2252b99671ce5d1cb9664c5f8636329436d/library/std/src/panicking.rs:449:19
[INFO] [stdout]   40:     0x558f2ff6c801 - std::panic::catch_unwind::h44698a3de0e0769e
[INFO] [stdout]                                at /rustc/1b7dd2252b99671ce5d1cb9664c5f8636329436d/library/std/src/panic.rs:140:14
[INFO] [stdout]   41:     0x558f2ff6c801 - std::thread::Builder::spawn_unchecked_::{{closure}}::h50153abde3fe239e
[INFO] [stdout]                                at /rustc/1b7dd2252b99671ce5d1cb9664c5f8636329436d/library/std/src/thread/mod.rs:525:30
[INFO] [stdout]   42:     0x558f2ff6c801 - core::ops::function::FnOnce::call_once{{vtable.shim}}::hbe5bbf6f38394364
[INFO] [stdout]                                at /rustc/1b7dd2252b99671ce5d1cb9664c5f8636329436d/library/core/src/ops/function.rs:250:5
[INFO] [stdout]   43:     0x558f3003ac45 - <alloc::boxed::Box<F,A> as core::ops::function::FnOnce<Args>>::call_once::h0d83cb2920a49046
[INFO] [stdout]                                at /rustc/1b7dd2252b99671ce5d1cb9664c5f8636329436d/library/alloc/src/boxed.rs:1973:9
[INFO] [stdout]   44:     0x558f3003ac45 - <alloc::boxed::Box<F,A> as core::ops::function::FnOnce<Args>>::call_once::hbe0a008aa7d9ef59
[INFO] [stdout]                                at /rustc/1b7dd2252b99671ce5d1cb9664c5f8636329436d/library/alloc/src/boxed.rs:1973:9
[INFO] [stdout]   45:     0x558f3003ac45 - std::sys::unix::thread::Thread::new::thread_start::h3a466996bdf6b1f9
[INFO] [stdout]                                at /rustc/1b7dd2252b99671ce5d1cb9664c5f8636329436d/library/std/src/sys/unix/thread.rs:108:17
[INFO] [stdout]   46:     0x7fddd4a09b43 - <unknown>
[INFO] [stdout]   47:     0x7fddd4a9abb4 - __clone
[INFO] [stdout]   48:                0x0 - <unknown>
[INFO] [stdout] 
[INFO] [stdout] 
[INFO] [stdout] failures:
[INFO] [stdout]     it_outputs_correct_matches_for_terraria_clone
[INFO] [stdout] 
[INFO] [stdout] test result: FAILED. 2 passed; 1 failed; 0 ignored; 0 measured; 0 filtered out; finished in 0.02s
[INFO] [stdout] 
[INFO] running `Command { std: "docker" "inspect" "a81972af7b56710d2846394e5b1f818a65bb184904a064400c74cada054eb6de", kill_on_drop: false }`
[INFO] running `Command { std: "docker" "rm" "-f" "a81972af7b56710d2846394e5b1f818a65bb184904a064400c74cada054eb6de", kill_on_drop: false }`
[INFO] [stdout] a81972af7b56710d2846394e5b1f818a65bb184904a064400c74cada054eb6de
