[INFO] fetching crate super-minigrep 0.1.0...
[INFO] testing super-minigrep-0.1.0 against 1.69.0 for beta-1.70-1
[INFO] extracting crate super-minigrep 0.1.0 into /workspace/builds/worker-5-tc1/source
[INFO] validating manifest of crates.io crate super-minigrep 0.1.0 on toolchain 1.69.0
[INFO] running `Command { std: CARGO_HOME="/workspace/cargo-home" RUSTUP_HOME="/workspace/rustup-home" "/workspace/cargo-home/bin/cargo" "+1.69.0" "metadata" "--manifest-path" "Cargo.toml" "--no-deps", kill_on_drop: false }`
[INFO] started tweaking crates.io crate super-minigrep 0.1.0
[INFO] finished tweaking crates.io crate super-minigrep 0.1.0
[INFO] tweaked toml for crates.io crate super-minigrep 0.1.0 written to /workspace/builds/worker-5-tc1/source/Cargo.toml
[INFO] crate crates.io crate super-minigrep 0.1.0 already has a lockfile, it will not be regenerated
[INFO] running `Command { std: CARGO_HOME="/workspace/cargo-home" RUSTUP_HOME="/workspace/rustup-home" "/workspace/cargo-home/bin/cargo" "+1.69.0" "fetch" "--manifest-path" "Cargo.toml", kill_on_drop: false }`
[INFO] running `Command { std: "docker" "create" "-v" "/var/lib/crater-agent-workspace/builds/worker-5-tc1/target:/opt/rustwide/target:rw,Z" "-v" "/var/lib/crater-agent-workspace/builds/worker-5-tc1/source:/opt/rustwide/workdir:ro,Z" "-v" "/var/lib/crater-agent-workspace/cargo-home:/opt/rustwide/cargo-home:ro,Z" "-v" "/var/lib/crater-agent-workspace/rustup-home:/opt/rustwide/rustup-home:ro,Z" "-e" "SOURCE_DIR=/opt/rustwide/workdir" "-e" "CARGO_TARGET_DIR=/opt/rustwide/target" "-e" "CARGO_HOME=/opt/rustwide/cargo-home" "-e" "RUSTUP_HOME=/opt/rustwide/rustup-home" "-w" "/opt/rustwide/workdir" "-m" "1610612736" "--user" "0:0" "--network" "none" "ghcr.io/rust-lang/crates-build-env/linux@sha256:5ff2268d62e97bff2cde7d5815dd6ed5b47097566f13b8d0ca110b04b60e07ed" "/opt/rustwide/cargo-home/bin/cargo" "+1.69.0" "metadata" "--no-deps" "--format-version=1", kill_on_drop: false }`
[INFO] [stdout] 6132cb363a52bb79848ab911f9bf3c540cba5511b6fc446347877946555aec77
[INFO] running `Command { std: "docker" "start" "-a" "6132cb363a52bb79848ab911f9bf3c540cba5511b6fc446347877946555aec77", kill_on_drop: false }`
[INFO] running `Command { std: "docker" "inspect" "6132cb363a52bb79848ab911f9bf3c540cba5511b6fc446347877946555aec77", kill_on_drop: false }`
[INFO] running `Command { std: "docker" "rm" "-f" "6132cb363a52bb79848ab911f9bf3c540cba5511b6fc446347877946555aec77", kill_on_drop: false }`
[INFO] [stdout] 6132cb363a52bb79848ab911f9bf3c540cba5511b6fc446347877946555aec77
[INFO] running `Command { std: "docker" "create" "-v" "/var/lib/crater-agent-workspace/builds/worker-5-tc1/target:/opt/rustwide/target:rw,Z" "-v" "/var/lib/crater-agent-workspace/builds/worker-5-tc1/source:/opt/rustwide/workdir:ro,Z" "-v" "/var/lib/crater-agent-workspace/cargo-home:/opt/rustwide/cargo-home:ro,Z" "-v" "/var/lib/crater-agent-workspace/rustup-home:/opt/rustwide/rustup-home:ro,Z" "-e" "SOURCE_DIR=/opt/rustwide/workdir" "-e" "CARGO_TARGET_DIR=/opt/rustwide/target" "-e" "CARGO_INCREMENTAL=0" "-e" "RUST_BACKTRACE=full" "-e" "RUSTFLAGS=--cap-lints=warn" "-e" "RUSTDOCFLAGS=--cap-lints=warn" "-e" "CARGO_HOME=/opt/rustwide/cargo-home" "-e" "RUSTUP_HOME=/opt/rustwide/rustup-home" "-w" "/opt/rustwide/workdir" "-m" "1610612736" "--user" "0:0" "--network" "none" "ghcr.io/rust-lang/crates-build-env/linux@sha256:5ff2268d62e97bff2cde7d5815dd6ed5b47097566f13b8d0ca110b04b60e07ed" "/opt/rustwide/cargo-home/bin/cargo" "+1.69.0" "build" "--frozen" "--message-format=json", kill_on_drop: false }`
[INFO] [stdout] 292f2091aa9a8f65071d06b06f8f5913a0b123af0c73011038fe27a27fbd107f
[INFO] running `Command { std: "docker" "start" "-a" "292f2091aa9a8f65071d06b06f8f5913a0b123af0c73011038fe27a27fbd107f", kill_on_drop: false }`
[INFO] [stderr]    Compiling super-minigrep v0.1.0 (/opt/rustwide/workdir)
[INFO] [stderr]     Finished dev [unoptimized + debuginfo] target(s) in 0.91s
[INFO] running `Command { std: "docker" "inspect" "292f2091aa9a8f65071d06b06f8f5913a0b123af0c73011038fe27a27fbd107f", kill_on_drop: false }`
[INFO] running `Command { std: "docker" "rm" "-f" "292f2091aa9a8f65071d06b06f8f5913a0b123af0c73011038fe27a27fbd107f", kill_on_drop: false }`
[INFO] [stdout] 292f2091aa9a8f65071d06b06f8f5913a0b123af0c73011038fe27a27fbd107f
[INFO] running `Command { std: "docker" "create" "-v" "/var/lib/crater-agent-workspace/builds/worker-5-tc1/target:/opt/rustwide/target:rw,Z" "-v" "/var/lib/crater-agent-workspace/builds/worker-5-tc1/source:/opt/rustwide/workdir:ro,Z" "-v" "/var/lib/crater-agent-workspace/cargo-home:/opt/rustwide/cargo-home:ro,Z" "-v" "/var/lib/crater-agent-workspace/rustup-home:/opt/rustwide/rustup-home:ro,Z" "-e" "SOURCE_DIR=/opt/rustwide/workdir" "-e" "CARGO_TARGET_DIR=/opt/rustwide/target" "-e" "CARGO_INCREMENTAL=0" "-e" "RUST_BACKTRACE=full" "-e" "RUSTFLAGS=--cap-lints=warn" "-e" "RUSTDOCFLAGS=--cap-lints=warn" "-e" "CARGO_HOME=/opt/rustwide/cargo-home" "-e" "RUSTUP_HOME=/opt/rustwide/rustup-home" "-w" "/opt/rustwide/workdir" "-m" "1610612736" "--user" "0:0" "--network" "none" "ghcr.io/rust-lang/crates-build-env/linux@sha256:5ff2268d62e97bff2cde7d5815dd6ed5b47097566f13b8d0ca110b04b60e07ed" "/opt/rustwide/cargo-home/bin/cargo" "+1.69.0" "test" "--frozen" "--no-run" "--message-format=json", kill_on_drop: false }`
[INFO] [stdout] 3724460387e22bba0150a1e311a6da6474ba6bb101dc5b05efa6b681895555a9
[INFO] running `Command { std: "docker" "start" "-a" "3724460387e22bba0150a1e311a6da6474ba6bb101dc5b05efa6b681895555a9", kill_on_drop: false }`
[INFO] [stderr]    Compiling super-minigrep v0.1.0 (/opt/rustwide/workdir)
[INFO] [stderr]     Finished test [unoptimized + debuginfo] target(s) in 0.71s
[INFO] running `Command { std: "docker" "inspect" "3724460387e22bba0150a1e311a6da6474ba6bb101dc5b05efa6b681895555a9", kill_on_drop: false }`
[INFO] running `Command { std: "docker" "rm" "-f" "3724460387e22bba0150a1e311a6da6474ba6bb101dc5b05efa6b681895555a9", kill_on_drop: false }`
[INFO] [stdout] 3724460387e22bba0150a1e311a6da6474ba6bb101dc5b05efa6b681895555a9
[INFO] running `Command { std: "docker" "create" "-v" "/var/lib/crater-agent-workspace/builds/worker-5-tc1/target:/opt/rustwide/target:rw,Z" "-v" "/var/lib/crater-agent-workspace/builds/worker-5-tc1/source:/opt/rustwide/workdir:ro,Z" "-v" "/var/lib/crater-agent-workspace/cargo-home:/opt/rustwide/cargo-home:ro,Z" "-v" "/var/lib/crater-agent-workspace/rustup-home:/opt/rustwide/rustup-home:ro,Z" "-e" "SOURCE_DIR=/opt/rustwide/workdir" "-e" "CARGO_TARGET_DIR=/opt/rustwide/target" "-e" "CARGO_INCREMENTAL=0" "-e" "RUST_BACKTRACE=full" "-e" "RUSTFLAGS=--cap-lints=warn" "-e" "RUSTDOCFLAGS=--cap-lints=warn" "-e" "CARGO_HOME=/opt/rustwide/cargo-home" "-e" "RUSTUP_HOME=/opt/rustwide/rustup-home" "-w" "/opt/rustwide/workdir" "-m" "1610612736" "--user" "0:0" "--network" "none" "ghcr.io/rust-lang/crates-build-env/linux@sha256:5ff2268d62e97bff2cde7d5815dd6ed5b47097566f13b8d0ca110b04b60e07ed" "/opt/rustwide/cargo-home/bin/cargo" "+1.69.0" "test" "--frozen", kill_on_drop: false }`
[INFO] [stdout] 79c615ba071cb3bb7a15d271bfceda145a0c49559055651b7e5826631e5a5d83
[INFO] running `Command { std: "docker" "start" "-a" "79c615ba071cb3bb7a15d271bfceda145a0c49559055651b7e5826631e5a5d83", kill_on_drop: false }`
[INFO] [stderr]     Finished test [unoptimized + debuginfo] target(s) in 0.00s
[INFO] [stderr]      Running unittests src/lib.rs (/opt/rustwide/target/debug/deps/super_minigrep-840b0e1d2d23f9b7)
[INFO] [stdout] 
[INFO] [stdout] running 1 test
[INFO] [stdout] test tests::one_result ... ok
[INFO] [stdout] 
[INFO] [stdout] test result: ok. 1 passed; 0 failed; 0 ignored; 0 measured; 0 filtered out; finished in 0.00s
[INFO] [stdout] 
[INFO] [stderr]      Running unittests src/main.rs (/opt/rustwide/target/debug/deps/super_minigrep-2d1fba668c204090)
[INFO] [stdout] 
[INFO] [stdout] running 0 tests
[INFO] [stdout] 
[INFO] [stdout] test result: ok. 0 passed; 0 failed; 0 ignored; 0 measured; 0 filtered out; finished in 0.00s
[INFO] [stdout] 
[INFO] [stderr]    Doc-tests super-minigrep
[INFO] [stdout] 
[INFO] [stdout] running 1 test
[INFO] [stdout] test src/lib.rs - Config::build (line 12) ... FAILED
[INFO] [stdout] 
[INFO] [stdout] failures:
[INFO] [stdout] 
[INFO] [stdout] ---- src/lib.rs - Config::build (line 12) stdout ----
[INFO] [stdout] error[E0412]: cannot find type `Cargo` in this scope
[INFO] [stdout]  --> src/lib.rs:13:12
[INFO] [stdout]   |
[INFO] [stdout] 3 | let cargo: Cargo = Cargo::build(env::args());
[INFO] [stdout]   |            ^^^^^ not found in this scope
[INFO] [stdout] 
[INFO] [stdout] error[E0433]: failed to resolve: use of undeclared type `Cargo`
[INFO] [stdout]  --> src/lib.rs:13:20
[INFO] [stdout]   |
[INFO] [stdout] 3 | let cargo: Cargo = Cargo::build(env::args());
[INFO] [stdout]   |                    ^^^^^ use of undeclared type `Cargo`
[INFO] [stdout] 
[INFO] [stdout] error[E0433]: failed to resolve: use of undeclared crate or module `env`
[INFO] [stdout]  --> src/lib.rs:13:33
[INFO] [stdout]   |
[INFO] [stdout] 3 | let cargo: Cargo = Cargo::build(env::args());
[INFO] [stdout]   |                                 ^^^ use of undeclared crate or module `env`
[INFO] [stdout] 
[INFO] [stdout] error: aborting due to 3 previous errors
[INFO] [stdout] 
[INFO] [stdout] Some errors have detailed explanations: E0412, E0433.
[INFO] [stdout] For more information about an error, try `rustc --explain E0412`.
[INFO] [stdout] Couldn't compile the test.
[INFO] [stdout] 
[INFO] [stdout] failures:
[INFO] [stdout]     src/lib.rs - Config::build (line 12)
[INFO] [stdout] 
[INFO] [stdout] test result: FAILED. 0 passed; 1 failed; 0 ignored; 0 measured; 0 filtered out; finished in 0.04s
[INFO] [stdout] 
[INFO] [stderr] error: doctest failed, to rerun pass `--doc`
[INFO] running `Command { std: "docker" "inspect" "79c615ba071cb3bb7a15d271bfceda145a0c49559055651b7e5826631e5a5d83", kill_on_drop: false }`
[INFO] running `Command { std: "docker" "rm" "-f" "79c615ba071cb3bb7a15d271bfceda145a0c49559055651b7e5826631e5a5d83", kill_on_drop: false }`
[INFO] [stdout] 79c615ba071cb3bb7a15d271bfceda145a0c49559055651b7e5826631e5a5d83
