[INFO] fetching crate supabase-wrappers-macros 0.1.10...
[INFO] testing supabase-wrappers-macros-0.1.10 against 1.69.0 for beta-1.70-1
[INFO] extracting crate supabase-wrappers-macros 0.1.10 into /workspace/builds/worker-2-tc1/source
[INFO] validating manifest of crates.io crate supabase-wrappers-macros 0.1.10 on toolchain 1.69.0
[INFO] running `Command { std: CARGO_HOME="/workspace/cargo-home" RUSTUP_HOME="/workspace/rustup-home" "/workspace/cargo-home/bin/cargo" "+1.69.0" "metadata" "--manifest-path" "Cargo.toml" "--no-deps", kill_on_drop: false }`
[INFO] started tweaking crates.io crate supabase-wrappers-macros 0.1.10
[INFO] finished tweaking crates.io crate supabase-wrappers-macros 0.1.10
[INFO] tweaked toml for crates.io crate supabase-wrappers-macros 0.1.10 written to /workspace/builds/worker-2-tc1/source/Cargo.toml
[INFO] running `Command { std: CARGO_HOME="/workspace/cargo-home" RUSTUP_HOME="/workspace/rustup-home" __CARGO_TEST_CHANNEL_OVERRIDE_DO_NOT_USE_THIS="nightly" "/workspace/cargo-home/bin/cargo" "+1.69.0" "generate-lockfile" "--manifest-path" "Cargo.toml" "-Zno-index-update", kill_on_drop: false }`
[INFO] running `Command { std: CARGO_HOME="/workspace/cargo-home" RUSTUP_HOME="/workspace/rustup-home" "/workspace/cargo-home/bin/cargo" "+1.69.0" "fetch" "--manifest-path" "Cargo.toml", kill_on_drop: false }`
[INFO] running `Command { std: "docker" "create" "-v" "/var/lib/crater-agent-workspace/builds/worker-2-tc1/target:/opt/rustwide/target:rw,Z" "-v" "/var/lib/crater-agent-workspace/builds/worker-2-tc1/source:/opt/rustwide/workdir:ro,Z" "-v" "/var/lib/crater-agent-workspace/cargo-home:/opt/rustwide/cargo-home:ro,Z" "-v" "/var/lib/crater-agent-workspace/rustup-home:/opt/rustwide/rustup-home:ro,Z" "-e" "SOURCE_DIR=/opt/rustwide/workdir" "-e" "CARGO_TARGET_DIR=/opt/rustwide/target" "-e" "CARGO_HOME=/opt/rustwide/cargo-home" "-e" "RUSTUP_HOME=/opt/rustwide/rustup-home" "-w" "/opt/rustwide/workdir" "-m" "1610612736" "--user" "0:0" "--network" "none" "ghcr.io/rust-lang/crates-build-env/linux@sha256:5ff2268d62e97bff2cde7d5815dd6ed5b47097566f13b8d0ca110b04b60e07ed" "/opt/rustwide/cargo-home/bin/cargo" "+1.69.0" "metadata" "--no-deps" "--format-version=1", kill_on_drop: false }`
[INFO] [stdout] feedd20e7f3bfc76010efae52572fa8e5d28d83bf356a658a860881fad8f58bf
[INFO] running `Command { std: "docker" "start" "-a" "feedd20e7f3bfc76010efae52572fa8e5d28d83bf356a658a860881fad8f58bf", kill_on_drop: false }`
[INFO] running `Command { std: "docker" "inspect" "feedd20e7f3bfc76010efae52572fa8e5d28d83bf356a658a860881fad8f58bf", kill_on_drop: false }`
[INFO] running `Command { std: "docker" "rm" "-f" "feedd20e7f3bfc76010efae52572fa8e5d28d83bf356a658a860881fad8f58bf", kill_on_drop: false }`
[INFO] [stdout] feedd20e7f3bfc76010efae52572fa8e5d28d83bf356a658a860881fad8f58bf
[INFO] running `Command { std: "docker" "create" "-v" "/var/lib/crater-agent-workspace/builds/worker-2-tc1/target:/opt/rustwide/target:rw,Z" "-v" "/var/lib/crater-agent-workspace/builds/worker-2-tc1/source:/opt/rustwide/workdir:ro,Z" "-v" "/var/lib/crater-agent-workspace/cargo-home:/opt/rustwide/cargo-home:ro,Z" "-v" "/var/lib/crater-agent-workspace/rustup-home:/opt/rustwide/rustup-home:ro,Z" "-e" "SOURCE_DIR=/opt/rustwide/workdir" "-e" "CARGO_TARGET_DIR=/opt/rustwide/target" "-e" "CARGO_INCREMENTAL=0" "-e" "RUST_BACKTRACE=full" "-e" "RUSTFLAGS=--cap-lints=warn" "-e" "RUSTDOCFLAGS=--cap-lints=warn" "-e" "CARGO_HOME=/opt/rustwide/cargo-home" "-e" "RUSTUP_HOME=/opt/rustwide/rustup-home" "-w" "/opt/rustwide/workdir" "-m" "1610612736" "--user" "0:0" "--network" "none" "ghcr.io/rust-lang/crates-build-env/linux@sha256:5ff2268d62e97bff2cde7d5815dd6ed5b47097566f13b8d0ca110b04b60e07ed" "/opt/rustwide/cargo-home/bin/cargo" "+1.69.0" "build" "--frozen" "--message-format=json", kill_on_drop: false }`
[INFO] [stdout] 490bbe8d2ac3e0de71e42bb84f5cf43f840ed2af6403c800ab0ae50d485b8b99
[INFO] running `Command { std: "docker" "start" "-a" "490bbe8d2ac3e0de71e42bb84f5cf43f840ed2af6403c800ab0ae50d485b8b99", kill_on_drop: false }`
[INFO] [stderr]    Compiling proc-macro2 v1.0.56
[INFO] [stderr]    Compiling unicode-ident v1.0.8
[INFO] [stderr]    Compiling quote v1.0.26
[INFO] [stderr]    Compiling syn v1.0.109
[INFO] [stderr]    Compiling supabase-wrappers-macros v0.1.10 (/opt/rustwide/workdir)
[INFO] [stderr]     Finished dev [unoptimized + debuginfo] target(s) in 6.84s
[INFO] running `Command { std: "docker" "inspect" "490bbe8d2ac3e0de71e42bb84f5cf43f840ed2af6403c800ab0ae50d485b8b99", kill_on_drop: false }`
[INFO] running `Command { std: "docker" "rm" "-f" "490bbe8d2ac3e0de71e42bb84f5cf43f840ed2af6403c800ab0ae50d485b8b99", kill_on_drop: false }`
[INFO] [stdout] 490bbe8d2ac3e0de71e42bb84f5cf43f840ed2af6403c800ab0ae50d485b8b99
[INFO] running `Command { std: "docker" "create" "-v" "/var/lib/crater-agent-workspace/builds/worker-2-tc1/target:/opt/rustwide/target:rw,Z" "-v" "/var/lib/crater-agent-workspace/builds/worker-2-tc1/source:/opt/rustwide/workdir:ro,Z" "-v" "/var/lib/crater-agent-workspace/cargo-home:/opt/rustwide/cargo-home:ro,Z" "-v" "/var/lib/crater-agent-workspace/rustup-home:/opt/rustwide/rustup-home:ro,Z" "-e" "SOURCE_DIR=/opt/rustwide/workdir" "-e" "CARGO_TARGET_DIR=/opt/rustwide/target" "-e" "CARGO_INCREMENTAL=0" "-e" "RUST_BACKTRACE=full" "-e" "RUSTFLAGS=--cap-lints=warn" "-e" "RUSTDOCFLAGS=--cap-lints=warn" "-e" "CARGO_HOME=/opt/rustwide/cargo-home" "-e" "RUSTUP_HOME=/opt/rustwide/rustup-home" "-w" "/opt/rustwide/workdir" "-m" "1610612736" "--user" "0:0" "--network" "none" "ghcr.io/rust-lang/crates-build-env/linux@sha256:5ff2268d62e97bff2cde7d5815dd6ed5b47097566f13b8d0ca110b04b60e07ed" "/opt/rustwide/cargo-home/bin/cargo" "+1.69.0" "test" "--frozen" "--no-run" "--message-format=json", kill_on_drop: false }`
[INFO] [stdout] c8a3811e24fcaa9a27bbfc0f690e58dc511fe73ccbb0ebf482ed87d4cb1311d7
[INFO] running `Command { std: "docker" "start" "-a" "c8a3811e24fcaa9a27bbfc0f690e58dc511fe73ccbb0ebf482ed87d4cb1311d7", kill_on_drop: false }`
[INFO] [stderr]    Compiling supabase-wrappers-macros v0.1.10 (/opt/rustwide/workdir)
[INFO] [stderr]     Finished test [unoptimized + debuginfo] target(s) in 0.89s
[INFO] running `Command { std: "docker" "inspect" "c8a3811e24fcaa9a27bbfc0f690e58dc511fe73ccbb0ebf482ed87d4cb1311d7", kill_on_drop: false }`
[INFO] running `Command { std: "docker" "rm" "-f" "c8a3811e24fcaa9a27bbfc0f690e58dc511fe73ccbb0ebf482ed87d4cb1311d7", kill_on_drop: false }`
[INFO] [stdout] c8a3811e24fcaa9a27bbfc0f690e58dc511fe73ccbb0ebf482ed87d4cb1311d7
[INFO] running `Command { std: "docker" "create" "-v" "/var/lib/crater-agent-workspace/builds/worker-2-tc1/target:/opt/rustwide/target:rw,Z" "-v" "/var/lib/crater-agent-workspace/builds/worker-2-tc1/source:/opt/rustwide/workdir:ro,Z" "-v" "/var/lib/crater-agent-workspace/cargo-home:/opt/rustwide/cargo-home:ro,Z" "-v" "/var/lib/crater-agent-workspace/rustup-home:/opt/rustwide/rustup-home:ro,Z" "-e" "SOURCE_DIR=/opt/rustwide/workdir" "-e" "CARGO_TARGET_DIR=/opt/rustwide/target" "-e" "CARGO_INCREMENTAL=0" "-e" "RUST_BACKTRACE=full" "-e" "RUSTFLAGS=--cap-lints=warn" "-e" "RUSTDOCFLAGS=--cap-lints=warn" "-e" "CARGO_HOME=/opt/rustwide/cargo-home" "-e" "RUSTUP_HOME=/opt/rustwide/rustup-home" "-w" "/opt/rustwide/workdir" "-m" "1610612736" "--user" "0:0" "--network" "none" "ghcr.io/rust-lang/crates-build-env/linux@sha256:5ff2268d62e97bff2cde7d5815dd6ed5b47097566f13b8d0ca110b04b60e07ed" "/opt/rustwide/cargo-home/bin/cargo" "+1.69.0" "test" "--frozen", kill_on_drop: false }`
[INFO] [stdout] c03f0a366dc519a9762ac70bf7bbea1ca04a5782a0ca170675a0a81cf541aa9b
[INFO] running `Command { std: "docker" "start" "-a" "c03f0a366dc519a9762ac70bf7bbea1ca04a5782a0ca170675a0a81cf541aa9b", kill_on_drop: false }`
[INFO] [stderr]     Finished test [unoptimized + debuginfo] target(s) in 0.02s
[INFO] [stderr]      Running unittests src/lib.rs (/opt/rustwide/target/debug/deps/supabase_wrappers_macros-3b7af4336b5fb75a)
[INFO] [stdout] 
[INFO] [stdout] running 0 tests
[INFO] [stdout] 
[INFO] [stdout] test result: ok. 0 passed; 0 failed; 0 ignored; 0 measured; 0 filtered out; finished in 0.00s
[INFO] [stdout] 
[INFO] [stderr]    Doc-tests supabase-wrappers-macros
[INFO] [stdout] 
[INFO] [stdout] running 1 test
[INFO] [stdout] test src/lib.rs - wrappers_fdw (line 17) - compile ... FAILED
[INFO] [stdout] 
[INFO] [stdout] failures:
[INFO] [stdout] 
[INFO] [stdout] ---- src/lib.rs - wrappers_fdw (line 17) stdout ----
[INFO] [stdout] error[E0433]: failed to resolve: use of undeclared crate or module `supabase_wrappers`
[INFO] [stdout]  --> src/lib.rs:18:5
[INFO] [stdout]   |
[INFO] [stdout] 3 | use supabase_wrappers::prelude::*;
[INFO] [stdout]   |     ^^^^^^^^^^^^^^^^^ use of undeclared crate or module `supabase_wrappers`
[INFO] [stdout] 
[INFO] [stdout] error: cannot find attribute `wrappers_fdw` in this scope
[INFO] [stdout]  --> src/lib.rs:20:3
[INFO] [stdout]   |
[INFO] [stdout] 5 | #[wrappers_fdw(
[INFO] [stdout]   |   ^^^^^^^^^^^^
[INFO] [stdout]   |
[INFO] [stdout]   = help: consider importing this attribute macro:
[INFO] [stdout]           supabase_wrappers_macros::wrappers_fdw
[INFO] [stdout] 
[INFO] [stdout] error: aborting due to 2 previous errors
[INFO] [stdout] 
[INFO] [stdout] For more information about this error, try `rustc --explain E0433`.
[INFO] [stdout] Couldn't compile the test.
[INFO] [stdout] 
[INFO] [stdout] failures:
[INFO] [stdout]     src/lib.rs - wrappers_fdw (line 17)
[INFO] [stdout] 
[INFO] [stdout] test result: FAILED. 0 passed; 1 failed; 0 ignored; 0 measured; 0 filtered out; finished in 0.04s
[INFO] [stdout] 
[INFO] [stderr] error: doctest failed, to rerun pass `--doc`
[INFO] running `Command { std: "docker" "inspect" "c03f0a366dc519a9762ac70bf7bbea1ca04a5782a0ca170675a0a81cf541aa9b", kill_on_drop: false }`
[INFO] running `Command { std: "docker" "rm" "-f" "c03f0a366dc519a9762ac70bf7bbea1ca04a5782a0ca170675a0a81cf541aa9b", kill_on_drop: false }`
[INFO] [stdout] c03f0a366dc519a9762ac70bf7bbea1ca04a5782a0ca170675a0a81cf541aa9b
