[INFO] fetching crate suitcase 0.1.3...
[INFO] testing suitcase-0.1.3 against 1.69.0 for beta-1.70-1
[INFO] extracting crate suitcase 0.1.3 into /workspace/builds/worker-5-tc1/source
[INFO] validating manifest of crates.io crate suitcase 0.1.3 on toolchain 1.69.0
[INFO] running `Command { std: CARGO_HOME="/workspace/cargo-home" RUSTUP_HOME="/workspace/rustup-home" "/workspace/cargo-home/bin/cargo" "+1.69.0" "metadata" "--manifest-path" "Cargo.toml" "--no-deps", kill_on_drop: false }`
[INFO] started tweaking crates.io crate suitcase 0.1.3
[INFO] finished tweaking crates.io crate suitcase 0.1.3
[INFO] tweaked toml for crates.io crate suitcase 0.1.3 written to /workspace/builds/worker-5-tc1/source/Cargo.toml
[INFO] crate crates.io crate suitcase 0.1.3 already has a lockfile, it will not be regenerated
[INFO] running `Command { std: CARGO_HOME="/workspace/cargo-home" RUSTUP_HOME="/workspace/rustup-home" "/workspace/cargo-home/bin/cargo" "+1.69.0" "fetch" "--manifest-path" "Cargo.toml", kill_on_drop: false }`
[INFO] [stderr]  Downloading crates ...
[INFO] [stderr]   Downloaded spinners v4.1.0
[INFO] running `Command { std: "docker" "create" "-v" "/var/lib/crater-agent-workspace/builds/worker-5-tc1/target:/opt/rustwide/target:rw,Z" "-v" "/var/lib/crater-agent-workspace/builds/worker-5-tc1/source:/opt/rustwide/workdir:ro,Z" "-v" "/var/lib/crater-agent-workspace/cargo-home:/opt/rustwide/cargo-home:ro,Z" "-v" "/var/lib/crater-agent-workspace/rustup-home:/opt/rustwide/rustup-home:ro,Z" "-e" "SOURCE_DIR=/opt/rustwide/workdir" "-e" "CARGO_TARGET_DIR=/opt/rustwide/target" "-e" "CARGO_HOME=/opt/rustwide/cargo-home" "-e" "RUSTUP_HOME=/opt/rustwide/rustup-home" "-w" "/opt/rustwide/workdir" "-m" "1610612736" "--user" "0:0" "--network" "none" "ghcr.io/rust-lang/crates-build-env/linux@sha256:5ff2268d62e97bff2cde7d5815dd6ed5b47097566f13b8d0ca110b04b60e07ed" "/opt/rustwide/cargo-home/bin/cargo" "+1.69.0" "metadata" "--no-deps" "--format-version=1", kill_on_drop: false }`
[INFO] [stdout] 9bfb22f9e62c8d0c80331a1a2a3d422e8c29e6fbd50c8a57eba39ed878b0502d
[INFO] running `Command { std: "docker" "start" "-a" "9bfb22f9e62c8d0c80331a1a2a3d422e8c29e6fbd50c8a57eba39ed878b0502d", kill_on_drop: false }`
[INFO] running `Command { std: "docker" "inspect" "9bfb22f9e62c8d0c80331a1a2a3d422e8c29e6fbd50c8a57eba39ed878b0502d", kill_on_drop: false }`
[INFO] running `Command { std: "docker" "rm" "-f" "9bfb22f9e62c8d0c80331a1a2a3d422e8c29e6fbd50c8a57eba39ed878b0502d", kill_on_drop: false }`
[INFO] [stdout] 9bfb22f9e62c8d0c80331a1a2a3d422e8c29e6fbd50c8a57eba39ed878b0502d
[INFO] running `Command { std: "docker" "create" "-v" "/var/lib/crater-agent-workspace/builds/worker-5-tc1/target:/opt/rustwide/target:rw,Z" "-v" "/var/lib/crater-agent-workspace/builds/worker-5-tc1/source:/opt/rustwide/workdir:ro,Z" "-v" "/var/lib/crater-agent-workspace/cargo-home:/opt/rustwide/cargo-home:ro,Z" "-v" "/var/lib/crater-agent-workspace/rustup-home:/opt/rustwide/rustup-home:ro,Z" "-e" "SOURCE_DIR=/opt/rustwide/workdir" "-e" "CARGO_TARGET_DIR=/opt/rustwide/target" "-e" "CARGO_INCREMENTAL=0" "-e" "RUST_BACKTRACE=full" "-e" "RUSTFLAGS=--cap-lints=warn" "-e" "RUSTDOCFLAGS=--cap-lints=warn" "-e" "CARGO_HOME=/opt/rustwide/cargo-home" "-e" "RUSTUP_HOME=/opt/rustwide/rustup-home" "-w" "/opt/rustwide/workdir" "-m" "1610612736" "--user" "0:0" "--network" "none" "ghcr.io/rust-lang/crates-build-env/linux@sha256:5ff2268d62e97bff2cde7d5815dd6ed5b47097566f13b8d0ca110b04b60e07ed" "/opt/rustwide/cargo-home/bin/cargo" "+1.69.0" "build" "--frozen" "--message-format=json", kill_on_drop: false }`
[INFO] [stdout] 5471465f7cfc22000f620cd936f3c6de46ac374cf8ec9313490b594255280d2b
[INFO] running `Command { std: "docker" "start" "-a" "5471465f7cfc22000f620cd936f3c6de46ac374cf8ec9313490b594255280d2b", kill_on_drop: false }`
[INFO] [stderr]    Compiling proc-macro2 v1.0.52
[INFO] [stderr]    Compiling libc v0.2.140
[INFO] [stderr]    Compiling syn v1.0.109
[INFO] [stderr]    Compiling io-lifetimes v1.0.6
[INFO] [stderr]    Compiling rustversion v1.0.12
[INFO] [stderr]    Compiling rustix v0.36.9
[INFO] [stderr]    Compiling heck v0.4.1
[INFO] [stderr]    Compiling linux-raw-sys v0.1.4
[INFO] [stderr]    Compiling bitflags v1.3.2
[INFO] [stderr]    Compiling log v0.4.17
[INFO] [stderr]    Compiling serde v1.0.156
[INFO] [stderr]    Compiling proc-macro-error-attr v1.0.4
[INFO] [stderr]    Compiling num-traits v0.2.15
[INFO] [stderr]    Compiling proc-macro-error v1.0.4
[INFO] [stderr]    Compiling num-integer v0.1.45
[INFO] [stderr]    Compiling indexmap v1.9.2
[INFO] [stderr]    Compiling aho-corasick v0.7.20
[INFO] [stderr]    Compiling os_str_bytes v6.4.1
[INFO] [stderr]    Compiling anyhow v1.0.69
[INFO] [stderr]    Compiling regex-syntax v0.6.28
[INFO] [stderr]    Compiling termcolor v1.2.0
[INFO] [stderr]    Compiling hashbrown v0.12.3
[INFO] [stderr]    Compiling thiserror v1.0.39
[INFO] [stderr]    Compiling clap_lex v0.3.2
[INFO] [stderr]    Compiling unsafe-libyaml v0.2.7
[INFO] [stderr]    Compiling strsim v0.10.0
[INFO] [stderr]    Compiling iana-time-zone v0.1.53
[INFO] [stderr]    Compiling maplit v1.0.2
[INFO] [stderr]    Compiling humantime v2.1.0
[INFO] [stderr]    Compiling quote v1.0.26
[INFO] [stderr]    Compiling regex v1.7.1
[INFO] [stderr]    Compiling atty v0.2.14
[INFO] [stderr]    Compiling time v0.1.45
[INFO] [stderr]    Compiling colored v2.0.0
[INFO] [stderr]    Compiling chrono v0.4.24
[INFO] [stderr]    Compiling is-terminal v0.4.4
[INFO] [stderr]    Compiling env_logger v0.10.0
[INFO] [stderr]    Compiling serde_yaml v0.9.19
[INFO] [stderr]    Compiling strum_macros v0.24.3
[INFO] [stderr]    Compiling thiserror-impl v1.0.39
[INFO] [stderr]    Compiling clap_derive v4.1.8
[INFO] [stderr]    Compiling strum v0.24.1
[INFO] [stderr]    Compiling spinners v4.1.0
[INFO] [stderr]    Compiling clap v4.1.8
[INFO] [stderr]    Compiling suitcase v0.1.3 (/opt/rustwide/workdir)
[INFO] [stderr]     Finished dev [unoptimized + debuginfo] target(s) in 12.10s
[INFO] running `Command { std: "docker" "inspect" "5471465f7cfc22000f620cd936f3c6de46ac374cf8ec9313490b594255280d2b", kill_on_drop: false }`
[INFO] running `Command { std: "docker" "rm" "-f" "5471465f7cfc22000f620cd936f3c6de46ac374cf8ec9313490b594255280d2b", kill_on_drop: false }`
[INFO] [stdout] 5471465f7cfc22000f620cd936f3c6de46ac374cf8ec9313490b594255280d2b
[INFO] running `Command { std: "docker" "create" "-v" "/var/lib/crater-agent-workspace/builds/worker-5-tc1/target:/opt/rustwide/target:rw,Z" "-v" "/var/lib/crater-agent-workspace/builds/worker-5-tc1/source:/opt/rustwide/workdir:ro,Z" "-v" "/var/lib/crater-agent-workspace/cargo-home:/opt/rustwide/cargo-home:ro,Z" "-v" "/var/lib/crater-agent-workspace/rustup-home:/opt/rustwide/rustup-home:ro,Z" "-e" "SOURCE_DIR=/opt/rustwide/workdir" "-e" "CARGO_TARGET_DIR=/opt/rustwide/target" "-e" "CARGO_INCREMENTAL=0" "-e" "RUST_BACKTRACE=full" "-e" "RUSTFLAGS=--cap-lints=warn" "-e" "RUSTDOCFLAGS=--cap-lints=warn" "-e" "CARGO_HOME=/opt/rustwide/cargo-home" "-e" "RUSTUP_HOME=/opt/rustwide/rustup-home" "-w" "/opt/rustwide/workdir" "-m" "1610612736" "--user" "0:0" "--network" "none" "ghcr.io/rust-lang/crates-build-env/linux@sha256:5ff2268d62e97bff2cde7d5815dd6ed5b47097566f13b8d0ca110b04b60e07ed" "/opt/rustwide/cargo-home/bin/cargo" "+1.69.0" "test" "--frozen" "--no-run" "--message-format=json", kill_on_drop: false }`
[INFO] [stdout] 26d837e1cb4e65770fc000d5ce0663f8acfd263c1d586ab37cf6a8dbb4e9ca36
[INFO] running `Command { std: "docker" "start" "-a" "26d837e1cb4e65770fc000d5ce0663f8acfd263c1d586ab37cf6a8dbb4e9ca36", kill_on_drop: false }`
[INFO] [stderr]    Compiling suitcase v0.1.3 (/opt/rustwide/workdir)
[INFO] [stderr]     Finished test [unoptimized + debuginfo] target(s) in 0.87s
[INFO] running `Command { std: "docker" "inspect" "26d837e1cb4e65770fc000d5ce0663f8acfd263c1d586ab37cf6a8dbb4e9ca36", kill_on_drop: false }`
[INFO] running `Command { std: "docker" "rm" "-f" "26d837e1cb4e65770fc000d5ce0663f8acfd263c1d586ab37cf6a8dbb4e9ca36", kill_on_drop: false }`
[INFO] [stdout] 26d837e1cb4e65770fc000d5ce0663f8acfd263c1d586ab37cf6a8dbb4e9ca36
[INFO] running `Command { std: "docker" "create" "-v" "/var/lib/crater-agent-workspace/builds/worker-5-tc1/target:/opt/rustwide/target:rw,Z" "-v" "/var/lib/crater-agent-workspace/builds/worker-5-tc1/source:/opt/rustwide/workdir:ro,Z" "-v" "/var/lib/crater-agent-workspace/cargo-home:/opt/rustwide/cargo-home:ro,Z" "-v" "/var/lib/crater-agent-workspace/rustup-home:/opt/rustwide/rustup-home:ro,Z" "-e" "SOURCE_DIR=/opt/rustwide/workdir" "-e" "CARGO_TARGET_DIR=/opt/rustwide/target" "-e" "CARGO_INCREMENTAL=0" "-e" "RUST_BACKTRACE=full" "-e" "RUSTFLAGS=--cap-lints=warn" "-e" "RUSTDOCFLAGS=--cap-lints=warn" "-e" "CARGO_HOME=/opt/rustwide/cargo-home" "-e" "RUSTUP_HOME=/opt/rustwide/rustup-home" "-w" "/opt/rustwide/workdir" "-m" "1610612736" "--user" "0:0" "--network" "none" "ghcr.io/rust-lang/crates-build-env/linux@sha256:5ff2268d62e97bff2cde7d5815dd6ed5b47097566f13b8d0ca110b04b60e07ed" "/opt/rustwide/cargo-home/bin/cargo" "+1.69.0" "test" "--frozen", kill_on_drop: false }`
[INFO] [stdout] 9eba07e11534b894bb3eb629b729fc2e83405660509cd029d6f3c51be9dad9b1
[INFO] running `Command { std: "docker" "start" "-a" "9eba07e11534b894bb3eb629b729fc2e83405660509cd029d6f3c51be9dad9b1", kill_on_drop: false }`
[INFO] [stderr]     Finished test [unoptimized + debuginfo] target(s) in 0.07s
[INFO] [stderr]      Running unittests src/lib.rs (/opt/rustwide/target/debug/deps/suitcase-0d326f6812a45a5a)
[INFO] [stdout] 
[INFO] [stdout] running 0 tests
[INFO] [stdout] 
[INFO] [stdout] test result: ok. 0 passed; 0 failed; 0 ignored; 0 measured; 0 filtered out; finished in 0.00s
[INFO] [stdout] 
[INFO] [stderr]      Running unittests src/bin/ford.rs (/opt/rustwide/target/debug/deps/ford-bdd32b42aae5b3f5)
[INFO] [stdout] 
[INFO] [stdout] running 0 tests
[INFO] [stdout] 
[INFO] [stdout] test result: ok. 0 passed; 0 failed; 0 ignored; 0 measured; 0 filtered out; finished in 0.00s
[INFO] [stdout] 
[INFO] [stderr]      Running unittests src/bin/fua.rs (/opt/rustwide/target/debug/deps/fua-2b738596918fc59f)
[INFO] [stdout] 
[INFO] [stdout] running 0 tests
[INFO] [stdout] 
[INFO] [stdout] test result: ok. 0 passed; 0 failed; 0 ignored; 0 measured; 0 filtered out; finished in 0.00s
[INFO] [stdout] 
[INFO] [stderr]      Running unittests src/bin/gho.rs (/opt/rustwide/target/debug/deps/gho-7e7dbc3bc2bed987)
[INFO] [stdout] 
[INFO] [stdout] running 0 tests
[INFO] [stdout] 
[INFO] [stdout] test result: ok. 0 passed; 0 failed; 0 ignored; 0 measured; 0 filtered out; finished in 0.00s
[INFO] [stdout] 
[INFO] [stderr]      Running unittests src/main.rs (/opt/rustwide/target/debug/deps/suitcase-c8c1eeb8b6a0ebbf)
[INFO] [stdout] 
[INFO] [stdout] running 0 tests
[INFO] [stdout] 
[INFO] [stdout] test result: ok. 0 passed; 0 failed; 0 ignored; 0 measured; 0 filtered out; finished in 0.00s
[INFO] [stdout] 
[INFO] [stderr]    Doc-tests suitcase
[INFO] [stdout] 
[INFO] [stdout] running 3 tests
[INFO] [stdout] test src/internal/progress/mod.rs - internal::progress::progress (line 85) - compile ... FAILED
[INFO] [stdout] test src/internal/shell.rs - internal::shell::exec_on (line 123) - compile ... FAILED
[INFO] [stdout] test src/internal/shell.rs - internal::shell::args (line 106) ... ok
[INFO] [stdout] 
[INFO] [stdout] failures:
[INFO] [stdout] 
[INFO] [stdout] ---- src/internal/progress/mod.rs - internal::progress::progress (line 85) stdout ----
[INFO] [stdout] error: cannot find macro `progress` in this scope
[INFO] [stdout]  --> src/internal/progress/mod.rs:86:11
[INFO] [stdout]   |
[INFO] [stdout] 3 | let num = progress!("get number", get_number());
[INFO] [stdout]   |           ^^^^^^^^
[INFO] [stdout]   |
[INFO] [stdout]   = help: consider importing this macro:
[INFO] [stdout]           suitcase::progress
[INFO] [stdout] 
[INFO] [stdout] error: aborting due to previous error
[INFO] [stdout] 
[INFO] [stdout] Couldn't compile the test.
[INFO] [stdout] ---- src/internal/shell.rs - internal::shell::exec_on (line 123) stdout ----
[INFO] [stdout] error: cannot find macro `exec_on` in this scope
[INFO] [stdout]  --> src/internal/shell.rs:126:14
[INFO] [stdout]   |
[INFO] [stdout] 6 | let result = exec_on!(shell, "echo", "hello world").unwrap();
[INFO] [stdout]   |              ^^^^^^^
[INFO] [stdout]   |
[INFO] [stdout]   = help: consider importing this macro:
[INFO] [stdout]           suitcase::exec_on
[INFO] [stdout] 
[INFO] [stdout] error: aborting due to previous error
[INFO] [stdout] 
[INFO] [stdout] Couldn't compile the test.
[INFO] [stdout] 
[INFO] [stdout] failures:
[INFO] [stdout]     src/internal/progress/mod.rs - internal::progress::progress (line 85)
[INFO] [stdout]     src/internal/shell.rs - internal::shell::exec_on (line 123)
[INFO] [stdout] 
[INFO] [stdout] test result: FAILED. 1 passed; 2 failed; 0 ignored; 0 measured; 0 filtered out; finished in 0.40s
[INFO] [stdout] 
[INFO] [stderr] error: doctest failed, to rerun pass `--doc`
[INFO] running `Command { std: "docker" "inspect" "9eba07e11534b894bb3eb629b729fc2e83405660509cd029d6f3c51be9dad9b1", kill_on_drop: false }`
[INFO] running `Command { std: "docker" "rm" "-f" "9eba07e11534b894bb3eb629b729fc2e83405660509cd029d6f3c51be9dad9b1", kill_on_drop: false }`
[INFO] [stdout] 9eba07e11534b894bb3eb629b729fc2e83405660509cd029d6f3c51be9dad9b1
