[INFO] fetching crate stytch 0.2.1...
[INFO] testing stytch-0.2.1 against beta-2023-04-20 for beta-1.70-1
[INFO] extracting crate stytch 0.2.1 into /workspace/builds/worker-7-tc2/source
[INFO] validating manifest of crates.io crate stytch 0.2.1 on toolchain beta-2023-04-20
[INFO] running `Command { std: CARGO_HOME="/workspace/cargo-home" RUSTUP_HOME="/workspace/rustup-home" "/workspace/cargo-home/bin/cargo" "+beta-2023-04-20" "metadata" "--manifest-path" "Cargo.toml" "--no-deps", kill_on_drop: false }`
[INFO] started tweaking crates.io crate stytch 0.2.1
[INFO] finished tweaking crates.io crate stytch 0.2.1
[INFO] tweaked toml for crates.io crate stytch 0.2.1 written to /workspace/builds/worker-7-tc2/source/Cargo.toml
[INFO] running `Command { std: CARGO_HOME="/workspace/cargo-home" RUSTUP_HOME="/workspace/rustup-home" __CARGO_TEST_CHANNEL_OVERRIDE_DO_NOT_USE_THIS="nightly" "/workspace/cargo-home/bin/cargo" "+beta-2023-04-20" "generate-lockfile" "--manifest-path" "Cargo.toml" "-Zno-index-update", kill_on_drop: false }`
[INFO] running `Command { std: CARGO_HOME="/workspace/cargo-home" RUSTUP_HOME="/workspace/rustup-home" "/workspace/cargo-home/bin/cargo" "+beta-2023-04-20" "fetch" "--manifest-path" "Cargo.toml", kill_on_drop: false }`
[INFO] running `Command { std: "docker" "create" "-v" "/var/lib/crater-agent-workspace/builds/worker-7-tc2/target:/opt/rustwide/target:rw,Z" "-v" "/var/lib/crater-agent-workspace/builds/worker-7-tc2/source:/opt/rustwide/workdir:ro,Z" "-v" "/var/lib/crater-agent-workspace/cargo-home:/opt/rustwide/cargo-home:ro,Z" "-v" "/var/lib/crater-agent-workspace/rustup-home:/opt/rustwide/rustup-home:ro,Z" "-e" "SOURCE_DIR=/opt/rustwide/workdir" "-e" "CARGO_TARGET_DIR=/opt/rustwide/target" "-e" "CARGO_HOME=/opt/rustwide/cargo-home" "-e" "RUSTUP_HOME=/opt/rustwide/rustup-home" "-w" "/opt/rustwide/workdir" "-m" "1610612736" "--user" "0:0" "--network" "none" "ghcr.io/rust-lang/crates-build-env/linux@sha256:5ff2268d62e97bff2cde7d5815dd6ed5b47097566f13b8d0ca110b04b60e07ed" "/opt/rustwide/cargo-home/bin/cargo" "+beta-2023-04-20" "metadata" "--no-deps" "--format-version=1", kill_on_drop: false }`
[INFO] [stdout] 92317318190ad90b4344942a021b9445b4a7930ccec7d06a0adbed5f3efcb23a
[INFO] running `Command { std: "docker" "start" "-a" "92317318190ad90b4344942a021b9445b4a7930ccec7d06a0adbed5f3efcb23a", kill_on_drop: false }`
[INFO] running `Command { std: "docker" "inspect" "92317318190ad90b4344942a021b9445b4a7930ccec7d06a0adbed5f3efcb23a", kill_on_drop: false }`
[INFO] running `Command { std: "docker" "rm" "-f" "92317318190ad90b4344942a021b9445b4a7930ccec7d06a0adbed5f3efcb23a", kill_on_drop: false }`
[INFO] [stdout] 92317318190ad90b4344942a021b9445b4a7930ccec7d06a0adbed5f3efcb23a
[INFO] running `Command { std: "docker" "create" "-v" "/var/lib/crater-agent-workspace/builds/worker-7-tc2/target:/opt/rustwide/target:rw,Z" "-v" "/var/lib/crater-agent-workspace/builds/worker-7-tc2/source:/opt/rustwide/workdir:ro,Z" "-v" "/var/lib/crater-agent-workspace/cargo-home:/opt/rustwide/cargo-home:ro,Z" "-v" "/var/lib/crater-agent-workspace/rustup-home:/opt/rustwide/rustup-home:ro,Z" "-e" "SOURCE_DIR=/opt/rustwide/workdir" "-e" "CARGO_TARGET_DIR=/opt/rustwide/target" "-e" "CARGO_INCREMENTAL=0" "-e" "RUST_BACKTRACE=full" "-e" "RUSTFLAGS=--cap-lints=warn" "-e" "RUSTDOCFLAGS=--cap-lints=warn" "-e" "CARGO_HOME=/opt/rustwide/cargo-home" "-e" "RUSTUP_HOME=/opt/rustwide/rustup-home" "-w" "/opt/rustwide/workdir" "-m" "1610612736" "--user" "0:0" "--network" "none" "ghcr.io/rust-lang/crates-build-env/linux@sha256:5ff2268d62e97bff2cde7d5815dd6ed5b47097566f13b8d0ca110b04b60e07ed" "/opt/rustwide/cargo-home/bin/cargo" "+beta-2023-04-20" "build" "--frozen" "--message-format=json", kill_on_drop: false }`
[INFO] [stdout] f9092b3d7f17edb6791c8b6801d80bb167cc71cb8ac4f889f8efba28dbb70fae
[INFO] running `Command { std: "docker" "start" "-a" "f9092b3d7f17edb6791c8b6801d80bb167cc71cb8ac4f889f8efba28dbb70fae", kill_on_drop: false }`
[INFO] [stderr]    Compiling proc-macro2 v1.0.56
[INFO] [stderr]    Compiling unicode-ident v1.0.8
[INFO] [stderr]    Compiling quote v1.0.26
[INFO] [stderr]    Compiling libc v0.2.142
[INFO] [stderr]    Compiling log v0.4.17
[INFO] [stderr]    Compiling once_cell v1.17.1
[INFO] [stderr]    Compiling cc v1.0.79
[INFO] [stderr]    Compiling pkg-config v0.3.26
[INFO] [stderr]    Compiling futures-core v0.3.28
[INFO] [stderr]    Compiling bytes v1.4.0
[INFO] [stderr]    Compiling itoa v1.0.6
[INFO] [stderr]    Compiling futures-task v0.3.28
[INFO] [stderr]    Compiling openssl v0.10.52
[INFO] [stderr]    Compiling tokio v1.28.0
[INFO] [stderr]    Compiling slab v0.4.8
[INFO] [stderr]    Compiling indexmap v1.9.3
[INFO] [stderr]    Compiling futures-util v0.3.28
[INFO] [stderr]    Compiling serde_derive v1.0.160
[INFO] [stderr]    Compiling tracing-core v0.1.30
[INFO] [stderr]    Compiling httparse v1.8.0
[INFO] [stderr]    Compiling hashbrown v0.12.3
[INFO] [stderr]    Compiling futures-sink v0.3.28
[INFO] [stderr]    Compiling native-tls v0.2.11
[INFO] [stderr]    Compiling tinyvec_macros v0.1.1
[INFO] [stderr]    Compiling http v0.2.9
[INFO] [stderr]    Compiling futures-channel v0.3.28
[INFO] [stderr]    Compiling serde v1.0.160
[INFO] [stderr]    Compiling tinyvec v1.6.0
[INFO] [stderr]    Compiling percent-encoding v2.2.0
[INFO] [stderr]    Compiling tracing v0.1.37
[INFO] [stderr]    Compiling try-lock v0.2.4
[INFO] [stderr]    Compiling form_urlencoded v1.1.0
[INFO] [stderr]    Compiling want v0.3.0
[INFO] [stderr]    Compiling unicode-bidi v0.3.13
[INFO] [stderr]    Compiling ryu v1.0.13
[INFO] [stderr]    Compiling tower-service v0.3.2
[INFO] [stderr]    Compiling thiserror v1.0.40
[INFO] [stderr]    Compiling serde_json v1.0.96
[INFO] [stderr]    Compiling encoding_rs v0.8.32
[INFO] [stderr]    Compiling syn v2.0.15
[INFO] [stderr]    Compiling base64 v0.21.0
[INFO] [stderr]    Compiling mio v0.8.6
[INFO] [stderr]    Compiling socket2 v0.4.9
[INFO] [stderr]    Compiling openssl-sys v0.9.87
[INFO] [stderr]    Compiling http-body v0.4.5
[INFO] [stderr]    Compiling unicode-normalization v0.1.22
[INFO] [stderr]    Compiling mime v0.3.17
[INFO] [stderr]    Compiling ipnet v2.7.2
[INFO] [stderr]    Compiling dotenv v0.15.0
[INFO] [stderr]    Compiling idna v0.3.0
[INFO] [stderr]    Compiling url v2.3.1
[INFO] [stderr]    Compiling openssl-macros v0.1.1
[INFO] [stderr]    Compiling thiserror-impl v1.0.40
[INFO] [stderr]    Compiling tokio-util v0.7.8
[INFO] [stderr]    Compiling h2 v0.3.18
[INFO] [stderr]    Compiling tokio-native-tls v0.3.1
[INFO] [stderr]    Compiling hyper v0.14.26
[INFO] [stderr]    Compiling serde_urlencoded v0.7.1
[INFO] [stderr]    Compiling hyper-tls v0.5.0
[INFO] [stderr]    Compiling reqwest v0.11.17
[INFO] [stderr]    Compiling stytch v0.2.1 (/opt/rustwide/workdir)
[INFO] [stderr]     Finished dev [unoptimized + debuginfo] target(s) in 15.36s
[INFO] running `Command { std: "docker" "inspect" "f9092b3d7f17edb6791c8b6801d80bb167cc71cb8ac4f889f8efba28dbb70fae", kill_on_drop: false }`
[INFO] running `Command { std: "docker" "rm" "-f" "f9092b3d7f17edb6791c8b6801d80bb167cc71cb8ac4f889f8efba28dbb70fae", kill_on_drop: false }`
[INFO] [stdout] f9092b3d7f17edb6791c8b6801d80bb167cc71cb8ac4f889f8efba28dbb70fae
[INFO] running `Command { std: "docker" "create" "-v" "/var/lib/crater-agent-workspace/builds/worker-7-tc2/target:/opt/rustwide/target:rw,Z" "-v" "/var/lib/crater-agent-workspace/builds/worker-7-tc2/source:/opt/rustwide/workdir:ro,Z" "-v" "/var/lib/crater-agent-workspace/cargo-home:/opt/rustwide/cargo-home:ro,Z" "-v" "/var/lib/crater-agent-workspace/rustup-home:/opt/rustwide/rustup-home:ro,Z" "-e" "SOURCE_DIR=/opt/rustwide/workdir" "-e" "CARGO_TARGET_DIR=/opt/rustwide/target" "-e" "CARGO_INCREMENTAL=0" "-e" "RUST_BACKTRACE=full" "-e" "RUSTFLAGS=--cap-lints=warn" "-e" "RUSTDOCFLAGS=--cap-lints=warn" "-e" "CARGO_HOME=/opt/rustwide/cargo-home" "-e" "RUSTUP_HOME=/opt/rustwide/rustup-home" "-w" "/opt/rustwide/workdir" "-m" "1610612736" "--user" "0:0" "--network" "none" "ghcr.io/rust-lang/crates-build-env/linux@sha256:5ff2268d62e97bff2cde7d5815dd6ed5b47097566f13b8d0ca110b04b60e07ed" "/opt/rustwide/cargo-home/bin/cargo" "+beta-2023-04-20" "test" "--frozen" "--no-run" "--message-format=json", kill_on_drop: false }`
[INFO] [stdout] cd6f522bfb430004a03b0de3771ee14cbec2c3e34c68d474963a9187e1be5b96
[INFO] running `Command { std: "docker" "start" "-a" "cd6f522bfb430004a03b0de3771ee14cbec2c3e34c68d474963a9187e1be5b96", kill_on_drop: false }`
[INFO] [stderr]    Compiling stytch v0.2.1 (/opt/rustwide/workdir)
[INFO] [stderr]     Finished test [unoptimized + debuginfo] target(s) in 0.93s
[INFO] running `Command { std: "docker" "inspect" "cd6f522bfb430004a03b0de3771ee14cbec2c3e34c68d474963a9187e1be5b96", kill_on_drop: false }`
[INFO] running `Command { std: "docker" "rm" "-f" "cd6f522bfb430004a03b0de3771ee14cbec2c3e34c68d474963a9187e1be5b96", kill_on_drop: false }`
[INFO] [stdout] cd6f522bfb430004a03b0de3771ee14cbec2c3e34c68d474963a9187e1be5b96
[INFO] running `Command { std: "docker" "create" "-v" "/var/lib/crater-agent-workspace/builds/worker-7-tc2/target:/opt/rustwide/target:rw,Z" "-v" "/var/lib/crater-agent-workspace/builds/worker-7-tc2/source:/opt/rustwide/workdir:ro,Z" "-v" "/var/lib/crater-agent-workspace/cargo-home:/opt/rustwide/cargo-home:ro,Z" "-v" "/var/lib/crater-agent-workspace/rustup-home:/opt/rustwide/rustup-home:ro,Z" "-e" "SOURCE_DIR=/opt/rustwide/workdir" "-e" "CARGO_TARGET_DIR=/opt/rustwide/target" "-e" "CARGO_INCREMENTAL=0" "-e" "RUST_BACKTRACE=full" "-e" "RUSTFLAGS=--cap-lints=warn" "-e" "RUSTDOCFLAGS=--cap-lints=warn" "-e" "CARGO_HOME=/opt/rustwide/cargo-home" "-e" "RUSTUP_HOME=/opt/rustwide/rustup-home" "-w" "/opt/rustwide/workdir" "-m" "1610612736" "--user" "0:0" "--network" "none" "ghcr.io/rust-lang/crates-build-env/linux@sha256:5ff2268d62e97bff2cde7d5815dd6ed5b47097566f13b8d0ca110b04b60e07ed" "/opt/rustwide/cargo-home/bin/cargo" "+beta-2023-04-20" "test" "--frozen", kill_on_drop: false }`
[INFO] [stdout] 958f0b8da2ba61c9d0c1874adeefa636f22ce42018b745c42c07ae9a769bf4a6
[INFO] running `Command { std: "docker" "start" "-a" "958f0b8da2ba61c9d0c1874adeefa636f22ce42018b745c42c07ae9a769bf4a6", kill_on_drop: false }`
[INFO] [stderr]     Finished test [unoptimized + debuginfo] target(s) in 0.06s
[INFO] [stderr]      Running unittests src/lib.rs (/opt/rustwide/target/debug/deps/stytch-0c40fa2d6cc378c2)
[INFO] [stdout] 
[INFO] [stdout] running 0 tests
[INFO] [stdout] 
[INFO] [stdout] test result: ok. 0 passed; 0 failed; 0 ignored; 0 measured; 0 filtered out; finished in 0.00s
[INFO] [stdout] 
[INFO] [stderr]    Doc-tests stytch
[INFO] [stdout] 
[INFO] [stdout] running 14 tests
[INFO] [stdout] test src/model/client.rs - model::client::Stytch::new (line 19) ... ignored
[INFO] [stdout] test src/api/otp/sms/sms.rs - api::otp::sms::sms::Sms<'a>::send (line 29) ... FAILED
[INFO] [stdout] test src/api/magiclink/email.rs - api::magiclink::email::Email<'a>::revoke (line 129) ... FAILED
[INFO] [stdout] test src/api/otp/whatsapp/whatsapp.rs - api::otp::whatsapp::whatsapp::Whatsapp<'a>::send (line 25) ... FAILED
[INFO] [stdout] test src/api/magiclink/magic_links.rs - api::magiclink::magic_links::MagicLinks<'a>::email (line 28) ... FAILED
[INFO] [stdout] test src/api/magiclink/magic_links.rs - api::magiclink::magic_links::MagicLinks<'a>::authenticate (line 46) ... FAILED
[INFO] [stdout] test src/api/otp/sms/sms.rs - api::otp::sms::sms::Sms<'a>::login_or_create (line 76) ... FAILED
[INFO] [stdout] test src/api/magiclink/email.rs - api::magiclink::email::Email<'a>::login_or_create (line 31) ... FAILED
[INFO] [stdout] test src/api/magiclink/magic_links.rs - api::magiclink::magic_links::MagicLinks<'a>::create (line 90) ... FAILED
[INFO] [stdout] test src/api/magiclink/email.rs - api::magiclink::email::Email<'a>::invite (line 82) ... FAILED
[INFO] [stdout] test src/model/otp_model.rs - model::otp_model::OTPsSMSSendParams::new (line 16) ... FAILED
[INFO] [stdout] test src/lib.rs - (line 36) ... FAILED
[INFO] [stdout] test src/lib.rs - (line 27) ... FAILED
[INFO] [stdout] test src/lib.rs - (line 49) ... FAILED
[INFO] [stdout] 
[INFO] [stdout] failures:
[INFO] [stdout] 
[INFO] [stdout] ---- src/api/otp/sms/sms.rs - api::otp::sms::sms::Sms<'a>::send (line 29) stdout ----
[INFO] [stdout] error: expected expression, found `;`
[INFO] [stdout]  --> src/api/otp/sms/sms.rs:32:11
[INFO] [stdout]   |
[INFO] [stdout] 6 | let sms = ;
[INFO] [stdout]   |           ^ expected expression
[INFO] [stdout] 
[INFO] [stdout] error: aborting due to previous error
[INFO] [stdout] 
[INFO] [stdout] Couldn't compile the test.
[INFO] [stdout] ---- src/api/magiclink/email.rs - api::magiclink::email::Email<'a>::revoke (line 129) stdout ----
[INFO] [stdout] error: expected expression, found `;`
[INFO] [stdout]  --> src/api/magiclink/email.rs:132:13
[INFO] [stdout]   |
[INFO] [stdout] 6 | let email = ;
[INFO] [stdout]   |             ^ expected expression
[INFO] [stdout] 
[INFO] [stdout] error: aborting due to previous error
[INFO] [stdout] 
[INFO] [stdout] Couldn't compile the test.
[INFO] [stdout] ---- src/api/otp/whatsapp/whatsapp.rs - api::otp::whatsapp::whatsapp::Whatsapp<'a>::send (line 25) stdout ----
[INFO] [stdout] error: expected expression, found `;`
[INFO] [stdout]  --> src/api/otp/whatsapp/whatsapp.rs:28:16
[INFO] [stdout]   |
[INFO] [stdout] 6 | let whatsapp = ;
[INFO] [stdout]   |                ^ expected expression
[INFO] [stdout] 
[INFO] [stdout] error: aborting due to previous error
[INFO] [stdout] 
[INFO] [stdout] Couldn't compile the test.
[INFO] [stdout] ---- src/api/magiclink/magic_links.rs - api::magiclink::magic_links::MagicLinks<'a>::email (line 28) stdout ----
[INFO] [stdout] error: expected expression, found `;`
[INFO] [stdout]  --> src/api/magiclink/magic_links.rs:31:19
[INFO] [stdout]   |
[INFO] [stdout] 6 | let magic_links = ;
[INFO] [stdout]   |                   ^ expected expression
[INFO] [stdout] 
[INFO] [stdout] error: aborting due to previous error
[INFO] [stdout] 
[INFO] [stdout] Couldn't compile the test.
[INFO] [stdout] ---- src/api/magiclink/magic_links.rs - api::magiclink::magic_links::MagicLinks<'a>::authenticate (line 46) stdout ----
[INFO] [stdout] error: expected expression, found `;`
[INFO] [stdout]  --> src/api/magiclink/magic_links.rs:49:19
[INFO] [stdout]   |
[INFO] [stdout] 6 | let magic_links = ;
[INFO] [stdout]   |                   ^ expected expression
[INFO] [stdout] 
[INFO] [stdout] error: aborting due to previous error
[INFO] [stdout] 
[INFO] [stdout] Couldn't compile the test.
[INFO] [stdout] ---- src/api/otp/sms/sms.rs - api::otp::sms::sms::Sms<'a>::login_or_create (line 76) stdout ----
[INFO] [stdout] error: unexpected end of macro invocation
[INFO] [stdout]  --> src/api/otp/sms/sms.rs:80:40
[INFO] [stdout]   |
[INFO] [stdout] 7 | assert_eq!(sms.login_or_create(params), );
[INFO] [stdout]   |                                        ^ missing tokens in macro arguments
[INFO] [stdout]   |
[INFO] [stdout] note: while trying to match meta-variable `$right:expr`
[INFO] [stdout]  --> /rustc/1b7dd2252b99671ce5d1cb9664c5f8636329436d/library/core/src/macros/mod.rs:37:18
[INFO] [stdout] 
[INFO] [stdout] error: aborting due to previous error
[INFO] [stdout] 
[INFO] [stdout] Couldn't compile the test.
[INFO] [stdout] ---- src/api/magiclink/email.rs - api::magiclink::email::Email<'a>::login_or_create (line 31) stdout ----
[INFO] [stdout] error: expected expression, found `;`
[INFO] [stdout]  --> src/api/magiclink/email.rs:34:13
[INFO] [stdout]   |
[INFO] [stdout] 6 | let email = ;
[INFO] [stdout]   |             ^ expected expression
[INFO] [stdout] 
[INFO] [stdout] error: aborting due to previous error
[INFO] [stdout] 
[INFO] [stdout] Couldn't compile the test.
[INFO] [stdout] ---- src/api/magiclink/magic_links.rs - api::magiclink::magic_links::MagicLinks<'a>::create (line 90) stdout ----
[INFO] [stdout] error: unexpected end of macro invocation
[INFO] [stdout]  --> src/api/magiclink/magic_links.rs:93:39
[INFO] [stdout]   |
[INFO] [stdout] 6 | assert_eq!(MagicLinks::create(params), );
[INFO] [stdout]   |                                       ^ missing tokens in macro arguments
[INFO] [stdout]   |
[INFO] [stdout] note: while trying to match meta-variable `$right:expr`
[INFO] [stdout]  --> /rustc/1b7dd2252b99671ce5d1cb9664c5f8636329436d/library/core/src/macros/mod.rs:37:18
[INFO] [stdout] 
[INFO] [stdout] error: aborting due to previous error
[INFO] [stdout] 
[INFO] [stdout] Couldn't compile the test.
[INFO] [stdout] ---- src/api/magiclink/email.rs - api::magiclink::email::Email<'a>::invite (line 82) stdout ----
[INFO] [stdout] error: expected expression, found `;`
[INFO] [stdout]  --> src/api/magiclink/email.rs:85:13
[INFO] [stdout]   |
[INFO] [stdout] 6 | let email = ;
[INFO] [stdout]   |             ^ expected expression
[INFO] [stdout] 
[INFO] [stdout] error: aborting due to previous error
[INFO] [stdout] 
[INFO] [stdout] Couldn't compile the test.
[INFO] [stdout] ---- src/model/otp_model.rs - model::otp_model::OTPsSMSSendParams::new (line 16) stdout ----
[INFO] [stdout] error: unexpected end of macro invocation
[INFO] [stdout]  --> src/model/otp_model.rs:19:67
[INFO] [stdout]   |
[INFO] [stdout] 6 | assert_eq!(OTPsSMSSendParams::new(expiration_minutes, attributes), );
[INFO] [stdout]   |                                                                   ^ missing tokens in macro arguments
[INFO] [stdout]   |
[INFO] [stdout] note: while trying to match meta-variable `$right:expr`
[INFO] [stdout]  --> /rustc/1b7dd2252b99671ce5d1cb9664c5f8636329436d/library/core/src/macros/mod.rs:37:18
[INFO] [stdout] 
[INFO] [stdout] error[E0433]: failed to resolve: use of undeclared crate or module `stytch_rs`
[INFO] [stdout]  --> src/model/otp_model.rs:17:5
[INFO] [stdout]   |
[INFO] [stdout] 4 | use stytch_rs::model::otp_model::OTPsSMSSendParams;
[INFO] [stdout]   |     ^^^^^^^^^ use of undeclared crate or module `stytch_rs`
[INFO] [stdout]   |
[INFO] [stdout] help: there is a crate or module with a similar name
[INFO] [stdout]   |
[INFO] [stdout] 4 | use stytch::model::otp_model::OTPsSMSSendParams;
[INFO] [stdout]   |     ~~~~~~
[INFO] [stdout] 
[INFO] [stdout] error: aborting due to 2 previous errors
[INFO] [stdout] 
[INFO] [stdout] For more information about this error, try `rustc --explain E0433`.
[INFO] [stdout] Couldn't compile the test.
[INFO] [stdout] ---- src/lib.rs - (line 36) stdout ----
[INFO] [stdout] error[E0433]: failed to resolve: use of undeclared type `Environment`
[INFO] [stdout]  --> src/lib.rs:40:46
[INFO] [stdout]   |
[INFO] [stdout] 6 | let client = Stytch::new(project_id, secret, Environment::Live);
[INFO] [stdout]   |                                              ^^^^^^^^^^^ use of undeclared type `Environment`
[INFO] [stdout] 
[INFO] [stdout] error[E0433]: failed to resolve: use of undeclared type `Stytch`
[INFO] [stdout]  --> src/lib.rs:40:14
[INFO] [stdout]   |
[INFO] [stdout] 6 | let client = Stytch::new(project_id, secret, Environment::Live);
[INFO] [stdout]   |              ^^^^^^ use of undeclared type `Stytch`
[INFO] [stdout]   |
[INFO] [stdout] help: consider importing this struct
[INFO] [stdout]   |
[INFO] [stdout] 2 + use stytch::Stytch;
[INFO] [stdout]   |
[INFO] [stdout] 
[INFO] [stdout] error: aborting due to 2 previous errors
[INFO] [stdout] 
[INFO] [stdout] For more information about this error, try `rustc --explain E0433`.
[INFO] [stdout] Couldn't compile the test.
[INFO] [stdout] ---- src/lib.rs - (line 27) stdout ----
[INFO] [stdout] error[E0433]: failed to resolve: use of undeclared type `Environment`
[INFO] [stdout]  --> src/lib.rs:31:46
[INFO] [stdout]   |
[INFO] [stdout] 6 | let client = Stytch::new(project_id, secret, Environment::Test);
[INFO] [stdout]   |                                              ^^^^^^^^^^^ use of undeclared type `Environment`
[INFO] [stdout] 
[INFO] [stdout] error[E0433]: failed to resolve: use of undeclared type `Stytch`
[INFO] [stdout]  --> src/lib.rs:31:14
[INFO] [stdout]   |
[INFO] [stdout] 6 | let client = Stytch::new(project_id, secret, Environment::Test);
[INFO] [stdout]   |              ^^^^^^ use of undeclared type `Stytch`
[INFO] [stdout]   |
[INFO] [stdout] help: consider importing this struct
[INFO] [stdout]   |
[INFO] [stdout] 2 + use stytch::Stytch;
[INFO] [stdout]   |
[INFO] [stdout] 
[INFO] [stdout] error: aborting due to 2 previous errors
[INFO] [stdout] 
[INFO] [stdout] For more information about this error, try `rustc --explain E0433`.
[INFO] [stdout] Couldn't compile the test.
[INFO] [stdout] ---- src/lib.rs - (line 49) stdout ----
[INFO] [stdout] error[E0425]: cannot find value `client` in this scope
[INFO] [stdout]   --> src/lib.rs:65:14
[INFO] [stdout]    |
[INFO] [stdout] 19 |    let res = client
[INFO] [stdout]    |              ^^^^^^ not found in this scope
[INFO] [stdout] 
[INFO] [stdout] error[E0728]: `await` is only allowed inside `async` functions and blocks
[INFO] [stdout]   --> src/lib.rs:69:4
[INFO] [stdout]    |
[INFO] [stdout] 3  | fn main() { #[allow(non_snake_case)] fn _doctest_main_src_lib_rs_49_0() {
[INFO] [stdout]    |                                         ----------------------------- this is not `async`
[INFO] [stdout] ...
[INFO] [stdout] 23 |    .await;
[INFO] [stdout]    |    ^^^^^^ only allowed inside `async` functions and blocks
[INFO] [stdout] 
[INFO] [stdout] error[E0308]: arguments to this function are incorrect
[INFO] [stdout]   --> src/lib.rs:57:17
[INFO] [stdout]    |
[INFO] [stdout] 11 |    let params = LoginOrCreateParams::new("login_magic_url_here",
[INFO] [stdout]    |                 ^^^^^^^^^^^^^^^^^^^^^^^^ ---------------------- expected `String`, found `&str`
[INFO] [stdout] 12 |    "signup_magic_url_here",
[INFO] [stdout]    |    ----------------------- expected `String`, found `&str`
[INFO] [stdout]    |
[INFO] [stdout] note: associated function defined here
[INFO] [stdout]   --> /opt/rustwide/workdir/src/model/magic_link_model.rs:17:12
[INFO] [stdout]    |
[INFO] [stdout] 17 |     pub fn new(
[INFO] [stdout]    |            ^^^
[INFO] [stdout] help: try using a conversion method
[INFO] [stdout]    |
[INFO] [stdout] 11 |    let params = LoginOrCreateParams::new("login_magic_url_here".to_string(),
[INFO] [stdout]    |                                                                ++++++++++++
[INFO] [stdout] help: try using a conversion method
[INFO] [stdout]    |
[INFO] [stdout] 12 |    "signup_magic_url_here".to_string(),
[INFO] [stdout]    |                           ++++++++++++
[INFO] [stdout] 
[INFO] [stdout] error: aborting due to 3 previous errors
[INFO] [stdout] 
[INFO] [stdout] Some errors have detailed explanations: E0308, E0425, E0728.
[INFO] [stdout] For more information about an error, try `rustc --explain E0308`.
[INFO] [stdout] Couldn't compile the test.
[INFO] [stdout] 
[INFO] [stdout] failures:
[INFO] [stdout]     src/api/magiclink/email.rs - api::magiclink::email::Email<'a>::invite (line 82)
[INFO] [stdout]     src/api/magiclink/email.rs - api::magiclink::email::Email<'a>::login_or_create (line 31)
[INFO] [stdout]     src/api/magiclink/email.rs - api::magiclink::email::Email<'a>::revoke (line 129)
[INFO] [stdout]     src/api/magiclink/magic_links.rs - api::magiclink::magic_links::MagicLinks<'a>::authenticate (line 46)
[INFO] [stdout]     src/api/magiclink/magic_links.rs - api::magiclink::magic_links::MagicLinks<'a>::create (line 90)
[INFO] [stdout]     src/api/magiclink/magic_links.rs - api::magiclink::magic_links::MagicLinks<'a>::email (line 28)
[INFO] [stdout]     src/api/otp/sms/sms.rs - api::otp::sms::sms::Sms<'a>::login_or_create (line 76)
[INFO] [stdout]     src/api/otp/sms/sms.rs - api::otp::sms::sms::Sms<'a>::send (line 29)
[INFO] [stdout]     src/api/otp/whatsapp/whatsapp.rs - api::otp::whatsapp::whatsapp::Whatsapp<'a>::send (line 25)
[INFO] [stdout]     src/lib.rs - (line 27)
[INFO] [stdout]     src/lib.rs - (line 36)
[INFO] [stdout]     src/lib.rs - (line 49)
[INFO] [stdout]     src/model/otp_model.rs - model::otp_model::OTPsSMSSendParams::new (line 16)
[INFO] [stdout] 
[INFO] [stdout] test result: FAILED. 0 passed; 13 failed; 1 ignored; 0 measured; 0 filtered out; finished in 0.13s
[INFO] [stdout] 
[INFO] [stderr] error: doctest failed, to rerun pass `--doc`
[INFO] running `Command { std: "docker" "inspect" "958f0b8da2ba61c9d0c1874adeefa636f22ce42018b745c42c07ae9a769bf4a6", kill_on_drop: false }`
[INFO] running `Command { std: "docker" "rm" "-f" "958f0b8da2ba61c9d0c1874adeefa636f22ce42018b745c42c07ae9a769bf4a6", kill_on_drop: false }`
[INFO] [stdout] 958f0b8da2ba61c9d0c1874adeefa636f22ce42018b745c42c07ae9a769bf4a6
