[INFO] fetching crate stringutils 0.0.3...
[INFO] testing stringutils-0.0.3 against 1.69.0 for beta-1.70-1
[INFO] extracting crate stringutils 0.0.3 into /workspace/builds/worker-7-tc1/source
[INFO] validating manifest of crates.io crate stringutils 0.0.3 on toolchain 1.69.0
[INFO] running `Command { std: CARGO_HOME="/workspace/cargo-home" RUSTUP_HOME="/workspace/rustup-home" "/workspace/cargo-home/bin/cargo" "+1.69.0" "metadata" "--manifest-path" "Cargo.toml" "--no-deps", kill_on_drop: false }`
[INFO] started tweaking crates.io crate stringutils 0.0.3
[INFO] finished tweaking crates.io crate stringutils 0.0.3
[INFO] tweaked toml for crates.io crate stringutils 0.0.3 written to /workspace/builds/worker-7-tc1/source/Cargo.toml
[INFO] running `Command { std: CARGO_HOME="/workspace/cargo-home" RUSTUP_HOME="/workspace/rustup-home" __CARGO_TEST_CHANNEL_OVERRIDE_DO_NOT_USE_THIS="nightly" "/workspace/cargo-home/bin/cargo" "+1.69.0" "generate-lockfile" "--manifest-path" "Cargo.toml" "-Zno-index-update", kill_on_drop: false }`
[INFO] running `Command { std: CARGO_HOME="/workspace/cargo-home" RUSTUP_HOME="/workspace/rustup-home" "/workspace/cargo-home/bin/cargo" "+1.69.0" "fetch" "--manifest-path" "Cargo.toml", kill_on_drop: false }`
[INFO] running `Command { std: "docker" "create" "-v" "/var/lib/crater-agent-workspace/builds/worker-7-tc1/target:/opt/rustwide/target:rw,Z" "-v" "/var/lib/crater-agent-workspace/builds/worker-7-tc1/source:/opt/rustwide/workdir:ro,Z" "-v" "/var/lib/crater-agent-workspace/cargo-home:/opt/rustwide/cargo-home:ro,Z" "-v" "/var/lib/crater-agent-workspace/rustup-home:/opt/rustwide/rustup-home:ro,Z" "-e" "SOURCE_DIR=/opt/rustwide/workdir" "-e" "CARGO_TARGET_DIR=/opt/rustwide/target" "-e" "CARGO_HOME=/opt/rustwide/cargo-home" "-e" "RUSTUP_HOME=/opt/rustwide/rustup-home" "-w" "/opt/rustwide/workdir" "-m" "1610612736" "--user" "0:0" "--network" "none" "ghcr.io/rust-lang/crates-build-env/linux@sha256:5ff2268d62e97bff2cde7d5815dd6ed5b47097566f13b8d0ca110b04b60e07ed" "/opt/rustwide/cargo-home/bin/cargo" "+1.69.0" "metadata" "--no-deps" "--format-version=1", kill_on_drop: false }`
[INFO] [stdout] 6a11aaa2cf22207e824980ed2f6eb7b64f75c58a1f5c69e38eec01212dbcfc20
[INFO] running `Command { std: "docker" "start" "-a" "6a11aaa2cf22207e824980ed2f6eb7b64f75c58a1f5c69e38eec01212dbcfc20", kill_on_drop: false }`
[INFO] running `Command { std: "docker" "inspect" "6a11aaa2cf22207e824980ed2f6eb7b64f75c58a1f5c69e38eec01212dbcfc20", kill_on_drop: false }`
[INFO] running `Command { std: "docker" "rm" "-f" "6a11aaa2cf22207e824980ed2f6eb7b64f75c58a1f5c69e38eec01212dbcfc20", kill_on_drop: false }`
[INFO] [stdout] 6a11aaa2cf22207e824980ed2f6eb7b64f75c58a1f5c69e38eec01212dbcfc20
[INFO] running `Command { std: "docker" "create" "-v" "/var/lib/crater-agent-workspace/builds/worker-7-tc1/target:/opt/rustwide/target:rw,Z" "-v" "/var/lib/crater-agent-workspace/builds/worker-7-tc1/source:/opt/rustwide/workdir:ro,Z" "-v" "/var/lib/crater-agent-workspace/cargo-home:/opt/rustwide/cargo-home:ro,Z" "-v" "/var/lib/crater-agent-workspace/rustup-home:/opt/rustwide/rustup-home:ro,Z" "-e" "SOURCE_DIR=/opt/rustwide/workdir" "-e" "CARGO_TARGET_DIR=/opt/rustwide/target" "-e" "CARGO_INCREMENTAL=0" "-e" "RUST_BACKTRACE=full" "-e" "RUSTFLAGS=--cap-lints=warn" "-e" "RUSTDOCFLAGS=--cap-lints=warn" "-e" "CARGO_HOME=/opt/rustwide/cargo-home" "-e" "RUSTUP_HOME=/opt/rustwide/rustup-home" "-w" "/opt/rustwide/workdir" "-m" "1610612736" "--user" "0:0" "--network" "none" "ghcr.io/rust-lang/crates-build-env/linux@sha256:5ff2268d62e97bff2cde7d5815dd6ed5b47097566f13b8d0ca110b04b60e07ed" "/opt/rustwide/cargo-home/bin/cargo" "+1.69.0" "build" "--frozen" "--message-format=json", kill_on_drop: false }`
[INFO] [stdout] 2b1851818abf9f80f37488874fea55f4248b91495e09f94e184b72330832ca3e
[INFO] running `Command { std: "docker" "start" "-a" "2b1851818abf9f80f37488874fea55f4248b91495e09f94e184b72330832ca3e", kill_on_drop: false }`
[INFO] [stderr]    Compiling stringutils v0.0.3 (/opt/rustwide/workdir)
[INFO] [stderr]     Finished dev [unoptimized + debuginfo] target(s) in 0.57s
[INFO] running `Command { std: "docker" "inspect" "2b1851818abf9f80f37488874fea55f4248b91495e09f94e184b72330832ca3e", kill_on_drop: false }`
[INFO] running `Command { std: "docker" "rm" "-f" "2b1851818abf9f80f37488874fea55f4248b91495e09f94e184b72330832ca3e", kill_on_drop: false }`
[INFO] [stdout] 2b1851818abf9f80f37488874fea55f4248b91495e09f94e184b72330832ca3e
[INFO] running `Command { std: "docker" "create" "-v" "/var/lib/crater-agent-workspace/builds/worker-7-tc1/target:/opt/rustwide/target:rw,Z" "-v" "/var/lib/crater-agent-workspace/builds/worker-7-tc1/source:/opt/rustwide/workdir:ro,Z" "-v" "/var/lib/crater-agent-workspace/cargo-home:/opt/rustwide/cargo-home:ro,Z" "-v" "/var/lib/crater-agent-workspace/rustup-home:/opt/rustwide/rustup-home:ro,Z" "-e" "SOURCE_DIR=/opt/rustwide/workdir" "-e" "CARGO_TARGET_DIR=/opt/rustwide/target" "-e" "CARGO_INCREMENTAL=0" "-e" "RUST_BACKTRACE=full" "-e" "RUSTFLAGS=--cap-lints=warn" "-e" "RUSTDOCFLAGS=--cap-lints=warn" "-e" "CARGO_HOME=/opt/rustwide/cargo-home" "-e" "RUSTUP_HOME=/opt/rustwide/rustup-home" "-w" "/opt/rustwide/workdir" "-m" "1610612736" "--user" "0:0" "--network" "none" "ghcr.io/rust-lang/crates-build-env/linux@sha256:5ff2268d62e97bff2cde7d5815dd6ed5b47097566f13b8d0ca110b04b60e07ed" "/opt/rustwide/cargo-home/bin/cargo" "+1.69.0" "test" "--frozen" "--no-run" "--message-format=json", kill_on_drop: false }`
[INFO] [stdout] f941e17c9e204252508604db1376417d7bd06d89f258acba67f1697c7d4407e1
[INFO] running `Command { std: "docker" "start" "-a" "f941e17c9e204252508604db1376417d7bd06d89f258acba67f1697c7d4407e1", kill_on_drop: false }`
[INFO] [stderr]    Compiling stringutils v0.0.3 (/opt/rustwide/workdir)
[INFO] [stderr]     Finished test [unoptimized + debuginfo] target(s) in 0.60s
[INFO] running `Command { std: "docker" "inspect" "f941e17c9e204252508604db1376417d7bd06d89f258acba67f1697c7d4407e1", kill_on_drop: false }`
[INFO] running `Command { std: "docker" "rm" "-f" "f941e17c9e204252508604db1376417d7bd06d89f258acba67f1697c7d4407e1", kill_on_drop: false }`
[INFO] [stdout] f941e17c9e204252508604db1376417d7bd06d89f258acba67f1697c7d4407e1
[INFO] running `Command { std: "docker" "create" "-v" "/var/lib/crater-agent-workspace/builds/worker-7-tc1/target:/opt/rustwide/target:rw,Z" "-v" "/var/lib/crater-agent-workspace/builds/worker-7-tc1/source:/opt/rustwide/workdir:ro,Z" "-v" "/var/lib/crater-agent-workspace/cargo-home:/opt/rustwide/cargo-home:ro,Z" "-v" "/var/lib/crater-agent-workspace/rustup-home:/opt/rustwide/rustup-home:ro,Z" "-e" "SOURCE_DIR=/opt/rustwide/workdir" "-e" "CARGO_TARGET_DIR=/opt/rustwide/target" "-e" "CARGO_INCREMENTAL=0" "-e" "RUST_BACKTRACE=full" "-e" "RUSTFLAGS=--cap-lints=warn" "-e" "RUSTDOCFLAGS=--cap-lints=warn" "-e" "CARGO_HOME=/opt/rustwide/cargo-home" "-e" "RUSTUP_HOME=/opt/rustwide/rustup-home" "-w" "/opt/rustwide/workdir" "-m" "1610612736" "--user" "0:0" "--network" "none" "ghcr.io/rust-lang/crates-build-env/linux@sha256:5ff2268d62e97bff2cde7d5815dd6ed5b47097566f13b8d0ca110b04b60e07ed" "/opt/rustwide/cargo-home/bin/cargo" "+1.69.0" "test" "--frozen", kill_on_drop: false }`
[INFO] [stdout] fb6ab5618cf704c45d038091a8510d0281bc68982cf11ac2116df122e44f5f82
[INFO] running `Command { std: "docker" "start" "-a" "fb6ab5618cf704c45d038091a8510d0281bc68982cf11ac2116df122e44f5f82", kill_on_drop: false }`
[INFO] [stderr]     Finished test [unoptimized + debuginfo] target(s) in 0.00s
[INFO] [stderr]      Running unittests src/lib.rs (/opt/rustwide/target/debug/deps/stringutils-232f6e0e15b0ae32)
[INFO] [stdout] 
[INFO] [stdout] running 1 test
[INFO] [stdout] test tests::test_ba_to_string ... ok
[INFO] [stdout] 
[INFO] [stdout] test result: ok. 1 passed; 0 failed; 0 ignored; 0 measured; 0 filtered out; finished in 0.01s
[INFO] [stdout] 
[INFO] [stderr]    Doc-tests stringutils
[INFO] [stdout] 
[INFO] [stdout] running 2 tests
[INFO] [stdout] test src/lib.rs - timestamp_to_string (line 37) ... FAILED
[INFO] [stdout] test src/lib.rs - byte_array_to_string (line 20) ... ok
[INFO] [stdout] 
[INFO] [stdout] failures:
[INFO] [stdout] 
[INFO] [stdout] ---- src/lib.rs - timestamp_to_string (line 37) stdout ----
[INFO] [stdout] error[E0433]: failed to resolve: use of undeclared crate or module `libc`
[INFO] [stdout]  --> src/lib.rs:38:29
[INFO] [stdout]   |
[INFO] [stdout] 4 | let current_time = unsafe { libc::time(std::ptr::null_mut()) };
[INFO] [stdout]   |                             ^^^^ use of undeclared crate or module `libc`
[INFO] [stdout] 
[INFO] [stdout] error: aborting due to previous error
[INFO] [stdout] 
[INFO] [stdout] For more information about this error, try `rustc --explain E0433`.
[INFO] [stdout] Couldn't compile the test.
[INFO] [stdout] 
[INFO] [stdout] failures:
[INFO] [stdout]     src/lib.rs - timestamp_to_string (line 37)
[INFO] [stdout] 
[INFO] [stdout] test result: FAILED. 1 passed; 1 failed; 0 ignored; 0 measured; 0 filtered out; finished in 0.31s
[INFO] [stdout] 
[INFO] [stderr] error: doctest failed, to rerun pass `--doc`
[INFO] running `Command { std: "docker" "inspect" "fb6ab5618cf704c45d038091a8510d0281bc68982cf11ac2116df122e44f5f82", kill_on_drop: false }`
[INFO] running `Command { std: "docker" "rm" "-f" "fb6ab5618cf704c45d038091a8510d0281bc68982cf11ac2116df122e44f5f82", kill_on_drop: false }`
[INFO] [stdout] fb6ab5618cf704c45d038091a8510d0281bc68982cf11ac2116df122e44f5f82
