[INFO] fetching crate strided 0.2.9...
[INFO] testing strided-0.2.9 against beta-2023-04-20 for beta-1.70-1
[INFO] extracting crate strided 0.2.9 into /workspace/builds/worker-5-tc2/source
[INFO] validating manifest of crates.io crate strided 0.2.9 on toolchain beta-2023-04-20
[INFO] running `Command { std: CARGO_HOME="/workspace/cargo-home" RUSTUP_HOME="/workspace/rustup-home" "/workspace/cargo-home/bin/cargo" "+beta-2023-04-20" "metadata" "--manifest-path" "Cargo.toml" "--no-deps", kill_on_drop: false }`
[INFO] removed /workspace/builds/worker-5-tc2/source/.cargo/config
[INFO] started tweaking crates.io crate strided 0.2.9
[INFO] finished tweaking crates.io crate strided 0.2.9
[INFO] tweaked toml for crates.io crate strided 0.2.9 written to /workspace/builds/worker-5-tc2/source/Cargo.toml
[INFO] running `Command { std: CARGO_HOME="/workspace/cargo-home" RUSTUP_HOME="/workspace/rustup-home" __CARGO_TEST_CHANNEL_OVERRIDE_DO_NOT_USE_THIS="nightly" "/workspace/cargo-home/bin/cargo" "+beta-2023-04-20" "generate-lockfile" "--manifest-path" "Cargo.toml" "-Zno-index-update", kill_on_drop: false }`
[INFO] running `Command { std: CARGO_HOME="/workspace/cargo-home" RUSTUP_HOME="/workspace/rustup-home" "/workspace/cargo-home/bin/cargo" "+beta-2023-04-20" "fetch" "--manifest-path" "Cargo.toml", kill_on_drop: false }`
[INFO] running `Command { std: "docker" "create" "-v" "/var/lib/crater-agent-workspace/builds/worker-5-tc2/target:/opt/rustwide/target:rw,Z" "-v" "/var/lib/crater-agent-workspace/builds/worker-5-tc2/source:/opt/rustwide/workdir:ro,Z" "-v" "/var/lib/crater-agent-workspace/cargo-home:/opt/rustwide/cargo-home:ro,Z" "-v" "/var/lib/crater-agent-workspace/rustup-home:/opt/rustwide/rustup-home:ro,Z" "-e" "SOURCE_DIR=/opt/rustwide/workdir" "-e" "CARGO_TARGET_DIR=/opt/rustwide/target" "-e" "CARGO_HOME=/opt/rustwide/cargo-home" "-e" "RUSTUP_HOME=/opt/rustwide/rustup-home" "-w" "/opt/rustwide/workdir" "-m" "1610612736" "--user" "0:0" "--network" "none" "ghcr.io/rust-lang/crates-build-env/linux@sha256:5ff2268d62e97bff2cde7d5815dd6ed5b47097566f13b8d0ca110b04b60e07ed" "/opt/rustwide/cargo-home/bin/cargo" "+beta-2023-04-20" "metadata" "--no-deps" "--format-version=1", kill_on_drop: false }`
[INFO] [stdout] 55f0bf9110b9dac68ef80907771acdfc96cc3bea13d58fb03ce54bcb6c507c1a
[INFO] running `Command { std: "docker" "start" "-a" "55f0bf9110b9dac68ef80907771acdfc96cc3bea13d58fb03ce54bcb6c507c1a", kill_on_drop: false }`
[INFO] running `Command { std: "docker" "inspect" "55f0bf9110b9dac68ef80907771acdfc96cc3bea13d58fb03ce54bcb6c507c1a", kill_on_drop: false }`
[INFO] running `Command { std: "docker" "rm" "-f" "55f0bf9110b9dac68ef80907771acdfc96cc3bea13d58fb03ce54bcb6c507c1a", kill_on_drop: false }`
[INFO] [stdout] 55f0bf9110b9dac68ef80907771acdfc96cc3bea13d58fb03ce54bcb6c507c1a
[INFO] running `Command { std: "docker" "create" "-v" "/var/lib/crater-agent-workspace/builds/worker-5-tc2/target:/opt/rustwide/target:rw,Z" "-v" "/var/lib/crater-agent-workspace/builds/worker-5-tc2/source:/opt/rustwide/workdir:ro,Z" "-v" "/var/lib/crater-agent-workspace/cargo-home:/opt/rustwide/cargo-home:ro,Z" "-v" "/var/lib/crater-agent-workspace/rustup-home:/opt/rustwide/rustup-home:ro,Z" "-e" "SOURCE_DIR=/opt/rustwide/workdir" "-e" "CARGO_TARGET_DIR=/opt/rustwide/target" "-e" "CARGO_INCREMENTAL=0" "-e" "RUST_BACKTRACE=full" "-e" "RUSTFLAGS=--cap-lints=warn" "-e" "RUSTDOCFLAGS=--cap-lints=warn" "-e" "CARGO_HOME=/opt/rustwide/cargo-home" "-e" "RUSTUP_HOME=/opt/rustwide/rustup-home" "-w" "/opt/rustwide/workdir" "-m" "1610612736" "--user" "0:0" "--network" "none" "ghcr.io/rust-lang/crates-build-env/linux@sha256:5ff2268d62e97bff2cde7d5815dd6ed5b47097566f13b8d0ca110b04b60e07ed" "/opt/rustwide/cargo-home/bin/cargo" "+beta-2023-04-20" "build" "--frozen" "--message-format=json", kill_on_drop: false }`
[INFO] [stdout] d3f88809261498d8ef0a327468f0144e45705b5021395837868cb29df7defd7f
[INFO] running `Command { std: "docker" "start" "-a" "d3f88809261498d8ef0a327468f0144e45705b5021395837868cb29df7defd7f", kill_on_drop: false }`
[INFO] [stderr]    Compiling strided v0.2.9 (/opt/rustwide/workdir)
[INFO] [stdout] warning: use of deprecated macro `try`: use the `?` operator instead
[INFO] [stdout]   --> src/base.rs:66:9
[INFO] [stdout]    |
[INFO] [stdout] 66 |         try!(write!(f, "["));
[INFO] [stdout]    |         ^^^
[INFO] [stdout]    |
[INFO] [stdout]    = note: `#[warn(deprecated)]` on by default
[INFO] [stdout] 
[INFO] [stdout] 
[INFO] [stdout] warning: use of deprecated macro `try`: use the `?` operator instead
[INFO] [stdout]   --> src/base.rs:74:13
[INFO] [stdout]    |
[INFO] [stdout] 74 |             try!(write!(f, "{:?}", *x))
[INFO] [stdout]    |             ^^^
[INFO] [stdout] 
[INFO] [stdout] 
[INFO] [stdout] warning: use of deprecated macro `try`: use the `?` operator instead
[INFO] [stdout]   --> src/base.rs:72:17
[INFO] [stdout]    |
[INFO] [stdout] 72 |                 try!(write!(f, ", "));
[INFO] [stdout]    |                 ^^^
[INFO] [stdout] 
[INFO] [stdout] 
[INFO] [stdout] warning: lint `raw_pointer_derive` has been removed: using derive with raw pointers is ok
[INFO] [stdout]    --> src/base.rs:258:9
[INFO] [stdout]     |
[INFO] [stdout] 258 | #[allow(raw_pointer_derive)]
[INFO] [stdout]     |         ^^^^^^^^^^^^^^^^^^
[INFO] [stdout]     |
[INFO] [stdout]     = note: `#[warn(renamed_and_removed_lints)]` on by default
[INFO] [stdout] 
[INFO] [stdout] 
[INFO] [stdout] warning: lint `unsigned_negation` has been removed: replaced by negate_unsigned feature gate
[INFO] [stdout]    --> src/base.rs:240:21
[INFO] [stdout]     |
[INFO] [stdout] 240 |             #[allow(unsigned_negation)]
[INFO] [stdout]     |                     ^^^^^^^^^^^^^^^^^
[INFO] [stdout] ...
[INFO] [stdout] 265 | iterator!(Items -> &'a T);
[INFO] [stdout]     | ------------------------- in this macro invocation
[INFO] [stdout]     |
[INFO] [stdout]     = note: this warning originates in the macro `iterator` (in Nightly builds, run with -Z macro-backtrace for more info)
[INFO] [stdout] 
[INFO] [stdout] 
[INFO] [stdout] warning: lint `unsigned_negation` has been removed: replaced by negate_unsigned feature gate
[INFO] [stdout]    --> src/base.rs:240:21
[INFO] [stdout]     |
[INFO] [stdout] 240 |             #[allow(unsigned_negation)]
[INFO] [stdout]     |                     ^^^^^^^^^^^^^^^^^
[INFO] [stdout] ...
[INFO] [stdout] 280 | iterator!(MutItems -> &'a mut T);
[INFO] [stdout]     | -------------------------------- in this macro invocation
[INFO] [stdout]     |
[INFO] [stdout]     = note: this warning originates in the macro `iterator` (in Nightly builds, run with -Z macro-backtrace for more info)
[INFO] [stdout] 
[INFO] [stdout] 
[INFO] [stdout] warning: 6 warnings emitted
[INFO] [stdout] 
[INFO] [stdout] 
[INFO] [stderr]     Finished dev [unoptimized + debuginfo] target(s) in 0.29s
[INFO] running `Command { std: "docker" "inspect" "d3f88809261498d8ef0a327468f0144e45705b5021395837868cb29df7defd7f", kill_on_drop: false }`
[INFO] running `Command { std: "docker" "rm" "-f" "d3f88809261498d8ef0a327468f0144e45705b5021395837868cb29df7defd7f", kill_on_drop: false }`
[INFO] [stdout] d3f88809261498d8ef0a327468f0144e45705b5021395837868cb29df7defd7f
[INFO] running `Command { std: "docker" "create" "-v" "/var/lib/crater-agent-workspace/builds/worker-5-tc2/target:/opt/rustwide/target:rw,Z" "-v" "/var/lib/crater-agent-workspace/builds/worker-5-tc2/source:/opt/rustwide/workdir:ro,Z" "-v" "/var/lib/crater-agent-workspace/cargo-home:/opt/rustwide/cargo-home:ro,Z" "-v" "/var/lib/crater-agent-workspace/rustup-home:/opt/rustwide/rustup-home:ro,Z" "-e" "SOURCE_DIR=/opt/rustwide/workdir" "-e" "CARGO_TARGET_DIR=/opt/rustwide/target" "-e" "CARGO_INCREMENTAL=0" "-e" "RUST_BACKTRACE=full" "-e" "RUSTFLAGS=--cap-lints=warn" "-e" "RUSTDOCFLAGS=--cap-lints=warn" "-e" "CARGO_HOME=/opt/rustwide/cargo-home" "-e" "RUSTUP_HOME=/opt/rustwide/rustup-home" "-w" "/opt/rustwide/workdir" "-m" "1610612736" "--user" "0:0" "--network" "none" "ghcr.io/rust-lang/crates-build-env/linux@sha256:5ff2268d62e97bff2cde7d5815dd6ed5b47097566f13b8d0ca110b04b60e07ed" "/opt/rustwide/cargo-home/bin/cargo" "+beta-2023-04-20" "test" "--frozen" "--no-run" "--message-format=json", kill_on_drop: false }`
[INFO] [stdout] c4b5e143776f905fc23a82a218a6868908d7f0d6d33985d679a7476841ff7d59
[INFO] running `Command { std: "docker" "start" "-a" "c4b5e143776f905fc23a82a218a6868908d7f0d6d33985d679a7476841ff7d59", kill_on_drop: false }`
[INFO] [stderr]    Compiling autocfg v1.1.0
[INFO] [stdout] warning: use of deprecated macro `try`: use the `?` operator instead
[INFO] [stdout]   --> src/base.rs:66:9
[INFO] [stdout]    |
[INFO] [stdout] 66 |         try!(write!(f, "["));
[INFO] [stdout]    |         ^^^
[INFO] [stdout]    |
[INFO] [stdout]    = note: `#[warn(deprecated)]` on by default
[INFO] [stdout] 
[INFO] [stdout] 
[INFO] [stdout] warning: use of deprecated macro `try`: use the `?` operator instead
[INFO] [stdout]   --> src/base.rs:74:13
[INFO] [stdout]    |
[INFO] [stdout] 74 |             try!(write!(f, "{:?}", *x))
[INFO] [stdout]    |             ^^^
[INFO] [stdout] 
[INFO] [stdout] 
[INFO] [stdout] warning: use of deprecated macro `try`: use the `?` operator instead
[INFO] [stdout]   --> src/base.rs:72:17
[INFO] [stdout]    |
[INFO] [stdout] 72 |                 try!(write!(f, ", "));
[INFO] [stdout]    |                 ^^^
[INFO] [stdout] 
[INFO] [stdout] 
[INFO] [stdout] warning: lint `raw_pointer_derive` has been removed: using derive with raw pointers is ok
[INFO] [stdout]    --> src/base.rs:258:9
[INFO] [stdout]     |
[INFO] [stdout] 258 | #[allow(raw_pointer_derive)]
[INFO] [stdout]     |         ^^^^^^^^^^^^^^^^^^
[INFO] [stdout]     |
[INFO] [stdout]     = note: `#[warn(renamed_and_removed_lints)]` on by default
[INFO] [stdout] 
[INFO] [stdout] 
[INFO] [stdout] warning: lint `unsigned_negation` has been removed: replaced by negate_unsigned feature gate
[INFO] [stdout]    --> src/base.rs:240:21
[INFO] [stdout]     |
[INFO] [stdout] 240 |             #[allow(unsigned_negation)]
[INFO] [stdout]     |                     ^^^^^^^^^^^^^^^^^
[INFO] [stdout] ...
[INFO] [stdout] 265 | iterator!(Items -> &'a T);
[INFO] [stdout]     | ------------------------- in this macro invocation
[INFO] [stdout]     |
[INFO] [stdout]     = note: this warning originates in the macro `iterator` (in Nightly builds, run with -Z macro-backtrace for more info)
[INFO] [stdout] 
[INFO] [stdout] 
[INFO] [stdout] warning: lint `unsigned_negation` has been removed: replaced by negate_unsigned feature gate
[INFO] [stdout]    --> src/base.rs:240:21
[INFO] [stdout]     |
[INFO] [stdout] 240 |             #[allow(unsigned_negation)]
[INFO] [stdout]     |                     ^^^^^^^^^^^^^^^^^
[INFO] [stdout] ...
[INFO] [stdout] 280 | iterator!(MutItems -> &'a mut T);
[INFO] [stdout]     | -------------------------------- in this macro invocation
[INFO] [stdout]     |
[INFO] [stdout]     = note: this warning originates in the macro `iterator` (in Nightly builds, run with -Z macro-backtrace for more info)
[INFO] [stdout] 
[INFO] [stdout] 
[INFO] [stdout] warning: 6 warnings emitted
[INFO] [stdout] 
[INFO] [stdout] 
[INFO] [stderr]    Compiling num-traits v0.2.15
[INFO] [stderr]    Compiling num-integer v0.1.45
[INFO] [stderr]    Compiling num-bigint v0.4.3
[INFO] [stderr]    Compiling num-iter v0.1.43
[INFO] [stderr]    Compiling num-rational v0.4.1
[INFO] [stderr]    Compiling num-complex v0.4.3
[INFO] [stderr]    Compiling num v0.4.0
[INFO] [stderr]    Compiling strided v0.2.9 (/opt/rustwide/workdir)
[INFO] [stdout] warning: use of deprecated macro `try`: use the `?` operator instead
[INFO] [stdout]   --> src/base.rs:66:9
[INFO] [stdout]    |
[INFO] [stdout] 66 |         try!(write!(f, "["));
[INFO] [stdout]    |         ^^^
[INFO] [stdout]    |
[INFO] [stdout]    = note: `#[warn(deprecated)]` on by default
[INFO] [stdout] 
[INFO] [stdout] 
[INFO] [stdout] warning: use of deprecated macro `try`: use the `?` operator instead
[INFO] [stdout]   --> src/base.rs:74:13
[INFO] [stdout]    |
[INFO] [stdout] 74 |             try!(write!(f, "{:?}", *x))
[INFO] [stdout]    |             ^^^
[INFO] [stdout] 
[INFO] [stdout] 
[INFO] [stdout] warning: use of deprecated macro `try`: use the `?` operator instead
[INFO] [stdout]   --> src/base.rs:72:17
[INFO] [stdout]    |
[INFO] [stdout] 72 |                 try!(write!(f, ", "));
[INFO] [stdout]    |                 ^^^
[INFO] [stdout] 
[INFO] [stdout] 
[INFO] [stdout] warning: lint `raw_pointer_derive` has been removed: using derive with raw pointers is ok
[INFO] [stdout]    --> src/base.rs:258:9
[INFO] [stdout]     |
[INFO] [stdout] 258 | #[allow(raw_pointer_derive)]
[INFO] [stdout]     |         ^^^^^^^^^^^^^^^^^^
[INFO] [stdout]     |
[INFO] [stdout]     = note: `#[warn(renamed_and_removed_lints)]` on by default
[INFO] [stdout] 
[INFO] [stdout] 
[INFO] [stdout] warning: lint `unsigned_negation` has been removed: replaced by negate_unsigned feature gate
[INFO] [stdout]    --> src/base.rs:240:21
[INFO] [stdout]     |
[INFO] [stdout] 240 |             #[allow(unsigned_negation)]
[INFO] [stdout]     |                     ^^^^^^^^^^^^^^^^^
[INFO] [stdout] ...
[INFO] [stdout] 265 | iterator!(Items -> &'a T);
[INFO] [stdout]     | ------------------------- in this macro invocation
[INFO] [stdout]     |
[INFO] [stdout]     = note: this warning originates in the macro `iterator` (in Nightly builds, run with -Z macro-backtrace for more info)
[INFO] [stdout] 
[INFO] [stdout] 
[INFO] [stdout] warning: lint `unsigned_negation` has been removed: replaced by negate_unsigned feature gate
[INFO] [stdout]    --> src/base.rs:240:21
[INFO] [stdout]     |
[INFO] [stdout] 240 |             #[allow(unsigned_negation)]
[INFO] [stdout]     |                     ^^^^^^^^^^^^^^^^^
[INFO] [stdout] ...
[INFO] [stdout] 280 | iterator!(MutItems -> &'a mut T);
[INFO] [stdout]     | -------------------------------- in this macro invocation
[INFO] [stdout]     |
[INFO] [stdout]     = note: this warning originates in the macro `iterator` (in Nightly builds, run with -Z macro-backtrace for more info)
[INFO] [stdout] 
[INFO] [stdout] 
[INFO] [stdout] warning: 6 warnings emitted
[INFO] [stdout] 
[INFO] [stdout] 
[INFO] [stderr]     Finished test [unoptimized + debuginfo] target(s) in 9.42s
[INFO] running `Command { std: "docker" "inspect" "c4b5e143776f905fc23a82a218a6868908d7f0d6d33985d679a7476841ff7d59", kill_on_drop: false }`
[INFO] running `Command { std: "docker" "rm" "-f" "c4b5e143776f905fc23a82a218a6868908d7f0d6d33985d679a7476841ff7d59", kill_on_drop: false }`
[INFO] [stdout] c4b5e143776f905fc23a82a218a6868908d7f0d6d33985d679a7476841ff7d59
[INFO] running `Command { std: "docker" "create" "-v" "/var/lib/crater-agent-workspace/builds/worker-5-tc2/target:/opt/rustwide/target:rw,Z" "-v" "/var/lib/crater-agent-workspace/builds/worker-5-tc2/source:/opt/rustwide/workdir:ro,Z" "-v" "/var/lib/crater-agent-workspace/cargo-home:/opt/rustwide/cargo-home:ro,Z" "-v" "/var/lib/crater-agent-workspace/rustup-home:/opt/rustwide/rustup-home:ro,Z" "-e" "SOURCE_DIR=/opt/rustwide/workdir" "-e" "CARGO_TARGET_DIR=/opt/rustwide/target" "-e" "CARGO_INCREMENTAL=0" "-e" "RUST_BACKTRACE=full" "-e" "RUSTFLAGS=--cap-lints=warn" "-e" "RUSTDOCFLAGS=--cap-lints=warn" "-e" "CARGO_HOME=/opt/rustwide/cargo-home" "-e" "RUSTUP_HOME=/opt/rustwide/rustup-home" "-w" "/opt/rustwide/workdir" "-m" "1610612736" "--user" "0:0" "--network" "none" "ghcr.io/rust-lang/crates-build-env/linux@sha256:5ff2268d62e97bff2cde7d5815dd6ed5b47097566f13b8d0ca110b04b60e07ed" "/opt/rustwide/cargo-home/bin/cargo" "+beta-2023-04-20" "test" "--frozen", kill_on_drop: false }`
[INFO] [stdout] 1fbf5f6babf654933d72d5ce0be35c99fa7a8cc662504cfc08b3d8dfcf357312
[INFO] running `Command { std: "docker" "start" "-a" "1fbf5f6babf654933d72d5ce0be35c99fa7a8cc662504cfc08b3d8dfcf357312", kill_on_drop: false }`
[INFO] [stderr] warning: use of deprecated macro `try`: use the `?` operator instead
[INFO] [stdout] 
[INFO] [stderr]   --> src/base.rs:66:9
[INFO] [stdout] running 19 tests
[INFO] [stderr]    |
[INFO] [stderr] 66 |         try!(write!(f, "["));
[INFO] [stderr]    |         ^^^
[INFO] [stderr]    |
[INFO] [stderr]    = note: `#[warn(deprecated)]` on by default
[INFO] [stderr] 
[INFO] [stderr] warning: use of deprecated macro `try`: use the `?` operator instead
[INFO] [stderr]   --> src/base.rs:74:13
[INFO] [stderr]    |
[INFO] [stderr] 74 |             try!(write!(f, "{:?}", *x))
[INFO] [stderr]    |             ^^^
[INFO] [stderr] 
[INFO] [stderr] warning: use of deprecated macro `try`: use the `?` operator instead
[INFO] [stderr]   --> src/base.rs:72:17
[INFO] [stderr]    |
[INFO] [stderr] 72 |                 try!(write!(f, ", "));
[INFO] [stderr]    |                 ^^^
[INFO] [stderr] 
[INFO] [stderr] warning: lint `raw_pointer_derive` has been removed: using derive with raw pointers is ok
[INFO] [stderr]    --> src/base.rs:258:9
[INFO] [stderr]     |
[INFO] [stderr] 258 | #[allow(raw_pointer_derive)]
[INFO] [stderr]     |         ^^^^^^^^^^^^^^^^^^
[INFO] [stderr]     |
[INFO] [stderr]     = note: `#[warn(renamed_and_removed_lints)]` on by default
[INFO] [stderr] 
[INFO] [stderr] warning: lint `unsigned_negation` has been removed: replaced by negate_unsigned feature gate
[INFO] [stderr]    --> src/base.rs:240:21
[INFO] [stderr]     |
[INFO] [stderr] 240 |             #[allow(unsigned_negation)]
[INFO] [stderr]     |                     ^^^^^^^^^^^^^^^^^
[INFO] [stderr] ...
[INFO] [stderr] 265 | iterator!(Items -> &'a T);
[INFO] [stderr]     | ------------------------- in this macro invocation
[INFO] [stderr]     |
[INFO] [stderr]     = note: this warning originates in the macro `iterator` (in Nightly builds, run with -Z macro-backtrace for more info)
[INFO] [stderr] 
[INFO] [stderr] warning: lint `unsigned_negation` has been removed: replaced by negate_unsigned feature gate
[INFO] [stderr]    --> src/base.rs:240:21
[INFO] [stderr]     |
[INFO] [stderr] 240 |             #[allow(unsigned_negation)]
[INFO] [stderr]     |                     ^^^^^^^^^^^^^^^^^
[INFO] [stderr] ...
[INFO] [stderr] 280 | iterator!(MutItems -> &'a mut T);
[INFO] [stderr]     | -------------------------------- in this macro invocation
[INFO] [stderr]     |
[INFO] [stderr]     = note: this warning originates in the macro `iterator` (in Nightly builds, run with -Z macro-backtrace for more info)
[INFO] [stderr] 
[INFO] [stderr] warning: `strided` (lib) generated 6 warnings
[INFO] [stderr] warning: `strided` (lib test) generated 6 warnings (6 duplicates)
[INFO] [stderr]     Finished test [unoptimized + debuginfo] target(s) in 0.01s
[INFO] [stderr]      Running unittests src/lib.rs (/opt/rustwide/target/debug/deps/strided-7892219677fbb02f)
[INFO] [stdout] test imm::tests::comparisons ... ok
[INFO] [stdout] test imm::tests::get ... ok
[INFO] [stdout] test imm::tests::iter ... ok
[INFO] [stdout] test imm::tests::slice_split ... ok
[INFO] [stdout] test imm::tests::stride_len ... ok
[INFO] [stdout] test mut_::tests::get ... ok
[INFO] [stdout] test mut_::tests::iter ... ok
[INFO] [stdout] test mut_::tests::comparisons ... ok
[INFO] [stdout] test imm::tests::substrides2 ... ok
[INFO] [stdout] test imm::tests::substrides ... ok
[INFO] [stdout] test mut_::tests::stride_len ... ok
[INFO] [stdout] test mut_::tests::reborrow ... ok
[INFO] [stdout] test mut_::tests::show ... ok
[INFO] [stdout] test mut_::tests::substrides ... ok
[INFO] [stdout] test imm::tests::show ... ok
[INFO] [stdout] test mut_::tests::slice_split ... ok
[INFO] [stdout] test mut_::tests::substrides2 ... ok
[INFO] [stdout] test imm::tests::no_zero_sized_types - should panic ... ok
[INFO] [stdout] test mut_::tests::no_zero_sized_types - should panic ... ok
[INFO] [stdout] 
[INFO] [stdout] test result: ok. 19 passed; 0 failed; 0 ignored; 0 measured; 0 filtered out; finished in 0.04s
[INFO] [stdout] 
[INFO] [stderr]    Doc-tests strided
[INFO] [stderr] warning: lint `raw_pointer_derive` has been removed: using derive with raw pointers is ok
[INFO] [stderr]    --> /opt/rustwide/workdir/src/base.rs:258:9
[INFO] [stderr]     |
[INFO] [stderr] 258 | #[allow(raw_pointer_derive)]
[INFO] [stderr]     |         ^^^^^^^^^^^^^^^^^^
[INFO] [stderr]     |
[INFO] [stderr]     = note: `#[warn(renamed_and_removed_lints)]` on by default
[INFO] [stderr] 
[INFO] [stderr] warning: lint `unsigned_negation` has been removed: replaced by negate_unsigned feature gate
[INFO] [stderr]    --> /opt/rustwide/workdir/src/base.rs:240:21
[INFO] [stderr]     |
[INFO] [stderr] 240 |             #[allow(unsigned_negation)]
[INFO] [stderr]     |                     ^^^^^^^^^^^^^^^^^
[INFO] [stderr] ...
[INFO] [stderr] 265 | iterator!(Items -> &'a T);
[INFO] [stderr]     | ------------------------- in this macro invocation
[INFO] [stderr]     |
[INFO] [stderr]     = note: this warning originates in the macro `iterator` (in Nightly builds, run with -Z macro-backtrace for more info)
[INFO] [stderr] 
[INFO] [stderr] warning: lint `unsigned_negation` has been removed: replaced by negate_unsigned feature gate
[INFO] [stderr]    --> /opt/rustwide/workdir/src/base.rs:240:21
[INFO] [stderr]     |
[INFO] [stderr] 240 |             #[allow(unsigned_negation)]
[INFO] [stderr]     |                     ^^^^^^^^^^^^^^^^^
[INFO] [stderr] ...
[INFO] [stderr] 280 | iterator!(MutItems -> &'a mut T);
[INFO] [stderr]     | -------------------------------- in this macro invocation
[INFO] [stderr]     |
[INFO] [stderr]     = note: this warning originates in the macro `iterator` (in Nightly builds, run with -Z macro-backtrace for more info)
[INFO] [stderr] 
[INFO] [stderr] warning: 3 warnings emitted
[INFO] [stderr] 
[INFO] [stdout] 
[INFO] [stdout] running 6 tests
[INFO] [stdout] test src/lib.rs - (line 90) ... ignored
[INFO] [stdout] test src/lib.rs - (line 164) ... FAILED
[INFO] [stdout] test src/lib.rs - (line 66) ... ok
[INFO] [stdout] test src/lib.rs - (line 53) ... ok
[INFO] [stdout] test src/lib.rs - (line 28) ... ok
[INFO] [stdout] test src/lib.rs - (line 109) ... ok
[INFO] [stdout] 
[INFO] [stdout] failures:
[INFO] [stdout] 
[INFO] [stdout] ---- src/lib.rs - (line 164) stdout ----
[INFO] [stdout] warning: unknown lint: `unstable`
[INFO] [stdout]  --> src/lib.rs:165:10
[INFO] [stdout]   |
[INFO] [stdout] 2 | #![allow(unstable)]
[INFO] [stdout]   |          ^^^^^^^^
[INFO] [stdout]   |
[INFO] [stdout]   = note: `#[warn(unknown_lints)]` on by default
[INFO] [stdout] 
[INFO] [stdout] error[E0277]: the trait bound `&{float}: Float` is not satisfied
[INFO] [stdout]    --> src/lib.rs:194:19
[INFO] [stdout]     |
[INFO] [stdout] 31  |     let twiddle = Complex::from_polar(&1.0, &(-2.0 * f64::consts::PI / input.len() as f64));
[INFO] [stdout]     |                   ^^^^^^^^^^^^^^^^^^^ the trait `Float` is not implemented for `&{float}`
[INFO] [stdout]     |
[INFO] [stdout]     = help: the following other types implement trait `Float`:
[INFO] [stdout]               f32
[INFO] [stdout]               f64
[INFO] [stdout] note: required by a bound in `Complex::<T>::from_polar`
[INFO] [stdout]    --> /opt/rustwide/cargo-home/registry/src/index.crates.io-6f17d22bba15001f/num-complex-0.4.3/src/lib.rs:174:9
[INFO] [stdout]     |
[INFO] [stdout] 174 | impl<T: Float> Complex<T> {
[INFO] [stdout]     |         ^^^^^ required by this bound in `Complex::<T>::from_polar`
[INFO] [stdout] 
[INFO] [stdout] error[E0277]: cannot multiply `Complex<f64>` by `Complex<&f64>`
[INFO] [stdout]   --> src/lib.rs:207:25
[INFO] [stdout]    |
[INFO] [stdout] 44 |         factor = factor * twiddle;
[INFO] [stdout]    |                         ^ no implementation for `Complex<f64> * Complex<&f64>`
[INFO] [stdout]    |
[INFO] [stdout]    = help: the trait `Mul<Complex<&f64>>` is not implemented for `Complex<f64>`
[INFO] [stdout]    = help: the following other types implement trait `Mul<Rhs>`:
[INFO] [stdout]              <&'a Complex<T> as Mul<&'b Complex<T>>>
[INFO] [stdout]              <&'a Complex<T> as Mul<Complex<T>>>
[INFO] [stdout]              <&'a Complex<T> as Mul<T>>
[INFO] [stdout]              <&'b Complex<T> as Mul<&'a T>>
[INFO] [stdout]              <Complex<T> as Mul<&'a Complex<T>>>
[INFO] [stdout]              <Complex<T> as Mul<&'a T>>
[INFO] [stdout]              <Complex<T> as Mul<T>>
[INFO] [stdout]              <Complex<T> as Mul>
[INFO] [stdout] 
[INFO] [stdout] error: aborting due to 2 previous errors; 1 warning emitted
[INFO] [stdout] 
[INFO] [stdout] For more information about this error, try `rustc --explain E0277`.
[INFO] [stdout] Couldn't compile the test.
[INFO] [stdout] 
[INFO] [stdout] failures:
[INFO] [stdout]     src/lib.rs - (line 164)
[INFO] [stdout] 
[INFO] [stdout] test result: FAILED. 4 passed; 1 failed; 1 ignored; 0 measured; 0 filtered out; finished in 0.68s
[INFO] [stdout] 
[INFO] [stderr] error: doctest failed, to rerun pass `--doc`
[INFO] running `Command { std: "docker" "inspect" "1fbf5f6babf654933d72d5ce0be35c99fa7a8cc662504cfc08b3d8dfcf357312", kill_on_drop: false }`
[INFO] running `Command { std: "docker" "rm" "-f" "1fbf5f6babf654933d72d5ce0be35c99fa7a8cc662504cfc08b3d8dfcf357312", kill_on_drop: false }`
[INFO] [stdout] 1fbf5f6babf654933d72d5ce0be35c99fa7a8cc662504cfc08b3d8dfcf357312
