[INFO] fetching crate streamer 0.1.2...
[INFO] testing streamer-0.1.2 against beta-2023-04-20 for beta-1.70-1
[INFO] extracting crate streamer 0.1.2 into /workspace/builds/worker-7-tc2/source
[INFO] validating manifest of crates.io crate streamer 0.1.2 on toolchain beta-2023-04-20
[INFO] running `Command { std: CARGO_HOME="/workspace/cargo-home" RUSTUP_HOME="/workspace/rustup-home" "/workspace/cargo-home/bin/cargo" "+beta-2023-04-20" "metadata" "--manifest-path" "Cargo.toml" "--no-deps", kill_on_drop: false }`
[INFO] started tweaking crates.io crate streamer 0.1.2
[INFO] finished tweaking crates.io crate streamer 0.1.2
[INFO] tweaked toml for crates.io crate streamer 0.1.2 written to /workspace/builds/worker-7-tc2/source/Cargo.toml
[INFO] running `Command { std: CARGO_HOME="/workspace/cargo-home" RUSTUP_HOME="/workspace/rustup-home" __CARGO_TEST_CHANNEL_OVERRIDE_DO_NOT_USE_THIS="nightly" "/workspace/cargo-home/bin/cargo" "+beta-2023-04-20" "generate-lockfile" "--manifest-path" "Cargo.toml" "-Zno-index-update", kill_on_drop: false }`
[INFO] running `Command { std: CARGO_HOME="/workspace/cargo-home" RUSTUP_HOME="/workspace/rustup-home" "/workspace/cargo-home/bin/cargo" "+beta-2023-04-20" "fetch" "--manifest-path" "Cargo.toml", kill_on_drop: false }`
[INFO] running `Command { std: "docker" "create" "-v" "/var/lib/crater-agent-workspace/builds/worker-7-tc2/target:/opt/rustwide/target:rw,Z" "-v" "/var/lib/crater-agent-workspace/builds/worker-7-tc2/source:/opt/rustwide/workdir:ro,Z" "-v" "/var/lib/crater-agent-workspace/cargo-home:/opt/rustwide/cargo-home:ro,Z" "-v" "/var/lib/crater-agent-workspace/rustup-home:/opt/rustwide/rustup-home:ro,Z" "-e" "SOURCE_DIR=/opt/rustwide/workdir" "-e" "CARGO_TARGET_DIR=/opt/rustwide/target" "-e" "CARGO_HOME=/opt/rustwide/cargo-home" "-e" "RUSTUP_HOME=/opt/rustwide/rustup-home" "-w" "/opt/rustwide/workdir" "-m" "1610612736" "--user" "0:0" "--network" "none" "ghcr.io/rust-lang/crates-build-env/linux@sha256:5ff2268d62e97bff2cde7d5815dd6ed5b47097566f13b8d0ca110b04b60e07ed" "/opt/rustwide/cargo-home/bin/cargo" "+beta-2023-04-20" "metadata" "--no-deps" "--format-version=1", kill_on_drop: false }`
[INFO] [stdout] 21b55874ddc5f39017d749c444cf59fddb1c0a1ecfa78b9587357f2326bc7325
[INFO] running `Command { std: "docker" "start" "-a" "21b55874ddc5f39017d749c444cf59fddb1c0a1ecfa78b9587357f2326bc7325", kill_on_drop: false }`
[INFO] running `Command { std: "docker" "inspect" "21b55874ddc5f39017d749c444cf59fddb1c0a1ecfa78b9587357f2326bc7325", kill_on_drop: false }`
[INFO] running `Command { std: "docker" "rm" "-f" "21b55874ddc5f39017d749c444cf59fddb1c0a1ecfa78b9587357f2326bc7325", kill_on_drop: false }`
[INFO] [stdout] 21b55874ddc5f39017d749c444cf59fddb1c0a1ecfa78b9587357f2326bc7325
[INFO] running `Command { std: "docker" "create" "-v" "/var/lib/crater-agent-workspace/builds/worker-7-tc2/target:/opt/rustwide/target:rw,Z" "-v" "/var/lib/crater-agent-workspace/builds/worker-7-tc2/source:/opt/rustwide/workdir:ro,Z" "-v" "/var/lib/crater-agent-workspace/cargo-home:/opt/rustwide/cargo-home:ro,Z" "-v" "/var/lib/crater-agent-workspace/rustup-home:/opt/rustwide/rustup-home:ro,Z" "-e" "SOURCE_DIR=/opt/rustwide/workdir" "-e" "CARGO_TARGET_DIR=/opt/rustwide/target" "-e" "CARGO_INCREMENTAL=0" "-e" "RUST_BACKTRACE=full" "-e" "RUSTFLAGS=--cap-lints=warn" "-e" "RUSTDOCFLAGS=--cap-lints=warn" "-e" "CARGO_HOME=/opt/rustwide/cargo-home" "-e" "RUSTUP_HOME=/opt/rustwide/rustup-home" "-w" "/opt/rustwide/workdir" "-m" "1610612736" "--user" "0:0" "--network" "none" "ghcr.io/rust-lang/crates-build-env/linux@sha256:5ff2268d62e97bff2cde7d5815dd6ed5b47097566f13b8d0ca110b04b60e07ed" "/opt/rustwide/cargo-home/bin/cargo" "+beta-2023-04-20" "build" "--frozen" "--message-format=json", kill_on_drop: false }`
[INFO] [stdout] 2462bd6ece8a39de954b5b5b1f94e3659dd7e9bddc9d4ada0cd55bee4e0123ad
[INFO] running `Command { std: "docker" "start" "-a" "2462bd6ece8a39de954b5b5b1f94e3659dd7e9bddc9d4ada0cd55bee4e0123ad", kill_on_drop: false }`
[INFO] [stderr]    Compiling futures-task v0.3.28
[INFO] [stderr]    Compiling futures-core v0.3.28
[INFO] [stderr]    Compiling futures-util v0.3.28
[INFO] [stderr]    Compiling slab v0.4.8
[INFO] [stderr]    Compiling syn v2.0.15
[INFO] [stderr]    Compiling futures-macro v0.3.28
[INFO] [stderr]    Compiling streamer v0.1.2 (/opt/rustwide/workdir)
[INFO] [stderr]     Finished dev [unoptimized + debuginfo] target(s) in 11.84s
[INFO] running `Command { std: "docker" "inspect" "2462bd6ece8a39de954b5b5b1f94e3659dd7e9bddc9d4ada0cd55bee4e0123ad", kill_on_drop: false }`
[INFO] running `Command { std: "docker" "rm" "-f" "2462bd6ece8a39de954b5b5b1f94e3659dd7e9bddc9d4ada0cd55bee4e0123ad", kill_on_drop: false }`
[INFO] [stdout] 2462bd6ece8a39de954b5b5b1f94e3659dd7e9bddc9d4ada0cd55bee4e0123ad
[INFO] running `Command { std: "docker" "create" "-v" "/var/lib/crater-agent-workspace/builds/worker-7-tc2/target:/opt/rustwide/target:rw,Z" "-v" "/var/lib/crater-agent-workspace/builds/worker-7-tc2/source:/opt/rustwide/workdir:ro,Z" "-v" "/var/lib/crater-agent-workspace/cargo-home:/opt/rustwide/cargo-home:ro,Z" "-v" "/var/lib/crater-agent-workspace/rustup-home:/opt/rustwide/rustup-home:ro,Z" "-e" "SOURCE_DIR=/opt/rustwide/workdir" "-e" "CARGO_TARGET_DIR=/opt/rustwide/target" "-e" "CARGO_INCREMENTAL=0" "-e" "RUST_BACKTRACE=full" "-e" "RUSTFLAGS=--cap-lints=warn" "-e" "RUSTDOCFLAGS=--cap-lints=warn" "-e" "CARGO_HOME=/opt/rustwide/cargo-home" "-e" "RUSTUP_HOME=/opt/rustwide/rustup-home" "-w" "/opt/rustwide/workdir" "-m" "1610612736" "--user" "0:0" "--network" "none" "ghcr.io/rust-lang/crates-build-env/linux@sha256:5ff2268d62e97bff2cde7d5815dd6ed5b47097566f13b8d0ca110b04b60e07ed" "/opt/rustwide/cargo-home/bin/cargo" "+beta-2023-04-20" "test" "--frozen" "--no-run" "--message-format=json", kill_on_drop: false }`
[INFO] [stdout] 2874ca8f22916250cf40f38e487008453fd288347aa598d191df6caa31719c0e
[INFO] running `Command { std: "docker" "start" "-a" "2874ca8f22916250cf40f38e487008453fd288347aa598d191df6caa31719c0e", kill_on_drop: false }`
[INFO] [stderr]    Compiling libc v0.2.142
[INFO] [stderr]    Compiling tokio v1.28.0
[INFO] [stderr]    Compiling tokio-macros v2.1.0
[INFO] [stderr]    Compiling num_cpus v1.15.0
[INFO] [stderr]    Compiling streamer v0.1.2 (/opt/rustwide/workdir)
[INFO] [stdout] warning: function `run` is never used
[INFO] [stdout]   --> src/streaming.rs:72:14
[INFO] [stdout]    |
[INFO] [stdout] 72 |     async fn run() {
[INFO] [stdout]    |              ^^^
[INFO] [stdout]    |
[INFO] [stdout]    = note: `#[warn(dead_code)]` on by default
[INFO] [stdout] 
[INFO] [stdout] 
[INFO] [stdout] warning: function `run` is never used
[INFO] [stdout]    --> src/streaming.rs:176:14
[INFO] [stdout]     |
[INFO] [stdout] 176 |     async fn run() {
[INFO] [stdout]     |              ^^^
[INFO] [stdout] 
[INFO] [stdout] 
[INFO] [stdout] warning: 2 warnings emitted
[INFO] [stdout] 
[INFO] [stdout] 
[INFO] [stderr]     Finished test [unoptimized + debuginfo] target(s) in 6.77s
[INFO] running `Command { std: "docker" "inspect" "2874ca8f22916250cf40f38e487008453fd288347aa598d191df6caa31719c0e", kill_on_drop: false }`
[INFO] running `Command { std: "docker" "rm" "-f" "2874ca8f22916250cf40f38e487008453fd288347aa598d191df6caa31719c0e", kill_on_drop: false }`
[INFO] [stdout] 2874ca8f22916250cf40f38e487008453fd288347aa598d191df6caa31719c0e
[INFO] running `Command { std: "docker" "create" "-v" "/var/lib/crater-agent-workspace/builds/worker-7-tc2/target:/opt/rustwide/target:rw,Z" "-v" "/var/lib/crater-agent-workspace/builds/worker-7-tc2/source:/opt/rustwide/workdir:ro,Z" "-v" "/var/lib/crater-agent-workspace/cargo-home:/opt/rustwide/cargo-home:ro,Z" "-v" "/var/lib/crater-agent-workspace/rustup-home:/opt/rustwide/rustup-home:ro,Z" "-e" "SOURCE_DIR=/opt/rustwide/workdir" "-e" "CARGO_TARGET_DIR=/opt/rustwide/target" "-e" "CARGO_INCREMENTAL=0" "-e" "RUST_BACKTRACE=full" "-e" "RUSTFLAGS=--cap-lints=warn" "-e" "RUSTDOCFLAGS=--cap-lints=warn" "-e" "CARGO_HOME=/opt/rustwide/cargo-home" "-e" "RUSTUP_HOME=/opt/rustwide/rustup-home" "-w" "/opt/rustwide/workdir" "-m" "1610612736" "--user" "0:0" "--network" "none" "ghcr.io/rust-lang/crates-build-env/linux@sha256:5ff2268d62e97bff2cde7d5815dd6ed5b47097566f13b8d0ca110b04b60e07ed" "/opt/rustwide/cargo-home/bin/cargo" "+beta-2023-04-20" "test" "--frozen", kill_on_drop: false }`
[INFO] [stdout] ceddcc10dfe2a2b8e5252b94d035cb52a7937412d65ab36bd2c41c8deaf1cb1d
[INFO] running `Command { std: "docker" "start" "-a" "ceddcc10dfe2a2b8e5252b94d035cb52a7937412d65ab36bd2c41c8deaf1cb1d", kill_on_drop: false }`
[INFO] [stderr] warning: function `run` is never used
[INFO] [stderr]   --> src/streaming.rs:72:14
[INFO] [stderr]    |
[INFO] [stderr] 72 |     async fn run() {
[INFO] [stderr]    |              ^^^
[INFO] [stderr]    |
[INFO] [stderr]    = note: `#[warn(dead_code)]` on by default
[INFO] [stderr] 
[INFO] [stderr] warning: function `run` is never used
[INFO] [stderr]    --> src/streaming.rs:176:14
[INFO] [stderr]     |
[INFO] [stderr] 176 |     async fn run() {
[INFO] [stderr]     |              ^^^
[INFO] [stderr] 
[INFO] [stderr] warning: `streamer` (lib test) generated 2 warnings
[INFO] [stderr]     Finished test [unoptimized + debuginfo] target(s) in 0.03s
[INFO] [stderr]      Running unittests src/lib.rs (/opt/rustwide/target/debug/deps/streamer-e092e8e358e064cb)
[INFO] [stdout] 
[INFO] [stdout] running 2 tests
[INFO] [stdout] test streaming::test_stream_file ... ok
[INFO] [stderr]    Doc-tests streamer
[INFO] [stdout] test streaming::test_stream_byte ... ok
[INFO] [stdout] 
[INFO] [stdout] test result: ok. 2 passed; 0 failed; 0 ignored; 0 measured; 0 filtered out; finished in 0.01s
[INFO] [stdout] 
[INFO] [stdout] 
[INFO] [stdout] running 3 tests
[INFO] [stdout] test src/lib.rs - (line 73) - compile ... FAILED
[INFO] [stdout] test src/lib.rs - (line 37) - compile ... FAILED
[INFO] [stdout] test src/lib.rs - (line 16) - compile ... FAILED
[INFO] [stdout] 
[INFO] [stdout] failures:
[INFO] [stdout] 
[INFO] [stdout] ---- src/lib.rs - (line 73) stdout ----
[INFO] [stdout] error: expected `;`, found `:`
[INFO] [stdout]  --> src/lib.rs:74:27
[INFO] [stdout]   |
[INFO] [stdout] 3 | use hyper::{Body, Request}:
[INFO] [stdout]   |                           ^ expected `;`
[INFO] [stdout]   |
[INFO] [stdout]   = note: glob-like brace syntax must be last on the path
[INFO] [stdout] 
[INFO] [stdout] error: aborting due to previous error
[INFO] [stdout] 
[INFO] [stdout] Couldn't compile the test.
[INFO] [stdout] ---- src/lib.rs - (line 37) stdout ----
[INFO] [stdout] error[E0433]: failed to resolve: use of undeclared type `Streaming`
[INFO] [stdout]  --> src/lib.rs:43:21
[INFO] [stdout]   |
[INFO] [stdout] 8 |     let streaming = Streaming::from(s);
[INFO] [stdout]   |                     ^^^^^^^^^ use of undeclared type `Streaming`
[INFO] [stdout]   |
[INFO] [stdout] help: a struct with a similar name exists
[INFO] [stdout]   |
[INFO] [stdout] 8 |     let streaming = String::from(s);
[INFO] [stdout]   |                     ~~~~~~
[INFO] [stdout] help: consider importing this struct
[INFO] [stdout]   |
[INFO] [stdout] 2 + use streamer::Streaming;
[INFO] [stdout]   |
[INFO] [stdout] 
[INFO] [stdout] error: aborting due to previous error
[INFO] [stdout] 
[INFO] [stdout] For more information about this error, try `rustc --explain E0433`.
[INFO] [stdout] Couldn't compile the test.
[INFO] [stdout] ---- src/lib.rs - (line 16) stdout ----
[INFO] [stdout] error[E0433]: failed to resolve: use of undeclared type `File`
[INFO] [stdout]  --> src/lib.rs:19:16
[INFO] [stdout]   |
[INFO] [stdout] 6 |     let file = File::open("info").unwrap();
[INFO] [stdout]   |                ^^^^ use of undeclared type `File`
[INFO] [stdout]   |
[INFO] [stdout] help: consider importing this struct
[INFO] [stdout]   |
[INFO] [stdout] 2 + use std::fs::File;
[INFO] [stdout]   |
[INFO] [stdout] 
[INFO] [stdout] error: aborting due to previous error
[INFO] [stdout] 
[INFO] [stdout] For more information about this error, try `rustc --explain E0433`.
[INFO] [stdout] Couldn't compile the test.
[INFO] [stdout] 
[INFO] [stdout] failures:
[INFO] [stdout]     src/lib.rs - (line 16)
[INFO] [stdout]     src/lib.rs - (line 37)
[INFO] [stdout]     src/lib.rs - (line 73)
[INFO] [stdout] 
[INFO] [stdout] test result: FAILED. 0 passed; 3 failed; 0 ignored; 0 measured; 0 filtered out; finished in 0.16s
[INFO] [stdout] 
[INFO] [stderr] error: doctest failed, to rerun pass `--doc`
[INFO] running `Command { std: "docker" "inspect" "ceddcc10dfe2a2b8e5252b94d035cb52a7937412d65ab36bd2c41c8deaf1cb1d", kill_on_drop: false }`
[INFO] running `Command { std: "docker" "rm" "-f" "ceddcc10dfe2a2b8e5252b94d035cb52a7937412d65ab36bd2c41c8deaf1cb1d", kill_on_drop: false }`
[INFO] [stdout] ceddcc10dfe2a2b8e5252b94d035cb52a7937412d65ab36bd2c41c8deaf1cb1d
