[INFO] fetching crate strck 0.1.2...
[INFO] testing strck-0.1.2 against beta-2023-04-20 for beta-1.70-1
[INFO] extracting crate strck 0.1.2 into /workspace/builds/worker-1-tc2/source
[INFO] validating manifest of crates.io crate strck 0.1.2 on toolchain beta-2023-04-20
[INFO] running `Command { std: CARGO_HOME="/workspace/cargo-home" RUSTUP_HOME="/workspace/rustup-home" "/workspace/cargo-home/bin/cargo" "+beta-2023-04-20" "metadata" "--manifest-path" "Cargo.toml" "--no-deps", kill_on_drop: false }`
[INFO] started tweaking crates.io crate strck 0.1.2
[INFO] finished tweaking crates.io crate strck 0.1.2
[INFO] tweaked toml for crates.io crate strck 0.1.2 written to /workspace/builds/worker-1-tc2/source/Cargo.toml
[INFO] running `Command { std: CARGO_HOME="/workspace/cargo-home" RUSTUP_HOME="/workspace/rustup-home" __CARGO_TEST_CHANNEL_OVERRIDE_DO_NOT_USE_THIS="nightly" "/workspace/cargo-home/bin/cargo" "+beta-2023-04-20" "generate-lockfile" "--manifest-path" "Cargo.toml" "-Zno-index-update", kill_on_drop: false }`
[INFO] running `Command { std: CARGO_HOME="/workspace/cargo-home" RUSTUP_HOME="/workspace/rustup-home" "/workspace/cargo-home/bin/cargo" "+beta-2023-04-20" "fetch" "--manifest-path" "Cargo.toml", kill_on_drop: false }`
[INFO] running `Command { std: "docker" "create" "-v" "/var/lib/crater-agent-workspace/builds/worker-1-tc2/target:/opt/rustwide/target:rw,Z" "-v" "/var/lib/crater-agent-workspace/builds/worker-1-tc2/source:/opt/rustwide/workdir:ro,Z" "-v" "/var/lib/crater-agent-workspace/cargo-home:/opt/rustwide/cargo-home:ro,Z" "-v" "/var/lib/crater-agent-workspace/rustup-home:/opt/rustwide/rustup-home:ro,Z" "-e" "SOURCE_DIR=/opt/rustwide/workdir" "-e" "CARGO_TARGET_DIR=/opt/rustwide/target" "-e" "CARGO_HOME=/opt/rustwide/cargo-home" "-e" "RUSTUP_HOME=/opt/rustwide/rustup-home" "-w" "/opt/rustwide/workdir" "-m" "1610612736" "--user" "0:0" "--network" "none" "ghcr.io/rust-lang/crates-build-env/linux@sha256:5ff2268d62e97bff2cde7d5815dd6ed5b47097566f13b8d0ca110b04b60e07ed" "/opt/rustwide/cargo-home/bin/cargo" "+beta-2023-04-20" "metadata" "--no-deps" "--format-version=1", kill_on_drop: false }`
[INFO] [stdout] b4047e5ac3b797a5873a04cf32085d68bc1141732533a91f3ad57a78719d1646
[INFO] running `Command { std: "docker" "start" "-a" "b4047e5ac3b797a5873a04cf32085d68bc1141732533a91f3ad57a78719d1646", kill_on_drop: false }`
[INFO] running `Command { std: "docker" "inspect" "b4047e5ac3b797a5873a04cf32085d68bc1141732533a91f3ad57a78719d1646", kill_on_drop: false }`
[INFO] running `Command { std: "docker" "rm" "-f" "b4047e5ac3b797a5873a04cf32085d68bc1141732533a91f3ad57a78719d1646", kill_on_drop: false }`
[INFO] [stdout] b4047e5ac3b797a5873a04cf32085d68bc1141732533a91f3ad57a78719d1646
[INFO] running `Command { std: "docker" "create" "-v" "/var/lib/crater-agent-workspace/builds/worker-1-tc2/target:/opt/rustwide/target:rw,Z" "-v" "/var/lib/crater-agent-workspace/builds/worker-1-tc2/source:/opt/rustwide/workdir:ro,Z" "-v" "/var/lib/crater-agent-workspace/cargo-home:/opt/rustwide/cargo-home:ro,Z" "-v" "/var/lib/crater-agent-workspace/rustup-home:/opt/rustwide/rustup-home:ro,Z" "-e" "SOURCE_DIR=/opt/rustwide/workdir" "-e" "CARGO_TARGET_DIR=/opt/rustwide/target" "-e" "CARGO_INCREMENTAL=0" "-e" "RUST_BACKTRACE=full" "-e" "RUSTFLAGS=--cap-lints=warn" "-e" "RUSTDOCFLAGS=--cap-lints=warn" "-e" "CARGO_HOME=/opt/rustwide/cargo-home" "-e" "RUSTUP_HOME=/opt/rustwide/rustup-home" "-w" "/opt/rustwide/workdir" "-m" "1610612736" "--user" "0:0" "--network" "none" "ghcr.io/rust-lang/crates-build-env/linux@sha256:5ff2268d62e97bff2cde7d5815dd6ed5b47097566f13b8d0ca110b04b60e07ed" "/opt/rustwide/cargo-home/bin/cargo" "+beta-2023-04-20" "build" "--frozen" "--message-format=json", kill_on_drop: false }`
[INFO] [stdout] a3a648ce9ae8b1b8a4aab35479da8d68448f1bf568e3251931776c7e7cb4c428
[INFO] running `Command { std: "docker" "start" "-a" "a3a648ce9ae8b1b8a4aab35479da8d68448f1bf568e3251931776c7e7cb4c428", kill_on_drop: false }`
[INFO] [stderr]    Compiling strck v0.1.2 (/opt/rustwide/workdir)
[INFO] [stderr]     Finished dev [unoptimized + debuginfo] target(s) in 0.11s
[INFO] running `Command { std: "docker" "inspect" "a3a648ce9ae8b1b8a4aab35479da8d68448f1bf568e3251931776c7e7cb4c428", kill_on_drop: false }`
[INFO] running `Command { std: "docker" "rm" "-f" "a3a648ce9ae8b1b8a4aab35479da8d68448f1bf568e3251931776c7e7cb4c428", kill_on_drop: false }`
[INFO] [stdout] a3a648ce9ae8b1b8a4aab35479da8d68448f1bf568e3251931776c7e7cb4c428
[INFO] running `Command { std: "docker" "create" "-v" "/var/lib/crater-agent-workspace/builds/worker-1-tc2/target:/opt/rustwide/target:rw,Z" "-v" "/var/lib/crater-agent-workspace/builds/worker-1-tc2/source:/opt/rustwide/workdir:ro,Z" "-v" "/var/lib/crater-agent-workspace/cargo-home:/opt/rustwide/cargo-home:ro,Z" "-v" "/var/lib/crater-agent-workspace/rustup-home:/opt/rustwide/rustup-home:ro,Z" "-e" "SOURCE_DIR=/opt/rustwide/workdir" "-e" "CARGO_TARGET_DIR=/opt/rustwide/target" "-e" "CARGO_INCREMENTAL=0" "-e" "RUST_BACKTRACE=full" "-e" "RUSTFLAGS=--cap-lints=warn" "-e" "RUSTDOCFLAGS=--cap-lints=warn" "-e" "CARGO_HOME=/opt/rustwide/cargo-home" "-e" "RUSTUP_HOME=/opt/rustwide/rustup-home" "-w" "/opt/rustwide/workdir" "-m" "1610612736" "--user" "0:0" "--network" "none" "ghcr.io/rust-lang/crates-build-env/linux@sha256:5ff2268d62e97bff2cde7d5815dd6ed5b47097566f13b8d0ca110b04b60e07ed" "/opt/rustwide/cargo-home/bin/cargo" "+beta-2023-04-20" "test" "--frozen" "--no-run" "--message-format=json", kill_on_drop: false }`
[INFO] [stdout] cd03bd107592cbbe5e36b0081b38ee5432fafbddc5ae8d5e9c55563ee6468d45
[INFO] running `Command { std: "docker" "start" "-a" "cd03bd107592cbbe5e36b0081b38ee5432fafbddc5ae8d5e9c55563ee6468d45", kill_on_drop: false }`
[INFO] [stderr]    Compiling proc-macro2 v1.0.56
[INFO] [stderr]    Compiling quote v1.0.26
[INFO] [stderr]    Compiling syn v2.0.15
[INFO] [stderr]    Compiling serde_derive v1.0.160
[INFO] [stderr]    Compiling serde v1.0.160
[INFO] [stderr]    Compiling serde_json v1.0.96
[INFO] [stderr]    Compiling smol_str v0.1.24
[INFO] [stderr]    Compiling strck v0.1.2 (/opt/rustwide/workdir)
[INFO] [stderr]     Finished test [unoptimized + debuginfo] target(s) in 10.35s
[INFO] running `Command { std: "docker" "inspect" "cd03bd107592cbbe5e36b0081b38ee5432fafbddc5ae8d5e9c55563ee6468d45", kill_on_drop: false }`
[INFO] running `Command { std: "docker" "rm" "-f" "cd03bd107592cbbe5e36b0081b38ee5432fafbddc5ae8d5e9c55563ee6468d45", kill_on_drop: false }`
[INFO] [stdout] cd03bd107592cbbe5e36b0081b38ee5432fafbddc5ae8d5e9c55563ee6468d45
[INFO] running `Command { std: "docker" "create" "-v" "/var/lib/crater-agent-workspace/builds/worker-1-tc2/target:/opt/rustwide/target:rw,Z" "-v" "/var/lib/crater-agent-workspace/builds/worker-1-tc2/source:/opt/rustwide/workdir:ro,Z" "-v" "/var/lib/crater-agent-workspace/cargo-home:/opt/rustwide/cargo-home:ro,Z" "-v" "/var/lib/crater-agent-workspace/rustup-home:/opt/rustwide/rustup-home:ro,Z" "-e" "SOURCE_DIR=/opt/rustwide/workdir" "-e" "CARGO_TARGET_DIR=/opt/rustwide/target" "-e" "CARGO_INCREMENTAL=0" "-e" "RUST_BACKTRACE=full" "-e" "RUSTFLAGS=--cap-lints=warn" "-e" "RUSTDOCFLAGS=--cap-lints=warn" "-e" "CARGO_HOME=/opt/rustwide/cargo-home" "-e" "RUSTUP_HOME=/opt/rustwide/rustup-home" "-w" "/opt/rustwide/workdir" "-m" "1610612736" "--user" "0:0" "--network" "none" "ghcr.io/rust-lang/crates-build-env/linux@sha256:5ff2268d62e97bff2cde7d5815dd6ed5b47097566f13b8d0ca110b04b60e07ed" "/opt/rustwide/cargo-home/bin/cargo" "+beta-2023-04-20" "test" "--frozen", kill_on_drop: false }`
[INFO] [stdout] 07225d58502590a4fd977aa5b3690bc4a8baa8702785bb9fa11247015459bbf6
[INFO] running `Command { std: "docker" "start" "-a" "07225d58502590a4fd977aa5b3690bc4a8baa8702785bb9fa11247015459bbf6", kill_on_drop: false }`
[INFO] [stderr]     Finished test [unoptimized + debuginfo] target(s) in 0.03s
[INFO] [stderr]      Running unittests src/lib.rs (/opt/rustwide/target/debug/deps/strck-8c5cead9de006e00)
[INFO] [stdout] 
[INFO] [stdout] running 1 test
[INFO] [stdout] test tests::test_debug_impl ... ok
[INFO] [stdout] 
[INFO] [stdout] test result: ok. 1 passed; 0 failed; 0 ignored; 0 measured; 0 filtered out; finished in 0.00s
[INFO] [stdout] 
[INFO] [stderr]    Doc-tests strck
[INFO] [stdout] 
[INFO] [stdout] running 6 tests
[INFO] [stdout] test src/lib.rs - (line 62) ... FAILED
[INFO] [stdout] test src/lib.rs - IntoCheck::check (line 227) ... FAILED
[INFO] [stdout] test src/lib.rs - (line 50) ... FAILED
[INFO] [stdout] test src/lib.rs - IntoCk::ck (line 201) ... FAILED
[INFO] [stdout] test src/lib.rs - (line 90) ... FAILED
[INFO] [stdout] test src/lib.rs - Invariant (line 166) ... ok
[INFO] [stdout] 
[INFO] [stdout] failures:
[INFO] [stdout] 
[INFO] [stdout] ---- src/lib.rs - (line 62) stdout ----
[INFO] [stdout] error[E0433]: failed to resolve: use of undeclared crate or module `strck_ident`
[INFO] [stdout]  --> src/lib.rs:64:5
[INFO] [stdout]   |
[INFO] [stdout] 5 | use strck_ident::{Ck, unicode::UnicodeIdent};
[INFO] [stdout]   |     ^^^^^^^^^^^ use of undeclared crate or module `strck_ident`
[INFO] [stdout] 
[INFO] [stdout] error[E0432]: unresolved import `strck_ident`
[INFO] [stdout]  --> src/lib.rs:64:5
[INFO] [stdout]   |
[INFO] [stdout] 5 | use strck_ident::{Ck, unicode::UnicodeIdent};
[INFO] [stdout]   |     ^^^^^^^^^^^ use of undeclared crate or module `strck_ident`
[INFO] [stdout] 
[INFO] [stdout] error: aborting due to 2 previous errors
[INFO] [stdout] 
[INFO] [stdout] Some errors have detailed explanations: E0432, E0433.
[INFO] [stdout] For more information about an error, try `rustc --explain E0432`.
[INFO] [stdout] Couldn't compile the test.
[INFO] [stdout] ---- src/lib.rs - IntoCheck::check (line 227) stdout ----
[INFO] [stdout] error[E0433]: failed to resolve: use of undeclared crate or module `strck_ident`
[INFO] [stdout]  --> src/lib.rs:228:5
[INFO] [stdout]   |
[INFO] [stdout] 4 | use strck_ident::{Check, Ck, IntoCheck, unicode::UnicodeIdent};
[INFO] [stdout]   |     ^^^^^^^^^^^ use of undeclared crate or module `strck_ident`
[INFO] [stdout] 
[INFO] [stdout] error[E0432]: unresolved import `strck_ident`
[INFO] [stdout]  --> src/lib.rs:228:5
[INFO] [stdout]   |
[INFO] [stdout] 4 | use strck_ident::{Check, Ck, IntoCheck, unicode::UnicodeIdent};
[INFO] [stdout]   |     ^^^^^^^^^^^ use of undeclared crate or module `strck_ident`
[INFO] [stdout] 
[INFO] [stdout] error[E0599]: no method named `check` found for struct `String` in the current scope
[INFO] [stdout]    --> src/lib.rs:231:27
[INFO] [stdout]     |
[INFO] [stdout] 7   |     format!("lil_{name}").check().unwrap()
[INFO] [stdout]     |                           ^^^^^ method not found in `String`
[INFO] [stdout]     |
[INFO] [stdout]    ::: /opt/rustwide/workdir/src/lib.rs:234:8
[INFO] [stdout]     |
[INFO] [stdout] 234 |     fn check<I: Invariant>(self) -> Result<Check<I, Self>, I::Error>;
[INFO] [stdout]     |        ----- the method is available for `String` here
[INFO] [stdout]     |
[INFO] [stdout]     = help: items from traits can only be used if the trait is in scope
[INFO] [stdout] help: the following trait is implemented but not in scope; perhaps add a `use` for it:
[INFO] [stdout]     |
[INFO] [stdout] 2   + use crate::strck::IntoCheck;
[INFO] [stdout]     |
[INFO] [stdout] 
[INFO] [stdout] error: aborting due to 3 previous errors
[INFO] [stdout] 
[INFO] [stdout] Some errors have detailed explanations: E0432, E0433, E0599.
[INFO] [stdout] For more information about an error, try `rustc --explain E0432`.
[INFO] [stdout] Couldn't compile the test.
[INFO] [stdout] ---- src/lib.rs - (line 50) stdout ----
[INFO] [stdout] error[E0433]: failed to resolve: use of undeclared crate or module `strck_ident`
[INFO] [stdout]  --> src/lib.rs:51:5
[INFO] [stdout]   |
[INFO] [stdout] 4 | use strck_ident::{Ck, IntoCk, rust::RustIdent};
[INFO] [stdout]   |     ^^^^^^^^^^^ use of undeclared crate or module `strck_ident`
[INFO] [stdout] 
[INFO] [stdout] error[E0432]: unresolved import `strck_ident`
[INFO] [stdout]  --> src/lib.rs:51:5
[INFO] [stdout]   |
[INFO] [stdout] 4 | use strck_ident::{Ck, IntoCk, rust::RustIdent};
[INFO] [stdout]   |     ^^^^^^^^^^^ use of undeclared crate or module `strck_ident`
[INFO] [stdout] 
[INFO] [stdout] error[E0599]: no method named `ck` found for reference `&'static str` in the current scope
[INFO] [stdout]    --> src/lib.rs:53:41
[INFO] [stdout]     |
[INFO] [stdout] 6   | let this_ident: &Ck<RustIdent> = "this".ck().unwrap();
[INFO] [stdout]     |                                         ^^ method not found in `&str`
[INFO] [stdout]     |
[INFO] [stdout]    ::: /opt/rustwide/workdir/src/lib.rs:206:8
[INFO] [stdout]     |
[INFO] [stdout] 206 |     fn ck<I: Invariant>(&self) -> Result<&Ck<I>, I::Error>;
[INFO] [stdout]     |        -- the method is available for `&'static str` here
[INFO] [stdout]     |
[INFO] [stdout]     = help: items from traits can only be used if the trait is in scope
[INFO] [stdout] help: the following trait is implemented but not in scope; perhaps add a `use` for it:
[INFO] [stdout]     |
[INFO] [stdout] 2   + use crate::strck::IntoCk;
[INFO] [stdout]     |
[INFO] [stdout] 
[INFO] [stdout] error: aborting due to 3 previous errors
[INFO] [stdout] 
[INFO] [stdout] Some errors have detailed explanations: E0432, E0433, E0599.
[INFO] [stdout] For more information about an error, try `rustc --explain E0432`.
[INFO] [stdout] Couldn't compile the test.
[INFO] [stdout] ---- src/lib.rs - IntoCk::ck (line 201) stdout ----
[INFO] [stdout] error[E0433]: failed to resolve: use of undeclared crate or module `strck_ident`
[INFO] [stdout]  --> src/lib.rs:202:5
[INFO] [stdout]   |
[INFO] [stdout] 4 | use strck_ident::{IntoCk, rust::Ident};
[INFO] [stdout]   |     ^^^^^^^^^^^ use of undeclared crate or module `strck_ident`
[INFO] [stdout] 
[INFO] [stdout] error[E0432]: unresolved import `strck_ident`
[INFO] [stdout]  --> src/lib.rs:202:5
[INFO] [stdout]   |
[INFO] [stdout] 4 | use strck_ident::{IntoCk, rust::Ident};
[INFO] [stdout]   |     ^^^^^^^^^^^ use of undeclared crate or module `strck_ident`
[INFO] [stdout] 
[INFO] [stdout] error[E0599]: no method named `ck` found for reference `&'static str` in the current scope
[INFO] [stdout]    --> src/lib.rs:204:33
[INFO] [stdout]     |
[INFO] [stdout] 6   | let this_ident: &Ident = "this".ck().unwrap();
[INFO] [stdout]     |                                 ^^ method not found in `&str`
[INFO] [stdout]     |
[INFO] [stdout]    ::: /opt/rustwide/workdir/src/lib.rs:206:8
[INFO] [stdout]     |
[INFO] [stdout] 206 |     fn ck<I: Invariant>(&self) -> Result<&Ck<I>, I::Error>;
[INFO] [stdout]     |        -- the method is available for `&'static str` here
[INFO] [stdout]     |
[INFO] [stdout]     = help: items from traits can only be used if the trait is in scope
[INFO] [stdout] help: the following trait is implemented but not in scope; perhaps add a `use` for it:
[INFO] [stdout]     |
[INFO] [stdout] 2   + use crate::strck::IntoCk;
[INFO] [stdout]     |
[INFO] [stdout] 
[INFO] [stdout] error: aborting due to 3 previous errors
[INFO] [stdout] 
[INFO] [stdout] Some errors have detailed explanations: E0432, E0433, E0599.
[INFO] [stdout] For more information about an error, try `rustc --explain E0432`.
[INFO] [stdout] Couldn't compile the test.
[INFO] [stdout] ---- src/lib.rs - (line 90) stdout ----
[INFO] [stdout] error[E0433]: failed to resolve: use of undeclared crate or module `strck_ident`
[INFO] [stdout]  --> src/lib.rs:91:5
[INFO] [stdout]   |
[INFO] [stdout] 4 | use strck_ident::{IntoCheck, IntoCk, unicode::UnicodeIdent};
[INFO] [stdout]   |     ^^^^^^^^^^^ use of undeclared crate or module `strck_ident`
[INFO] [stdout] 
[INFO] [stdout] error[E0432]: unresolved import `strck_ident`
[INFO] [stdout]  --> src/lib.rs:91:5
[INFO] [stdout]   |
[INFO] [stdout] 4 | use strck_ident::{IntoCheck, IntoCk, unicode::UnicodeIdent};
[INFO] [stdout]   |     ^^^^^^^^^^^ use of undeclared crate or module `strck_ident`
[INFO] [stdout] 
[INFO] [stdout] error[E0599]: no method named `ck` found for reference `&'static str` in the current scope
[INFO] [stdout]    --> src/lib.rs:93:25
[INFO] [stdout]     |
[INFO] [stdout] 6   | let this_ident = "this".ck::<UnicodeIdent>().unwrap();
[INFO] [stdout]     |                         ^^ method not found in `&str`
[INFO] [stdout]     |
[INFO] [stdout]    ::: /opt/rustwide/workdir/src/lib.rs:206:8
[INFO] [stdout]     |
[INFO] [stdout] 206 |     fn ck<I: Invariant>(&self) -> Result<&Ck<I>, I::Error>;
[INFO] [stdout]     |        -- the method is available for `&'static str` here
[INFO] [stdout]     |
[INFO] [stdout]     = help: items from traits can only be used if the trait is in scope
[INFO] [stdout] help: the following trait is implemented but not in scope; perhaps add a `use` for it:
[INFO] [stdout]     |
[INFO] [stdout] 2   + use crate::strck::IntoCk;
[INFO] [stdout]     |
[INFO] [stdout] 
[INFO] [stdout] error[E0599]: no method named `check` found for struct `String` in the current scope
[INFO] [stdout]    --> src/lib.rs:94:52
[INFO] [stdout]     |
[INFO] [stdout] 7   | let this_foo_ident = format!("{}_foo", this_ident).check::<UnicodeIdent>().unwrap();
[INFO] [stdout]     |                                                    ^^^^^ method not found in `String`
[INFO] [stdout]     |
[INFO] [stdout]    ::: /opt/rustwide/workdir/src/lib.rs:234:8
[INFO] [stdout]     |
[INFO] [stdout] 234 |     fn check<I: Invariant>(self) -> Result<Check<I, Self>, I::Error>;
[INFO] [stdout]     |        ----- the method is available for `String` here
[INFO] [stdout]     |
[INFO] [stdout]     = help: items from traits can only be used if the trait is in scope
[INFO] [stdout] help: the following trait is implemented but not in scope; perhaps add a `use` for it:
[INFO] [stdout]     |
[INFO] [stdout] 2   + use crate::strck::IntoCheck;
[INFO] [stdout]     |
[INFO] [stdout] 
[INFO] [stdout] error: aborting due to 4 previous errors
[INFO] [stdout] 
[INFO] [stdout] Some errors have detailed explanations: E0432, E0433, E0599.
[INFO] [stdout] For more information about an error, try `rustc --explain E0432`.
[INFO] [stdout] Couldn't compile the test.
[INFO] [stdout] 
[INFO] [stdout] failures:
[INFO] [stdout]     src/lib.rs - (line 50)
[INFO] [stdout]     src/lib.rs - (line 62)
[INFO] [stdout]     src/lib.rs - (line 90)
[INFO] [stdout]     src/lib.rs - IntoCheck::check (line 227)
[INFO] [stdout]     src/lib.rs - IntoCk::ck (line 201)
[INFO] [stdout] 
[INFO] [stdout] test result: FAILED. 1 passed; 5 failed; 0 ignored; 0 measured; 0 filtered out; finished in 0.14s
[INFO] [stdout] 
[INFO] [stderr] error: doctest failed, to rerun pass `--doc`
[INFO] running `Command { std: "docker" "inspect" "07225d58502590a4fd977aa5b3690bc4a8baa8702785bb9fa11247015459bbf6", kill_on_drop: false }`
[INFO] running `Command { std: "docker" "rm" "-f" "07225d58502590a4fd977aa5b3690bc4a8baa8702785bb9fa11247015459bbf6", kill_on_drop: false }`
[INFO] [stdout] 07225d58502590a4fd977aa5b3690bc4a8baa8702785bb9fa11247015459bbf6
