[INFO] fetching crate stomp-rs 0.0.8...
[INFO] testing stomp-rs-0.0.8 against beta-2023-04-20 for beta-1.70-1
[INFO] extracting crate stomp-rs 0.0.8 into /workspace/builds/worker-5-tc2/source
[INFO] validating manifest of crates.io crate stomp-rs 0.0.8 on toolchain beta-2023-04-20
[INFO] running `Command { std: CARGO_HOME="/workspace/cargo-home" RUSTUP_HOME="/workspace/rustup-home" "/workspace/cargo-home/bin/cargo" "+beta-2023-04-20" "metadata" "--manifest-path" "Cargo.toml" "--no-deps", kill_on_drop: false }`
[INFO] started tweaking crates.io crate stomp-rs 0.0.8
[INFO] finished tweaking crates.io crate stomp-rs 0.0.8
[INFO] tweaked toml for crates.io crate stomp-rs 0.0.8 written to /workspace/builds/worker-5-tc2/source/Cargo.toml
[INFO] running `Command { std: CARGO_HOME="/workspace/cargo-home" RUSTUP_HOME="/workspace/rustup-home" __CARGO_TEST_CHANNEL_OVERRIDE_DO_NOT_USE_THIS="nightly" "/workspace/cargo-home/bin/cargo" "+beta-2023-04-20" "generate-lockfile" "--manifest-path" "Cargo.toml" "-Zno-index-update", kill_on_drop: false }`
[INFO] running `Command { std: CARGO_HOME="/workspace/cargo-home" RUSTUP_HOME="/workspace/rustup-home" "/workspace/cargo-home/bin/cargo" "+beta-2023-04-20" "fetch" "--manifest-path" "Cargo.toml", kill_on_drop: false }`
[INFO] running `Command { std: "docker" "create" "-v" "/var/lib/crater-agent-workspace/builds/worker-5-tc2/target:/opt/rustwide/target:rw,Z" "-v" "/var/lib/crater-agent-workspace/builds/worker-5-tc2/source:/opt/rustwide/workdir:ro,Z" "-v" "/var/lib/crater-agent-workspace/cargo-home:/opt/rustwide/cargo-home:ro,Z" "-v" "/var/lib/crater-agent-workspace/rustup-home:/opt/rustwide/rustup-home:ro,Z" "-e" "SOURCE_DIR=/opt/rustwide/workdir" "-e" "CARGO_TARGET_DIR=/opt/rustwide/target" "-e" "CARGO_HOME=/opt/rustwide/cargo-home" "-e" "RUSTUP_HOME=/opt/rustwide/rustup-home" "-w" "/opt/rustwide/workdir" "-m" "1610612736" "--user" "0:0" "--network" "none" "ghcr.io/rust-lang/crates-build-env/linux@sha256:5ff2268d62e97bff2cde7d5815dd6ed5b47097566f13b8d0ca110b04b60e07ed" "/opt/rustwide/cargo-home/bin/cargo" "+beta-2023-04-20" "metadata" "--no-deps" "--format-version=1", kill_on_drop: false }`
[INFO] [stdout] 1f928084404754f24614d23fd416be66f30e550f315b350fc41c3c80e2368f04
[INFO] running `Command { std: "docker" "start" "-a" "1f928084404754f24614d23fd416be66f30e550f315b350fc41c3c80e2368f04", kill_on_drop: false }`
[INFO] running `Command { std: "docker" "inspect" "1f928084404754f24614d23fd416be66f30e550f315b350fc41c3c80e2368f04", kill_on_drop: false }`
[INFO] running `Command { std: "docker" "rm" "-f" "1f928084404754f24614d23fd416be66f30e550f315b350fc41c3c80e2368f04", kill_on_drop: false }`
[INFO] [stdout] 1f928084404754f24614d23fd416be66f30e550f315b350fc41c3c80e2368f04
[INFO] running `Command { std: "docker" "create" "-v" "/var/lib/crater-agent-workspace/builds/worker-5-tc2/target:/opt/rustwide/target:rw,Z" "-v" "/var/lib/crater-agent-workspace/builds/worker-5-tc2/source:/opt/rustwide/workdir:ro,Z" "-v" "/var/lib/crater-agent-workspace/cargo-home:/opt/rustwide/cargo-home:ro,Z" "-v" "/var/lib/crater-agent-workspace/rustup-home:/opt/rustwide/rustup-home:ro,Z" "-e" "SOURCE_DIR=/opt/rustwide/workdir" "-e" "CARGO_TARGET_DIR=/opt/rustwide/target" "-e" "CARGO_INCREMENTAL=0" "-e" "RUST_BACKTRACE=full" "-e" "RUSTFLAGS=--cap-lints=warn" "-e" "RUSTDOCFLAGS=--cap-lints=warn" "-e" "CARGO_HOME=/opt/rustwide/cargo-home" "-e" "RUSTUP_HOME=/opt/rustwide/rustup-home" "-w" "/opt/rustwide/workdir" "-m" "1610612736" "--user" "0:0" "--network" "none" "ghcr.io/rust-lang/crates-build-env/linux@sha256:5ff2268d62e97bff2cde7d5815dd6ed5b47097566f13b8d0ca110b04b60e07ed" "/opt/rustwide/cargo-home/bin/cargo" "+beta-2023-04-20" "build" "--frozen" "--message-format=json", kill_on_drop: false }`
[INFO] [stdout] 96ce708881605207723f5f9e4d48b94c292d79733d8a99e508f74ba1a74d3baf
[INFO] running `Command { std: "docker" "start" "-a" "96ce708881605207723f5f9e4d48b94c292d79733d8a99e508f74ba1a74d3baf", kill_on_drop: false }`
[INFO] [stderr]    Compiling parking_lot_core v0.9.7
[INFO] [stderr]    Compiling smallvec v1.10.0
[INFO] [stderr]    Compiling async-trait v0.1.68
[INFO] [stderr]    Compiling bytes v1.4.0
[INFO] [stderr]    Compiling lock_api v0.4.9
[INFO] [stderr]    Compiling tokio v1.28.0
[INFO] [stderr]    Compiling num_cpus v1.15.0
[INFO] [stderr]    Compiling signal-hook-registry v1.4.1
[INFO] [stderr]    Compiling getrandom v0.2.9
[INFO] [stderr]    Compiling socket2 v0.4.9
[INFO] [stderr]    Compiling mio v0.8.6
[INFO] [stderr]    Compiling syn v2.0.15
[INFO] [stderr]    Compiling uuid v0.8.2
[INFO] [stderr]    Compiling parking_lot v0.12.1
[INFO] [stderr]    Compiling tokio-macros v2.1.0
[INFO] [stderr]    Compiling stomp-rs v0.0.8 (/opt/rustwide/workdir)
[INFO] [stdout] warning: unused imports: `Receiver as OneshotReceiver`, `Sender as OneshotSender`, `channel as oneshot_channel`
[INFO] [stdout]  --> src/client/handler/receipt_awaiter.rs:7:28
[INFO] [stdout]   |
[INFO] [stdout] 7 | use tokio::sync::oneshot::{channel as oneshot_channel, Sender as OneshotSender, Receiver as OneshotReceiver};
[INFO] [stdout]   |                            ^^^^^^^^^^^^^^^^^^^^^^^^^^  ^^^^^^^^^^^^^^^^^^^^^^^  ^^^^^^^^^^^^^^^^^^^^^^^^^^^
[INFO] [stdout]   |
[INFO] [stdout]   = note: `#[warn(unused_imports)]` on by default
[INFO] [stdout] 
[INFO] [stdout] 
[INFO] [stdout] warning: associated function `new` is never used
[INFO] [stdout]   --> src/client.rs:22:8
[INFO] [stdout]    |
[INFO] [stdout] 21 | impl Transaction {
[INFO] [stdout]    | ---------------- associated function in this implementation
[INFO] [stdout] 22 |     fn new(transaction_id: String, internal_client: Arc<InternalClient>) -> Self {
[INFO] [stdout]    |        ^^^
[INFO] [stdout]    |
[INFO] [stdout]    = note: `#[warn(dead_code)]` on by default
[INFO] [stdout] 
[INFO] [stdout] 
[INFO] [stdout] warning: unused `Result` that must be used
[INFO] [stdout]    --> src/connection.rs:156:9
[INFO] [stdout]     |
[INFO] [stdout] 156 |         self.close_sender.send(()).await;
[INFO] [stdout]     |         ^^^^^^^^^^^^^^^^^^^^^^^^^^^^^^^^
[INFO] [stdout]     |
[INFO] [stdout]     = note: this `Result` may be an `Err` variant, which should be handled
[INFO] [stdout]     = note: `#[warn(unused_must_use)]` on by default
[INFO] [stdout] help: use `let _ = ...` to ignore the resulting value
[INFO] [stdout]     |
[INFO] [stdout] 156 |         let _ = self.close_sender.send(()).await;
[INFO] [stdout]     |         +++++++
[INFO] [stdout] 
[INFO] [stdout] 
[INFO] [stdout] warning: 3 warnings emitted
[INFO] [stdout] 
[INFO] [stdout] 
[INFO] [stderr]     Finished dev [unoptimized + debuginfo] target(s) in 9.19s
[INFO] running `Command { std: "docker" "inspect" "96ce708881605207723f5f9e4d48b94c292d79733d8a99e508f74ba1a74d3baf", kill_on_drop: false }`
[INFO] running `Command { std: "docker" "rm" "-f" "96ce708881605207723f5f9e4d48b94c292d79733d8a99e508f74ba1a74d3baf", kill_on_drop: false }`
[INFO] [stdout] 96ce708881605207723f5f9e4d48b94c292d79733d8a99e508f74ba1a74d3baf
[INFO] running `Command { std: "docker" "create" "-v" "/var/lib/crater-agent-workspace/builds/worker-5-tc2/target:/opt/rustwide/target:rw,Z" "-v" "/var/lib/crater-agent-workspace/builds/worker-5-tc2/source:/opt/rustwide/workdir:ro,Z" "-v" "/var/lib/crater-agent-workspace/cargo-home:/opt/rustwide/cargo-home:ro,Z" "-v" "/var/lib/crater-agent-workspace/rustup-home:/opt/rustwide/rustup-home:ro,Z" "-e" "SOURCE_DIR=/opt/rustwide/workdir" "-e" "CARGO_TARGET_DIR=/opt/rustwide/target" "-e" "CARGO_INCREMENTAL=0" "-e" "RUST_BACKTRACE=full" "-e" "RUSTFLAGS=--cap-lints=warn" "-e" "RUSTDOCFLAGS=--cap-lints=warn" "-e" "CARGO_HOME=/opt/rustwide/cargo-home" "-e" "RUSTUP_HOME=/opt/rustwide/rustup-home" "-w" "/opt/rustwide/workdir" "-m" "1610612736" "--user" "0:0" "--network" "none" "ghcr.io/rust-lang/crates-build-env/linux@sha256:5ff2268d62e97bff2cde7d5815dd6ed5b47097566f13b8d0ca110b04b60e07ed" "/opt/rustwide/cargo-home/bin/cargo" "+beta-2023-04-20" "test" "--frozen" "--no-run" "--message-format=json", kill_on_drop: false }`
[INFO] [stdout] 5aed8e9abcdf60c81f40612b67ff4bc9e51be6b9b105d42fddbd0f3714f915da
[INFO] running `Command { std: "docker" "start" "-a" "5aed8e9abcdf60c81f40612b67ff4bc9e51be6b9b105d42fddbd0f3714f915da", kill_on_drop: false }`
[INFO] [stderr]    Compiling time-core v0.1.0
[INFO] [stderr]    Compiling num_threads v0.1.6
[INFO] [stderr]    Compiling itoa v1.0.6
[INFO] [stderr]    Compiling colored v1.9.3
[INFO] [stdout] warning: unused imports: `Receiver as OneshotReceiver`, `Sender as OneshotSender`, `channel as oneshot_channel`
[INFO] [stdout]  --> src/client/handler/receipt_awaiter.rs:7:28
[INFO] [stdout]   |
[INFO] [stdout] 7 | use tokio::sync::oneshot::{channel as oneshot_channel, Sender as OneshotSender, Receiver as OneshotReceiver};
[INFO] [stdout]   |                            ^^^^^^^^^^^^^^^^^^^^^^^^^^  ^^^^^^^^^^^^^^^^^^^^^^^  ^^^^^^^^^^^^^^^^^^^^^^^^^^^
[INFO] [stdout]   |
[INFO] [stdout]   = note: `#[warn(unused_imports)]` on by default
[INFO] [stdout] 
[INFO] [stdout] 
[INFO] [stdout] warning: associated function `new` is never used
[INFO] [stdout]   --> src/client.rs:22:8
[INFO] [stdout]    |
[INFO] [stdout] 21 | impl Transaction {
[INFO] [stdout]    | ---------------- associated function in this implementation
[INFO] [stdout] 22 |     fn new(transaction_id: String, internal_client: Arc<InternalClient>) -> Self {
[INFO] [stdout]    |        ^^^
[INFO] [stdout]    |
[INFO] [stdout]    = note: `#[warn(dead_code)]` on by default
[INFO] [stdout] 
[INFO] [stdout] 
[INFO] [stdout] warning: unused `Result` that must be used
[INFO] [stdout]    --> src/connection.rs:156:9
[INFO] [stdout]     |
[INFO] [stdout] 156 |         self.close_sender.send(()).await;
[INFO] [stdout]     |         ^^^^^^^^^^^^^^^^^^^^^^^^^^^^^^^^
[INFO] [stdout]     |
[INFO] [stdout]     = note: this `Result` may be an `Err` variant, which should be handled
[INFO] [stdout]     = note: `#[warn(unused_must_use)]` on by default
[INFO] [stdout] help: use `let _ = ...` to ignore the resulting value
[INFO] [stdout]     |
[INFO] [stdout] 156 |         let _ = self.close_sender.send(()).await;
[INFO] [stdout]     |         +++++++
[INFO] [stdout] 
[INFO] [stdout] 
[INFO] [stdout] warning: 3 warnings emitted
[INFO] [stdout] 
[INFO] [stdout] 
[INFO] [stderr]    Compiling time-macros v0.2.8
[INFO] [stderr]    Compiling time v0.3.20
[INFO] [stderr]    Compiling simple_logger v1.16.0
[INFO] [stderr]    Compiling stomp-rs v0.0.8 (/opt/rustwide/workdir)
[INFO] [stdout] warning: unused import: `stomp_rs::protocol::ServerCommand::Connected`
[INFO] [stdout]  --> tests/stomp.rs:8:5
[INFO] [stdout]   |
[INFO] [stdout] 8 | use stomp_rs::protocol::ServerCommand::Connected;
[INFO] [stdout]   |     ^^^^^^^^^^^^^^^^^^^^^^^^^^^^^^^^^^^^^^^^^^^^
[INFO] [stdout]   |
[INFO] [stdout]   = note: `#[warn(unused_imports)]` on by default
[INFO] [stdout] 
[INFO] [stdout] 
[INFO] [stdout] warning: unused import: `tokio::sync::mpsc::error::RecvError`
[INFO] [stdout]   --> tests/stomp.rs:13:5
[INFO] [stdout]    |
[INFO] [stdout] 13 | use tokio::sync::mpsc::error::RecvError;
[INFO] [stdout]    |     ^^^^^^^^^^^^^^^^^^^^^^^^^^^^^^^^^^^
[INFO] [stdout] 
[INFO] [stdout] 
[INFO] [stdout] warning: use of deprecated struct `tokio::sync::mpsc::error::RecvError`: This type is unused because recv returns an Option.
[INFO] [stdout]   --> tests/stomp.rs:13:31
[INFO] [stdout]    |
[INFO] [stdout] 13 | use tokio::sync::mpsc::error::RecvError;
[INFO] [stdout]    |                               ^^^^^^^^^
[INFO] [stdout]    |
[INFO] [stdout]    = note: `#[warn(deprecated)]` on by default
[INFO] [stdout] 
[INFO] [stdout] 
[INFO] [stdout] warning: unused imports: `Receiver as OneshotReceiver`, `Sender as OneshotSender`, `channel as oneshot_channel`
[INFO] [stdout]  --> src/client/handler/receipt_awaiter.rs:7:28
[INFO] [stdout]   |
[INFO] [stdout] 7 | use tokio::sync::oneshot::{channel as oneshot_channel, Sender as OneshotSender, Receiver as OneshotReceiver};
[INFO] [stdout]   |                            ^^^^^^^^^^^^^^^^^^^^^^^^^^  ^^^^^^^^^^^^^^^^^^^^^^^  ^^^^^^^^^^^^^^^^^^^^^^^^^^^
[INFO] [stdout]   |
[INFO] [stdout]   = note: `#[warn(unused_imports)]` on by default
[INFO] [stdout] 
[INFO] [stdout] 
[INFO] [stdout] warning: unused import: `std::io::Write`
[INFO] [stdout]  --> tests/stomp.rs:5:5
[INFO] [stdout]   |
[INFO] [stdout] 5 | use std::io::Write;
[INFO] [stdout]   |     ^^^^^^^^^^^^^^
[INFO] [stdout] 
[INFO] [stdout] 
[INFO] [stdout] warning: unused variable: `time`
[INFO] [stdout]    --> tests/stomp.rs:223:9
[INFO] [stdout]     |
[INFO] [stdout] 223 |     let time = Instant::now();
[INFO] [stdout]     |         ^^^^ help: if this is intentional, prefix it with an underscore: `_time`
[INFO] [stdout]     |
[INFO] [stdout]     = note: `#[warn(unused_variables)]` on by default
[INFO] [stdout] 
[INFO] [stdout] 
[INFO] [stdout] warning: unused variable: `send`
[INFO] [stdout]    --> tests/stomp.rs:236:9
[INFO] [stdout]     |
[INFO] [stdout] 236 |     let send = client.send(Send::new("/test/topic")).await?;
[INFO] [stdout]     |         ^^^^ help: if this is intentional, prefix it with an underscore: `_send`
[INFO] [stdout] 
[INFO] [stdout] 
[INFO] [stdout] warning: unused variable: `send`
[INFO] [stdout]    --> tests/stomp.rs:321:9
[INFO] [stdout]     |
[INFO] [stdout] 321 |     let send = client.send(Send::new("/test/topic")).await?;
[INFO] [stdout]     |         ^^^^ help: if this is intentional, prefix it with an underscore: `_send`
[INFO] [stdout] 
[INFO] [stdout] 
[INFO] [stdout] warning: variable does not need to be mutable
[INFO] [stdout]   --> tests/stomp.rs:51:18
[INFO] [stdout]    |
[INFO] [stdout] 51 |             let (mut socket, _) = listener.accept().await.unwrap();
[INFO] [stdout]    |                  ----^^^^^^
[INFO] [stdout]    |                  |
[INFO] [stdout]    |                  help: remove this `mut`
[INFO] [stdout]    |
[INFO] [stdout]    = note: `#[warn(unused_mut)]` on by default
[INFO] [stdout] 
[INFO] [stdout] 
[INFO] [stdout] warning: unused `Result` that must be used
[INFO] [stdout]   --> tests/stomp.rs:18:5
[INFO] [stdout]    |
[INFO] [stdout] 18 |     SimpleLogger::new().with_level(LevelFilter::Debug).init();
[INFO] [stdout]    |     ^^^^^^^^^^^^^^^^^^^^^^^^^^^^^^^^^^^^^^^^^^^^^^^^^^^^^^^^^
[INFO] [stdout]    |
[INFO] [stdout]    = note: this `Result` may be an `Err` variant, which should be handled
[INFO] [stdout]    = note: `#[warn(unused_must_use)]` on by default
[INFO] [stdout] help: use `let _ = ...` to ignore the resulting value
[INFO] [stdout]    |
[INFO] [stdout] 18 |     let _ = SimpleLogger::new().with_level(LevelFilter::Debug).init();
[INFO] [stdout]    |     +++++++
[INFO] [stdout] 
[INFO] [stdout] 
[INFO] [stdout] warning: unused `Result` that must be used
[INFO] [stdout]   --> tests/stomp.rs:44:5
[INFO] [stdout]    |
[INFO] [stdout] 44 |     SimpleLogger::new().with_level(LevelFilter::Debug).init();
[INFO] [stdout]    |     ^^^^^^^^^^^^^^^^^^^^^^^^^^^^^^^^^^^^^^^^^^^^^^^^^^^^^^^^^
[INFO] [stdout]    |
[INFO] [stdout]    = note: this `Result` may be an `Err` variant, which should be handled
[INFO] [stdout] help: use `let _ = ...` to ignore the resulting value
[INFO] [stdout]    |
[INFO] [stdout] 44 |     let _ = SimpleLogger::new().with_level(LevelFilter::Debug).init();
[INFO] [stdout]    |     +++++++
[INFO] [stdout] 
[INFO] [stdout] 
[INFO] [stdout] warning: unused `Result` that must be used
[INFO] [stdout]   --> tests/stomp.rs:72:5
[INFO] [stdout]    |
[INFO] [stdout] 72 |     SimpleLogger::new().with_level(LevelFilter::Debug).init();
[INFO] [stdout]    |     ^^^^^^^^^^^^^^^^^^^^^^^^^^^^^^^^^^^^^^^^^^^^^^^^^^^^^^^^^
[INFO] [stdout]    |
[INFO] [stdout]    = note: this `Result` may be an `Err` variant, which should be handled
[INFO] [stdout] help: use `let _ = ...` to ignore the resulting value
[INFO] [stdout]    |
[INFO] [stdout] 72 |     let _ = SimpleLogger::new().with_level(LevelFilter::Debug).init();
[INFO] [stdout]    |     +++++++
[INFO] [stdout] 
[INFO] [stdout] 
[INFO] [stdout] warning: unused `Result` that must be used
[INFO] [stdout]    --> tests/stomp.rs:121:5
[INFO] [stdout]     |
[INFO] [stdout] 121 |     SimpleLogger::new().with_level(LevelFilter::Debug).init();
[INFO] [stdout]     |     ^^^^^^^^^^^^^^^^^^^^^^^^^^^^^^^^^^^^^^^^^^^^^^^^^^^^^^^^^
[INFO] [stdout]     |
[INFO] [stdout]     = note: this `Result` may be an `Err` variant, which should be handled
[INFO] [stdout] help: use `let _ = ...` to ignore the resulting value
[INFO] [stdout]     |
[INFO] [stdout] 121 |     let _ = SimpleLogger::new().with_level(LevelFilter::Debug).init();
[INFO] [stdout]     |     +++++++
[INFO] [stdout] 
[INFO] [stdout] 
[INFO] [stdout] warning: unused `Result` that must be used
[INFO] [stdout]    --> tests/stomp.rs:161:37
[INFO] [stdout]     |
[INFO] [stdout] 161 | / ...                   socket
[INFO] [stdout] 162 | | ...                       .write_all(
[INFO] [stdout] 163 | | ...                           &Frame {
[INFO] [stdout] 164 | | ...                               command: ServerCommand::Receipt,
[INFO] [stdout] ...   |
[INFO] [stdout] 169 | | ...                       )
[INFO] [stdout] 170 | | ...                       .await;
[INFO] [stdout]     | |________________________________^
[INFO] [stdout]     |
[INFO] [stdout]     = note: this `Result` may be an `Err` variant, which should be handled
[INFO] [stdout] help: use `let _ = ...` to ignore the resulting value
[INFO] [stdout]     |
[INFO] [stdout] 161 |                                     let _ = socket
[INFO] [stdout]     |                                     +++++++
[INFO] [stdout] 
[INFO] [stdout] 
[INFO] [stdout] warning: unused `Result` that must be used
[INFO] [stdout]    --> tests/stomp.rs:180:37
[INFO] [stdout]     |
[INFO] [stdout] 180 | / ...                   socket
[INFO] [stdout] 181 | | ...                       .write_all(
[INFO] [stdout] 182 | | ...                           &Frame {
[INFO] [stdout] 183 | | ...                               command: ServerCommand::Receipt,
[INFO] [stdout] ...   |
[INFO] [stdout] 188 | | ...                       )
[INFO] [stdout] 189 | | ...                       .await;
[INFO] [stdout]     | |________________________________^
[INFO] [stdout]     |
[INFO] [stdout]     = note: this `Result` may be an `Err` variant, which should be handled
[INFO] [stdout] help: use `let _ = ...` to ignore the resulting value
[INFO] [stdout]     |
[INFO] [stdout] 180 |                                     let _ = socket
[INFO] [stdout]     |                                     +++++++
[INFO] [stdout] 
[INFO] [stdout] 
[INFO] [stdout] warning: unused `Result` that must be used
[INFO] [stdout]    --> tests/stomp.rs:194:37
[INFO] [stdout]     |
[INFO] [stdout] 194 | / ...                   socket
[INFO] [stdout] 195 | | ...                       .write_all(
[INFO] [stdout] 196 | | ...                           &Frame {
[INFO] [stdout] 197 | | ...                               command: ServerCommand::Message,
[INFO] [stdout] ...   |
[INFO] [stdout] 202 | | ...                       )
[INFO] [stdout] 203 | | ...                       .await;
[INFO] [stdout]     | |________________________________^
[INFO] [stdout]     |
[INFO] [stdout]     = note: this `Result` may be an `Err` variant, which should be handled
[INFO] [stdout] help: use `let _ = ...` to ignore the resulting value
[INFO] [stdout]     |
[INFO] [stdout] 194 |                                     let _ = socket
[INFO] [stdout]     |                                     +++++++
[INFO] [stdout] 
[INFO] [stdout] 
[INFO] [stdout] warning: unused `Result` that must be used
[INFO] [stdout]    --> tests/stomp.rs:248:5
[INFO] [stdout]     |
[INFO] [stdout] 248 |     SimpleLogger::new().with_level(LevelFilter::Debug).init();
[INFO] [stdout]     |     ^^^^^^^^^^^^^^^^^^^^^^^^^^^^^^^^^^^^^^^^^^^^^^^^^^^^^^^^^
[INFO] [stdout]     |
[INFO] [stdout]     = note: this `Result` may be an `Err` variant, which should be handled
[INFO] [stdout] help: use `let _ = ...` to ignore the resulting value
[INFO] [stdout]     |
[INFO] [stdout] 248 |     let _ = SimpleLogger::new().with_level(LevelFilter::Debug).init();
[INFO] [stdout]     |     +++++++
[INFO] [stdout] 
[INFO] [stdout] 
[INFO] [stdout] warning: unused `Result` that must be used
[INFO] [stdout]    --> tests/stomp.rs:291:37
[INFO] [stdout]     |
[INFO] [stdout] 291 | / ...                   socket
[INFO] [stdout] 292 | | ...                       .write_all(
[INFO] [stdout] 293 | | ...                           &Frame {
[INFO] [stdout] 294 | | ...                               command: ServerCommand::Receipt,
[INFO] [stdout] ...   |
[INFO] [stdout] 299 | | ...                       )
[INFO] [stdout] 300 | | ...                       .await;
[INFO] [stdout]     | |________________________________^
[INFO] [stdout]     |
[INFO] [stdout]     = note: this `Result` may be an `Err` variant, which should be handled
[INFO] [stdout] help: use `let _ = ...` to ignore the resulting value
[INFO] [stdout]     |
[INFO] [stdout] 291 |                                     let _ = socket
[INFO] [stdout]     |                                     +++++++
[INFO] [stdout] 
[INFO] [stdout] 
[INFO] [stdout] warning: associated function `new` is never used
[INFO] [stdout]   --> src/client.rs:22:8
[INFO] [stdout]    |
[INFO] [stdout] 21 | impl Transaction {
[INFO] [stdout]    | ---------------- associated function in this implementation
[INFO] [stdout] 22 |     fn new(transaction_id: String, internal_client: Arc<InternalClient>) -> Self {
[INFO] [stdout]    |        ^^^
[INFO] [stdout]    |
[INFO] [stdout]    = note: `#[warn(dead_code)]` on by default
[INFO] [stdout] 
[INFO] [stdout] 
[INFO] [stdout] warning: unused `Result` that must be used
[INFO] [stdout]    --> src/connection.rs:156:9
[INFO] [stdout]     |
[INFO] [stdout] 156 |         self.close_sender.send(()).await;
[INFO] [stdout]     |         ^^^^^^^^^^^^^^^^^^^^^^^^^^^^^^^^
[INFO] [stdout]     |
[INFO] [stdout]     = note: this `Result` may be an `Err` variant, which should be handled
[INFO] [stdout]     = note: `#[warn(unused_must_use)]` on by default
[INFO] [stdout] help: use `let _ = ...` to ignore the resulting value
[INFO] [stdout]     |
[INFO] [stdout] 156 |         let _ = self.close_sender.send(()).await;
[INFO] [stdout]     |         +++++++
[INFO] [stdout] 
[INFO] [stdout] 
[INFO] [stdout] warning: 3 warnings emitted
[INFO] [stdout] 
[INFO] [stdout] 
[INFO] [stdout] warning: 17 warnings emitted
[INFO] [stdout] 
[INFO] [stdout] 
[INFO] [stderr]     Finished test [unoptimized + debuginfo] target(s) in 3.73s
[INFO] running `Command { std: "docker" "inspect" "5aed8e9abcdf60c81f40612b67ff4bc9e51be6b9b105d42fddbd0f3714f915da", kill_on_drop: false }`
[INFO] running `Command { std: "docker" "rm" "-f" "5aed8e9abcdf60c81f40612b67ff4bc9e51be6b9b105d42fddbd0f3714f915da", kill_on_drop: false }`
[INFO] [stdout] 5aed8e9abcdf60c81f40612b67ff4bc9e51be6b9b105d42fddbd0f3714f915da
[INFO] running `Command { std: "docker" "create" "-v" "/var/lib/crater-agent-workspace/builds/worker-5-tc2/target:/opt/rustwide/target:rw,Z" "-v" "/var/lib/crater-agent-workspace/builds/worker-5-tc2/source:/opt/rustwide/workdir:ro,Z" "-v" "/var/lib/crater-agent-workspace/cargo-home:/opt/rustwide/cargo-home:ro,Z" "-v" "/var/lib/crater-agent-workspace/rustup-home:/opt/rustwide/rustup-home:ro,Z" "-e" "SOURCE_DIR=/opt/rustwide/workdir" "-e" "CARGO_TARGET_DIR=/opt/rustwide/target" "-e" "CARGO_INCREMENTAL=0" "-e" "RUST_BACKTRACE=full" "-e" "RUSTFLAGS=--cap-lints=warn" "-e" "RUSTDOCFLAGS=--cap-lints=warn" "-e" "CARGO_HOME=/opt/rustwide/cargo-home" "-e" "RUSTUP_HOME=/opt/rustwide/rustup-home" "-w" "/opt/rustwide/workdir" "-m" "1610612736" "--user" "0:0" "--network" "none" "ghcr.io/rust-lang/crates-build-env/linux@sha256:5ff2268d62e97bff2cde7d5815dd6ed5b47097566f13b8d0ca110b04b60e07ed" "/opt/rustwide/cargo-home/bin/cargo" "+beta-2023-04-20" "test" "--frozen", kill_on_drop: false }`
[INFO] [stdout] bcf2edf140c8e068889ed7dabe75bb7875911ee7a1afe717e78fc55da356c12c
[INFO] running `Command { std: "docker" "start" "-a" "bcf2edf140c8e068889ed7dabe75bb7875911ee7a1afe717e78fc55da356c12c", kill_on_drop: false }`
[INFO] [stderr] warning: unused imports: `Receiver as OneshotReceiver`, `Sender as OneshotSender`, `channel as oneshot_channel`
[INFO] [stderr]  --> src/client/handler/receipt_awaiter.rs:7:28
[INFO] [stderr]   |
[INFO] [stderr] 7 | use tokio::sync::oneshot::{channel as oneshot_channel, Sender as OneshotSender, Receiver as OneshotReceiver};
[INFO] [stderr]   |                            ^^^^^^^^^^^^^^^^^^^^^^^^^^  ^^^^^^^^^^^^^^^^^^^^^^^  ^^^^^^^^^^^^^^^^^^^^^^^^^^^
[INFO] [stderr]   |
[INFO] [stderr]   = note: `#[warn(unused_imports)]` on by default
[INFO] [stderr] 
[INFO] [stderr] warning: associated function `new` is never used
[INFO] [stderr]   --> src/client.rs:22:8
[INFO] [stderr]    |
[INFO] [stderr] 21 | impl Transaction {
[INFO] [stderr]    | ---------------- associated function in this implementation
[INFO] [stderr] 22 |     fn new(transaction_id: String, internal_client: Arc<InternalClient>) -> Self {
[INFO] [stderr]    |        ^^^
[INFO] [stderr]    |
[INFO] [stderr]    = note: `#[warn(dead_code)]` on by default
[INFO] [stderr] 
[INFO] [stderr] warning: unused `Result` that must be used
[INFO] [stderr]    --> src/connection.rs:156:9
[INFO] [stderr]     |
[INFO] [stderr] 156 |         self.close_sender.send(()).await;
[INFO] [stderr]     |         ^^^^^^^^^^^^^^^^^^^^^^^^^^^^^^^^
[INFO] [stderr]     |
[INFO] [stderr]     = note: this `Result` may be an `Err` variant, which should be handled
[INFO] [stderr]     = note: `#[warn(unused_must_use)]` on by default
[INFO] [stderr] help: use `let _ = ...` to ignore the resulting value
[INFO] [stderr]     |
[INFO] [stderr] 156 |         let _ = self.close_sender.send(()).await;
[INFO] [stderr]     |         +++++++
[INFO] [stderr] 
[INFO] [stderr] warning: `stomp-rs` (lib) generated 3 warnings (run `cargo fix --lib -p stomp-rs` to apply 1 suggestion)
[INFO] [stderr] warning: `stomp-rs` (lib test) generated 3 warnings (3 duplicates)
[INFO] [stderr] warning: unused import: `stomp_rs::protocol::ServerCommand::Connected`
[INFO] [stderr]  --> tests/stomp.rs:8:5
[INFO] [stderr]   |
[INFO] [stderr] 8 | use stomp_rs::protocol::ServerCommand::Connected;
[INFO] [stderr]   |     ^^^^^^^^^^^^^^^^^^^^^^^^^^^^^^^^^^^^^^^^^^^^
[INFO] [stderr]   |
[INFO] [stderr]   = note: `#[warn(unused_imports)]` on by default
[INFO] [stderr] 
[INFO] [stderr] warning: unused import: `tokio::sync::mpsc::error::RecvError`
[INFO] [stderr]   --> tests/stomp.rs:13:5
[INFO] [stderr]    |
[INFO] [stderr] 13 | use tokio::sync::mpsc::error::RecvError;
[INFO] [stderr]    |     ^^^^^^^^^^^^^^^^^^^^^^^^^^^^^^^^^^^
[INFO] [stderr] 
[INFO] [stderr] warning: use of deprecated struct `tokio::sync::mpsc::error::RecvError`: This type is unused because recv returns an Option.
[INFO] [stderr]   --> tests/stomp.rs:13:31
[INFO] [stderr]    |
[INFO] [stderr] 13 | use tokio::sync::mpsc::error::RecvError;
[INFO] [stderr]    |                               ^^^^^^^^^
[INFO] [stderr]    |
[INFO] [stderr]    = note: `#[warn(deprecated)]` on by default
[INFO] [stderr] 
[INFO] [stderr] warning: unused import: `std::io::Write`
[INFO] [stderr]  --> tests/stomp.rs:5:5
[INFO] [stderr]   |
[INFO] [stderr] 5 | use std::io::Write;
[INFO] [stderr]   |     ^^^^^^^^^^^^^^
[INFO] [stderr] 
[INFO] [stderr] warning: unused variable: `time`
[INFO] [stderr]    --> tests/stomp.rs:223:9
[INFO] [stderr]     |
[INFO] [stderr] 223 |     let time = Instant::now();
[INFO] [stderr]     |         ^^^^ help: if this is intentional, prefix it with an underscore: `_time`
[INFO] [stderr]     |
[INFO] [stderr]     = note: `#[warn(unused_variables)]` on by default
[INFO] [stderr] 
[INFO] [stderr] warning: unused variable: `send`
[INFO] [stderr]    --> tests/stomp.rs:236:9
[INFO] [stderr]     |
[INFO] [stderr] 236 |     let send = client.send(Send::new("/test/topic")).await?;
[INFO] [stderr]     |         ^^^^ help: if this is intentional, prefix it with an underscore: `_send`
[INFO] [stderr] 
[INFO] [stderr] warning: unused variable: `send`
[INFO] [stderr]    --> tests/stomp.rs:321:9
[INFO] [stderr]     |
[INFO] [stderr] 321 |     let send = client.send(Send::new("/test/topic")).await?;
[INFO] [stderr]     |         ^^^^ help: if this is intentional, prefix it with an underscore: `_send`
[INFO] [stderr] 
[INFO] [stderr] warning: variable does not need to be mutable
[INFO] [stderr]   --> tests/stomp.rs:51:18
[INFO] [stderr]    |
[INFO] [stderr] 51 |             let (mut socket, _) = listener.accept().await.unwrap();
[INFO] [stderr]    |                  ----^^^^^^
[INFO] [stderr]    |                  |
[INFO] [stderr]    |                  help: remove this `mut`
[INFO] [stderr]    |
[INFO] [stderr]    = note: `#[warn(unused_mut)]` on by default
[INFO] [stderr] 
[INFO] [stderr] warning: unused `Result` that must be used
[INFO] [stderr]   --> tests/stomp.rs:18:5
[INFO] [stderr]    |
[INFO] [stderr] 18 |     SimpleLogger::new().with_level(LevelFilter::Debug).init();
[INFO] [stderr]    |     ^^^^^^^^^^^^^^^^^^^^^^^^^^^^^^^^^^^^^^^^^^^^^^^^^^^^^^^^^
[INFO] [stderr]    |
[INFO] [stderr]    = note: this `Result` may be an `Err` variant, which should be handled
[INFO] [stderr]    = note: `#[warn(unused_must_use)]` on by default
[INFO] [stderr] help: use `let _ = ...` to ignore the resulting value
[INFO] [stderr]    |
[INFO] [stderr] 18 |     let _ = SimpleLogger::new().with_level(LevelFilter::Debug).init();
[INFO] [stderr]    |     +++++++
[INFO] [stderr] 
[INFO] [stderr] warning: unused `Result` that must be used
[INFO] [stderr]   --> tests/stomp.rs:44:5
[INFO] [stderr]    |
[INFO] [stderr] 44 |     SimpleLogger::new().with_level(LevelFilter::Debug).init();
[INFO] [stderr]    |     ^^^^^^^^^^^^^^^^^^^^^^^^^^^^^^^^^^^^^^^^^^^^^^^^^^^^^^^^^
[INFO] [stderr]    |
[INFO] [stderr]    = note: this `Result` may be an `Err` variant, which should be handled
[INFO] [stderr] help: use `let _ = ...` to ignore the resulting value
[INFO] [stderr]    |
[INFO] [stderr] 44 |     let _ = SimpleLogger::new().with_level(LevelFilter::Debug).init();
[INFO] [stderr]    |     +++++++
[INFO] [stderr] 
[INFO] [stderr] warning: unused `Result` that must be used
[INFO] [stderr]   --> tests/stomp.rs:72:5
[INFO] [stderr]    |
[INFO] [stderr] 72 |     SimpleLogger::new().with_level(LevelFilter::Debug).init();
[INFO] [stderr]    |     ^^^^^^^^^^^^^^^^^^^^^^^^^^^^^^^^^^^^^^^^^^^^^^^^^^^^^^^^^
[INFO] [stderr]    |
[INFO] [stderr]    = note: this `Result` may be an `Err` variant, which should be handled
[INFO] [stderr] help: use `let _ = ...` to ignore the resulting value
[INFO] [stderr]    |
[INFO] [stderr] 72 |     let _ = SimpleLogger::new().with_level(LevelFilter::Debug).init();
[INFO] [stderr]    |     +++++++
[INFO] [stderr] 
[INFO] [stderr] warning: unused `Result` that must be used
[INFO] [stderr]    --> tests/stomp.rs:121:5
[INFO] [stderr]     |
[INFO] [stderr] 121 |     SimpleLogger::new().with_level(LevelFilter::Debug).init();
[INFO] [stderr]     |     ^^^^^^^^^^^^^^^^^^^^^^^^^^^^^^^^^^^^^^^^^^^^^^^^^^^^^^^^^
[INFO] [stderr]     |
[INFO] [stderr]     = note: this `Result` may be an `Err` variant, which should be handled
[INFO] [stderr] help: use `let _ = ...` to ignore the resulting value
[INFO] [stderr]     |
[INFO] [stderr] 121 |     let _ = SimpleLogger::new().with_level(LevelFilter::Debug).init();
[INFO] [stderr]     |     +++++++
[INFO] [stderr] 
[INFO] [stderr] warning: unused `Result` that must be used
[INFO] [stderr]    --> tests/stomp.rs:161:37
[INFO] [stderr]     |
[INFO] [stderr] 161 | / ...                   socket
[INFO] [stderr] 162 | | ...                       .write_all(
[INFO] [stderr] 163 | | ...                           &Frame {
[INFO] [stderr] 164 | | ...                               command: ServerCommand::Receipt,
[INFO] [stderr] ...   |
[INFO] [stderr] 169 | | ...                       )
[INFO] [stderr] 170 | | ...                       .await;
[INFO] [stderr]     | |________________________________^
[INFO] [stderr]     |
[INFO] [stderr]     = note: this `Result` may be an `Err` variant, which should be handled
[INFO] [stderr] help: use `let _ = ...` to ignore the resulting value
[INFO] [stderr]     |
[INFO] [stderr] 161 |                                     let _ = socket
[INFO] [stderr]     |                                     +++++++
[INFO] [stderr] 
[INFO] [stderr] warning: unused `Result` that must be used
[INFO] [stderr]    --> tests/stomp.rs:180:37
[INFO] [stderr]     |
[INFO] [stderr] 180 | / ...                   socket
[INFO] [stderr] 181 | | ...                       .write_all(
[INFO] [stderr] 182 | | ...                           &Frame {
[INFO] [stderr] 183 | | ...                               command: ServerCommand::Receipt,
[INFO] [stderr] ...   |
[INFO] [stderr] 188 | | ...                       )
[INFO] [stderr] 189 | | ...                       .await;
[INFO] [stderr]     | |________________________________^
[INFO] [stderr]     |
[INFO] [stderr]     = note: this `Result` may be an `Err` variant, which should be handled
[INFO] [stderr] help: use `let _ = ...` to ignore the resulting value
[INFO] [stderr]     |
[INFO] [stderr] 180 |                                     let _ = socket
[INFO] [stderr]     |                                     +++++++
[INFO] [stderr] 
[INFO] [stderr] warning: unused `Result` that must be used
[INFO] [stderr]    --> tests/stomp.rs:194:37
[INFO] [stderr]     |
[INFO] [stderr] 194 | / ...                   socket
[INFO] [stderr] 195 | | ...                       .write_all(
[INFO] [stderr] 196 | | ...                           &Frame {
[INFO] [stderr] 197 | | ...                               command: ServerCommand::Message,
[INFO] [stderr] ...   |
[INFO] [stderr] 202 | | ...                       )
[INFO] [stderr] 203 | | ...                       .await;
[INFO] [stderr]     | |________________________________^
[INFO] [stderr]     |
[INFO] [stderr]     = note: this `Result` may be an `Err` variant, which should be handled
[INFO] [stderr] help: use `let _ = ...` to ignore the resulting value
[INFO] [stderr]     |
[INFO] [stderr] 194 |                                     let _ = socket
[INFO] [stderr]     |                                     +++++++
[INFO] [stderr] 
[INFO] [stderr] warning: unused `Result` that must be used
[INFO] [stderr]    --> tests/stomp.rs:248:5
[INFO] [stderr]     |
[INFO] [stderr] 248 |     SimpleLogger::new().with_level(LevelFilter::Debug).init();
[INFO] [stderr]     |     ^^^^^^^^^^^^^^^^^^^^^^^^^^^^^^^^^^^^^^^^^^^^^^^^^^^^^^^^^
[INFO] [stderr]     |
[INFO] [stderr]     = note: this `Result` may be an `Err` variant, which should be handled
[INFO] [stderr] help: use `let _ = ...` to ignore the resulting value
[INFO] [stderr]     |
[INFO] [stderr] 248 |     let _ = SimpleLogger::new().with_level(LevelFilter::Debug).init();
[INFO] [stderr]     |     +++++++
[INFO] [stderr] 
[INFO] [stderr] warning: unused `Result` that must be used
[INFO] [stderr]    --> tests/stomp.rs:291:37
[INFO] [stderr]     |
[INFO] [stderr] 291 | / ...                   socket
[INFO] [stderr] 292 | | ...                       .write_all(
[INFO] [stderr] 293 | | ...                           &Frame {
[INFO] [stderr] 294 | | ...                               command: ServerCommand::Receipt,
[INFO] [stderr] ...   |
[INFO] [stderr] 299 | | ...                       )
[INFO] [stderr] 300 | | ...                       .await;
[INFO] [stderr]     | |________________________________^
[INFO] [stderr]     |
[INFO] [stderr]     = note: this `Result` may be an `Err` variant, which should be handled
[INFO] [stderr] help: use `let _ = ...` to ignore the resulting value
[INFO] [stderr]     |
[INFO] [stderr] 291 |                                     let _ = socket
[INFO] [stderr]     |                                     +++++++
[INFO] [stderr] 
[INFO] [stderr] warning: `stomp-rs` (test "stomp") generated 17 warnings (run `cargo fix --test "stomp"` to apply 6 suggestions)
[INFO] [stderr]     Finished test [unoptimized + debuginfo] target(s) in 0.02s
[INFO] [stderr]      Running unittests src/lib.rs (/opt/rustwide/target/debug/deps/stomp_rs-b19b112fbaf414c7)
[INFO] [stdout] 
[INFO] [stdout] running 7 tests
[INFO] [stdout] test protocol::frame::tests::test_nack ... ok
[INFO] [stdout] test protocol::frame::tests::test_ack ... ok
[INFO] [stdout] test protocol::frame::tests::test_connect ... ok
[INFO] [stdout] test protocol::frame::tests::test_subscribe ... ok
[INFO] [stdout] test protocol::frame::tests::test_send ... ok
[INFO] [stdout] test protocol::test::parse_test_cr ... ok
[INFO] [stdout] test protocol::test::parse_test ... ok
[INFO] [stdout] 
[INFO] [stdout] test result: ok. 7 passed; 0 failed; 0 ignored; 0 measured; 0 filtered out; finished in 0.00s
[INFO] [stdout] 
[INFO] [stderr]      Running tests/stomp.rs (/opt/rustwide/target/debug/deps/stomp-923aa8d41a66e48b)
[INFO] [stdout] 
[INFO] [stdout] running 5 tests
[INFO] [stdout] test test_wrong_connect_response ... FAILED
[INFO] [stdout] test test_await_receipt ... FAILED
[INFO] [stdout] test test_subscribe_message ... FAILED
[INFO] [stdout] test test_proper_connection ... FAILED
[INFO] [stdout] test test_heartbeat_closing_client ... FAILED
[INFO] [stdout] 
[INFO] [stdout] failures:
[INFO] [stdout] 
[INFO] [stdout] ---- test_wrong_connect_response stdout ----
[INFO] [stdout] thread 'test_wrong_connect_response' panicked at 'Could not determine the UTC offset on this system. Possible causes are that the time crate does not implement "local_offset_at" on your system, or that you are running in a multi-threaded environment and the time crate is returning "None" from "local_offset_at" to avoid unsafe behaviour. See the time crate's documentation for more information. (https://time-rs.github.io/internal-api/time/index.html#feature-flags): IndeterminateOffset', /opt/rustwide/cargo-home/registry/src/index.crates.io-6f17d22bba15001f/simple_logger-1.16.0/src/lib.rs:409:85
[INFO] [stdout] stack backtrace:
[INFO] [stdout]    0:     0x5650ed8e988a - std::backtrace_rs::backtrace::libunwind::trace::h2f05d0192276a8f6
[INFO] [stdout]                                at /rustc/1b7dd2252b99671ce5d1cb9664c5f8636329436d/library/std/src/../../backtrace/src/backtrace/libunwind.rs:93:5
[INFO] [stdout]    1:     0x5650ed8e988a - std::backtrace_rs::backtrace::trace_unsynchronized::hedc23dff7a1af150
[INFO] [stdout]                                at /rustc/1b7dd2252b99671ce5d1cb9664c5f8636329436d/library/std/src/../../backtrace/src/backtrace/mod.rs:66:5
[INFO] [stdout]    2:     0x5650ed8e988a - std::sys_common::backtrace::_print_fmt::h17541ef7592f3ce2
[INFO] [stdout]                                at /rustc/1b7dd2252b99671ce5d1cb9664c5f8636329436d/library/std/src/sys_common/backtrace.rs:65:5
[INFO] [stdout]    3:     0x5650ed8e988a - <std::sys_common::backtrace::_print::DisplayBacktrace as core::fmt::Display>::fmt::h20f75df5ab0c0792
[INFO] [stdout]                                at /rustc/1b7dd2252b99671ce5d1cb9664c5f8636329436d/library/std/src/sys_common/backtrace.rs:44:22
[INFO] [stdout]    4:     0x5650ed90f7bf - core::fmt::write::h78109e6f466b3af6
[INFO] [stdout]                                at /rustc/1b7dd2252b99671ce5d1cb9664c5f8636329436d/library/core/src/fmt/mod.rs:1254:17
[INFO] [stdout]    5:     0x5650ed8e6395 - std::io::Write::write_fmt::hd24bfb68a1b35a25
[INFO] [stdout]                                at /rustc/1b7dd2252b99671ce5d1cb9664c5f8636329436d/library/std/src/io/mod.rs:1698:15
[INFO] [stdout]    6:     0x5650ed8e9655 - std::sys_common::backtrace::_print::h8dac57a9f8fbf9a5
[INFO] [stdout]                                at /rustc/1b7dd2252b99671ce5d1cb9664c5f8636329436d/library/std/src/sys_common/backtrace.rs:47:5
[INFO] [stdout]    7:     0x5650ed8e9655 - std::sys_common::backtrace::print::hf9ecbf41d1aa712f
[INFO] [stdout]                                at /rustc/1b7dd2252b99671ce5d1cb9664c5f8636329436d/library/std/src/sys_common/backtrace.rs:34:9
[INFO] [stdout]    8:     0x5650ed8eb30e - std::panicking::default_hook::{{closure}}::h04c07acfc84ca028
[INFO] [stdout]                                at /rustc/1b7dd2252b99671ce5d1cb9664c5f8636329436d/library/std/src/panicking.rs:269:22
[INFO] [stdout]    9:     0x5650ed8eb041 - std::panicking::default_hook::h01f6bb23e1eceb2c
[INFO] [stdout]                                at /rustc/1b7dd2252b99671ce5d1cb9664c5f8636329436d/library/std/src/panicking.rs:285:9
[INFO] [stdout]   10:     0x5650ed79c88b - <alloc::boxed::Box<F,A> as core::ops::function::Fn<Args>>::call::h87fe9f7b2fd49e4c
[INFO] [stdout]                                at /rustc/1b7dd2252b99671ce5d1cb9664c5f8636329436d/library/alloc/src/boxed.rs:1987:9
[INFO] [stdout]   11:     0x5650ed79c88b - test::test_main::{{closure}}::he94d679243a7531b
[INFO] [stdout]                                at /rustc/1b7dd2252b99671ce5d1cb9664c5f8636329436d/library/test/src/lib.rs:134:21
[INFO] [stdout]   12:     0x5650ed8eb9f4 - <alloc::boxed::Box<F,A> as core::ops::function::Fn<Args>>::call::h3f2d6d8b14c4769f
[INFO] [stdout]                                at /rustc/1b7dd2252b99671ce5d1cb9664c5f8636329436d/library/alloc/src/boxed.rs:1987:9
[INFO] [stdout]   13:     0x5650ed8eb9f4 - std::panicking::rust_panic_with_hook::h2bb3722bbaf2f6df
[INFO] [stdout]                                at /rustc/1b7dd2252b99671ce5d1cb9664c5f8636329436d/library/std/src/panicking.rs:695:13
[INFO] [stdout]   14:     0x5650ed8eb769 - std::panicking::begin_panic_handler::{{closure}}::h91bc7f36a4be011b
[INFO] [stdout]                                at /rustc/1b7dd2252b99671ce5d1cb9664c5f8636329436d/library/std/src/panicking.rs:582:13
[INFO] [stdout]   15:     0x5650ed8e9cf6 - std::sys_common::backtrace::__rust_end_short_backtrace::h8b3d3717114f9e59
[INFO] [stdout]                                at /rustc/1b7dd2252b99671ce5d1cb9664c5f8636329436d/library/std/src/sys_common/backtrace.rs:150:18
[INFO] [stdout]   16:     0x5650ed8eb4c2 - rust_begin_unwind
[INFO] [stdout]                                at /rustc/1b7dd2252b99671ce5d1cb9664c5f8636329436d/library/std/src/panicking.rs:578:5
[INFO] [stdout]   17:     0x5650ed6a0db3 - core::panicking::panic_fmt::hfd368e3fbdabea26
[INFO] [stdout]                                at /rustc/1b7dd2252b99671ce5d1cb9664c5f8636329436d/library/core/src/panicking.rs:67:14
[INFO] [stdout]   18:     0x5650ed6a12f3 - core::result::unwrap_failed::he54eb4b2f125b26f
[INFO] [stdout]                                at /rustc/1b7dd2252b99671ce5d1cb9664c5f8636329436d/library/core/src/result.rs:1687:5
[INFO] [stdout]   19:     0x5650ed89ac2c - core::result::Result<T,E>::expect::h7b5a4a97e9aa6e58
[INFO] [stdout]                                at /rustc/1b7dd2252b99671ce5d1cb9664c5f8636329436d/library/core/src/result.rs:1046:23
[INFO] [stdout]   20:     0x5650ed897ce3 - <simple_logger::SimpleLogger as log::Log>::log::hbfdbed450dea2ee7
[INFO] [stdout]                                at /opt/rustwide/cargo-home/registry/src/index.crates.io-6f17d22bba15001f/simple_logger-1.16.0/src/lib.rs:409:57
[INFO] [stdout]   21:     0x5650ed8c520d - log::__private_api_log::h808ded0208445331
[INFO] [stdout]                                at /opt/rustwide/cargo-home/registry/src/index.crates.io-6f17d22bba15001f/log-0.4.17/src/lib.rs:1597:5
[INFO] [stdout]   22:     0x5650ed6ea599 - stomp_rs::client::internal::InternalClient::emit::{{closure}}::hcbccc39db3ae2046
[INFO] [stdout]                                at /opt/rustwide/workdir/src/client/internal.rs:165:9
[INFO] [stdout]   23:     0x5650ed6ec305 - stomp_rs::client::internal::InternalClient::connect::{{closure}}::h695f7348db6031ca
[INFO] [stdout]                                at /opt/rustwide/workdir/src/client/internal.rs:55:42
[INFO] [stdout]   24:     0x5650ed6e16fc - stomp_rs::client::Client::connect::{{closure}}::h0319e78fb1c5a1a5
[INFO] [stdout]                                at /opt/rustwide/workdir/src/client.rs:109:63
[INFO] [stdout]   25:     0x5650ed6f0669 - stomp::test_wrong_connect_response::{{closure}}::hf153fd7b052c128c
[INFO] [stdout]                                at /opt/rustwide/workdir/tests/stomp.rs:36:59
[INFO] [stdout]   26:     0x5650ed75d77d - <core::pin::Pin<P> as core::future::future::Future>::poll::hf8ecd0bd6c1656ff
[INFO] [stdout]                                at /rustc/1b7dd2252b99671ce5d1cb9664c5f8636329436d/library/core/src/future/future.rs:125:9
[INFO] [stdout]   27:     0x5650ed75d6aa - <core::pin::Pin<P> as core::future::future::Future>::poll::hec0e226084945f24
[INFO] [stdout]                                at /rustc/1b7dd2252b99671ce5d1cb9664c5f8636329436d/library/core/src/future/future.rs:125:9
[INFO] [stdout]   28:     0x5650ed7371e3 - tokio::runtime::scheduler::current_thread::CoreGuard::block_on::{{closure}}::{{closure}}::{{closure}}::h177210a1778e225f
[INFO] [stdout]                                at /opt/rustwide/cargo-home/registry/src/index.crates.io-6f17d22bba15001f/tokio-1.28.0/src/runtime/scheduler/current_thread.rs:541:57
[INFO] [stdout]   29:     0x5650ed7370cc - tokio::runtime::coop::with_budget::hf4cbe11687047eb0
[INFO] [stdout]                                at /opt/rustwide/cargo-home/registry/src/index.crates.io-6f17d22bba15001f/tokio-1.28.0/src/runtime/coop.rs:107:5
[INFO] [stdout]   30:     0x5650ed7370cc - tokio::runtime::coop::budget::h3f1bcb92ae28d80a
[INFO] [stdout]                                at /opt/rustwide/cargo-home/registry/src/index.crates.io-6f17d22bba15001f/tokio-1.28.0/src/runtime/coop.rs:73:5
[INFO] [stdout]   31:     0x5650ed7370cc - tokio::runtime::scheduler::current_thread::CoreGuard::block_on::{{closure}}::{{closure}}::h5e4de8ba5f35bb60
[INFO] [stdout]                                at /opt/rustwide/cargo-home/registry/src/index.crates.io-6f17d22bba15001f/tokio-1.28.0/src/runtime/scheduler/current_thread.rs:541:25
[INFO] [stdout]   32:     0x5650ed7359c7 - tokio::runtime::scheduler::current_thread::Context::enter::h714ff3a5fbac7aea
[INFO] [stdout]                                at /opt/rustwide/cargo-home/registry/src/index.crates.io-6f17d22bba15001f/tokio-1.28.0/src/runtime/scheduler/current_thread.rs:350:19
[INFO] [stdout]   33:     0x5650ed73655a - tokio::runtime::scheduler::current_thread::CoreGuard::block_on::{{closure}}::ha2cda28f3fb2f85f
[INFO] [stdout]                                at /opt/rustwide/cargo-home/registry/src/index.crates.io-6f17d22bba15001f/tokio-1.28.0/src/runtime/scheduler/current_thread.rs:540:36
[INFO] [stdout]   34:     0x5650ed736242 - tokio::runtime::scheduler::current_thread::CoreGuard::enter::{{closure}}::h4b21e82106fbccbb
[INFO] [stdout]                                at /opt/rustwide/cargo-home/registry/src/index.crates.io-6f17d22bba15001f/tokio-1.28.0/src/runtime/scheduler/current_thread.rs:615:57
[INFO] [stdout]   35:     0x5650ed6e506f - tokio::macros::scoped_tls::ScopedKey<T>::set::hfa7d664198828576
[INFO] [stdout]                                at /opt/rustwide/cargo-home/registry/src/index.crates.io-6f17d22bba15001f/tokio-1.28.0/src/macros/scoped_tls.rs:61:9
[INFO] [stdout]   36:     0x5650ed735fcd - tokio::runtime::scheduler::current_thread::CoreGuard::enter::hd9377b48daf47d73
[INFO] [stdout]                                at /opt/rustwide/cargo-home/registry/src/index.crates.io-6f17d22bba15001f/tokio-1.28.0/src/runtime/scheduler/current_thread.rs:615:27
[INFO] [stdout]   37:     0x5650ed736278 - tokio::runtime::scheduler::current_thread::CoreGuard::block_on::hb2ebbe8018520a84
[INFO] [stdout]                                at /opt/rustwide/cargo-home/registry/src/index.crates.io-6f17d22bba15001f/tokio-1.28.0/src/runtime/scheduler/current_thread.rs:530:19
[INFO] [stdout]   38:     0x5650ed7321a3 - tokio::runtime::scheduler::current_thread::CurrentThread::block_on::h23f22fb91bebec9c
[INFO] [stdout]                                at /opt/rustwide/cargo-home/registry/src/index.crates.io-6f17d22bba15001f/tokio-1.28.0/src/runtime/scheduler/current_thread.rs:154:24
[INFO] [stdout]   39:     0x5650ed6d5c34 - tokio::runtime::runtime::Runtime::block_on::hc351a71690333330
[INFO] [stdout]                                at /opt/rustwide/cargo-home/registry/src/index.crates.io-6f17d22bba15001f/tokio-1.28.0/src/runtime/runtime.rs:302:47
[INFO] [stdout]   40:     0x5650ed6efdc7 - stomp::test_wrong_connect_response::h2b08033d56046e06
[INFO] [stdout]                                at /opt/rustwide/workdir/tests/stomp.rs:39:5
[INFO] [stdout]   41:     0x5650ed6efc57 - stomp::test_wrong_connect_response::{{closure}}::h6684d45c5feca40d
[INFO] [stdout]                                at /opt/rustwide/workdir/tests/stomp.rs:17:43
[INFO] [stdout]   42:     0x5650ed723eb5 - core::ops::function::FnOnce::call_once::he81709b0eac0a3e1
[INFO] [stdout]                                at /rustc/1b7dd2252b99671ce5d1cb9664c5f8636329436d/library/core/src/ops/function.rs:250:5
[INFO] [stdout]   43:     0x5650ed7a175f - core::ops::function::FnOnce::call_once::ha6a70e79f7481a7e
[INFO] [stdout]                                at /rustc/1b7dd2252b99671ce5d1cb9664c5f8636329436d/library/core/src/ops/function.rs:250:5
[INFO] [stdout]   44:     0x5650ed7a175f - test::__rust_begin_short_backtrace::hce33033019b61e69
[INFO] [stdout]                                at /rustc/1b7dd2252b99671ce5d1cb9664c5f8636329436d/library/test/src/lib.rs:655:18
[INFO] [stdout]   45:     0x5650ed76ef4c - test::run_test::{{closure}}::h858d3528838ae3e5
[INFO] [stdout]                                at /rustc/1b7dd2252b99671ce5d1cb9664c5f8636329436d/library/test/src/lib.rs:646:30
[INFO] [stdout]   46:     0x5650ed76ef4c - core::ops::function::FnOnce::call_once{{vtable.shim}}::he8ac2b00f01ae79e
[INFO] [stdout]                                at /rustc/1b7dd2252b99671ce5d1cb9664c5f8636329436d/library/core/src/ops/function.rs:250:5
[INFO] [stdout]   47:     0x5650ed7a0836 - <alloc::boxed::Box<F,A> as core::ops::function::FnOnce<Args>>::call_once::h8093d25b522725ef
[INFO] [stdout]                                at /rustc/1b7dd2252b99671ce5d1cb9664c5f8636329436d/library/alloc/src/boxed.rs:1973:9
[INFO] [stdout]   48:     0x5650ed7a0836 - <core::panic::unwind_safe::AssertUnwindSafe<F> as core::ops::function::FnOnce<()>>::call_once::h5c334c204e4a3913
[INFO] [stdout]                                at /rustc/1b7dd2252b99671ce5d1cb9664c5f8636329436d/library/core/src/panic/unwind_safe.rs:271:9
[INFO] [stdout]   49:     0x5650ed7a0836 - std::panicking::try::do_call::ha8b740c7b9478074
[INFO] [stdout]                                at /rustc/1b7dd2252b99671ce5d1cb9664c5f8636329436d/library/std/src/panicking.rs:485:40
[INFO] [stdout]   50:     0x5650ed7a0836 - std::panicking::try::h5d34f63d0e41b64e
[INFO] [stdout]                                at /rustc/1b7dd2252b99671ce5d1cb9664c5f8636329436d/library/std/src/panicking.rs:449:19
[INFO] [stdout]   51:     0x5650ed7a0836 - std::panic::catch_unwind::hcfbb511e1aa7fc67
[INFO] [stdout]                                at /rustc/1b7dd2252b99671ce5d1cb9664c5f8636329436d/library/std/src/panic.rs:140:14
[INFO] [stdout]   52:     0x5650ed7a0836 - test::run_test_in_process::h9abda90f802eaf21
[INFO] [stdout]                                at /rustc/1b7dd2252b99671ce5d1cb9664c5f8636329436d/library/test/src/lib.rs:678:27
[INFO] [stdout]   53:     0x5650ed7a0836 - test::run_test::run_test_inner::{{closure}}::h0f058de91f6c6edf
[INFO] [stdout]                                at /rustc/1b7dd2252b99671ce5d1cb9664c5f8636329436d/library/test/src/lib.rs:572:39
[INFO] [stdout]   54:     0x5650ed769755 - test::run_test::run_test_inner::{{closure}}::h5ca48a4c59c6c1fb
[INFO] [stdout]                                at /rustc/1b7dd2252b99671ce5d1cb9664c5f8636329436d/library/test/src/lib.rs:599:37
[INFO] [stdout]   55:     0x5650ed769755 - std::sys_common::backtrace::__rust_begin_short_backtrace::h32bd51e1495d4a33
[INFO] [stdout]                                at /rustc/1b7dd2252b99671ce5d1cb9664c5f8636329436d/library/std/src/sys_common/backtrace.rs:134:18
[INFO] [stdout]   56:     0x5650ed76ec91 - std::thread::Builder::spawn_unchecked_::{{closure}}::{{closure}}::hc086fae9b128b2db
[INFO] [stdout]                                at /rustc/1b7dd2252b99671ce5d1cb9664c5f8636329436d/library/std/src/thread/mod.rs:526:17
[INFO] [stdout]   57:     0x5650ed76ec91 - <core::panic::unwind_safe::AssertUnwindSafe<F> as core::ops::function::FnOnce<()>>::call_once::hb66571888d270d43
[INFO] [stdout]                                at /rustc/1b7dd2252b99671ce5d1cb9664c5f8636329436d/library/core/src/panic/unwind_safe.rs:271:9
[INFO] [stdout]   58:     0x5650ed76ec91 - std::panicking::try::do_call::h4fa2ef4f6e51fecf
[INFO] [stdout]                                at /rustc/1b7dd2252b99671ce5d1cb9664c5f8636329436d/library/std/src/panicking.rs:485:40
[INFO] [stdout]   59:     0x5650ed76ec91 - std::panicking::try::h1e9e22b8584489b5
[INFO] [stdout]                                at /rustc/1b7dd2252b99671ce5d1cb9664c5f8636329436d/library/std/src/panicking.rs:449:19
[INFO] [stdout]   60:     0x5650ed76ec91 - std::panic::catch_unwind::h44698a3de0e0769e
[INFO] [stdout]                                at /rustc/1b7dd2252b99671ce5d1cb9664c5f8636329436d/library/std/src/panic.rs:140:14
[INFO] [stdout]   61:     0x5650ed76ec91 - std::thread::Builder::spawn_unchecked_::{{closure}}::h50153abde3fe239e
[INFO] [stdout]                                at /rustc/1b7dd2252b99671ce5d1cb9664c5f8636329436d/library/std/src/thread/mod.rs:525:30
[INFO] [stdout]   62:     0x5650ed76ec91 - core::ops::function::FnOnce::call_once{{vtable.shim}}::hbe5bbf6f38394364
[INFO] [stdout]                                at /rustc/1b7dd2252b99671ce5d1cb9664c5f8636329436d/library/core/src/ops/function.rs:250:5
[INFO] [stdout]   63:     0x5650ed8effd5 - <alloc::boxed::Box<F,A> as core::ops::function::FnOnce<Args>>::call_once::h0d83cb2920a49046
[INFO] [stdout]                                at /rustc/1b7dd2252b99671ce5d1cb9664c5f8636329436d/library/alloc/src/boxed.rs:1973:9
[INFO] [stdout]   64:     0x5650ed8effd5 - <alloc::boxed::Box<F,A> as core::ops::function::FnOnce<Args>>::call_once::hbe0a008aa7d9ef59
[INFO] [stdout]                                at /rustc/1b7dd2252b99671ce5d1cb9664c5f8636329436d/library/alloc/src/boxed.rs:1973:9
[INFO] [stdout]   65:     0x5650ed8effd5 - std::sys::unix::thread::Thread::new::thread_start::h3a466996bdf6b1f9
[INFO] [stdout]                                at /rustc/1b7dd2252b99671ce5d1cb9664c5f8636329436d/library/std/src/sys/unix/thread.rs:108:17
[INFO] [stdout]   66:     0x7f4fef980b43 - <unknown>
[INFO] [stdout]   67:     0x7f4fefa11bb4 - __clone
[INFO] [stdout]   68:                0x0 - <unknown>
[INFO] [stdout] 
[INFO] [stdout] ---- test_await_receipt stdout ----
[INFO] [stdout] thread 'test_await_receipt' panicked at 'Could not determine the UTC offset on this system. Possible causes are that the time crate does not implement "local_offset_at" on your system, or that you are running in a multi-threaded environment and the time crate is returning "None" from "local_offset_at" to avoid unsafe behaviour. See the time crate's documentation for more information. (https://time-rs.github.io/internal-api/time/index.html#feature-flags): IndeterminateOffset', /opt/rustwide/cargo-home/registry/src/index.crates.io-6f17d22bba15001f/simple_logger-1.16.0/src/lib.rs:409:85
[INFO] [stdout] stack backtrace:
[INFO] [stdout]    0:     0x5650ed8e988a - std::backtrace_rs::backtrace::libunwind::trace::h2f05d0192276a8f6
[INFO] [stdout]                                at /rustc/1b7dd2252b99671ce5d1cb9664c5f8636329436d/library/std/src/../../backtrace/src/backtrace/libunwind.rs:93:5
[INFO] [stdout]    1:     0x5650ed8e988a - std::backtrace_rs::backtrace::trace_unsynchronized::hedc23dff7a1af150
[INFO] [stdout]                                at /rustc/1b7dd2252b99671ce5d1cb9664c5f8636329436d/library/std/src/../../backtrace/src/backtrace/mod.rs:66:5
[INFO] [stdout]    2:     0x5650ed8e988a - std::sys_common::backtrace::_print_fmt::h17541ef7592f3ce2
[INFO] [stdout]                                at /rustc/1b7dd2252b99671ce5d1cb9664c5f8636329436d/library/std/src/sys_common/backtrace.rs:65:5
[INFO] [stdout]    3:     0x5650ed8e988a - <std::sys_common::backtrace::_print::DisplayBacktrace as core::fmt::Display>::fmt::h20f75df5ab0c0792
[INFO] [stdout]                                at /rustc/1b7dd2252b99671ce5d1cb9664c5f8636329436d/library/std/src/sys_common/backtrace.rs:44:22
[INFO] [stdout]    4:     0x5650ed90f7bf - core::fmt::write::h78109e6f466b3af6
[INFO] [stdout]                                at /rustc/1b7dd2252b99671ce5d1cb9664c5f8636329436d/library/core/src/fmt/mod.rs:1254:17
[INFO] [stdout]    5:     0x5650ed8e6395 - std::io::Write::write_fmt::hd24bfb68a1b35a25
[INFO] [stdout]                                at /rustc/1b7dd2252b99671ce5d1cb9664c5f8636329436d/library/std/src/io/mod.rs:1698:15
[INFO] [stdout]    6:     0x5650ed8e9655 - std::sys_common::backtrace::_print::h8dac57a9f8fbf9a5
[INFO] [stdout]                                at /rustc/1b7dd2252b99671ce5d1cb9664c5f8636329436d/library/std/src/sys_common/backtrace.rs:47:5
[INFO] [stdout]    7:     0x5650ed8e9655 - std::sys_common::backtrace::print::hf9ecbf41d1aa712f
[INFO] [stdout]                                at /rustc/1b7dd2252b99671ce5d1cb9664c5f8636329436d/library/std/src/sys_common/backtrace.rs:34:9
[INFO] [stdout]    8:     0x5650ed8eb30e - std::panicking::default_hook::{{closure}}::h04c07acfc84ca028
[INFO] [stdout]                                at /rustc/1b7dd2252b99671ce5d1cb9664c5f8636329436d/library/std/src/panicking.rs:269:22
[INFO] [stdout]    9:     0x5650ed8eb041 - std::panicking::default_hook::h01f6bb23e1eceb2c
[INFO] [stdout]                                at /rustc/1b7dd2252b99671ce5d1cb9664c5f8636329436d/library/std/src/panicking.rs:285:9
[INFO] [stdout]   10:     0x5650ed79c88b - <alloc::boxed::Box<F,A> as core::ops::function::Fn<Args>>::call::h87fe9f7b2fd49e4c
[INFO] [stdout]                                at /rustc/1b7dd2252b99671ce5d1cb9664c5f8636329436d/library/alloc/src/boxed.rs:1987:9
[INFO] [stdout]   11:     0x5650ed79c88b - test::test_main::{{closure}}::he94d679243a7531b
[INFO] [stdout]                                at /rustc/1b7dd2252b99671ce5d1cb9664c5f8636329436d/library/test/src/lib.rs:134:21
[INFO] [stdout]   12:     0x5650ed8eb9f4 - <alloc::boxed::Box<F,A> as core::ops::function::Fn<Args>>::call::h3f2d6d8b14c4769f
[INFO] [stdout]                                at /rustc/1b7dd2252b99671ce5d1cb9664c5f8636329436d/library/alloc/src/boxed.rs:1987:9
[INFO] [stdout]   13:     0x5650ed8eb9f4 - std::panicking::rust_panic_with_hook::h2bb3722bbaf2f6df
[INFO] [stdout]                                at /rustc/1b7dd2252b99671ce5d1cb9664c5f8636329436d/library/std/src/panicking.rs:695:13
[INFO] [stdout]   14:     0x5650ed8eb769 - std::panicking::begin_panic_handler::{{closure}}::h91bc7f36a4be011b
[INFO] [stdout]                                at /rustc/1b7dd2252b99671ce5d1cb9664c5f8636329436d/library/std/src/panicking.rs:582:13
[INFO] [stdout]   15:     0x5650ed8e9cf6 - std::sys_common::backtrace::__rust_end_short_backtrace::h8b3d3717114f9e59
[INFO] [stdout]                                at /rustc/1b7dd2252b99671ce5d1cb9664c5f8636329436d/library/std/src/sys_common/backtrace.rs:150:18
[INFO] [stdout]   16:     0x5650ed8eb4c2 - rust_begin_unwind
[INFO] [stdout]                                at /rustc/1b7dd2252b99671ce5d1cb9664c5f8636329436d/library/std/src/panicking.rs:578:5
[INFO] [stdout]   17:     0x5650ed6a0db3 - core::panicking::panic_fmt::hfd368e3fbdabea26
[INFO] [stdout]                                at /rustc/1b7dd2252b99671ce5d1cb9664c5f8636329436d/library/core/src/panicking.rs:67:14
[INFO] [stdout]   18:     0x5650ed6a12f3 - core::result::unwrap_failed::he54eb4b2f125b26f
[INFO] [stdout]                                at /rustc/1b7dd2252b99671ce5d1cb9664c5f8636329436d/library/core/src/result.rs:1687:5
[INFO] [stdout]   19:     0x5650ed89ac2c - core::result::Result<T,E>::expect::h7b5a4a97e9aa6e58
[INFO] [stdout]                                at /rustc/1b7dd2252b99671ce5d1cb9664c5f8636329436d/library/core/src/result.rs:1046:23
[INFO] [stdout]   20:     0x5650ed897ce3 - <simple_logger::SimpleLogger as log::Log>::log::hbfdbed450dea2ee7
[INFO] [stdout]                                at /opt/rustwide/cargo-home/registry/src/index.crates.io-6f17d22bba15001f/simple_logger-1.16.0/src/lib.rs:409:57
[INFO] [stdout]   21:     0x5650ed8c520d - log::__private_api_log::h808ded0208445331
[INFO] [stdout]                                at /opt/rustwide/cargo-home/registry/src/index.crates.io-6f17d22bba15001f/log-0.4.17/src/lib.rs:1597:5
[INFO] [stdout]   22:     0x5650ed6ea599 - stomp_rs::client::internal::InternalClient::emit::{{closure}}::hcbccc39db3ae2046
[INFO] [stdout]                                at /opt/rustwide/workdir/src/client/internal.rs:165:9
[INFO] [stdout]   23:     0x5650ed6ec305 - stomp_rs::client::internal::InternalClient::connect::{{closure}}::h695f7348db6031ca
[INFO] [stdout]                                at /opt/rustwide/workdir/src/client/internal.rs:55:42
[INFO] [stdout]   24:     0x5650ed6e16fc - stomp_rs::client::Client::connect::{{closure}}::h0319e78fb1c5a1a5
[INFO] [stdout]                                at /opt/rustwide/workdir/src/client.rs:109:63
[INFO] [stdout]   25:     0x5650ed6f819c - stomp::test_await_receipt::{{closure}}::h074f0644780fcf2a
[INFO] [stdout]                                at /opt/rustwide/workdir/tests/stomp.rs:317:59
[INFO] [stdout]   26:     0x5650ed75d77d - <core::pin::Pin<P> as core::future::future::Future>::poll::hf8ecd0bd6c1656ff
[INFO] [stdout]                                at /rustc/1b7dd2252b99671ce5d1cb9664c5f8636329436d/library/core/src/future/future.rs:125:9
[INFO] [stdout]   27:     0x5650ed75d6aa - <core::pin::Pin<P> as core::future::future::Future>::poll::hec0e226084945f24
[INFO] [stdout]                                at /rustc/1b7dd2252b99671ce5d1cb9664c5f8636329436d/library/core/src/future/future.rs:125:9
[INFO] [stdout]   28:     0x5650ed7371e3 - tokio::runtime::scheduler::current_thread::CoreGuard::block_on::{{closure}}::{{closure}}::{{closure}}::h177210a1778e225f
[INFO] [stdout]                                at /opt/rustwide/cargo-home/registry/src/index.crates.io-6f17d22bba15001f/tokio-1.28.0/src/runtime/scheduler/current_thread.rs:541:57
[INFO] [stdout]   29:     0x5650ed7370cc - tokio::runtime::coop::with_budget::hf4cbe11687047eb0
[INFO] [stdout]                                at /opt/rustwide/cargo-home/registry/src/index.crates.io-6f17d22bba15001f/tokio-1.28.0/src/runtime/coop.rs:107:5
[INFO] [stdout]   30:     0x5650ed7370cc - tokio::runtime::coop::budget::h3f1bcb92ae28d80a
[INFO] [stdout]                                at /opt/rustwide/cargo-home/registry/src/index.crates.io-6f17d22bba15001f/tokio-1.28.0/src/runtime/coop.rs:73:5
[INFO] [stdout]   31:     0x5650ed7370cc - tokio::runtime::scheduler::current_thread::CoreGuard::block_on::{{closure}}::{{closure}}::h5e4de8ba5f35bb60
[INFO] [stdout]                                at /opt/rustwide/cargo-home/registry/src/index.crates.io-6f17d22bba15001f/tokio-1.28.0/src/runtime/scheduler/current_thread.rs:541:25
[INFO] [stdout]   32:     0x5650ed7359c7 - tokio::runtime::scheduler::current_thread::Context::enter::h714ff3a5fbac7aea
[INFO] [stdout]                                at /opt/rustwide/cargo-home/registry/src/index.crates.io-6f17d22bba15001f/tokio-1.28.0/src/runtime/scheduler/current_thread.rs:350:19
[INFO] [stdout]   33:     0x5650ed73655a - tokio::runtime::scheduler::current_thread::CoreGuard::block_on::{{closure}}::ha2cda28f3fb2f85f
[INFO] [stdout]                                at /opt/rustwide/cargo-home/registry/src/index.crates.io-6f17d22bba15001f/tokio-1.28.0/src/runtime/scheduler/current_thread.rs:540:36
[INFO] [stdout]   34:     0x5650ed736242 - tokio::runtime::scheduler::current_thread::CoreGuard::enter::{{closure}}::h4b21e82106fbccbb
[INFO] [stdout]                                at /opt/rustwide/cargo-home/registry/src/index.crates.io-6f17d22bba15001f/tokio-1.28.0/src/runtime/scheduler/current_thread.rs:615:57
[INFO] [stdout]   35:     0x5650ed6e506f - tokio::macros::scoped_tls::ScopedKey<T>::set::hfa7d664198828576
[INFO] [stdout]                                at /opt/rustwide/cargo-home/registry/src/index.crates.io-6f17d22bba15001f/tokio-1.28.0/src/macros/scoped_tls.rs:61:9
[INFO] [stdout]   36:     0x5650ed735fcd - tokio::runtime::scheduler::current_thread::CoreGuard::enter::hd9377b48daf47d73
[INFO] [stdout]                                at /opt/rustwide/cargo-home/registry/src/index.crates.io-6f17d22bba15001f/tokio-1.28.0/src/runtime/scheduler/current_thread.rs:615:27
[INFO] [stdout]   37:     0x5650ed736278 - tokio::runtime::scheduler::current_thread::CoreGuard::block_on::hb2ebbe8018520a84
[INFO] [stdout]                                at /opt/rustwide/cargo-home/registry/src/index.crates.io-6f17d22bba15001f/tokio-1.28.0/src/runtime/scheduler/current_thread.rs:530:19
[INFO] [stdout]   38:     0x5650ed7321a3 - tokio::runtime::scheduler::current_thread::CurrentThread::block_on::h23f22fb91bebec9c
[INFO] [stdout]                                at /opt/rustwide/cargo-home/registry/src/index.crates.io-6f17d22bba15001f/tokio-1.28.0/src/runtime/scheduler/current_thread.rs:154:24
[INFO] [stdout]   39:     0x5650ed6d5c34 - tokio::runtime::runtime::Runtime::block_on::hc351a71690333330
[INFO] [stdout]                                at /opt/rustwide/cargo-home/registry/src/index.crates.io-6f17d22bba15001f/tokio-1.28.0/src/runtime/runtime.rs:302:47
[INFO] [stdout]   40:     0x5650ed6f7877 - stomp::test_await_receipt::h207fe64e9c12cee9
[INFO] [stdout]                                at /opt/rustwide/workdir/tests/stomp.rs:326:5
[INFO] [stdout]   41:     0x5650ed6f7707 - stomp::test_await_receipt::{{closure}}::h55df94a8b23d9117
[INFO] [stdout]                                at /opt/rustwide/workdir/tests/stomp.rs:247:34
[INFO] [stdout]   42:     0x5650ed7232d5 - core::ops::function::FnOnce::call_once::h7a4badfb745d5116
[INFO] [stdout]                                at /rustc/1b7dd2252b99671ce5d1cb9664c5f8636329436d/library/core/src/ops/function.rs:250:5
[INFO] [stdout]   43:     0x5650ed7a175f - core::ops::function::FnOnce::call_once::ha6a70e79f7481a7e
[INFO] [stdout]                                at /rustc/1b7dd2252b99671ce5d1cb9664c5f8636329436d/library/core/src/ops/function.rs:250:5
[INFO] [stdout]   44:     0x5650ed7a175f - test::__rust_begin_short_backtrace::hce33033019b61e69
[INFO] [stdout]                                at /rustc/1b7dd2252b99671ce5d1cb9664c5f8636329436d/library/test/src/lib.rs:655:18
[INFO] [stdout]   45:     0x5650ed76ef4c - test::run_test::{{closure}}::h858d3528838ae3e5
[INFO] [stdout]                                at /rustc/1b7dd2252b99671ce5d1cb9664c5f8636329436d/library/test/src/lib.rs:646:30
[INFO] [stdout]   46:     0x5650ed76ef4c - core::ops::function::FnOnce::call_once{{vtable.shim}}::he8ac2b00f01ae79e
[INFO] [stdout]                                at /rustc/1b7dd2252b99671ce5d1cb9664c5f8636329436d/library/core/src/ops/function.rs:250:5
[INFO] [stdout]   47:     0x5650ed7a0836 - <alloc::boxed::Box<F,A> as core::ops::function::FnOnce<Args>>::call_once::h8093d25b522725ef
[INFO] [stdout]                                at /rustc/1b7dd2252b99671ce5d1cb9664c5f8636329436d/library/alloc/src/boxed.rs:1973:9
[INFO] [stdout]   48:     0x5650ed7a0836 - <core::panic::unwind_safe::AssertUnwindSafe<F> as core::ops::function::FnOnce<()>>::call_once::h5c334c204e4a3913
[INFO] [stdout]                                at /rustc/1b7dd2252b99671ce5d1cb9664c5f8636329436d/library/core/src/panic/unwind_safe.rs:271:9
[INFO] [stdout]   49:     0x5650ed7a0836 - std::panicking::try::do_call::ha8b740c7b9478074
[INFO] [stdout]                                at /rustc/1b7dd2252b99671ce5d1cb9664c5f8636329436d/library/std/src/panicking.rs:485:40
[INFO] [stdout]   50:     0x5650ed7a0836 - std::panicking::try::h5d34f63d0e41b64e
[INFO] [stdout]                                at /rustc/1b7dd2252b99671ce5d1cb9664c5f8636329436d/library/std/src/panicking.rs:449:19
[INFO] [stdout]   51:     0x5650ed7a0836 - std::panic::catch_unwind::hcfbb511e1aa7fc67
[INFO] [stdout]                                at /rustc/1b7dd2252b99671ce5d1cb9664c5f8636329436d/library/std/src/panic.rs:140:14
[INFO] [stdout]   52:     0x5650ed7a0836 - test::run_test_in_process::h9abda90f802eaf21
[INFO] [stdout]                                at /rustc/1b7dd2252b99671ce5d1cb9664c5f8636329436d/library/test/src/lib.rs:678:27
[INFO] [stdout]   53:     0x5650ed7a0836 - test::run_test::run_test_inner::{{closure}}::h0f058de91f6c6edf
[INFO] [stdout]                                at /rustc/1b7dd2252b99671ce5d1cb9664c5f8636329436d/library/test/src/lib.rs:572:39
[INFO] [stdout]   54:     0x5650ed769755 - test::run_test::run_test_inner::{{closure}}::h5ca48a4c59c6c1fb
[INFO] [stdout]                                at /rustc/1b7dd2252b99671ce5d1cb9664c5f8636329436d/library/test/src/lib.rs:599:37
[INFO] [stdout]   55:     0x5650ed769755 - std::sys_common::backtrace::__rust_begin_short_backtrace::h32bd51e1495d4a33
[INFO] [stdout]                                at /rustc/1b7dd2252b99671ce5d1cb9664c5f8636329436d/library/std/src/sys_common/backtrace.rs:134:18
[INFO] [stdout]   56:     0x5650ed76ec91 - std::thread::Builder::spawn_unchecked_::{{closure}}::{{closure}}::hc086fae9b128b2db
[INFO] [stdout]                                at /rustc/1b7dd2252b99671ce5d1cb9664c5f8636329436d/library/std/src/thread/mod.rs:526:17
[INFO] [stdout]   57:     0x5650ed76ec91 - <core::panic::unwind_safe::AssertUnwindSafe<F> as core::ops::function::FnOnce<()>>::call_once::hb66571888d270d43
[INFO] [stdout]                                at /rustc/1b7dd2252b99671ce5d1cb9664c5f8636329436d/library/core/src/panic/unwind_safe.rs:271:9
[INFO] [stdout]   58:     0x5650ed76ec91 - std::panicking::try::do_call::h4fa2ef4f6e51fecf
[INFO] [stdout]                                at /rustc/1b7dd2252b99671ce5d1cb9664c5f8636329436d/library/std/src/panicking.rs:485:40
[INFO] [stdout]   59:     0x5650ed76ec91 - std::panicking::try::h1e9e22b8584489b5
[INFO] [stdout]                                at /rustc/1b7dd2252b99671ce5d1cb9664c5f8636329436d/library/std/src/panicking.rs:449:19
[INFO] [stdout]   60:     0x5650ed76ec91 - std::panic::catch_unwind::h44698a3de0e0769e
[INFO] [stdout]                                at /rustc/1b7dd2252b99671ce5d1cb9664c5f8636329436d/library/std/src/panic.rs:140:14
[INFO] [stdout]   61:     0x5650ed76ec91 - std::thread::Builder::spawn_unchecked_::{{closure}}::h50153abde3fe239e
[INFO] [stdout]                                at /rustc/1b7dd2252b99671ce5d1cb9664c5f8636329436d/library/std/src/thread/mod.rs:525:30
[INFO] [stdout]   62:     0x5650ed76ec91 - core::ops::function::FnOnce::call_once{{vtable.shim}}::hbe5bbf6f38394364
[INFO] [stdout]                                at /rustc/1b7dd2252b99671ce5d1cb9664c5f8636329436d/library/core/src/ops/function.rs:250:5
[INFO] [stdout]   63:     0x5650ed8effd5 - <alloc::boxed::Box<F,A> as core::ops::function::FnOnce<Args>>::call_once::h0d83cb2920a49046
[INFO] [stdout]                                at /rustc/1b7dd2252b99671ce5d1cb9664c5f8636329436d/library/alloc/src/boxed.rs:1973:9
[INFO] [stdout]   64:     0x5650ed8effd5 - <alloc::boxed::Box<F,A> as core::ops::function::FnOnce<Args>>::call_once::hbe0a008aa7d9ef59
[INFO] [stdout]                                at /rustc/1b7dd2252b99671ce5d1cb9664c5f8636329436d/library/alloc/src/boxed.rs:1973:9
[INFO] [stdout]   65:     0x5650ed8effd5 - std::sys::unix::thread::Thread::new::thread_start::h3a466996bdf6b1f9
[INFO] [stdout]                                at /rustc/1b7dd2252b99671ce5d1cb9664c5f8636329436d/library/std/src/sys/unix/thread.rs:108:17
[INFO] [stdout]   66:     0x7f4fef980b43 - <unknown>
[INFO] [stdout]   67:     0x7f4fefa11bb4 - __clone
[INFO] [stdout]   68:                0x0 - <unknown>
[INFO] [stdout] 
[INFO] [stdout] ---- test_subscribe_message stdout ----
[INFO] [stdout] thread 'test_subscribe_message' panicked at 'Could not determine the UTC offset on this system. Possible causes are that the time crate does not implement "local_offset_at" on your system, or that you are running in a multi-threaded environment and the time crate is returning "None" from "local_offset_at" to avoid unsafe behaviour. See the time crate's documentation for more information. (https://time-rs.github.io/internal-api/time/index.html#feature-flags): IndeterminateOffset', /opt/rustwide/cargo-home/registry/src/index.crates.io-6f17d22bba15001f/simple_logger-1.16.0/src/lib.rs:409:85
[INFO] [stdout] stack backtrace:
[INFO] [stdout]    0:     0x5650ed8e988a - std::backtrace_rs::backtrace::libunwind::trace::h2f05d0192276a8f6
[INFO] [stdout]                                at /rustc/1b7dd2252b99671ce5d1cb9664c5f8636329436d/library/std/src/../../backtrace/src/backtrace/libunwind.rs:93:5
[INFO] [stdout]    1:     0x5650ed8e988a - std::backtrace_rs::backtrace::trace_unsynchronized::hedc23dff7a1af150
[INFO] [stdout]                                at /rustc/1b7dd2252b99671ce5d1cb9664c5f8636329436d/library/std/src/../../backtrace/src/backtrace/mod.rs:66:5
[INFO] [stdout]    2:     0x5650ed8e988a - std::sys_common::backtrace::_print_fmt::h17541ef7592f3ce2
[INFO] [stdout]                                at /rustc/1b7dd2252b99671ce5d1cb9664c5f8636329436d/library/std/src/sys_common/backtrace.rs:65:5
[INFO] [stdout]    3:     0x5650ed8e988a - <std::sys_common::backtrace::_print::DisplayBacktrace as core::fmt::Display>::fmt::h20f75df5ab0c0792
[INFO] [stdout]                                at /rustc/1b7dd2252b99671ce5d1cb9664c5f8636329436d/library/std/src/sys_common/backtrace.rs:44:22
[INFO] [stdout]    4:     0x5650ed90f7bf - core::fmt::write::h78109e6f466b3af6
[INFO] [stdout]                                at /rustc/1b7dd2252b99671ce5d1cb9664c5f8636329436d/library/core/src/fmt/mod.rs:1254:17
[INFO] [stdout]    5:     0x5650ed8e6395 - std::io::Write::write_fmt::hd24bfb68a1b35a25
[INFO] [stdout]                                at /rustc/1b7dd2252b99671ce5d1cb9664c5f8636329436d/library/std/src/io/mod.rs:1698:15
[INFO] [stdout]    6:     0x5650ed8e9655 - std::sys_common::backtrace::_print::h8dac57a9f8fbf9a5
[INFO] [stdout]                                at /rustc/1b7dd2252b99671ce5d1cb9664c5f8636329436d/library/std/src/sys_common/backtrace.rs:47:5
[INFO] [stdout]    7:     0x5650ed8e9655 - std::sys_common::backtrace::print::hf9ecbf41d1aa712f
[INFO] [stdout]                                at /rustc/1b7dd2252b99671ce5d1cb9664c5f8636329436d/library/std/src/sys_common/backtrace.rs:34:9
[INFO] [stdout]    8:     0x5650ed8eb30e - std::panicking::default_hook::{{closure}}::h04c07acfc84ca028
[INFO] [stdout]                                at /rustc/1b7dd2252b99671ce5d1cb9664c5f8636329436d/library/std/src/panicking.rs:269:22
[INFO] [stdout]    9:     0x5650ed8eb041 - std::panicking::default_hook::h01f6bb23e1eceb2c
[INFO] [stdout]                                at /rustc/1b7dd2252b99671ce5d1cb9664c5f8636329436d/library/std/src/panicking.rs:285:9
[INFO] [stdout]   10:     0x5650ed79c88b - <alloc::boxed::Box<F,A> as core::ops::function::Fn<Args>>::call::h87fe9f7b2fd49e4c
[INFO] [stdout]                                at /rustc/1b7dd2252b99671ce5d1cb9664c5f8636329436d/library/alloc/src/boxed.rs:1987:9
[INFO] [stdout]   11:     0x5650ed79c88b - test::test_main::{{closure}}::he94d679243a7531b
[INFO] [stdout]                                at /rustc/1b7dd2252b99671ce5d1cb9664c5f8636329436d/library/test/src/lib.rs:134:21
[INFO] [stdout]   12:     0x5650ed8eb9f4 - <alloc::boxed::Box<F,A> as core::ops::function::Fn<Args>>::call::h3f2d6d8b14c4769f
[INFO] [stdout]                                at /rustc/1b7dd2252b99671ce5d1cb9664c5f8636329436d/library/alloc/src/boxed.rs:1987:9
[INFO] [stdout]   13:     0x5650ed8eb9f4 - std::panicking::rust_panic_with_hook::h2bb3722bbaf2f6df
[INFO] [stdout]                                at /rustc/1b7dd2252b99671ce5d1cb9664c5f8636329436d/library/std/src/panicking.rs:695:13
[INFO] [stdout]   14:     0x5650ed8eb769 - std::panicking::begin_panic_handler::{{closure}}::h91bc7f36a4be011b
[INFO] [stdout]                                at /rustc/1b7dd2252b99671ce5d1cb9664c5f8636329436d/library/std/src/panicking.rs:582:13
[INFO] [stdout]   15:     0x5650ed8e9cf6 - std::sys_common::backtrace::__rust_end_short_backtrace::h8b3d3717114f9e59
[INFO] [stdout]                                at /rustc/1b7dd2252b99671ce5d1cb9664c5f8636329436d/library/std/src/sys_common/backtrace.rs:150:18
[INFO] [stdout]   16:     0x5650ed8eb4c2 - rust_begin_unwind
[INFO] [stdout]                                at /rustc/1b7dd2252b99671ce5d1cb9664c5f8636329436d/library/std/src/panicking.rs:578:5
[INFO] [stdout]   17:     0x5650ed6a0db3 - core::panicking::panic_fmt::hfd368e3fbdabea26
[INFO] [stdout]                                at /rustc/1b7dd2252b99671ce5d1cb9664c5f8636329436d/library/core/src/panicking.rs:67:14
[INFO] [stdout]   18:     0x5650ed6a12f3 - core::result::unwrap_failed::he54eb4b2f125b26f
[INFO] [stdout]                                at /rustc/1b7dd2252b99671ce5d1cb9664c5f8636329436d/library/core/src/result.rs:1687:5
[INFO] [stdout]   19:     0x5650ed89ac2c - core::result::Result<T,E>::expect::h7b5a4a97e9aa6e58
[INFO] [stdout]                                at /rustc/1b7dd2252b99671ce5d1cb9664c5f8636329436d/library/core/src/result.rs:1046:23
[INFO] [stdout]   20:     0x5650ed897ce3 - <simple_logger::SimpleLogger as log::Log>::log::hbfdbed450dea2ee7
[INFO] [stdout]                                at /opt/rustwide/cargo-home/registry/src/index.crates.io-6f17d22bba15001f/simple_logger-1.16.0/src/lib.rs:409:57
[INFO] [stdout]   21:     0x5650ed8c520d - log::__private_api_log::h808ded0208445331
[INFO] [stdout]                                at /opt/rustwide/cargo-home/registry/src/index.crates.io-6f17d22bba15001f/log-0.4.17/src/lib.rs:1597:5
[INFO] [stdout]   22:     0x5650ed6ea599 - stomp_rs::client::internal::InternalClient::emit::{{closure}}::hcbccc39db3ae2046
[INFO] [stdout]                                at /opt/rustwide/workdir/src/client/internal.rs:165:9
[INFO] [stdout]   23:     0x5650ed6ec305 - stomp_rs::client::internal::InternalClient::connect::{{closure}}::h695f7348db6031ca
[INFO] [stdout]                                at /opt/rustwide/workdir/src/client/internal.rs:55:42
[INFO] [stdout]   24:     0x5650ed6e16fc - stomp_rs::client::Client::connect::{{closure}}::h0319e78fb1c5a1a5
[INFO] [stdout]                                at /opt/rustwide/workdir/src/client.rs:109:63
[INFO] [stdout]   25:     0x5650ed6f45ac - stomp::test_subscribe_message::{{closure}}::hf73e746d92100fed
[INFO] [stdout]                                at /opt/rustwide/workdir/tests/stomp.rs:220:59
[INFO] [stdout]   26:     0x5650ed75d77d - <core::pin::Pin<P> as core::future::future::Future>::poll::hf8ecd0bd6c1656ff
[INFO] [stdout]                                at /rustc/1b7dd2252b99671ce5d1cb9664c5f8636329436d/library/core/src/future/future.rs:125:9
[INFO] [stdout]   27:     0x5650ed75d6aa - <core::pin::Pin<P> as core::future::future::Future>::poll::hec0e226084945f24
[INFO] [stdout]                                at /rustc/1b7dd2252b99671ce5d1cb9664c5f8636329436d/library/core/src/future/future.rs:125:9
[INFO] [stdout]   28:     0x5650ed7371e3 - tokio::runtime::scheduler::current_thread::CoreGuard::block_on::{{closure}}::{{closure}}::{{closure}}::h177210a1778e225f
[INFO] [stdout]                                at /opt/rustwide/cargo-home/registry/src/index.crates.io-6f17d22bba15001f/tokio-1.28.0/src/runtime/scheduler/current_thread.rs:541:57
[INFO] [stdout]   29:     0x5650ed7370cc - tokio::runtime::coop::with_budget::hf4cbe11687047eb0
[INFO] [stdout]                                at /opt/rustwide/cargo-home/registry/src/index.crates.io-6f17d22bba15001f/tokio-1.28.0/src/runtime/coop.rs:107:5
[INFO] [stdout]   30:     0x5650ed7370cc - tokio::runtime::coop::budget::h3f1bcb92ae28d80a
[INFO] [stdout]                                at /opt/rustwide/cargo-home/registry/src/index.crates.io-6f17d22bba15001f/tokio-1.28.0/src/runtime/coop.rs:73:5
[INFO] [stdout]   31:     0x5650ed7370cc - tokio::runtime::scheduler::current_thread::CoreGuard::block_on::{{closure}}::{{closure}}::h5e4de8ba5f35bb60
[INFO] [stdout]                                at /opt/rustwide/cargo-home/registry/src/index.crates.io-6f17d22bba15001f/tokio-1.28.0/src/runtime/scheduler/current_thread.rs:541:25
[INFO] [stdout]   32:     0x5650ed7359c7 - tokio::runtime::scheduler::current_thread::Context::enter::h714ff3a5fbac7aea
[INFO] [stdout]                                at /opt/rustwide/cargo-home/registry/src/index.crates.io-6f17d22bba15001f/tokio-1.28.0/src/runtime/scheduler/current_thread.rs:350:19
[INFO] [stdout]   33:     0x5650ed73655a - tokio::runtime::scheduler::current_thread::CoreGuard::block_on::{{closure}}::ha2cda28f3fb2f85f
[INFO] [stdout]                                at /opt/rustwide/cargo-home/registry/src/index.crates.io-6f17d22bba15001f/tokio-1.28.0/src/runtime/scheduler/current_thread.rs:540:36
[INFO] [stdout]   34:     0x5650ed736242 - tokio::runtime::scheduler::current_thread::CoreGuard::enter::{{closure}}::h4b21e82106fbccbb
[INFO] [stdout]                                at /opt/rustwide/cargo-home/registry/src/index.crates.io-6f17d22bba15001f/tokio-1.28.0/src/runtime/scheduler/current_thread.rs:615:57
[INFO] [stdout]   35:     0x5650ed6e506f - tokio::macros::scoped_tls::ScopedKey<T>::set::hfa7d664198828576
[INFO] [stdout]                                at /opt/rustwide/cargo-home/registry/src/index.crates.io-6f17d22bba15001f/tokio-1.28.0/src/macros/scoped_tls.rs:61:9
[INFO] [stdout]   36:     0x5650ed735fcd - tokio::runtime::scheduler::current_thread::CoreGuard::enter::hd9377b48daf47d73
[INFO] [stdout]                                at /opt/rustwide/cargo-home/registry/src/index.crates.io-6f17d22bba15001f/tokio-1.28.0/src/runtime/scheduler/current_thread.rs:615:27
[INFO] [stdout]   37:     0x5650ed736278 - tokio::runtime::scheduler::current_thread::CoreGuard::block_on::hb2ebbe8018520a84
[INFO] [stdout]                                at /opt/rustwide/cargo-home/registry/src/index.crates.io-6f17d22bba15001f/tokio-1.28.0/src/runtime/scheduler/current_thread.rs:530:19
[INFO] [stdout]   38:     0x5650ed7321a3 - tokio::runtime::scheduler::current_thread::CurrentThread::block_on::h23f22fb91bebec9c
[INFO] [stdout]                                at /opt/rustwide/cargo-home/registry/src/index.crates.io-6f17d22bba15001f/tokio-1.28.0/src/runtime/scheduler/current_thread.rs:154:24
[INFO] [stdout]   39:     0x5650ed6d5c34 - tokio::runtime::runtime::Runtime::block_on::hc351a71690333330
[INFO] [stdout]                                at /opt/rustwide/cargo-home/registry/src/index.crates.io-6f17d22bba15001f/tokio-1.28.0/src/runtime/runtime.rs:302:47
[INFO] [stdout]   40:     0x5650ed6f3bd7 - stomp::test_subscribe_message::h377bb3cadc40a0e9
[INFO] [stdout]                                at /opt/rustwide/workdir/tests/stomp.rs:243:5
[INFO] [stdout]   41:     0x5650ed6f3a67 - stomp::test_subscribe_message::{{closure}}::h4ccbc0f9cdc6d37c
[INFO] [stdout]                                at /opt/rustwide/workdir/tests/stomp.rs:120:38
[INFO] [stdout]   42:     0x5650ed722485 - core::ops::function::FnOnce::call_once::h10f6bc99f4acc898
[INFO] [stdout]                                at /rustc/1b7dd2252b99671ce5d1cb9664c5f8636329436d/library/core/src/ops/function.rs:250:5
[INFO] [stdout]   43:     0x5650ed7a175f - core::ops::function::FnOnce::call_once::ha6a70e79f7481a7e
[INFO] [stdout]                                at /rustc/1b7dd2252b99671ce5d1cb9664c5f8636329436d/library/core/src/ops/function.rs:250:5
[INFO] [stdout]   44:     0x5650ed7a175f - test::__rust_begin_short_backtrace::hce33033019b61e69
[INFO] [stdout]                                at /rustc/1b7dd2252b99671ce5d1cb9664c5f8636329436d/library/test/src/lib.rs:655:18
[INFO] [stdout]   45:     0x5650ed76ef4c - test::run_test::{{closure}}::h858d3528838ae3e5
[INFO] [stdout]                                at /rustc/1b7dd2252b99671ce5d1cb9664c5f8636329436d/library/test/src/lib.rs:646:30
[INFO] [stdout]   46:     0x5650ed76ef4c - core::ops::function::FnOnce::call_once{{vtable.shim}}::he8ac2b00f01ae79e
[INFO] [stdout]                                at /rustc/1b7dd2252b99671ce5d1cb9664c5f8636329436d/library/core/src/ops/function.rs:250:5
[INFO] [stdout]   47:     0x5650ed7a0836 - <alloc::boxed::Box<F,A> as core::ops::function::FnOnce<Args>>::call_once::h8093d25b522725ef
[INFO] [stdout]                                at /rustc/1b7dd2252b99671ce5d1cb9664c5f8636329436d/library/alloc/src/boxed.rs:1973:9
[INFO] [stdout]   48:     0x5650ed7a0836 - <core::panic::unwind_safe::AssertUnwindSafe<F> as core::ops::function::FnOnce<()>>::call_once::h5c334c204e4a3913
[INFO] [stdout]                                at /rustc/1b7dd2252b99671ce5d1cb9664c5f8636329436d/library/core/src/panic/unwind_safe.rs:271:9
[INFO] [stdout]   49:     0x5650ed7a0836 - std::panicking::try::do_call::ha8b740c7b9478074
[INFO] [stdout]                                at /rustc/1b7dd2252b99671ce5d1cb9664c5f8636329436d/library/std/src/panicking.rs:485:40
[INFO] [stdout]   50:     0x5650ed7a0836 - std::panicking::try::h5d34f63d0e41b64e
[INFO] [stdout]                                at /rustc/1b7dd2252b99671ce5d1cb9664c5f8636329436d/library/std/src/panicking.rs:449:19
[INFO] [stdout]   51:     0x5650ed7a0836 - std::panic::catch_unwind::hcfbb511e1aa7fc67
[INFO] [stdout]                                at /rustc/1b7dd2252b99671ce5d1cb9664c5f8636329436d/library/std/src/panic.rs:140:14
[INFO] [stdout]   52:     0x5650ed7a0836 - test::run_test_in_process::h9abda90f802eaf21
[INFO] [stdout]                                at /rustc/1b7dd2252b99671ce5d1cb9664c5f8636329436d/library/test/src/lib.rs:678:27
[INFO] [stdout]   53:     0x5650ed7a0836 - test::run_test::run_test_inner::{{closure}}::h0f058de91f6c6edf
[INFO] [stdout]                                at /rustc/1b7dd2252b99671ce5d1cb9664c5f8636329436d/library/test/src/lib.rs:572:39
[INFO] [stdout]   54:     0x5650ed769755 - test::run_test::run_test_inner::{{closure}}::h5ca48a4c59c6c1fb
[INFO] [stdout]                                at /rustc/1b7dd2252b99671ce5d1cb9664c5f8636329436d/library/test/src/lib.rs:599:37
[INFO] [stdout]   55:     0x5650ed769755 - std::sys_common::backtrace::__rust_begin_short_backtrace::h32bd51e1495d4a33
[INFO] [stdout]                                at /rustc/1b7dd2252b99671ce5d1cb9664c5f8636329436d/library/std/src/sys_common/backtrace.rs:134:18
[INFO] [stdout]   56:     0x5650ed76ec91 - std::thread::Builder::spawn_unchecked_::{{closure}}::{{closure}}::hc086fae9b128b2db
[INFO] [stdout]                                at /rustc/1b7dd2252b99671ce5d1cb9664c5f8636329436d/library/std/src/thread/mod.rs:526:17
[INFO] [stdout]   57:     0x5650ed76ec91 - <core::panic::unwind_safe::AssertUnwindSafe<F> as core::ops::function::FnOnce<()>>::call_once::hb66571888d270d43
[INFO] [stdout]                                at /rustc/1b7dd2252b99671ce5d1cb9664c5f8636329436d/library/core/src/panic/unwind_safe.rs:271:9
[INFO] [stdout]   58:     0x5650ed76ec91 - std::panicking::try::do_call::h4fa2ef4f6e51fecf
[INFO] [stdout]                                at /rustc/1b7dd2252b99671ce5d1cb9664c5f8636329436d/library/std/src/panicking.rs:485:40
[INFO] [stdout]   59:     0x5650ed76ec91 - std::panicking::try::h1e9e22b8584489b5
[INFO] [stdout]                                at /rustc/1b7dd2252b99671ce5d1cb9664c5f8636329436d/library/std/src/panicking.rs:449:19
[INFO] [stdout]   60:     0x5650ed76ec91 - std::panic::catch_unwind::h44698a3de0e0769e
[INFO] [stdout]                                at /rustc/1b7dd2252b99671ce5d1cb9664c5f8636329436d/library/std/src/panic.rs:140:14
[INFO] [stdout]   61:     0x5650ed76ec91 - std::thread::Builder::spawn_unchecked_::{{closure}}::h50153abde3fe239e
[INFO] [stdout]                                at /rustc/1b7dd2252b99671ce5d1cb9664c5f8636329436d/library/std/src/thread/mod.rs:525:30
[INFO] [stdout]   62:     0x5650ed76ec91 - core::ops::function::FnOnce::call_once{{vtable.shim}}::hbe5bbf6f38394364
[INFO] [stdout]                                at /rustc/1b7dd2252b99671ce5d1cb9664c5f8636329436d/library/core/src/ops/function.rs:250:5
[INFO] [stdout]   63:     0x5650ed8effd5 - <alloc::boxed::Box<F,A> as core::ops::function::FnOnce<Args>>::call_once::h0d83cb2920a49046
[INFO] [stdout]                                at /rustc/1b7dd2252b99671ce5d1cb9664c5f8636329436d/library/alloc/src/boxed.rs:1973:9
[INFO] [stdout]   64:     0x5650ed8effd5 - <alloc::boxed::Box<F,A> as core::ops::function::FnOnce<Args>>::call_once::hbe0a008aa7d9ef59
[INFO] [stdout]                                at /rustc/1b7dd2252b99671ce5d1cb9664c5f8636329436d/library/alloc/src/boxed.rs:1973:9
[INFO] [stdout]   65:     0x5650ed8effd5 - std::sys::unix::thread::Thread::new::thread_start::h3a466996bdf6b1f9
[INFO] [stdout]                                at /rustc/1b7dd2252b99671ce5d1cb9664c5f8636329436d/library/std/src/sys/unix/thread.rs:108:17
[INFO] [stdout]   66:     0x7f4fef980b43 - <unknown>
[INFO] [stdout]   67:     0x7f4fefa11bb4 - __clone
[INFO] [stdout]   68:                0x0 - <unknown>
[INFO] [stdout] 
[INFO] [stdout] ---- test_proper_connection stdout ----
[INFO] [stdout] thread 'test_proper_connection' panicked at 'Could not determine the UTC offset on this system. Possible causes are that the time crate does not implement "local_offset_at" on your system, or that you are running in a multi-threaded environment and the time crate is returning "None" from "local_offset_at" to avoid unsafe behaviour. See the time crate's documentation for more information. (https://time-rs.github.io/internal-api/time/index.html#feature-flags): IndeterminateOffset', /opt/rustwide/cargo-home/registry/src/index.crates.io-6f17d22bba15001f/simple_logger-1.16.0/src/lib.rs:409:85
[INFO] [stdout] stack backtrace:
[INFO] [stdout]    0:     0x5650ed8e988a - std::backtrace_rs::backtrace::libunwind::trace::h2f05d0192276a8f6
[INFO] [stdout]                                at /rustc/1b7dd2252b99671ce5d1cb9664c5f8636329436d/library/std/src/../../backtrace/src/backtrace/libunwind.rs:93:5
[INFO] [stdout]    1:     0x5650ed8e988a - std::backtrace_rs::backtrace::trace_unsynchronized::hedc23dff7a1af150
[INFO] [stdout]                                at /rustc/1b7dd2252b99671ce5d1cb9664c5f8636329436d/library/std/src/../../backtrace/src/backtrace/mod.rs:66:5
[INFO] [stdout]    2:     0x5650ed8e988a - std::sys_common::backtrace::_print_fmt::h17541ef7592f3ce2
[INFO] [stdout]                                at /rustc/1b7dd2252b99671ce5d1cb9664c5f8636329436d/library/std/src/sys_common/backtrace.rs:65:5
[INFO] [stdout]    3:     0x5650ed8e988a - <std::sys_common::backtrace::_print::DisplayBacktrace as core::fmt::Display>::fmt::h20f75df5ab0c0792
[INFO] [stdout]                                at /rustc/1b7dd2252b99671ce5d1cb9664c5f8636329436d/library/std/src/sys_common/backtrace.rs:44:22
[INFO] [stdout]    4:     0x5650ed90f7bf - core::fmt::write::h78109e6f466b3af6
[INFO] [stdout]                                at /rustc/1b7dd2252b99671ce5d1cb9664c5f8636329436d/library/core/src/fmt/mod.rs:1254:17
[INFO] [stdout]    5:     0x5650ed8e6395 - std::io::Write::write_fmt::hd24bfb68a1b35a25
[INFO] [stdout]                                at /rustc/1b7dd2252b99671ce5d1cb9664c5f8636329436d/library/std/src/io/mod.rs:1698:15
[INFO] [stdout]    6:     0x5650ed8e9655 - std::sys_common::backtrace::_print::h8dac57a9f8fbf9a5
[INFO] [stdout]                                at /rustc/1b7dd2252b99671ce5d1cb9664c5f8636329436d/library/std/src/sys_common/backtrace.rs:47:5
[INFO] [stdout]    7:     0x5650ed8e9655 - std::sys_common::backtrace::print::hf9ecbf41d1aa712f
[INFO] [stdout]                                at /rustc/1b7dd2252b99671ce5d1cb9664c5f8636329436d/library/std/src/sys_common/backtrace.rs:34:9
[INFO] [stdout]    8:     0x5650ed8eb30e - std::panicking::default_hook::{{closure}}::h04c07acfc84ca028
[INFO] [stdout]                                at /rustc/1b7dd2252b99671ce5d1cb9664c5f8636329436d/library/std/src/panicking.rs:269:22
[INFO] [stdout]    9:     0x5650ed8eb041 - std::panicking::default_hook::h01f6bb23e1eceb2c
[INFO] [stdout]                                at /rustc/1b7dd2252b99671ce5d1cb9664c5f8636329436d/library/std/src/panicking.rs:285:9
[INFO] [stdout]   10:     0x5650ed79c88b - <alloc::boxed::Box<F,A> as core::ops::function::Fn<Args>>::call::h87fe9f7b2fd49e4c
[INFO] [stdout]                                at /rustc/1b7dd2252b99671ce5d1cb9664c5f8636329436d/library/alloc/src/boxed.rs:1987:9
[INFO] [stdout]   11:     0x5650ed79c88b - test::test_main::{{closure}}::he94d679243a7531b
[INFO] [stdout]                                at /rustc/1b7dd2252b99671ce5d1cb9664c5f8636329436d/library/test/src/lib.rs:134:21
[INFO] [stdout]   12:     0x5650ed8eb9f4 - <alloc::boxed::Box<F,A> as core::ops::function::Fn<Args>>::call::h3f2d6d8b14c4769f
[INFO] [stdout]                                at /rustc/1b7dd2252b99671ce5d1cb9664c5f8636329436d/library/alloc/src/boxed.rs:1987:9
[INFO] [stdout]   13:     0x5650ed8eb9f4 - std::panicking::rust_panic_with_hook::h2bb3722bbaf2f6df
[INFO] [stdout]                                at /rustc/1b7dd2252b99671ce5d1cb9664c5f8636329436d/library/std/src/panicking.rs:695:13
[INFO] [stdout]   14:     0x5650ed8eb769 - std::panicking::begin_panic_handler::{{closure}}::h91bc7f36a4be011b
[INFO] [stdout]                                at /rustc/1b7dd2252b99671ce5d1cb9664c5f8636329436d/library/std/src/panicking.rs:582:13
[INFO] [stdout]   15:     0x5650ed8e9cf6 - std::sys_common::backtrace::__rust_end_short_backtrace::h8b3d3717114f9e59
[INFO] [stdout]                                at /rustc/1b7dd2252b99671ce5d1cb9664c5f8636329436d/library/std/src/sys_common/backtrace.rs:150:18
[INFO] [stdout]   16:     0x5650ed8eb4c2 - rust_begin_unwind
[INFO] [stdout]                                at /rustc/1b7dd2252b99671ce5d1cb9664c5f8636329436d/library/std/src/panicking.rs:578:5
[INFO] [stdout]   17:     0x5650ed6a0db3 - core::panicking::panic_fmt::hfd368e3fbdabea26
[INFO] [stdout]                                at /rustc/1b7dd2252b99671ce5d1cb9664c5f8636329436d/library/core/src/panicking.rs:67:14
[INFO] [stdout]   18:     0x5650ed6a12f3 - core::result::unwrap_failed::he54eb4b2f125b26f
[INFO] [stdout]                                at /rustc/1b7dd2252b99671ce5d1cb9664c5f8636329436d/library/core/src/result.rs:1687:5
[INFO] [stdout]   19:     0x5650ed89ac2c - core::result::Result<T,E>::expect::h7b5a4a97e9aa6e58
[INFO] [stdout]                                at /rustc/1b7dd2252b99671ce5d1cb9664c5f8636329436d/library/core/src/result.rs:1046:23
[INFO] [stdout]   20:     0x5650ed897ce3 - <simple_logger::SimpleLogger as log::Log>::log::hbfdbed450dea2ee7
[INFO] [stdout]                                at /opt/rustwide/cargo-home/registry/src/index.crates.io-6f17d22bba15001f/simple_logger-1.16.0/src/lib.rs:409:57
[INFO] [stdout]   21:     0x5650ed8c520d - log::__private_api_log::h808ded0208445331
[INFO] [stdout]                                at /opt/rustwide/cargo-home/registry/src/index.crates.io-6f17d22bba15001f/log-0.4.17/src/lib.rs:1597:5
[INFO] [stdout]   22:     0x5650ed6ea599 - stomp_rs::client::internal::InternalClient::emit::{{closure}}::hcbccc39db3ae2046
[INFO] [stdout]                                at /opt/rustwide/workdir/src/client/internal.rs:165:9
[INFO] [stdout]   23:     0x5650ed6ec305 - stomp_rs::client::internal::InternalClient::connect::{{closure}}::h695f7348db6031ca
[INFO] [stdout]                                at /opt/rustwide/workdir/src/client/internal.rs:55:42
[INFO] [stdout]   24:     0x5650ed6e16fc - stomp_rs::client::Client::connect::{{closure}}::h0319e78fb1c5a1a5
[INFO] [stdout]                                at /opt/rustwide/workdir/src/client.rs:109:63
[INFO] [stdout]   25:     0x5650ed6f2cef - stomp::test_proper_connection::{{closure}}::h9bd9f40b9dbfa0e1
[INFO] [stdout]                                at /opt/rustwide/workdir/tests/stomp.rs:116:46
[INFO] [stdout]   26:     0x5650ed75d77d - <core::pin::Pin<P> as core::future::future::Future>::poll::hf8ecd0bd6c1656ff
[INFO] [stdout]                                at /rustc/1b7dd2252b99671ce5d1cb9664c5f8636329436d/library/core/src/future/future.rs:125:9
[INFO] [stdout]   27:     0x5650ed75d6aa - <core::pin::Pin<P> as core::future::future::Future>::poll::hec0e226084945f24
[INFO] [stdout]                                at /rustc/1b7dd2252b99671ce5d1cb9664c5f8636329436d/library/core/src/future/future.rs:125:9
[INFO] [stdout]   28:     0x5650ed7371e3 - tokio::runtime::scheduler::current_thread::CoreGuard::block_on::{{closure}}::{{closure}}::{{closure}}::h177210a1778e225f
[INFO] [stdout]                                at /opt/rustwide/cargo-home/registry/src/index.crates.io-6f17d22bba15001f/tokio-1.28.0/src/runtime/scheduler/current_thread.rs:541:57
[INFO] [stdout]   29:     0x5650ed7370cc - tokio::runtime::coop::with_budget::hf4cbe11687047eb0
[INFO] [stdout]                                at /opt/rustwide/cargo-home/registry/src/index.crates.io-6f17d22bba15001f/tokio-1.28.0/src/runtime/coop.rs:107:5
[INFO] [stdout]   30:     0x5650ed7370cc - tokio::runtime::coop::budget::h3f1bcb92ae28d80a
[INFO] [stdout]                                at /opt/rustwide/cargo-home/registry/src/index.crates.io-6f17d22bba15001f/tokio-1.28.0/src/runtime/coop.rs:73:5
[INFO] [stdout]   31:     0x5650ed7370cc - tokio::runtime::scheduler::current_thread::CoreGuard::block_on::{{closure}}::{{closure}}::h5e4de8ba5f35bb60
[INFO] [stdout]                                at /opt/rustwide/cargo-home/registry/src/index.crates.io-6f17d22bba15001f/tokio-1.28.0/src/runtime/scheduler/current_thread.rs:541:25
[INFO] [stdout]   32:     0x5650ed7359c7 - tokio::runtime::scheduler::current_thread::Context::enter::h714ff3a5fbac7aea
[INFO] [stdout]                                at /opt/rustwide/cargo-home/registry/src/index.crates.io-6f17d22bba15001f/tokio-1.28.0/src/runtime/scheduler/current_thread.rs:350:19
[INFO] [stdout]   33:     0x5650ed73655a - tokio::runtime::scheduler::current_thread::CoreGuard::block_on::{{closure}}::ha2cda28f3fb2f85f
[INFO] [stdout]                                at /opt/rustwide/cargo-home/registry/src/index.crates.io-6f17d22bba15001f/tokio-1.28.0/src/runtime/scheduler/current_thread.rs:540:36
[INFO] [stdout]   34:     0x5650ed736242 - tokio::runtime::scheduler::current_thread::CoreGuard::enter::{{closure}}::h4b21e82106fbccbb
[INFO] [stdout]                                at /opt/rustwide/cargo-home/registry/src/index.crates.io-6f17d22bba15001f/tokio-1.28.0/src/runtime/scheduler/current_thread.rs:615:57
[INFO] [stdout]   35:     0x5650ed6e506f - tokio::macros::scoped_tls::ScopedKey<T>::set::hfa7d664198828576
[INFO] [stdout]                                at /opt/rustwide/cargo-home/registry/src/index.crates.io-6f17d22bba15001f/tokio-1.28.0/src/macros/scoped_tls.rs:61:9
[INFO] [stdout]   36:     0x5650ed735fcd - tokio::runtime::scheduler::current_thread::CoreGuard::enter::hd9377b48daf47d73
[INFO] [stdout]                                at /opt/rustwide/cargo-home/registry/src/index.crates.io-6f17d22bba15001f/tokio-1.28.0/src/runtime/scheduler/current_thread.rs:615:27
[INFO] [stdout]   37:     0x5650ed736278 - tokio::runtime::scheduler::current_thread::CoreGuard::block_on::hb2ebbe8018520a84
[INFO] [stdout]                                at /opt/rustwide/cargo-home/registry/src/index.crates.io-6f17d22bba15001f/tokio-1.28.0/src/runtime/scheduler/current_thread.rs:530:19
[INFO] [stdout]   38:     0x5650ed7321a3 - tokio::runtime::scheduler::current_thread::CurrentThread::block_on::h23f22fb91bebec9c
[INFO] [stdout]                                at /opt/rustwide/cargo-home/registry/src/index.crates.io-6f17d22bba15001f/tokio-1.28.0/src/runtime/scheduler/current_thread.rs:154:24
[INFO] [stdout]   39:     0x5650ed6d5c34 - tokio::runtime::runtime::Runtime::block_on::hc351a71690333330
[INFO] [stdout]                                at /opt/rustwide/cargo-home/registry/src/index.crates.io-6f17d22bba15001f/tokio-1.28.0/src/runtime/runtime.rs:302:47
[INFO] [stdout]   40:     0x5650ed6f2417 - stomp::test_proper_connection::h8ef97cfcc28a0dbc
[INFO] [stdout]                                at /opt/rustwide/workdir/tests/stomp.rs:116:5
[INFO] [stdout]   41:     0x5650ed6f22a7 - stomp::test_proper_connection::{{closure}}::h90e4652ffc65fbe9
[INFO] [stdout]                                at /opt/rustwide/workdir/tests/stomp.rs:71:38
[INFO] [stdout]   42:     0x5650ed722ca5 - core::ops::function::FnOnce::call_once::h5be614df2ab93bf9
[INFO] [stdout]                                at /rustc/1b7dd2252b99671ce5d1cb9664c5f8636329436d/library/core/src/ops/function.rs:250:5
[INFO] [stdout]   43:     0x5650ed7a175f - core::ops::function::FnOnce::call_once::ha6a70e79f7481a7e
[INFO] [stdout]                                at /rustc/1b7dd2252b99671ce5d1cb9664c5f8636329436d/library/core/src/ops/function.rs:250:5
[INFO] [stdout]   44:     0x5650ed7a175f - test::__rust_begin_short_backtrace::hce33033019b61e69
[INFO] [stdout]                                at /rustc/1b7dd2252b99671ce5d1cb9664c5f8636329436d/library/test/src/lib.rs:655:18
[INFO] [stdout]   45:     0x5650ed76ef4c - test::run_test::{{closure}}::h858d3528838ae3e5
[INFO] [stdout]                                at /rustc/1b7dd2252b99671ce5d1cb9664c5f8636329436d/library/test/src/lib.rs:646:30
[INFO] [stdout]   46:     0x5650ed76ef4c - core::ops::function::FnOnce::call_once{{vtable.shim}}::he8ac2b00f01ae79e
[INFO] [stdout]                                at /rustc/1b7dd2252b99671ce5d1cb9664c5f8636329436d/library/core/src/ops/function.rs:250:5
[INFO] [stdout]   47:     0x5650ed7a0836 - <alloc::boxed::Box<F,A> as core::ops::function::FnOnce<Args>>::call_once::h8093d25b522725ef
[INFO] [stdout]                                at /rustc/1b7dd2252b99671ce5d1cb9664c5f8636329436d/library/alloc/src/boxed.rs:1973:9
[INFO] [stdout]   48:     0x5650ed7a0836 - <core::panic::unwind_safe::AssertUnwindSafe<F> as core::ops::function::FnOnce<()>>::call_once::h5c334c204e4a3913
[INFO] [stdout]                                at /rustc/1b7dd2252b99671ce5d1cb9664c5f8636329436d/library/core/src/panic/unwind_safe.rs:271:9
[INFO] [stdout]   49:     0x5650ed7a0836 - std::panicking::try::do_call::ha8b740c7b9478074
[INFO] [stdout]                                at /rustc/1b7dd2252b99671ce5d1cb9664c5f8636329436d/library/std/src/panicking.rs:485:40
[INFO] [stdout]   50:     0x5650ed7a0836 - std::panicking::try::h5d34f63d0e41b64e
[INFO] [stdout]                                at /rustc/1b7dd2252b99671ce5d1cb9664c5f8636329436d/library/std/src/panicking.rs:449:19
[INFO] [stdout]   51:     0x5650ed7a0836 - std::panic::catch_unwind::hcfbb511e1aa7fc67
[INFO] [stdout]                                at /rustc/1b7dd2252b99671ce5d1cb9664c5f8636329436d/library/std/src/panic.rs:140:14
[INFO] [stdout]   52:     0x5650ed7a0836 - test::run_test_in_process::h9abda90f802eaf21
[INFO] [stdout]                                at /rustc/1b7dd2252b99671ce5d1cb9664c5f8636329436d/library/test/src/lib.rs:678:27
[INFO] [stdout]   53:     0x5650ed7a0836 - test::run_test::run_test_inner::{{closure}}::h0f058de91f6c6edf
[INFO] [stdout]                                at /rustc/1b7dd2252b99671ce5d1cb9664c5f8636329436d/library/test/src/lib.rs:572:39
[INFO] [stdout]   54:     0x5650ed769755 - test::run_test::run_test_inner::{{closure}}::h5ca48a4c59c6c1fb
[INFO] [stdout]                                at /rustc/1b7dd2252b99671ce5d1cb9664c5f8636329436d/library/test/src/lib.rs:599:37
[INFO] [stdout]   55:     0x5650ed769755 - std::sys_common::backtrace::__rust_begin_short_backtrace::h32bd51e1495d4a33
[INFO] [stdout]                                at /rustc/1b7dd2252b99671ce5d1cb9664c5f8636329436d/library/std/src/sys_common/backtrace.rs:134:18
[INFO] [stdout]   56:     0x5650ed76ec91 - std::thread::Builder::spawn_unchecked_::{{closure}}::{{closure}}::hc086fae9b128b2db
[INFO] [stdout]                                at /rustc/1b7dd2252b99671ce5d1cb9664c5f8636329436d/library/std/src/thread/mod.rs:526:17
[INFO] [stdout]   57:     0x5650ed76ec91 - <core::panic::unwind_safe::AssertUnwindSafe<F> as core::ops::function::FnOnce<()>>::call_once::hb66571888d270d43
[INFO] [stdout]                                at /rustc/1b7dd2252b99671ce5d1cb9664c5f8636329436d/library/core/src/panic/unwind_safe.rs:271:9
[INFO] [stdout]   58:     0x5650ed76ec91 - std::panicking::try::do_call::h4fa2ef4f6e51fecf
[INFO] [stdout]                                at /rustc/1b7dd2252b99671ce5d1cb9664c5f8636329436d/library/std/src/panicking.rs:485:40
[INFO] [stdout]   59:     0x5650ed76ec91 - std::panicking::try::h1e9e22b8584489b5
[INFO] [stdout]                                at /rustc/1b7dd2252b99671ce5d1cb9664c5f8636329436d/library/std/src/panicking.rs:449:19
[INFO] [stdout]   60:     0x5650ed76ec91 - std::panic::catch_unwind::h44698a3de0e0769e
[INFO] [stdout]                                at /rustc/1b7dd2252b99671ce5d1cb9664c5f8636329436d/library/std/src/panic.rs:140:14
[INFO] [stdout]   61:     0x5650ed76ec91 - std::thread::Builder::spawn_unchecked_::{{closure}}::h50153abde3fe239e
[INFO] [stdout]                                at /rustc/1b7dd2252b99671ce5d1cb9664c5f8636329436d/library/std/src/thread/mod.rs:525:30
[INFO] [stdout]   62:     0x5650ed76ec91 - core::ops::function::FnOnce::call_once{{vtable.shim}}::hbe5bbf6f38394364
[INFO] [stdout]                                at /rustc/1b7dd2252b99671ce5d1cb9664c5f8636329436d/library/core/src/ops/function.rs:250:5
[INFO] [stdout]   63:     0x5650ed8effd5 - <alloc::boxed::Box<F,A> as core::ops::function::FnOnce<Args>>::call_once::h0d83cb2920a49046
[INFO] [stdout]                                at /rustc/1b7dd2252b99671ce5d1cb9664c5f8636329436d/library/alloc/src/boxed.rs:1973:9
[INFO] [stdout]   64:     0x5650ed8effd5 - <alloc::boxed::Box<F,A> as core::ops::function::FnOnce<Args>>::call_once::hbe0a008aa7d9ef59
[INFO] [stdout]                                at /rustc/1b7dd2252b99671ce5d1cb9664c5f8636329436d/library/alloc/src/boxed.rs:1973:9
[INFO] [stdout]   65:     0x5650ed8effd5 - std::sys::unix::thread::Thread::new::thread_start::h3a466996bdf6b1f9
[INFO] [stdout]                                at /rustc/1b7dd2252b99671ce5d1cb9664c5f8636329436d/library/std/src/sys/unix/thread.rs:108:17
[INFO] [stdout]   66:     0x7f4fef980b43 - <unknown>
[INFO] [stdout]   67:     0x7f4fefa11bb4 - __clone
[INFO] [stdout]   68:                0x0 - <unknown>
[INFO] [stdout] 
[INFO] [stdout] ---- test_heartbeat_closing_client stdout ----
[INFO] [stdout] thread 'test_heartbeat_closing_client' panicked at 'Could not determine the UTC offset on this system. Possible causes are that the time crate does not implement "local_offset_at" on your system, or that you are running in a multi-threaded environment and the time crate is returning "None" from "local_offset_at" to avoid unsafe behaviour. See the time crate's documentation for more information. (https://time-rs.github.io/internal-api/time/index.html#feature-flags): IndeterminateOffset', /opt/rustwide/cargo-home/registry/src/index.crates.io-6f17d22bba15001f/simple_logger-1.16.0/src/lib.rs:409:85
[INFO] [stdout] stack backtrace:
[INFO] [stdout]    0:     0x5650ed8e988a - std::backtrace_rs::backtrace::libunwind::trace::h2f05d0192276a8f6
[INFO] [stdout]                                at /rustc/1b7dd2252b99671ce5d1cb9664c5f8636329436d/library/std/src/../../backtrace/src/backtrace/libunwind.rs:93:5
[INFO] [stdout]    1:     0x5650ed8e988a - std::backtrace_rs::backtrace::trace_unsynchronized::hedc23dff7a1af150
[INFO] [stdout]                                at /rustc/1b7dd2252b99671ce5d1cb9664c5f8636329436d/library/std/src/../../backtrace/src/backtrace/mod.rs:66:5
[INFO] [stdout]    2:     0x5650ed8e988a - std::sys_common::backtrace::_print_fmt::h17541ef7592f3ce2
[INFO] [stdout]                                at /rustc/1b7dd2252b99671ce5d1cb9664c5f8636329436d/library/std/src/sys_common/backtrace.rs:65:5
[INFO] [stdout]    3:     0x5650ed8e988a - <std::sys_common::backtrace::_print::DisplayBacktrace as core::fmt::Display>::fmt::h20f75df5ab0c0792
[INFO] [stdout]                                at /rustc/1b7dd2252b99671ce5d1cb9664c5f8636329436d/library/std/src/sys_common/backtrace.rs:44:22
[INFO] [stdout]    4:     0x5650ed90f7bf - core::fmt::write::h78109e6f466b3af6
[INFO] [stdout]                                at /rustc/1b7dd2252b99671ce5d1cb9664c5f8636329436d/library/core/src/fmt/mod.rs:1254:17
[INFO] [stdout]    5:     0x5650ed8e6395 - std::io::Write::write_fmt::hd24bfb68a1b35a25
[INFO] [stdout]                                at /rustc/1b7dd2252b99671ce5d1cb9664c5f8636329436d/library/std/src/io/mod.rs:1698:15
[INFO] [stdout]    6:     0x5650ed8e9655 - std::sys_common::backtrace::_print::h8dac57a9f8fbf9a5
[INFO] [stdout]                                at /rustc/1b7dd2252b99671ce5d1cb9664c5f8636329436d/library/std/src/sys_common/backtrace.rs:47:5
[INFO] [stdout]    7:     0x5650ed8e9655 - std::sys_common::backtrace::print::hf9ecbf41d1aa712f
[INFO] [stdout]                                at /rustc/1b7dd2252b99671ce5d1cb9664c5f8636329436d/library/std/src/sys_common/backtrace.rs:34:9
[INFO] [stdout]    8:     0x5650ed8eb30e - std::panicking::default_hook::{{closure}}::h04c07acfc84ca028
[INFO] [stdout]                                at /rustc/1b7dd2252b99671ce5d1cb9664c5f8636329436d/library/std/src/panicking.rs:269:22
[INFO] [stdout]    9:     0x5650ed8eb041 - std::panicking::default_hook::h01f6bb23e1eceb2c
[INFO] [stdout]                                at /rustc/1b7dd2252b99671ce5d1cb9664c5f8636329436d/library/std/src/panicking.rs:285:9
[INFO] [stdout]   10:     0x5650ed79c88b - <alloc::boxed::Box<F,A> as core::ops::function::Fn<Args>>::call::h87fe9f7b2fd49e4c
[INFO] [stdout]                                at /rustc/1b7dd2252b99671ce5d1cb9664c5f8636329436d/library/alloc/src/boxed.rs:1987:9
[INFO] [stdout]   11:     0x5650ed79c88b - test::test_main::{{closure}}::he94d679243a7531b
[INFO] [stdout]                                at /rustc/1b7dd2252b99671ce5d1cb9664c5f8636329436d/library/test/src/lib.rs:134:21
[INFO] [stdout]   12:     0x5650ed8eb9f4 - <alloc::boxed::Box<F,A> as core::ops::function::Fn<Args>>::call::h3f2d6d8b14c4769f
[INFO] [stdout]                                at /rustc/1b7dd2252b99671ce5d1cb9664c5f8636329436d/library/alloc/src/boxed.rs:1987:9
[INFO] [stdout]   13:     0x5650ed8eb9f4 - std::panicking::rust_panic_with_hook::h2bb3722bbaf2f6df
[INFO] [stdout]                                at /rustc/1b7dd2252b99671ce5d1cb9664c5f8636329436d/library/std/src/panicking.rs:695:13
[INFO] [stdout]   14:     0x5650ed8eb769 - std::panicking::begin_panic_handler::{{closure}}::h91bc7f36a4be011b
[INFO] [stdout]                                at /rustc/1b7dd2252b99671ce5d1cb9664c5f8636329436d/library/std/src/panicking.rs:582:13
[INFO] [stdout]   15:     0x5650ed8e9cf6 - std::sys_common::backtrace::__rust_end_short_backtrace::h8b3d3717114f9e59
[INFO] [stdout]                                at /rustc/1b7dd2252b99671ce5d1cb9664c5f8636329436d/library/std/src/sys_common/backtrace.rs:150:18
[INFO] [stdout]   16:     0x5650ed8eb4c2 - rust_begin_unwind
[INFO] [stdout]                                at /rustc/1b7dd2252b99671ce5d1cb9664c5f8636329436d/library/std/src/panicking.rs:578:5
[INFO] [stdout]   17:     0x5650ed6a0db3 - core::panicking::panic_fmt::hfd368e3fbdabea26
[INFO] [stdout]                                at /rustc/1b7dd2252b99671ce5d1cb9664c5f8636329436d/library/core/src/panicking.rs:67:14
[INFO] [stdout]   18:     0x5650ed6a12f3 - core::result::unwrap_failed::he54eb4b2f125b26f
[INFO] [stdout]                                at /rustc/1b7dd2252b99671ce5d1cb9664c5f8636329436d/library/core/src/result.rs:1687:5
[INFO] [stdout]   19:     0x5650ed89ac2c - core::result::Result<T,E>::expect::h7b5a4a97e9aa6e58
[INFO] [stdout]                                at /rustc/1b7dd2252b99671ce5d1cb9664c5f8636329436d/library/core/src/result.rs:1046:23
[INFO] [stdout]   20:     0x5650ed897ce3 - <simple_logger::SimpleLogger as log::Log>::log::hbfdbed450dea2ee7
[INFO] [stdout]                                at /opt/rustwide/cargo-home/registry/src/index.crates.io-6f17d22bba15001f/simple_logger-1.16.0/src/lib.rs:409:57
[INFO] [stdout]   21:     0x5650ed8c520d - log::__private_api_log::h808ded0208445331
[INFO] [stdout]                                at /opt/rustwide/cargo-home/registry/src/index.crates.io-6f17d22bba15001f/log-0.4.17/src/lib.rs:1597:5
[INFO] [stdout]   22:     0x5650ed6ea599 - stomp_rs::client::internal::InternalClient::emit::{{closure}}::hcbccc39db3ae2046
[INFO] [stdout]                                at /opt/rustwide/workdir/src/client/internal.rs:165:9
[INFO] [stdout]   23:     0x5650ed6ec305 - stomp_rs::client::internal::InternalClient::connect::{{closure}}::h695f7348db6031ca
[INFO] [stdout]                                at /opt/rustwide/workdir/src/client/internal.rs:55:42
[INFO] [stdout]   24:     0x5650ed6e16fc - stomp_rs::client::Client::connect::{{closure}}::h0319e78fb1c5a1a5
[INFO] [stdout]                                at /opt/rustwide/workdir/src/client.rs:109:63
[INFO] [stdout]   25:     0x5650ed6f1a84 - stomp::test_heartbeat_closing_client::{{closure}}::ha522949b54f69026
[INFO] [stdout]                                at /opt/rustwide/workdir/tests/stomp.rs:63:79
[INFO] [stdout]   26:     0x5650ed75d77d - <core::pin::Pin<P> as core::future::future::Future>::poll::hf8ecd0bd6c1656ff
[INFO] [stdout]                                at /rustc/1b7dd2252b99671ce5d1cb9664c5f8636329436d/library/core/src/future/future.rs:125:9
[INFO] [stdout]   27:     0x5650ed75d6aa - <core::pin::Pin<P> as core::future::future::Future>::poll::hec0e226084945f24
[INFO] [stdout]                                at /rustc/1b7dd2252b99671ce5d1cb9664c5f8636329436d/library/core/src/future/future.rs:125:9
[INFO] [stdout]   28:     0x5650ed7371e3 - tokio::runtime::scheduler::current_thread::CoreGuard::block_on::{{closure}}::{{closure}}::{{closure}}::h177210a1778e225f
[INFO] [stdout]                                at /opt/rustwide/cargo-home/registry/src/index.crates.io-6f17d22bba15001f/tokio-1.28.0/src/runtime/scheduler/current_thread.rs:541:57
[INFO] [stdout]   29:     0x5650ed7370cc - tokio::runtime::coop::with_budget::hf4cbe11687047eb0
[INFO] [stdout]                                at /opt/rustwide/cargo-home/registry/src/index.crates.io-6f17d22bba15001f/tokio-1.28.0/src/runtime/coop.rs:107:5
[INFO] [stdout]   30:     0x5650ed7370cc - tokio::runtime::coop::budget::h3f1bcb92ae28d80a
[INFO] [stdout]                                at /opt/rustwide/cargo-home/registry/src/index.crates.io-6f17d22bba15001f/tokio-1.28.0/src/runtime/coop.rs:73:5
[INFO] [stdout]   31:     0x5650ed7370cc - tokio::runtime::scheduler::current_thread::CoreGuard::block_on::{{closure}}::{{closure}}::h5e4de8ba5f35bb60
[INFO] [stdout]                                at /opt/rustwide/cargo-home/registry/src/index.crates.io-6f17d22bba15001f/tokio-1.28.0/src/runtime/scheduler/current_thread.rs:541:25
[INFO] [stdout]   32:     0x5650ed7359c7 - tokio::runtime::scheduler::current_thread::Context::enter::h714ff3a5fbac7aea
[INFO] [stdout]                                at /opt/rustwide/cargo-home/registry/src/index.crates.io-6f17d22bba15001f/tokio-1.28.0/src/runtime/scheduler/current_thread.rs:350:19
[INFO] [stdout]   33:     0x5650ed73655a - tokio::runtime::scheduler::current_thread::CoreGuard::block_on::{{closure}}::ha2cda28f3fb2f85f
[INFO] [stdout]                                at /opt/rustwide/cargo-home/registry/src/index.crates.io-6f17d22bba15001f/tokio-1.28.0/src/runtime/scheduler/current_thread.rs:540:36
[INFO] [stdout]   34:     0x5650ed736242 - tokio::runtime::scheduler::current_thread::CoreGuard::enter::{{closure}}::h4b21e82106fbccbb
[INFO] [stdout]                                at /opt/rustwide/cargo-home/registry/src/index.crates.io-6f17d22bba15001f/tokio-1.28.0/src/runtime/scheduler/current_thread.rs:615:57
[INFO] [stdout]   35:     0x5650ed6e506f - tokio::macros::scoped_tls::ScopedKey<T>::set::hfa7d664198828576
[INFO] [stdout]                                at /opt/rustwide/cargo-home/registry/src/index.crates.io-6f17d22bba15001f/tokio-1.28.0/src/macros/scoped_tls.rs:61:9
[INFO] [stdout]   36:     0x5650ed735fcd - tokio::runtime::scheduler::current_thread::CoreGuard::enter::hd9377b48daf47d73
[INFO] [stdout]                                at /opt/rustwide/cargo-home/registry/src/index.crates.io-6f17d22bba15001f/tokio-1.28.0/src/runtime/scheduler/current_thread.rs:615:27
[INFO] [stdout]   37:     0x5650ed736278 - tokio::runtime::scheduler::current_thread::CoreGuard::block_on::hb2ebbe8018520a84
[INFO] [stdout]                                at /opt/rustwide/cargo-home/registry/src/index.crates.io-6f17d22bba15001f/tokio-1.28.0/src/runtime/scheduler/current_thread.rs:530:19
[INFO] [stdout]   38:     0x5650ed7321a3 - tokio::runtime::scheduler::current_thread::CurrentThread::block_on::h23f22fb91bebec9c
[INFO] [stdout]                                at /opt/rustwide/cargo-home/registry/src/index.crates.io-6f17d22bba15001f/tokio-1.28.0/src/runtime/scheduler/current_thread.rs:154:24
[INFO] [stdout]   39:     0x5650ed6d5c34 - tokio::runtime::runtime::Runtime::block_on::hc351a71690333330
[INFO] [stdout]                                at /opt/rustwide/cargo-home/registry/src/index.crates.io-6f17d22bba15001f/tokio-1.28.0/src/runtime/runtime.rs:302:47
[INFO] [stdout]   40:     0x5650ed6f10b7 - stomp::test_heartbeat_closing_client::ha50b79b96f66d00e
[INFO] [stdout]                                at /opt/rustwide/workdir/tests/stomp.rs:67:5
[INFO] [stdout]   41:     0x5650ed6f0f47 - stomp::test_heartbeat_closing_client::{{closure}}::hd34b11cbee85a2c0
[INFO] [stdout]                                at /opt/rustwide/workdir/tests/stomp.rs:43:45
[INFO] [stdout]   42:     0x5650ed723475 - core::ops::function::FnOnce::call_once::h89527227a57f7beb
[INFO] [stdout]                                at /rustc/1b7dd2252b99671ce5d1cb9664c5f8636329436d/library/core/src/ops/function.rs:250:5
[INFO] [stdout]   43:     0x5650ed7a175f - core::ops::function::FnOnce::call_once::ha6a70e79f7481a7e
[INFO] [stdout]                                at /rustc/1b7dd2252b99671ce5d1cb9664c5f8636329436d/library/core/src/ops/function.rs:250:5
[INFO] [stdout]   44:     0x5650ed7a175f - test::__rust_begin_short_backtrace::hce33033019b61e69
[INFO] [stdout]                                at /rustc/1b7dd2252b99671ce5d1cb9664c5f8636329436d/library/test/src/lib.rs:655:18
[INFO] [stdout]   45:     0x5650ed76ef4c - test::run_test::{{closure}}::h858d3528838ae3e5
[INFO] [stdout]                                at /rustc/1b7dd2252b99671ce5d1cb9664c5f8636329436d/library/test/src/lib.rs:646:30
[INFO] [stdout]   46:     0x5650ed76ef4c - core::ops::function::FnOnce::call_once{{vtable.shim}}::he8ac2b00f01ae79e
[INFO] [stdout]                                at /rustc/1b7dd2252b99671ce5d1cb9664c5f8636329436d/library/core/src/ops/function.rs:250:5
[INFO] [stdout]   47:     0x5650ed7a0836 - <alloc::boxed::Box<F,A> as core::ops::function::FnOnce<Args>>::call_once::h8093d25b522725ef
[INFO] [stdout]                                at /rustc/1b7dd2252b99671ce5d1cb9664c5f8636329436d/library/alloc/src/boxed.rs:1973:9
[INFO] [stdout]   48:     0x5650ed7a0836 - <core::panic::unwind_safe::AssertUnwindSafe<F> as core::ops::function::FnOnce<()>>::call_once::h5c334c204e4a3913
[INFO] [stdout]                                at /rustc/1b7dd2252b99671ce5d1cb9664c5f8636329436d/library/core/src/panic/unwind_safe.rs:271:9
[INFO] [stdout]   49:     0x5650ed7a0836 - std::panicking::try::do_call::ha8b740c7b9478074
[INFO] [stdout]                                at /rustc/1b7dd2252b99671ce5d1cb9664c5f8636329436d/library/std/src/panicking.rs:485:40
[INFO] [stdout]   50:     0x5650ed7a0836 - std::panicking::try::h5d34f63d0e41b64e
[INFO] [stdout]                                at /rustc/1b7dd2252b99671ce5d1cb9664c5f8636329436d/library/std/src/panicking.rs:449:19
[INFO] [stdout]   51:     0x5650ed7a0836 - std::panic::catch_unwind::hcfbb511e1aa7fc67
[INFO] [stdout]                                at /rustc/1b7dd2252b99671ce5d1cb9664c5f8636329436d/library/std/src/panic.rs:140:14
[INFO] [stdout]   52:     0x5650ed7a0836 - test::run_test_in_process::h9abda90f802eaf21
[INFO] [stdout]                                at /rustc/1b7dd2252b99671ce5d1cb9664c5f8636329436d/library/test/src/lib.rs:678:27
[INFO] [stdout]   53:     0x5650ed7a0836 - test::run_test::run_test_inner::{{closure}}::h0f058de91f6c6edf
[INFO] [stdout]                                at /rustc/1b7dd2252b99671ce5d1cb9664c5f8636329436d/library/test/src/lib.rs:572:39
[INFO] [stdout]   54:     0x5650ed769755 - test::run_test::run_test_inner::{{closure}}::h5ca48a4c59c6c1fb
[INFO] [stdout]                                at /rustc/1b7dd2252b99671ce5d1cb9664c5f8636329436d/library/test/src/lib.rs:599:37
[INFO] [stdout]   55:     0x5650ed769755 - std::sys_common::backtrace::__rust_begin_short_backtrace::h32bd51e1495d4a33
[INFO] [stdout]                                at /rustc/1b7dd2252b99671ce5d1cb9664c5f8636329436d/library/std/src/sys_common/backtrace.rs:134:18
[INFO] [stdout]   56:     0x5650ed76ec91 - std::thread::Builder::spawn_unchecked_::{{closure}}::{{closure}}::hc086fae9b128b2db
[INFO] [stdout]                                at /rustc/1b7dd2252b99671ce5d1cb9664c5f8636329436d/library/std/src/thread/mod.rs:526:17
[INFO] [stdout]   57:     0x5650ed76ec91 - <core::panic::unwind_safe::AssertUnwindSafe<F> as core::ops::function::FnOnce<()>>::call_once::hb66571888d270d43
[INFO] [stdout]                                at /rustc/1b7dd2252b99671ce5d1cb9664c5f8636329436d/library/core/src/panic/unwind_safe.rs:271:9
[INFO] [stdout]   58:     0x5650ed76ec91 - std::panicking::try::do_call::h4fa2ef4f6e51fecf
[INFO] [stdout]                                at /rustc/1b7dd2252b99671ce5d1cb9664c5f8636329436d/library/std/src/panicking.rs:485:40
[INFO] [stdout]   59:     0x5650ed76ec91 - std::panicking::try::h1e9e22b8584489b5
[INFO] [stdout]                                at /rustc/1b7dd2252b99671ce5d1cb9664c5f8636329436d/library/std/src/panicking.rs:449:19
[INFO] [stdout]   60:     0x5650ed76ec91 - std::panic::catch_unwind::h44698a3de0e0769e
[INFO] [stdout]                                at /rustc/1b7dd2252b99671ce5d1cb9664c5f8636329436d/library/std/src/panic.rs:140:14
[INFO] [stdout]   61:     0x5650ed76ec91 - std::thread::Builder::spawn_unchecked_::{{closure}}::h50153abde3fe239e
[INFO] [stdout]                                at /rustc/1b7dd2252b99671ce5d1cb9664c5f8636329436d/library/std/src/thread/mod.rs:525:30
[INFO] [stdout]   62:     0x5650ed76ec91 - core::ops::function::FnOnce::call_once{{vtable.shim}}::hbe5bbf6f38394364
[INFO] [stdout]                                at /rustc/1b7dd2252b99671ce5d1cb9664c5f8636329436d/library/core/src/ops/function.rs:250:5
[INFO] [stdout]   63:     0x5650ed8effd5 - <alloc::boxed::Box<F,A> as core::ops::function::FnOnce<Args>>::call_once::h0d83cb2920a49046
[INFO] [stdout]                                at /rustc/1b7dd2252b99671ce5d1cb9664c5f8636329436d/library/alloc/src/boxed.rs:1973:9
[INFO] [stdout]   64:     0x5650ed8effd5 - <alloc::boxed::Box<F,A> as core::ops::function::FnOnce<Args>>::call_once::hbe0a008aa7d9ef59
[INFO] [stdout]                                at /rustc/1b7dd2252b99671ce5d1cb9664c5f8636329436d/library/alloc/src/boxed.rs:1973:9
[INFO] [stdout]   65:     0x5650ed8effd5 - std::sys::unix::thread::Thread::new::thread_start::h3a466996bdf6b1f9
[INFO] [stdout]                                at /rustc/1b7dd2252b99671ce5d1cb9664c5f8636329436d/library/std/src/sys/unix/thread.rs:108:17
[INFO] [stdout]   66:     0x7f4fef980b43 - <unknown>
[INFO] [stdout]   67:     0x7f4fefa11bb4 - __clone
[INFO] [stdout]   68:                0x0 - <unknown>
[INFO] [stdout] 
[INFO] [stdout] 
[INFO] [stdout] failures:
[INFO] [stdout]     test_await_receipt
[INFO] [stdout]     test_heartbeat_closing_client
[INFO] [stdout]     test_proper_connection
[INFO] [stdout]     test_subscribe_message
[INFO] [stdout]     test_wrong_connect_response
[INFO] [stdout] 
[INFO] [stdout] test result: FAILED. 0 passed; 5 failed; 0 ignored; 0 measured; 0 filtered out; finished in 0.03s
[INFO] [stdout] 
[INFO] [stderr] error: test failed, to rerun pass `--test stomp`
[INFO] running `Command { std: "docker" "inspect" "bcf2edf140c8e068889ed7dabe75bb7875911ee7a1afe717e78fc55da356c12c", kill_on_drop: false }`
[INFO] running `Command { std: "docker" "rm" "-f" "bcf2edf140c8e068889ed7dabe75bb7875911ee7a1afe717e78fc55da356c12c", kill_on_drop: false }`
[INFO] [stdout] bcf2edf140c8e068889ed7dabe75bb7875911ee7a1afe717e78fc55da356c12c
