[INFO] fetching crate steroid 0.4.0...
[INFO] testing steroid-0.4.0 against beta-2023-04-20 for beta-1.70-1
[INFO] extracting crate steroid 0.4.0 into /workspace/builds/worker-7-tc2/source
[INFO] validating manifest of crates.io crate steroid 0.4.0 on toolchain beta-2023-04-20
[INFO] running `Command { std: CARGO_HOME="/workspace/cargo-home" RUSTUP_HOME="/workspace/rustup-home" "/workspace/cargo-home/bin/cargo" "+beta-2023-04-20" "metadata" "--manifest-path" "Cargo.toml" "--no-deps", kill_on_drop: false }`
[INFO] started tweaking crates.io crate steroid 0.4.0
[INFO] finished tweaking crates.io crate steroid 0.4.0
[INFO] tweaked toml for crates.io crate steroid 0.4.0 written to /workspace/builds/worker-7-tc2/source/Cargo.toml
[INFO] running `Command { std: CARGO_HOME="/workspace/cargo-home" RUSTUP_HOME="/workspace/rustup-home" __CARGO_TEST_CHANNEL_OVERRIDE_DO_NOT_USE_THIS="nightly" "/workspace/cargo-home/bin/cargo" "+beta-2023-04-20" "generate-lockfile" "--manifest-path" "Cargo.toml" "-Zno-index-update", kill_on_drop: false }`
[INFO] running `Command { std: CARGO_HOME="/workspace/cargo-home" RUSTUP_HOME="/workspace/rustup-home" "/workspace/cargo-home/bin/cargo" "+beta-2023-04-20" "fetch" "--manifest-path" "Cargo.toml", kill_on_drop: false }`
[INFO] running `Command { std: "docker" "create" "-v" "/var/lib/crater-agent-workspace/builds/worker-7-tc2/target:/opt/rustwide/target:rw,Z" "-v" "/var/lib/crater-agent-workspace/builds/worker-7-tc2/source:/opt/rustwide/workdir:ro,Z" "-v" "/var/lib/crater-agent-workspace/cargo-home:/opt/rustwide/cargo-home:ro,Z" "-v" "/var/lib/crater-agent-workspace/rustup-home:/opt/rustwide/rustup-home:ro,Z" "-e" "SOURCE_DIR=/opt/rustwide/workdir" "-e" "CARGO_TARGET_DIR=/opt/rustwide/target" "-e" "CARGO_HOME=/opt/rustwide/cargo-home" "-e" "RUSTUP_HOME=/opt/rustwide/rustup-home" "-w" "/opt/rustwide/workdir" "-m" "1610612736" "--user" "0:0" "--network" "none" "ghcr.io/rust-lang/crates-build-env/linux@sha256:5ff2268d62e97bff2cde7d5815dd6ed5b47097566f13b8d0ca110b04b60e07ed" "/opt/rustwide/cargo-home/bin/cargo" "+beta-2023-04-20" "metadata" "--no-deps" "--format-version=1", kill_on_drop: false }`
[INFO] [stdout] 1ace9ddda001d74b41ed5e7e1856f7a04036de462e3d9aa455c5b42be020de52
[INFO] running `Command { std: "docker" "start" "-a" "1ace9ddda001d74b41ed5e7e1856f7a04036de462e3d9aa455c5b42be020de52", kill_on_drop: false }`
[INFO] running `Command { std: "docker" "inspect" "1ace9ddda001d74b41ed5e7e1856f7a04036de462e3d9aa455c5b42be020de52", kill_on_drop: false }`
[INFO] running `Command { std: "docker" "rm" "-f" "1ace9ddda001d74b41ed5e7e1856f7a04036de462e3d9aa455c5b42be020de52", kill_on_drop: false }`
[INFO] [stdout] 1ace9ddda001d74b41ed5e7e1856f7a04036de462e3d9aa455c5b42be020de52
[INFO] running `Command { std: "docker" "create" "-v" "/var/lib/crater-agent-workspace/builds/worker-7-tc2/target:/opt/rustwide/target:rw,Z" "-v" "/var/lib/crater-agent-workspace/builds/worker-7-tc2/source:/opt/rustwide/workdir:ro,Z" "-v" "/var/lib/crater-agent-workspace/cargo-home:/opt/rustwide/cargo-home:ro,Z" "-v" "/var/lib/crater-agent-workspace/rustup-home:/opt/rustwide/rustup-home:ro,Z" "-e" "SOURCE_DIR=/opt/rustwide/workdir" "-e" "CARGO_TARGET_DIR=/opt/rustwide/target" "-e" "CARGO_INCREMENTAL=0" "-e" "RUST_BACKTRACE=full" "-e" "RUSTFLAGS=--cap-lints=warn" "-e" "RUSTDOCFLAGS=--cap-lints=warn" "-e" "CARGO_HOME=/opt/rustwide/cargo-home" "-e" "RUSTUP_HOME=/opt/rustwide/rustup-home" "-w" "/opt/rustwide/workdir" "-m" "1610612736" "--user" "0:0" "--network" "none" "ghcr.io/rust-lang/crates-build-env/linux@sha256:5ff2268d62e97bff2cde7d5815dd6ed5b47097566f13b8d0ca110b04b60e07ed" "/opt/rustwide/cargo-home/bin/cargo" "+beta-2023-04-20" "build" "--frozen" "--message-format=json", kill_on_drop: false }`
[INFO] [stdout] b4463df47fbb58047c6a83617d4082ac10110142cd592ea7250c1363638e8441
[INFO] running `Command { std: "docker" "start" "-a" "b4463df47fbb58047c6a83617d4082ac10110142cd592ea7250c1363638e8441", kill_on_drop: false }`
[INFO] [stderr]     Blocking waiting for file lock on package cache
[INFO] [stderr]    Compiling proc-macro2 v1.0.56
[INFO] [stderr]    Compiling quote v1.0.26
[INFO] [stderr]    Compiling unicode-ident v1.0.8
[INFO] [stderr]    Compiling libc v0.2.142
[INFO] [stderr]    Compiling thiserror v1.0.40
[INFO] [stderr]    Compiling static_assertions v1.1.0
[INFO] [stderr]    Compiling memoffset v0.7.1
[INFO] [stderr]    Compiling syn v2.0.15
[INFO] [stderr]    Compiling nix v0.26.2
[INFO] [stderr]    Compiling thiserror-impl v1.0.40
[INFO] [stderr]    Compiling steroid v0.4.0 (/opt/rustwide/workdir)
[INFO] [stderr]     Finished dev [unoptimized + debuginfo] target(s) in 6.91s
[INFO] running `Command { std: "docker" "inspect" "b4463df47fbb58047c6a83617d4082ac10110142cd592ea7250c1363638e8441", kill_on_drop: false }`
[INFO] running `Command { std: "docker" "rm" "-f" "b4463df47fbb58047c6a83617d4082ac10110142cd592ea7250c1363638e8441", kill_on_drop: false }`
[INFO] [stdout] b4463df47fbb58047c6a83617d4082ac10110142cd592ea7250c1363638e8441
[INFO] running `Command { std: "docker" "create" "-v" "/var/lib/crater-agent-workspace/builds/worker-7-tc2/target:/opt/rustwide/target:rw,Z" "-v" "/var/lib/crater-agent-workspace/builds/worker-7-tc2/source:/opt/rustwide/workdir:ro,Z" "-v" "/var/lib/crater-agent-workspace/cargo-home:/opt/rustwide/cargo-home:ro,Z" "-v" "/var/lib/crater-agent-workspace/rustup-home:/opt/rustwide/rustup-home:ro,Z" "-e" "SOURCE_DIR=/opt/rustwide/workdir" "-e" "CARGO_TARGET_DIR=/opt/rustwide/target" "-e" "CARGO_INCREMENTAL=0" "-e" "RUST_BACKTRACE=full" "-e" "RUSTFLAGS=--cap-lints=warn" "-e" "RUSTDOCFLAGS=--cap-lints=warn" "-e" "CARGO_HOME=/opt/rustwide/cargo-home" "-e" "RUSTUP_HOME=/opt/rustwide/rustup-home" "-w" "/opt/rustwide/workdir" "-m" "1610612736" "--user" "0:0" "--network" "none" "ghcr.io/rust-lang/crates-build-env/linux@sha256:5ff2268d62e97bff2cde7d5815dd6ed5b47097566f13b8d0ca110b04b60e07ed" "/opt/rustwide/cargo-home/bin/cargo" "+beta-2023-04-20" "test" "--frozen" "--no-run" "--message-format=json", kill_on_drop: false }`
[INFO] [stdout] 70a79630a691c1fe01b4fca8403afbb86df9031e727ae1cd06d8120908796e41
[INFO] running `Command { std: "docker" "start" "-a" "70a79630a691c1fe01b4fca8403afbb86df9031e727ae1cd06d8120908796e41", kill_on_drop: false }`
[INFO] [stderr]     Blocking waiting for file lock on package cache
[INFO] [stderr]    Compiling anyhow v1.0.71
[INFO] [stderr]    Compiling ansi_term v0.12.1
[INFO] [stderr]    Compiling diff v0.1.13
[INFO] [stderr]    Compiling pretty_assertions v0.7.2
[INFO] [stderr]    Compiling steroid v0.4.0 (/opt/rustwide/workdir)
[INFO] [stderr]     Finished test [unoptimized + debuginfo] target(s) in 4.24s
[INFO] running `Command { std: "docker" "inspect" "70a79630a691c1fe01b4fca8403afbb86df9031e727ae1cd06d8120908796e41", kill_on_drop: false }`
[INFO] running `Command { std: "docker" "rm" "-f" "70a79630a691c1fe01b4fca8403afbb86df9031e727ae1cd06d8120908796e41", kill_on_drop: false }`
[INFO] [stdout] 70a79630a691c1fe01b4fca8403afbb86df9031e727ae1cd06d8120908796e41
[INFO] running `Command { std: "docker" "create" "-v" "/var/lib/crater-agent-workspace/builds/worker-7-tc2/target:/opt/rustwide/target:rw,Z" "-v" "/var/lib/crater-agent-workspace/builds/worker-7-tc2/source:/opt/rustwide/workdir:ro,Z" "-v" "/var/lib/crater-agent-workspace/cargo-home:/opt/rustwide/cargo-home:ro,Z" "-v" "/var/lib/crater-agent-workspace/rustup-home:/opt/rustwide/rustup-home:ro,Z" "-e" "SOURCE_DIR=/opt/rustwide/workdir" "-e" "CARGO_TARGET_DIR=/opt/rustwide/target" "-e" "CARGO_INCREMENTAL=0" "-e" "RUST_BACKTRACE=full" "-e" "RUSTFLAGS=--cap-lints=warn" "-e" "RUSTDOCFLAGS=--cap-lints=warn" "-e" "CARGO_HOME=/opt/rustwide/cargo-home" "-e" "RUSTUP_HOME=/opt/rustwide/rustup-home" "-w" "/opt/rustwide/workdir" "-m" "1610612736" "--user" "0:0" "--network" "none" "ghcr.io/rust-lang/crates-build-env/linux@sha256:5ff2268d62e97bff2cde7d5815dd6ed5b47097566f13b8d0ca110b04b60e07ed" "/opt/rustwide/cargo-home/bin/cargo" "+beta-2023-04-20" "test" "--frozen", kill_on_drop: false }`
[INFO] [stdout] 95d55a6747aa069112fe9274ff1b40117f09817aea165aca34d8fd9f8281ba81
[INFO] running `Command { std: "docker" "start" "-a" "95d55a6747aa069112fe9274ff1b40117f09817aea165aca34d8fd9f8281ba81", kill_on_drop: false }`
[INFO] [stderr]     Blocking waiting for file lock on package cache
[INFO] [stderr]     Finished test [unoptimized + debuginfo] target(s) in 0.55s
[INFO] [stderr]      Running unittests src/lib.rs (/opt/rustwide/target/debug/deps/steroid-bd82ab80f64ab528)
[INFO] [stdout] 
[INFO] [stdout] running 24 tests
[INFO] [stdout] test breakpoint::tests::singlestep_over_breakpoint ... ok
[INFO] [stdout] test mapping::tests::parse_pathname ... ok
[INFO] [stdout] test breakpoint::tests::new_breakpoint_is_registered ... ok
[INFO] [stdout] test process::tests::process_from_pid ... ignored
[INFO] [stdout] test process::tests::stop_after_attach ... ignored
[INFO] [stdout] Hello there!
[INFO] [stdout] Hello there!
[INFO] [stdout] test breakpoint::tests::resume_and_do_things ... ok
[INFO] [stdout] test breakpoint::tests::resume_after_breakpoint_removal ... ok
[INFO] [stdout] test process::tests::read_from_memory ... ok
[INFO] [stdout] .
[INFO] [stdout] ..
[INFO] [stdout] .cargo_vcs_info.json
[INFO] [stdout] .gitignore
[INFO] [stdout] Cargo.lock
[INFO] [stdout] Cargo.toml
[INFO] [stdout] Cargo.toml.orig
[INFO] [stdout] LICENSE
[INFO] [stdout] README.md
[INFO] [stdout] resources
[INFO] [stdout] src
[INFO] [stdout] Hello there!
[INFO] [stdout] test breakpoint::tests::use_one_shot_breakpoint ... ok
[INFO] [stdout] test buffer::tests::async_read_some_code ... FAILED
[INFO] [stdout] test process::tests::controller_created ... ok
[INFO] [stdout] Hello there!
[INFO] [stdout] total 32
[INFO] [stdout] -rw-r--r-- 1 root root 5799 Apr 30 06:05 Cargo.lock
[INFO] [stdout] -rw-r--r-- 1 root root  652 Apr 30 06:05 Cargo.toml
[INFO] [stdout] -rw-r--r-- 1 root root  561 Jul 24  2006 Cargo.toml.orig
[INFO] [stdout] -rw-r--r-- 1 root root 1102 Jul 24  2006 LICENSE
[INFO] [stdout] -rw-r--r-- 1 root root 1239 Jul 24  2006 README.md
[INFO] [stdout] drwxr-xr-x 3 root root 4096 Apr 30 06:05 resources
[INFO] [stdout] drwxr-xr-x 2 root root 4096 Apr 30 06:05 src
[INFO] [stdout] test buffer::tests::buffer_allocation ... ok
[INFO] [stdout] total 32
[INFO] [stdout] -rw-r--r-- 1 root root 5799 Apr 30 06:05 Cargo.lock
[INFO] [stdout] -rw-r--r-- 1 root root  652 Apr 30 06:05 Cargo.toml
[INFO] [stdout] -rw-r--r-- 1 root root  561 Jul 24  2006 Cargo.toml.orig
[INFO] [stdout] -rw-r--r-- 1 root root 1102 Jul 24  2006 LICENSE
[INFO] [stdout] -rw-r--r-- 1 root root 1239 Jul 24  2006 README.md
[INFO] [stdout] drwxr-xr-x 3 root root 4096 Apr 30 06:05 resources
[INFO] [stdout] drwxr-xr-x 2 root root 4096 Apr 30 06:05 src
[INFO] [stdout] test mapping::tests::parse_permissions ... ok
[INFO] [stdout] test mapping::tests::parse_line ... ok
[INFO] [stdout] test mapping::tests::parse_device ... ok
[INFO] [stdout] total 32
[INFO] [stdout] -rw-r--r-- 1 root root 5799 Apr 30 06:05 Cargo.lock
[INFO] [stdout] -rw-r--r-- 1 root root  652 Apr 30 06:05 Cargo.toml
[INFO] [stdout] -rw-r--r-- 1 root root  561 Jul 24  2006 Cargo.toml.orig
[INFO] [stdout] -rw-r--r-- 1 root root 1102 Jul 24  2006 LICENSE
[INFO] [stdout] -rw-r--r-- 1 root root 1239 Jul 24  2006 README.md
[INFO] [stdout] drwxr-xr-x 3 root root 4096 Apr 30 06:05 resources
[INFO] [stdout] drwxr-xr-x 2 root root 4096 Apr 30 06:05 src
[INFO] [stdout] test buffer::tests::buffer_deallocation ... ok
[INFO] [stdout] test process::tests::with_register ... ok
[INFO] [stdout] test process::tests::process_spawned ... ok
[INFO] [stdout] test buffer::tests::unsafe_read_some_code ... FAILED
[INFO] [stdout] .
[INFO] [stdout] ..
[INFO] [stdout] .cargo_vcs_info.json
[INFO] [stdout] .gitignore
[INFO] [stdout] Cargo.lock
[INFO] [stdout] Cargo.toml
[INFO] [stdout] Cargo.toml.orig
[INFO] [stdout] LICENSE
[INFO] [stdout] README.md
[INFO] [stdout] resources
[INFO] [stdout] src
[INFO] [stdout] Hello there!
[INFO] [stdout] total 32
[INFO] [stdout] -rw-r--r-- 1 root root 5799 Apr 30 06:05 Cargo.lock
[INFO] [stdout] -rw-r--r-- 1 root root  652 Apr 30 06:05 Cargo.toml
[INFO] [stdout] -rw-r--r-- 1 root root  561 Jul 24  2006 Cargo.toml.orig
[INFO] [stdout] -rw-r--r-- 1 root root 1102 Jul 24  2006 LICENSE
[INFO] [stdout] -rw-r--r-- 1 root root 1239 Jul 24  2006 README.md
[INFO] [stdout] drwxr-xr-x 3 root root 4096 Apr 30 06:05 resources
[INFO] [stdout] drwxr-xr-x 2 root root 4096 Apr 30 06:05 src
[INFO] [stdout] test process::tests::write_to_memory ... ok
[INFO] [stdout] test process::tests::update_registers ... ok
[INFO] [stdout] test process::tests::controller_died ... ok
[INFO] [stdout] .
[INFO] [stdout] ..
[INFO] [stdout] .cargo_vcs_info.json
[INFO] [stdout] .gitignore
[INFO] [stdout] Cargo.lock
[INFO] [stdout] Cargo.toml
[INFO] [stdout] Cargo.toml.orig
[INFO] [stdout] LICENSE
[INFO] [stdout] README.md
[INFO] [stdout] resources
[INFO] [stdout] src
[INFO] [stdout] test process::tests::get_and_set_registers ... ok
[INFO] [stdout] .
[INFO] [stdout] ..
[INFO] [stdout] .cargo_vcs_info.json
[INFO] [stdout] .gitignore
[INFO] [stdout] Cargo.lock
[INFO] [stdout] Cargo.toml
[INFO] [stdout] Cargo.toml.orig
[INFO] [stdout] LICENSE
[INFO] [stdout] README.md
[INFO] [stdout] resources
[INFO] [stdout] src
[INFO] [stdout] test syscall::tests::remote_mmap ... ok
[INFO] [stdout] 
[INFO] [stdout] failures:
[INFO] [stdout] 
[INFO] [stdout] ---- buffer::tests::async_read_some_code stdout ----
[INFO] [stdout] Error: Operation not permitted (os error 1)
[INFO] [stdout] 
[INFO] [stdout] ---- buffer::tests::unsafe_read_some_code stdout ----
[INFO] [stdout] Error: Operation not permitted (os error 1)
[INFO] [stdout] 
[INFO] [stdout] 
[INFO] [stdout] failures:
[INFO] [stdout]     buffer::tests::async_read_some_code
[INFO] [stdout]     buffer::tests::unsafe_read_some_code
[INFO] [stdout] 
[INFO] [stdout] test result: FAILED. 20 passed; 2 failed; 2 ignored; 0 measured; 0 filtered out; finished in 0.05s
[INFO] [stdout] 
[INFO] [stderr] error: test failed, to rerun pass `--lib`
[INFO] running `Command { std: "docker" "inspect" "95d55a6747aa069112fe9274ff1b40117f09817aea165aca34d8fd9f8281ba81", kill_on_drop: false }`
[INFO] running `Command { std: "docker" "rm" "-f" "95d55a6747aa069112fe9274ff1b40117f09817aea165aca34d8fd9f8281ba81", kill_on_drop: false }`
[INFO] [stdout] 95d55a6747aa069112fe9274ff1b40117f09817aea165aca34d8fd9f8281ba81
