[INFO] fetching crate steam-mobile 0.3.1...
[INFO] testing steam-mobile-0.3.1 against beta-2023-04-20 for beta-1.70-1
[INFO] extracting crate steam-mobile 0.3.1 into /workspace/builds/worker-1-tc2/source
[INFO] validating manifest of crates.io crate steam-mobile 0.3.1 on toolchain beta-2023-04-20
[INFO] running `Command { std: CARGO_HOME="/workspace/cargo-home" RUSTUP_HOME="/workspace/rustup-home" "/workspace/cargo-home/bin/cargo" "+beta-2023-04-20" "metadata" "--manifest-path" "Cargo.toml" "--no-deps", kill_on_drop: false }`
[INFO] started tweaking crates.io crate steam-mobile 0.3.1
[INFO] finished tweaking crates.io crate steam-mobile 0.3.1
[INFO] tweaked toml for crates.io crate steam-mobile 0.3.1 written to /workspace/builds/worker-1-tc2/source/Cargo.toml
[INFO] crate crates.io crate steam-mobile 0.3.1 already has a lockfile, it will not be regenerated
[INFO] running `Command { std: CARGO_HOME="/workspace/cargo-home" RUSTUP_HOME="/workspace/rustup-home" "/workspace/cargo-home/bin/cargo" "+beta-2023-04-20" "fetch" "--manifest-path" "Cargo.toml", kill_on_drop: false }`
[INFO] [stderr]     Updating crates.io index
[INFO] [stderr]  Downloading crates ...
[INFO] [stderr]   Downloaded protoc v2.27.1
[INFO] [stderr]   Downloaded psl-types v2.0.10
[INFO] [stderr]   Downloaded cookie v0.16.0
[INFO] [stderr]   Downloaded protobuf-codegen v2.27.1
[INFO] [stderr]   Downloaded dialoguer v0.10.1
[INFO] [stderr]   Downloaded html5ever v0.25.2
[INFO] [stderr]   Downloaded num-bigint-dig v0.6.1
[INFO] [stderr]   Downloaded const_format_proc_macros v0.2.22
[INFO] [stderr]   Downloaded clap_lex v0.2.3
[INFO] [stderr]   Downloaded const_format v0.2.25
[INFO] [stderr]   Downloaded cookie_store v0.16.1
[INFO] [stderr]   Downloaded backoff v0.3.0
[INFO] [stderr]   Downloaded rsa v0.3.0
[INFO] [stderr]   Downloaded hyper v0.14.19
[INFO] [stderr]   Downloaded cookie-hashed-domain v0.16.0-rc.1
[INFO] [stderr]   Downloaded steam-totp v0.2.2
[INFO] [stderr]   Downloaded steam-protobuf v0.1.2
[INFO] [stderr]   Downloaded protobuf v2.27.1
[INFO] [stderr]   Downloaded publicsuffix v2.1.1
[INFO] [stderr]   Downloaded tracing-core v0.1.27
[INFO] [stderr]   Downloaded serde_repr v0.1.8
[INFO] [stderr]   Downloaded steam-language-gen-derive v0.1.2
[INFO] [stderr]   Downloaded protoc-rust v2.27.1
[INFO] [stderr]   Downloaded clap v3.2.6
[INFO] [stderr]   Downloaded tokio v1.19.2
[INFO] [stderr]   Downloaded steamid-parser v0.2.1
[INFO] [stderr]   Downloaded steam-language-gen v0.1.2
[INFO] running `Command { std: "docker" "create" "-v" "/var/lib/crater-agent-workspace/builds/worker-1-tc2/target:/opt/rustwide/target:rw,Z" "-v" "/var/lib/crater-agent-workspace/builds/worker-1-tc2/source:/opt/rustwide/workdir:ro,Z" "-v" "/var/lib/crater-agent-workspace/cargo-home:/opt/rustwide/cargo-home:ro,Z" "-v" "/var/lib/crater-agent-workspace/rustup-home:/opt/rustwide/rustup-home:ro,Z" "-e" "SOURCE_DIR=/opt/rustwide/workdir" "-e" "CARGO_TARGET_DIR=/opt/rustwide/target" "-e" "CARGO_HOME=/opt/rustwide/cargo-home" "-e" "RUSTUP_HOME=/opt/rustwide/rustup-home" "-w" "/opt/rustwide/workdir" "-m" "1610612736" "--user" "0:0" "--network" "none" "ghcr.io/rust-lang/crates-build-env/linux@sha256:5ff2268d62e97bff2cde7d5815dd6ed5b47097566f13b8d0ca110b04b60e07ed" "/opt/rustwide/cargo-home/bin/cargo" "+beta-2023-04-20" "metadata" "--no-deps" "--format-version=1", kill_on_drop: false }`
[INFO] [stdout] 97f246e2c48cfcfedfd8cddf45c09e265e9362f2df3bb030782749f1ab6c14a5
[INFO] running `Command { std: "docker" "start" "-a" "97f246e2c48cfcfedfd8cddf45c09e265e9362f2df3bb030782749f1ab6c14a5", kill_on_drop: false }`
[INFO] running `Command { std: "docker" "inspect" "97f246e2c48cfcfedfd8cddf45c09e265e9362f2df3bb030782749f1ab6c14a5", kill_on_drop: false }`
[INFO] running `Command { std: "docker" "rm" "-f" "97f246e2c48cfcfedfd8cddf45c09e265e9362f2df3bb030782749f1ab6c14a5", kill_on_drop: false }`
[INFO] [stdout] 97f246e2c48cfcfedfd8cddf45c09e265e9362f2df3bb030782749f1ab6c14a5
[INFO] running `Command { std: "docker" "create" "-v" "/var/lib/crater-agent-workspace/builds/worker-1-tc2/target:/opt/rustwide/target:rw,Z" "-v" "/var/lib/crater-agent-workspace/builds/worker-1-tc2/source:/opt/rustwide/workdir:ro,Z" "-v" "/var/lib/crater-agent-workspace/cargo-home:/opt/rustwide/cargo-home:ro,Z" "-v" "/var/lib/crater-agent-workspace/rustup-home:/opt/rustwide/rustup-home:ro,Z" "-e" "SOURCE_DIR=/opt/rustwide/workdir" "-e" "CARGO_TARGET_DIR=/opt/rustwide/target" "-e" "CARGO_INCREMENTAL=0" "-e" "RUST_BACKTRACE=full" "-e" "RUSTFLAGS=--cap-lints=warn" "-e" "RUSTDOCFLAGS=--cap-lints=warn" "-e" "CARGO_HOME=/opt/rustwide/cargo-home" "-e" "RUSTUP_HOME=/opt/rustwide/rustup-home" "-w" "/opt/rustwide/workdir" "-m" "1610612736" "--user" "0:0" "--network" "none" "ghcr.io/rust-lang/crates-build-env/linux@sha256:5ff2268d62e97bff2cde7d5815dd6ed5b47097566f13b8d0ca110b04b60e07ed" "/opt/rustwide/cargo-home/bin/cargo" "+beta-2023-04-20" "build" "--frozen" "--message-format=json", kill_on_drop: false }`
[INFO] [stdout] 1ace25759ad225bc1c3e20433059032ea2c1319a714a357fb9c7983e605815b7
[INFO] running `Command { std: "docker" "start" "-a" "1ace25759ad225bc1c3e20433059032ea2c1319a714a357fb9c7983e605815b7", kill_on_drop: false }`
[INFO] [stderr]    Compiling proc-macro2 v1.0.40
[INFO] [stderr]    Compiling quote v1.0.20
[INFO] [stderr]    Compiling unicode-ident v1.0.1
[INFO] [stderr]    Compiling syn v1.0.98
[INFO] [stderr]    Compiling libc v0.2.126
[INFO] [stderr]    Compiling autocfg v1.1.0
[INFO] [stderr]    Compiling once_cell v1.12.0
[INFO] [stderr]    Compiling log v0.4.17
[INFO] [stderr]    Compiling ppv-lite86 v0.2.16
[INFO] [stderr]    Compiling serde_derive v1.0.137
[INFO] [stderr]    Compiling serde v1.0.137
[INFO] [stderr]    Compiling memchr v2.5.0
[INFO] [stderr]    Compiling getrandom v0.1.16
[INFO] [stderr]    Compiling siphasher v0.3.10
[INFO] [stderr]    Compiling bytes v1.1.0
[INFO] [stderr]    Compiling version_check v0.9.4
[INFO] [stderr]    Compiling num-traits v0.2.15
[INFO] [stderr]    Compiling itoa v1.0.2
[INFO] [stderr]    Compiling typenum v1.15.0
[INFO] [stderr]    Compiling phf_shared v0.8.0
[INFO] [stderr]    Compiling futures-core v0.3.21
[INFO] [stderr]    Compiling rand_core v0.5.1
[INFO] [stderr]    Compiling getrandom v0.2.7
[INFO] [stderr]    Compiling fnv v1.0.7
[INFO] [stderr]    Compiling num-integer v0.1.45
[INFO] [stderr]    Compiling rand_chacha v0.2.2
[INFO] [stderr]    Compiling rand_pcg v0.2.1
[INFO] [stderr]    Compiling cc v1.0.73
[INFO] [stderr]    Compiling pkg-config v0.3.25
[INFO] [stderr]    Compiling rand v0.7.3
[INFO] [stderr]    Compiling matches v0.1.9
[INFO] [stderr]    Compiling proc-macro-hack v0.5.19
[INFO] [stderr]    Compiling rand_core v0.6.3
[INFO] [stderr]    Compiling smallvec v1.8.0
[INFO] [stderr]    Compiling futures-sink v0.3.21
[INFO] [stderr]    Compiling futures-task v0.3.21
[INFO] [stderr]    Compiling futures-channel v0.3.21
[INFO] [stderr]    Compiling rand_chacha v0.3.1
[INFO] [stderr]    Compiling openssl-sys v0.9.74
[INFO] [stderr]    Compiling phf_generator v0.8.0
[INFO] [stderr]    Compiling num_cpus v1.13.1
[INFO] [stderr]    Compiling mio v0.8.4
[INFO] [stderr]    Compiling socket2 v0.4.4
[INFO] [stderr]    Compiling futures-util v0.3.21
[INFO] [stderr]    Compiling phf_codegen v0.8.0
[INFO] [stderr]    Compiling rand v0.8.5
[INFO] [stderr]    Compiling phf_shared v0.10.0
[INFO] [stderr]    Compiling indexmap v1.9.1
[INFO] [stderr]    Compiling tracing-core v0.1.27
[INFO] [stderr]    Compiling tinyvec_macros v0.1.0
[INFO] [stderr]    Compiling slab v0.4.6
[INFO] [stderr]    Compiling pin-utils v0.1.0
[INFO] [stderr]    Compiling unicode-xid v0.2.3
[INFO] [stderr]    Compiling futures-io v0.3.21
[INFO] [stderr]    Compiling tinyvec v1.6.0
[INFO] [stderr]    Compiling lock_api v0.4.7
[INFO] [stderr]    Compiling num-bigint v0.2.6
[INFO] [stderr]    Compiling hashbrown v0.12.1
[INFO] [stderr]    Compiling either v1.6.1
[INFO] [stderr]    Compiling percent-encoding v2.1.0
[INFO] [stderr]    Compiling protobuf v2.27.1
[INFO] [stderr]    Compiling foreign-types-shared v0.1.1
[INFO] [stderr]    Compiling openssl v0.10.40
[INFO] [stderr]    Compiling parking_lot_core v0.9.3
[INFO] [stderr]    Compiling foreign-types v0.3.2
[INFO] [stderr]    Compiling phf_generator v0.10.0
[INFO] [stderr]    Compiling generic-array v0.12.4
[INFO] [stderr]    Compiling http v0.2.8
[INFO] [stderr]    Compiling aho-corasick v0.7.18
[INFO] [stderr]    Compiling generic-array v0.14.5
[INFO] [stderr]    Compiling num-iter v0.1.43
[INFO] [stderr]    Compiling unicode-normalization v0.1.19
[INFO] [stderr]    Compiling unicode-bidi v0.3.8
[INFO] [stderr]    Compiling scopeguard v1.1.0
[INFO] [stderr]    Compiling ryu v1.0.10
[INFO] [stderr]    Compiling remove_dir_all v0.5.3
[INFO] [stderr]    Compiling regex-syntax v0.6.26
[INFO] [stderr]    Compiling serde_json v1.0.81
[INFO] [stderr]    Compiling strsim v0.10.0
[INFO] [stderr]    Compiling time-macros v0.2.4
[INFO] [stderr]    Compiling fastrand v1.7.0
[INFO] [stderr]    Compiling spin v0.5.2
[INFO] [stderr]    Compiling num_threads v0.1.6
[INFO] [stderr]    Compiling native-tls v0.2.10
[INFO] [stderr]    Compiling httparse v1.7.1
[INFO] [stderr]    Compiling lazy_static v1.4.0
[INFO] [stderr]    Compiling tempfile v3.3.0
[INFO] [stderr]    Compiling synstructure v0.12.6
[INFO] [stderr]    Compiling idna v0.2.3
[INFO] [stderr]    Compiling string_cache_codegen v0.5.2
[INFO] [stderr]    Compiling form_urlencoded v1.0.1
[INFO] [stderr]    Compiling regex v1.5.6
[INFO] [stderr]    Compiling which v4.2.5
[INFO] [stderr]    Compiling cookie v0.16.0
[INFO] [stderr]    Compiling mac v0.1.1
[INFO] [stderr]    Compiling ident_case v1.0.1
[INFO] [stderr]    Compiling openssl-probe v0.1.5
[INFO] [stderr]    Compiling try-lock v0.2.3
[INFO] [stderr]    Compiling time v0.3.11
[INFO] [stderr]    Compiling darling_core v0.13.4
[INFO] [stderr]    Compiling want v0.3.0
[INFO] [stderr]    Compiling futf v0.1.5
[INFO] [stderr]    Compiling protoc v2.27.1
[INFO] [stderr]    Compiling markup5ever v0.10.1
[INFO] [stderr]    Compiling parking_lot v0.12.1
[INFO] [stderr]    Compiling http-body v0.4.5
[INFO] [stderr]    Compiling num-complex v0.2.4
[INFO] [stderr]    Compiling num-rational v0.2.4
[INFO] [stderr]    Compiling autocfg v0.1.8
[INFO] [stderr]    Compiling utf-8 v0.7.6
[INFO] [stderr]    Compiling encoding_rs v0.8.31
[INFO] [stderr]    Compiling byte-tools v0.3.1
[INFO] [stderr]    Compiling libm v0.2.2
[INFO] [stderr]    Compiling tokio-macros v1.8.0
[INFO] [stderr]    Compiling futures-macro v0.3.21
[INFO] [stderr]    Compiling tracing-attributes v0.1.21
[INFO] [stderr]    Compiling openssl-macros v0.1.0
[INFO] [stderr]    Compiling phf_macros v0.8.0
[INFO] [stderr]    Compiling tokio v1.19.2
[INFO] [stderr]    Compiling zeroize_derive v1.3.2
[INFO] [stderr]    Compiling phf v0.8.0
[INFO] [stderr]    Compiling cssparser v0.27.2
[INFO] [stderr]    Compiling tower-service v0.3.2
[INFO] [stderr]    Compiling hashbrown v0.11.2
[INFO] [stderr]    Compiling psl-types v2.0.10
[INFO] [stderr]    Compiling httpdate v1.0.2
[INFO] [stderr]    Compiling tracing v0.1.35
[INFO] [stderr]    Compiling unicode-width v0.1.9
[INFO] [stderr]    Compiling base64 v0.13.0
[INFO] [stderr]    Compiling dtoa-short v0.3.3
[INFO] [stderr]    Compiling publicsuffix v2.1.1
[INFO] [stderr]    Compiling zeroize v1.5.5
[INFO] [stderr]    Compiling darling_macro v0.13.4
[INFO] [stderr]    Compiling tendril v0.4.3
[INFO] [stderr]    Compiling block-padding v0.1.5
[INFO] [stderr]    Compiling html5ever v0.25.2
[INFO] [stderr]    Compiling pin-project-internal v1.0.10
[INFO] [stderr]    Compiling cssparser-macros v0.6.0
[INFO] [stderr]    Compiling num-bigint-dig v0.6.1
[INFO] [stderr]    Compiling url v2.2.2
[INFO] [stderr]    Compiling digest v0.8.1
[INFO] [stderr]    Compiling selectors v0.22.0
[INFO] [stderr]    Compiling time v0.1.44
[INFO] [stderr]    Compiling tokio-util v0.7.3
[INFO] [stderr]    Compiling tokio-native-tls v0.3.0
[INFO] [stderr]    Compiling stable_deref_trait v1.2.0
[INFO] [stderr]    Compiling subtle v1.0.0
[INFO] [stderr]    Compiling nodrop v0.1.14
[INFO] [stderr]    Compiling itoa v0.4.8
[INFO] [stderr]    Compiling convert_case v0.4.0
[INFO] [stderr]    Compiling crypto-mac v0.7.0
[INFO] [stderr]    Compiling h2 v0.3.13
[INFO] [stderr]    Compiling servo_arc v0.1.1
[INFO] [stderr]    Compiling chrono v0.4.19
[INFO] [stderr]    Compiling pin-project v1.0.10
[INFO] [stderr]    Compiling derive_more v0.99.17
[INFO] [stderr]    Compiling darling v0.13.4
[INFO] [stderr]    Compiling block-buffer v0.7.3
[INFO] [stderr]    Compiling enum_dispatch v0.3.8
[INFO] [stderr]    Compiling thiserror-impl v1.0.31
[INFO] [stderr]    Compiling serde_repr v0.1.8
[INFO] [stderr]    Compiling string_cache v0.8.4
[INFO] [stderr]    Compiling hyper v0.14.19
[INFO] [stderr]    Compiling serde_urlencoded v0.7.1
[INFO] [stderr]    Compiling cookie_store v0.16.1
[INFO] [stderr]    Compiling bincode v1.3.3
[INFO] [stderr]    Compiling num-derive v0.3.3
[INFO] [stderr]    Compiling derive-new v0.5.9
[INFO] [stderr]    Compiling steam-language-gen-derive v0.1.2
[INFO] [stderr]    Compiling block-buffer v0.9.0
[INFO] [stderr]    Compiling digest v0.9.0
[INFO] [stderr]    Compiling fxhash v0.2.1
[INFO] [stderr]    Compiling cookie-hashed-domain v0.16.0-rc.1
[INFO] [stderr]    Compiling terminal_size v0.1.17
[INFO] [stderr]    Compiling fake-simd v0.1.2
[INFO] [stderr]    Compiling os_str_bytes v6.1.0
[INFO] [stderr]    Compiling cpufeatures v0.2.2
[INFO] [stderr]    Compiling opaque-debug v0.2.3
[INFO] [stderr]    Compiling anyhow v1.0.58
[INFO] [stderr]    Compiling ipnet v2.5.0
[INFO] [stderr]    Compiling opaque-debug v0.3.0
[INFO] [stderr]    Compiling mime v0.3.16
[INFO] [stderr]    Compiling hyper-tls v0.5.0
[INFO] [stderr]    Compiling radium v0.3.0
[INFO] [stderr]    Compiling unicode-segmentation v1.9.0
[INFO] [stderr]    Compiling thin-slice v0.1.1
[INFO] [stderr]    Compiling arrayref v0.3.6
[INFO] [stderr]    Compiling bitvec v0.17.4
[INFO] [stderr]    Compiling reqwest v0.11.11
[INFO] [stderr]    Compiling heck v0.3.3
[INFO] [stderr]    Compiling sha2 v0.9.9
[INFO] [stderr]    Compiling clap_lex v0.2.3
[INFO] [stderr]    Compiling sha-1 v0.8.2
[INFO] [stderr]    Compiling console v0.15.0
[INFO] [stderr]    Compiling thiserror v1.0.31
[INFO] [stderr]    Compiling simple_asn1 v0.4.1
[INFO] [stderr]    Compiling serde_with_macros v1.5.2
[INFO] [stderr]    Compiling num v0.2.1
[INFO] [stderr]    Compiling hmac v0.7.1
[INFO] [stderr]    Compiling futures-executor v0.3.21
[INFO] [stderr]    Compiling pem v0.8.3
[INFO] [stderr]    Compiling getopts v0.2.21
[INFO] [stderr]    Compiling const_format_proc_macros v0.2.22
[INFO] [stderr]    Compiling atty v0.2.14
[INFO] [stderr]    Compiling instant v0.1.12
[INFO] [stderr]    Compiling hex v0.4.3
[INFO] [stderr]    Compiling textwrap v0.15.0
[INFO] [stderr]    Compiling protobuf-codegen v2.27.1
[INFO] [stderr]    Compiling base64 v0.12.3
[INFO] [stderr]    Compiling subtle v2.4.1
[INFO] [stderr]    Compiling ego-tree v0.6.2
[INFO] [stderr]    Compiling termcolor v1.1.3
[INFO] [stderr]    Compiling steam-totp v0.2.2
[INFO] [stderr]    Compiling scraper v0.12.0
[INFO] [stderr]    Compiling const_format v0.2.25
[INFO] [stderr]    Compiling clap v3.2.6
[INFO] [stderr]    Compiling rsa v0.3.0
[INFO] [stderr]    Compiling protoc-rust v2.27.1
[INFO] [stderr]    Compiling serde_with v1.14.0
[INFO] [stderr]    Compiling steam-protobuf v0.1.2
[INFO] [stderr]    Compiling backoff v0.3.0
[INFO] [stderr]    Compiling futures v0.3.21
[INFO] [stderr]    Compiling dialoguer v0.10.1
[INFO] [stderr]    Compiling strum_macros v0.21.1
[INFO] [stderr]    Compiling tracing-futures v0.2.5
[INFO] [stderr]    Compiling uuid v1.1.2
[INFO] [stderr]    Compiling strum v0.21.0
[INFO] [stderr]    Compiling futures-timer v3.0.2
[INFO] [stderr]    Compiling steam-language-gen v0.1.2
[INFO] [stderr]    Compiling steamid-parser v0.2.1
[INFO] [stderr]    Compiling steam-mobile v0.3.1 (/opt/rustwide/workdir)
[INFO] [stdout] warning: unused import: `std::io::Read`
[INFO] [stdout]   --> src/lib.rs:18:5
[INFO] [stdout]    |
[INFO] [stdout] 18 | use std::io::Read;
[INFO] [stdout]    |     ^^^^^^^^^^^^^
[INFO] [stdout]    |
[INFO] [stdout]    = note: `#[warn(unused_imports)]` on by default
[INFO] [stdout] 
[INFO] [stdout] 
[INFO] [stdout] warning: missing documentation for a module
[INFO] [stdout]   --> src/lib.rs:35:1
[INFO] [stdout]    |
[INFO] [stdout] 35 | pub mod client;
[INFO] [stdout]    | ^^^^^^^^^^^^^^
[INFO] [stdout]    |
[INFO] [stdout] note: the lint level is defined here
[INFO] [stdout]   --> src/lib.rs:5:9
[INFO] [stdout]    |
[INFO] [stdout] 5  | #![warn(missing_docs, missing_doc_code_examples)]
[INFO] [stdout]    |         ^^^^^^^^^^^^
[INFO] [stdout] 
[INFO] [stdout] 
[INFO] [stdout] warning: missing documentation for a method
[INFO] [stdout]    --> src/client.rs:185:5
[INFO] [stdout]     |
[INFO] [stdout] 185 |     pub async fn remove_authenticator(&self) {
[INFO] [stdout]     |     ^^^^^^^^^^^^^^^^^^^^^^^^^^^^^^^^^^^^^^^^
[INFO] [stdout] 
[INFO] [stdout] 
[INFO] [stdout] warning: missing documentation for a method
[INFO] [stdout]    --> src/client.rs:260:5
[INFO] [stdout]     |
[INFO] [stdout] 260 |     pub fn dump_cookie(&self, steam_domain_host: &str, steam_cookie_name: &str) -> Option<String> {
[INFO] [stdout]     |     ^^^^^^^^^^^^^^^^^^^^^^^^^^^^^^^^^^^^^^^^^^^^^^^^^^^^^^^^^^^^^^^^^^^^^^^^^^^^^^^^^^^^^^^^^^^^^
[INFO] [stdout] 
[INFO] [stdout] 
[INFO] [stdout] warning: missing documentation for a struct
[INFO] [stdout]    --> src/client.rs:267:1
[INFO] [stdout]     |
[INFO] [stdout] 267 | pub struct MobileClient {
[INFO] [stdout]     | ^^^^^^^^^^^^^^^^^^^^^^^
[INFO] [stdout] 
[INFO] [stdout] 
[INFO] [stdout] warning: missing documentation for a module
[INFO] [stdout]   --> src/lib.rs:36:1
[INFO] [stdout]    |
[INFO] [stdout] 36 | pub mod errors;
[INFO] [stdout]    | ^^^^^^^^^^^^^^
[INFO] [stdout] 
[INFO] [stdout] 
[INFO] [stdout] warning: missing documentation for a variant
[INFO] [stdout]   --> src/errors.rs:14:5
[INFO] [stdout]    |
[INFO] [stdout] 14 |     AuthenticatorError(#[from] LinkerError),
[INFO] [stdout]    |     ^^^^^^^^^^^^^^^^^^
[INFO] [stdout] 
[INFO] [stdout] 
[INFO] [stdout] warning: missing documentation for a variant
[INFO] [stdout]   --> src/errors.rs:16:5
[INFO] [stdout]    |
[INFO] [stdout] 16 |     ApiKeyError(#[from] ApiKeyError),
[INFO] [stdout]    |     ^^^^^^^^^^^
[INFO] [stdout] 
[INFO] [stdout] 
[INFO] [stdout] warning: missing documentation for a variant
[INFO] [stdout]   --> src/errors.rs:18:5
[INFO] [stdout]    |
[INFO] [stdout] 18 |     Login(#[from] LoginError),
[INFO] [stdout]    |     ^^^^^
[INFO] [stdout] 
[INFO] [stdout] 
[INFO] [stdout] warning: missing documentation for a variant
[INFO] [stdout]   --> src/errors.rs:20:5
[INFO] [stdout]    |
[INFO] [stdout] 20 |     MobileAuthFile(#[from] MobileAuthFileError),
[INFO] [stdout]    |     ^^^^^^^^^^^^^^
[INFO] [stdout] 
[INFO] [stdout] 
[INFO] [stdout] warning: missing documentation for a variant
[INFO] [stdout]   --> src/errors.rs:22:5
[INFO] [stdout]    |
[INFO] [stdout] 22 |     HttpError(#[from] reqwest::Error),
[INFO] [stdout]    |     ^^^^^^^^^
[INFO] [stdout] 
[INFO] [stdout] 
[INFO] [stdout] warning: missing documentation for a variant
[INFO] [stdout]   --> src/errors.rs:30:5
[INFO] [stdout]    |
[INFO] [stdout] 30 |     GeneralError(String),
[INFO] [stdout]    |     ^^^^^^^^^^^^
[INFO] [stdout] 
[INFO] [stdout] 
[INFO] [stdout] warning: missing documentation for a variant
[INFO] [stdout]   --> src/errors.rs:32:5
[INFO] [stdout]    |
[INFO] [stdout] 32 |     AccessDenied,
[INFO] [stdout]    |     ^^^^^^^^^^^^
[INFO] [stdout] 
[INFO] [stdout] 
[INFO] [stdout] warning: missing documentation for a variant
[INFO] [stdout]   --> src/errors.rs:34:5
[INFO] [stdout]    |
[INFO] [stdout] 34 |     NotRegistered,
[INFO] [stdout]    |     ^^^^^^^^^^^^^
[INFO] [stdout] 
[INFO] [stdout] 
[INFO] [stdout] warning: missing documentation for a variant
[INFO] [stdout]   --> src/errors.rs:37:5
[INFO] [stdout]    |
[INFO] [stdout] 37 |     NotCached,
[INFO] [stdout]    |     ^^^^^^^^^
[INFO] [stdout] 
[INFO] [stdout] 
[INFO] [stdout] warning: missing documentation for a variant
[INFO] [stdout]   --> src/errors.rs:39:5
[INFO] [stdout]    |
[INFO] [stdout] 39 |     HttpError(#[from] reqwest::Error),
[INFO] [stdout]    |     ^^^^^^^^^
[INFO] [stdout] 
[INFO] [stdout] 
[INFO] [stdout] warning: missing documentation for an enum
[INFO] [stdout]   --> src/errors.rs:43:1
[INFO] [stdout]    |
[INFO] [stdout] 43 | pub enum LoginError {
[INFO] [stdout]    | ^^^^^^^^^^^^^^^^^^^
[INFO] [stdout] 
[INFO] [stdout] 
[INFO] [stdout] warning: missing documentation for a variant
[INFO] [stdout]   --> src/errors.rs:45:5
[INFO] [stdout]    |
[INFO] [stdout] 45 |     GeneralFailure(String),
[INFO] [stdout]    |     ^^^^^^^^^^^^^^
[INFO] [stdout] 
[INFO] [stdout] 
[INFO] [stdout] warning: missing documentation for a variant
[INFO] [stdout]   --> src/errors.rs:47:5
[INFO] [stdout]    |
[INFO] [stdout] 47 |     NeedSteamID,
[INFO] [stdout]    |     ^^^^^^^^^^^
[INFO] [stdout] 
[INFO] [stdout] 
[INFO] [stdout] warning: missing documentation for a variant
[INFO] [stdout]   --> src/errors.rs:49:5
[INFO] [stdout]    |
[INFO] [stdout] 49 |     ParentalUnlock(String),
[INFO] [stdout]    |     ^^^^^^^^^^^^^^
[INFO] [stdout] 
[INFO] [stdout] 
[INFO] [stdout] warning: missing documentation for a variant
[INFO] [stdout]   --> src/errors.rs:51:5
[INFO] [stdout]    |
[INFO] [stdout] 51 |     IncorrectCredentials,
[INFO] [stdout]    |     ^^^^^^^^^^^^^^^^^^^^
[INFO] [stdout] 
[INFO] [stdout] 
[INFO] [stdout] warning: missing documentation for a variant
[INFO] [stdout]   --> src/errors.rs:54:5
[INFO] [stdout]    |
[INFO] [stdout] 54 |     CaptchaRequired { captcha_guid: String },
[INFO] [stdout]    |     ^^^^^^^^^^^^^^^
[INFO] [stdout] 
[INFO] [stdout] 
[INFO] [stdout] warning: missing documentation for a struct field
[INFO] [stdout]   --> src/errors.rs:54:23
[INFO] [stdout]    |
[INFO] [stdout] 54 |     CaptchaRequired { captcha_guid: String },
[INFO] [stdout]    |                       ^^^^^^^^^^^^^^^^^^^^
[INFO] [stdout] 
[INFO] [stdout] 
[INFO] [stdout] warning: missing documentation for a variant
[INFO] [stdout]   --> src/errors.rs:57:5
[INFO] [stdout]    |
[INFO] [stdout] 57 |     HttpError(#[from] reqwest::Error),
[INFO] [stdout]    |     ^^^^^^^^^
[INFO] [stdout] 
[INFO] [stdout] 
[INFO] [stdout] warning: missing documentation for a variant
[INFO] [stdout]   --> src/errors.rs:60:5
[INFO] [stdout]    |
[INFO] [stdout] 60 |     TotpError(#[from] steam_totp::error::TotpError),
[INFO] [stdout]    |     ^^^^^^^^^
[INFO] [stdout] 
[INFO] [stdout] 
[INFO] [stdout] warning: missing documentation for a variant
[INFO] [stdout]   --> src/errors.rs:67:5
[INFO] [stdout]    |
[INFO] [stdout] 67 |     GeneralFailure(String),
[INFO] [stdout]    |     ^^^^^^^^^^^^^^
[INFO] [stdout] 
[INFO] [stdout] 
[INFO] [stdout] warning: missing documentation for a variant
[INFO] [stdout]   --> src/errors.rs:74:5
[INFO] [stdout]    |
[INFO] [stdout] 74 |     BadSMSCode,
[INFO] [stdout]    |     ^^^^^^^^^^
[INFO] [stdout] 
[INFO] [stdout] 
[INFO] [stdout] warning: missing documentation for a variant
[INFO] [stdout]   --> src/errors.rs:76:5
[INFO] [stdout]    |
[INFO] [stdout] 76 |     UnableToGenerateCorrectCodes,
[INFO] [stdout]    |     ^^^^^^^^^^^^^^^^^^^^^^^^^^^^
[INFO] [stdout] 
[INFO] [stdout] 
[INFO] [stdout] warning: missing documentation for a variant
[INFO] [stdout]   --> src/errors.rs:79:5
[INFO] [stdout]    |
[INFO] [stdout] 79 |     HttpError(#[from] reqwest::Error),
[INFO] [stdout]    |     ^^^^^^^^^
[INFO] [stdout] 
[INFO] [stdout] 
[INFO] [stdout] warning: missing documentation for a variant
[INFO] [stdout]   --> src/errors.rs:81:5
[INFO] [stdout]    |
[INFO] [stdout] 81 |     TotpError(#[from] steam_totp::error::TotpError),
[INFO] [stdout]    |     ^^^^^^^^^
[INFO] [stdout] 
[INFO] [stdout] 
[INFO] [stdout] warning: missing documentation for a variant
[INFO] [stdout]   --> src/errors.rs:88:5
[INFO] [stdout]    |
[INFO] [stdout] 88 |     DeserializationError(#[from] serde_json::Error),
[INFO] [stdout]    |     ^^^^^^^^^^^^^^^^^^^^
[INFO] [stdout] 
[INFO] [stdout] 
[INFO] [stdout] warning: missing documentation for a variant
[INFO] [stdout]   --> src/errors.rs:91:5
[INFO] [stdout]    |
[INFO] [stdout] 91 |     GeneralFailure(String),
[INFO] [stdout]    |     ^^^^^^^^^^^^^^
[INFO] [stdout] 
[INFO] [stdout] 
[INFO] [stdout] warning: missing documentation for a method
[INFO] [stdout]    --> src/web_handler/confirmation.rs:122:5
[INFO] [stdout]     |
[INFO] [stdout] 122 |     pub fn has_trade_offer_id(&self, trade_offer_id: i64) -> bool {
[INFO] [stdout]     |     ^^^^^^^^^^^^^^^^^^^^^^^^^^^^^^^^^^^^^^^^^^^^^^^^^^^^^^^^^^^^^
[INFO] [stdout] 
[INFO] [stdout] 
[INFO] [stdout] warning: missing documentation for an enum
[INFO] [stdout]   --> src/web_handler/steam_guard_linker/mod.rs:38:1
[INFO] [stdout]    |
[INFO] [stdout] 38 | pub enum AddAuthenticatorStep {
[INFO] [stdout]    | ^^^^^^^^^^^^^^^^^^^^^^^^^^^^^
[INFO] [stdout] 
[INFO] [stdout] 
[INFO] [stdout] warning: missing documentation for a method
[INFO] [stdout]    --> src/lib.rs:180:5
[INFO] [stdout]     |
[INFO] [stdout] 180 |     pub fn ma_file(mut self, ma_file: MobileAuthFile) -> Self {
[INFO] [stdout]     |     ^^^^^^^^^^^^^^^^^^^^^^^^^^^^^^^^^^^^^^^^^^^^^^^^^^^^^^^^^
[INFO] [stdout] 
[INFO] [stdout] 
[INFO] [stdout] warning: missing documentation for an associated function
[INFO] [stdout]    --> src/lib.rs:246:5
[INFO] [stdout]     |
[INFO] [stdout] 246 |     pub fn from_str(string: &str) -> Result<Self, MobileAuthFileError> {
[INFO] [stdout]     |     ^^^^^^^^^^^^^^^^^^^^^^^^^^^^^^^^^^^^^^^^^^^^^^^^^^^^^^^^^^^^^^^^^^
[INFO] [stdout] 
[INFO] [stdout] 
[INFO] [stdout] warning: 36 warnings emitted
[INFO] [stdout] 
[INFO] [stdout] 
[INFO] [stderr]     Finished dev [unoptimized + debuginfo] target(s) in 2m 55s
[INFO] running `Command { std: "docker" "inspect" "1ace25759ad225bc1c3e20433059032ea2c1319a714a357fb9c7983e605815b7", kill_on_drop: false }`
[INFO] running `Command { std: "docker" "rm" "-f" "1ace25759ad225bc1c3e20433059032ea2c1319a714a357fb9c7983e605815b7", kill_on_drop: false }`
[INFO] [stdout] 1ace25759ad225bc1c3e20433059032ea2c1319a714a357fb9c7983e605815b7
[INFO] running `Command { std: "docker" "create" "-v" "/var/lib/crater-agent-workspace/builds/worker-1-tc2/target:/opt/rustwide/target:rw,Z" "-v" "/var/lib/crater-agent-workspace/builds/worker-1-tc2/source:/opt/rustwide/workdir:ro,Z" "-v" "/var/lib/crater-agent-workspace/cargo-home:/opt/rustwide/cargo-home:ro,Z" "-v" "/var/lib/crater-agent-workspace/rustup-home:/opt/rustwide/rustup-home:ro,Z" "-e" "SOURCE_DIR=/opt/rustwide/workdir" "-e" "CARGO_TARGET_DIR=/opt/rustwide/target" "-e" "CARGO_INCREMENTAL=0" "-e" "RUST_BACKTRACE=full" "-e" "RUSTFLAGS=--cap-lints=warn" "-e" "RUSTDOCFLAGS=--cap-lints=warn" "-e" "CARGO_HOME=/opt/rustwide/cargo-home" "-e" "RUSTUP_HOME=/opt/rustwide/rustup-home" "-w" "/opt/rustwide/workdir" "-m" "1610612736" "--user" "0:0" "--network" "none" "ghcr.io/rust-lang/crates-build-env/linux@sha256:5ff2268d62e97bff2cde7d5815dd6ed5b47097566f13b8d0ca110b04b60e07ed" "/opt/rustwide/cargo-home/bin/cargo" "+beta-2023-04-20" "test" "--frozen" "--no-run" "--message-format=json", kill_on_drop: false }`
[INFO] [stdout] 3971ce2c5ab39b00001fb346adf2311a4706b845be4052337c336656b72ed12a
[INFO] running `Command { std: "docker" "start" "-a" "3971ce2c5ab39b00001fb346adf2311a4706b845be4052337c336656b72ed12a", kill_on_drop: false }`
[INFO] [stderr]    Compiling regex-automata v0.1.10
[INFO] [stderr]    Compiling tracing-log v0.1.3
[INFO] [stderr]    Compiling sharded-slab v0.1.4
[INFO] [stderr]    Compiling tracing-serde v0.1.3
[INFO] [stderr]    Compiling thread_local v1.1.4
[INFO] [stderr]    Compiling ansi_term v0.12.1
[INFO] [stdout] warning: unused import: `std::io::Read`
[INFO] [stdout]   --> src/lib.rs:18:5
[INFO] [stdout]    |
[INFO] [stdout] 18 | use std::io::Read;
[INFO] [stdout]    |     ^^^^^^^^^^^^^
[INFO] [stdout]    |
[INFO] [stdout]    = note: `#[warn(unused_imports)]` on by default
[INFO] [stdout] 
[INFO] [stdout] 
[INFO] [stdout] warning: missing documentation for a module
[INFO] [stdout]   --> src/lib.rs:35:1
[INFO] [stdout]    |
[INFO] [stdout] 35 | pub mod client;
[INFO] [stdout]    | ^^^^^^^^^^^^^^
[INFO] [stdout]    |
[INFO] [stdout] note: the lint level is defined here
[INFO] [stdout]   --> src/lib.rs:5:9
[INFO] [stdout]    |
[INFO] [stdout] 5  | #![warn(missing_docs, missing_doc_code_examples)]
[INFO] [stdout]    |         ^^^^^^^^^^^^
[INFO] [stdout] 
[INFO] [stdout] 
[INFO] [stdout] warning: missing documentation for a method
[INFO] [stdout]    --> src/client.rs:185:5
[INFO] [stdout]     |
[INFO] [stdout] 185 |     pub async fn remove_authenticator(&self) {
[INFO] [stdout]     |     ^^^^^^^^^^^^^^^^^^^^^^^^^^^^^^^^^^^^^^^^
[INFO] [stdout] 
[INFO] [stdout] 
[INFO] [stdout] warning: missing documentation for a method
[INFO] [stdout]    --> src/client.rs:260:5
[INFO] [stdout]     |
[INFO] [stdout] 260 |     pub fn dump_cookie(&self, steam_domain_host: &str, steam_cookie_name: &str) -> Option<String> {
[INFO] [stdout]     |     ^^^^^^^^^^^^^^^^^^^^^^^^^^^^^^^^^^^^^^^^^^^^^^^^^^^^^^^^^^^^^^^^^^^^^^^^^^^^^^^^^^^^^^^^^^^^^
[INFO] [stdout] 
[INFO] [stdout] 
[INFO] [stdout] warning: missing documentation for a struct
[INFO] [stdout]    --> src/client.rs:267:1
[INFO] [stdout]     |
[INFO] [stdout] 267 | pub struct MobileClient {
[INFO] [stdout]     | ^^^^^^^^^^^^^^^^^^^^^^^
[INFO] [stdout] 
[INFO] [stdout] 
[INFO] [stdout] warning: missing documentation for a module
[INFO] [stdout]   --> src/lib.rs:36:1
[INFO] [stdout]    |
[INFO] [stdout] 36 | pub mod errors;
[INFO] [stdout]    | ^^^^^^^^^^^^^^
[INFO] [stdout] 
[INFO] [stdout] 
[INFO] [stdout] warning: missing documentation for a variant
[INFO] [stdout]   --> src/errors.rs:14:5
[INFO] [stdout]    |
[INFO] [stdout] 14 |     AuthenticatorError(#[from] LinkerError),
[INFO] [stdout]    |     ^^^^^^^^^^^^^^^^^^
[INFO] [stdout] 
[INFO] [stdout] 
[INFO] [stdout] warning: missing documentation for a variant
[INFO] [stdout]   --> src/errors.rs:16:5
[INFO] [stdout]    |
[INFO] [stdout] 16 |     ApiKeyError(#[from] ApiKeyError),
[INFO] [stdout]    |     ^^^^^^^^^^^
[INFO] [stdout] 
[INFO] [stdout] 
[INFO] [stdout] warning: missing documentation for a variant
[INFO] [stdout]   --> src/errors.rs:18:5
[INFO] [stdout]    |
[INFO] [stdout] 18 |     Login(#[from] LoginError),
[INFO] [stdout]    |     ^^^^^
[INFO] [stdout] 
[INFO] [stdout] 
[INFO] [stdout] warning: missing documentation for a variant
[INFO] [stdout]   --> src/errors.rs:20:5
[INFO] [stdout]    |
[INFO] [stdout] 20 |     MobileAuthFile(#[from] MobileAuthFileError),
[INFO] [stdout]    |     ^^^^^^^^^^^^^^
[INFO] [stdout] 
[INFO] [stdout] 
[INFO] [stdout] warning: missing documentation for a variant
[INFO] [stdout]   --> src/errors.rs:22:5
[INFO] [stdout]    |
[INFO] [stdout] 22 |     HttpError(#[from] reqwest::Error),
[INFO] [stdout]    |     ^^^^^^^^^
[INFO] [stdout] 
[INFO] [stdout] 
[INFO] [stdout] warning: missing documentation for a variant
[INFO] [stdout]   --> src/errors.rs:30:5
[INFO] [stdout]    |
[INFO] [stdout] 30 |     GeneralError(String),
[INFO] [stdout]    |     ^^^^^^^^^^^^
[INFO] [stdout] 
[INFO] [stdout] 
[INFO] [stdout] warning: missing documentation for a variant
[INFO] [stdout]   --> src/errors.rs:32:5
[INFO] [stdout]    |
[INFO] [stdout] 32 |     AccessDenied,
[INFO] [stdout]    |     ^^^^^^^^^^^^
[INFO] [stdout] 
[INFO] [stdout] 
[INFO] [stdout] warning: missing documentation for a variant
[INFO] [stdout]   --> src/errors.rs:34:5
[INFO] [stdout]    |
[INFO] [stdout] 34 |     NotRegistered,
[INFO] [stdout]    |     ^^^^^^^^^^^^^
[INFO] [stdout] 
[INFO] [stdout] 
[INFO] [stdout] warning: missing documentation for a variant
[INFO] [stdout]   --> src/errors.rs:37:5
[INFO] [stdout]    |
[INFO] [stdout] 37 |     NotCached,
[INFO] [stdout]    |     ^^^^^^^^^
[INFO] [stdout] 
[INFO] [stdout] 
[INFO] [stdout] warning: missing documentation for a variant
[INFO] [stdout]   --> src/errors.rs:39:5
[INFO] [stdout]    |
[INFO] [stdout] 39 |     HttpError(#[from] reqwest::Error),
[INFO] [stdout]    |     ^^^^^^^^^
[INFO] [stdout] 
[INFO] [stdout] 
[INFO] [stdout] warning: missing documentation for an enum
[INFO] [stdout]   --> src/errors.rs:43:1
[INFO] [stdout]    |
[INFO] [stdout] 43 | pub enum LoginError {
[INFO] [stdout]    | ^^^^^^^^^^^^^^^^^^^
[INFO] [stdout] 
[INFO] [stdout] 
[INFO] [stdout] warning: missing documentation for a variant
[INFO] [stdout]   --> src/errors.rs:45:5
[INFO] [stdout]    |
[INFO] [stdout] 45 |     GeneralFailure(String),
[INFO] [stdout]    |     ^^^^^^^^^^^^^^
[INFO] [stdout] 
[INFO] [stdout] 
[INFO] [stdout] warning: missing documentation for a variant
[INFO] [stdout]   --> src/errors.rs:47:5
[INFO] [stdout]    |
[INFO] [stdout] 47 |     NeedSteamID,
[INFO] [stdout]    |     ^^^^^^^^^^^
[INFO] [stdout] 
[INFO] [stdout] 
[INFO] [stdout] warning: missing documentation for a variant
[INFO] [stdout]   --> src/errors.rs:49:5
[INFO] [stdout]    |
[INFO] [stdout] 49 |     ParentalUnlock(String),
[INFO] [stdout]    |     ^^^^^^^^^^^^^^
[INFO] [stdout] 
[INFO] [stdout] 
[INFO] [stdout] warning: missing documentation for a variant
[INFO] [stdout]   --> src/errors.rs:51:5
[INFO] [stdout]    |
[INFO] [stdout] 51 |     IncorrectCredentials,
[INFO] [stdout]    |     ^^^^^^^^^^^^^^^^^^^^
[INFO] [stdout] 
[INFO] [stdout] 
[INFO] [stdout] warning: missing documentation for a variant
[INFO] [stdout]   --> src/errors.rs:54:5
[INFO] [stdout]    |
[INFO] [stdout] 54 |     CaptchaRequired { captcha_guid: String },
[INFO] [stdout]    |     ^^^^^^^^^^^^^^^
[INFO] [stdout] 
[INFO] [stdout] 
[INFO] [stdout] warning: missing documentation for a struct field
[INFO] [stdout]   --> src/errors.rs:54:23
[INFO] [stdout]    |
[INFO] [stdout] 54 |     CaptchaRequired { captcha_guid: String },
[INFO] [stdout]    |                       ^^^^^^^^^^^^^^^^^^^^
[INFO] [stdout] 
[INFO] [stdout] 
[INFO] [stdout] warning: missing documentation for a variant
[INFO] [stdout]   --> src/errors.rs:57:5
[INFO] [stdout]    |
[INFO] [stdout] 57 |     HttpError(#[from] reqwest::Error),
[INFO] [stdout]    |     ^^^^^^^^^
[INFO] [stdout] 
[INFO] [stdout] 
[INFO] [stdout] warning: missing documentation for a variant
[INFO] [stdout]   --> src/errors.rs:60:5
[INFO] [stdout]    |
[INFO] [stdout] 60 |     TotpError(#[from] steam_totp::error::TotpError),
[INFO] [stdout]    |     ^^^^^^^^^
[INFO] [stdout] 
[INFO] [stdout] 
[INFO] [stdout] warning: missing documentation for a variant
[INFO] [stdout]   --> src/errors.rs:67:5
[INFO] [stdout]    |
[INFO] [stdout] 67 |     GeneralFailure(String),
[INFO] [stdout]    |     ^^^^^^^^^^^^^^
[INFO] [stdout] 
[INFO] [stdout] 
[INFO] [stdout] warning: missing documentation for a variant
[INFO] [stdout]   --> src/errors.rs:74:5
[INFO] [stdout]    |
[INFO] [stdout] 74 |     BadSMSCode,
[INFO] [stdout]    |     ^^^^^^^^^^
[INFO] [stdout] 
[INFO] [stdout] 
[INFO] [stdout] warning: missing documentation for a variant
[INFO] [stdout]   --> src/errors.rs:76:5
[INFO] [stdout]    |
[INFO] [stdout] 76 |     UnableToGenerateCorrectCodes,
[INFO] [stdout]    |     ^^^^^^^^^^^^^^^^^^^^^^^^^^^^
[INFO] [stdout] 
[INFO] [stdout] 
[INFO] [stdout] warning: missing documentation for a variant
[INFO] [stdout]   --> src/errors.rs:79:5
[INFO] [stdout]    |
[INFO] [stdout] 79 |     HttpError(#[from] reqwest::Error),
[INFO] [stdout]    |     ^^^^^^^^^
[INFO] [stdout] 
[INFO] [stdout] 
[INFO] [stdout] warning: missing documentation for a variant
[INFO] [stdout]   --> src/errors.rs:81:5
[INFO] [stdout]    |
[INFO] [stdout] 81 |     TotpError(#[from] steam_totp::error::TotpError),
[INFO] [stdout]    |     ^^^^^^^^^
[INFO] [stdout] 
[INFO] [stdout] 
[INFO] [stdout] warning: missing documentation for a variant
[INFO] [stdout]   --> src/errors.rs:88:5
[INFO] [stdout]    |
[INFO] [stdout] 88 |     DeserializationError(#[from] serde_json::Error),
[INFO] [stdout]    |     ^^^^^^^^^^^^^^^^^^^^
[INFO] [stdout] 
[INFO] [stdout] 
[INFO] [stdout] warning: missing documentation for a variant
[INFO] [stdout]   --> src/errors.rs:91:5
[INFO] [stdout]    |
[INFO] [stdout] 91 |     GeneralFailure(String),
[INFO] [stdout]    |     ^^^^^^^^^^^^^^
[INFO] [stdout] 
[INFO] [stdout] 
[INFO] [stdout] warning: missing documentation for a method
[INFO] [stdout]    --> src/web_handler/confirmation.rs:122:5
[INFO] [stdout]     |
[INFO] [stdout] 122 |     pub fn has_trade_offer_id(&self, trade_offer_id: i64) -> bool {
[INFO] [stdout]     |     ^^^^^^^^^^^^^^^^^^^^^^^^^^^^^^^^^^^^^^^^^^^^^^^^^^^^^^^^^^^^^
[INFO] [stdout] 
[INFO] [stdout] 
[INFO] [stdout] warning: missing documentation for an enum
[INFO] [stdout]   --> src/web_handler/steam_guard_linker/mod.rs:38:1
[INFO] [stdout]    |
[INFO] [stdout] 38 | pub enum AddAuthenticatorStep {
[INFO] [stdout]    | ^^^^^^^^^^^^^^^^^^^^^^^^^^^^^
[INFO] [stdout] 
[INFO] [stdout] 
[INFO] [stdout] warning: missing documentation for a method
[INFO] [stdout]    --> src/lib.rs:180:5
[INFO] [stdout]     |
[INFO] [stdout] 180 |     pub fn ma_file(mut self, ma_file: MobileAuthFile) -> Self {
[INFO] [stdout]     |     ^^^^^^^^^^^^^^^^^^^^^^^^^^^^^^^^^^^^^^^^^^^^^^^^^^^^^^^^^
[INFO] [stdout] 
[INFO] [stdout] 
[INFO] [stdout] warning: missing documentation for an associated function
[INFO] [stdout]    --> src/lib.rs:246:5
[INFO] [stdout]     |
[INFO] [stdout] 246 |     pub fn from_str(string: &str) -> Result<Self, MobileAuthFileError> {
[INFO] [stdout]     |     ^^^^^^^^^^^^^^^^^^^^^^^^^^^^^^^^^^^^^^^^^^^^^^^^^^^^^^^^^^^^^^^^^^
[INFO] [stdout] 
[INFO] [stdout] 
[INFO] [stdout] warning: 36 warnings emitted
[INFO] [stdout] 
[INFO] [stdout] 
[INFO] [stderr]    Compiling matchers v0.0.1
[INFO] [stderr]    Compiling tracing-subscriber v0.2.25
[INFO] [stderr]    Compiling steam-mobile v0.3.1 (/opt/rustwide/workdir)
[INFO] [stdout] warning: unused import: `std::io::Read`
[INFO] [stdout]   --> src/lib.rs:18:5
[INFO] [stdout]    |
[INFO] [stdout] 18 | use std::io::Read;
[INFO] [stdout]    |     ^^^^^^^^^^^^^
[INFO] [stdout]    |
[INFO] [stdout]    = note: `#[warn(unused_imports)]` on by default
[INFO] [stdout] 
[INFO] [stdout] 
[INFO] [stdout] warning: 1 warning emitted
[INFO] [stdout] 
[INFO] [stdout] 
[INFO] [stderr]     Finished test [unoptimized + debuginfo] target(s) in 13.61s
[INFO] running `Command { std: "docker" "inspect" "3971ce2c5ab39b00001fb346adf2311a4706b845be4052337c336656b72ed12a", kill_on_drop: false }`
[INFO] running `Command { std: "docker" "rm" "-f" "3971ce2c5ab39b00001fb346adf2311a4706b845be4052337c336656b72ed12a", kill_on_drop: false }`
[INFO] [stdout] 3971ce2c5ab39b00001fb346adf2311a4706b845be4052337c336656b72ed12a
[INFO] running `Command { std: "docker" "create" "-v" "/var/lib/crater-agent-workspace/builds/worker-1-tc2/target:/opt/rustwide/target:rw,Z" "-v" "/var/lib/crater-agent-workspace/builds/worker-1-tc2/source:/opt/rustwide/workdir:ro,Z" "-v" "/var/lib/crater-agent-workspace/cargo-home:/opt/rustwide/cargo-home:ro,Z" "-v" "/var/lib/crater-agent-workspace/rustup-home:/opt/rustwide/rustup-home:ro,Z" "-e" "SOURCE_DIR=/opt/rustwide/workdir" "-e" "CARGO_TARGET_DIR=/opt/rustwide/target" "-e" "CARGO_INCREMENTAL=0" "-e" "RUST_BACKTRACE=full" "-e" "RUSTFLAGS=--cap-lints=warn" "-e" "RUSTDOCFLAGS=--cap-lints=warn" "-e" "CARGO_HOME=/opt/rustwide/cargo-home" "-e" "RUSTUP_HOME=/opt/rustwide/rustup-home" "-w" "/opt/rustwide/workdir" "-m" "1610612736" "--user" "0:0" "--network" "none" "ghcr.io/rust-lang/crates-build-env/linux@sha256:5ff2268d62e97bff2cde7d5815dd6ed5b47097566f13b8d0ca110b04b60e07ed" "/opt/rustwide/cargo-home/bin/cargo" "+beta-2023-04-20" "test" "--frozen", kill_on_drop: false }`
[INFO] [stdout] 6b0d2cb81c0b8b52334a244e137cc70a03ab4a1be300405c490a5f5ae7b7e796
[INFO] running `Command { std: "docker" "start" "-a" "6b0d2cb81c0b8b52334a244e137cc70a03ab4a1be300405c490a5f5ae7b7e796", kill_on_drop: false }`
[INFO] [stderr] warning: unused import: `std::io::Read`
[INFO] [stderr]   --> src/lib.rs:18:5
[INFO] [stderr]    |
[INFO] [stderr] 18 | use std::io::Read;
[INFO] [stderr]    |     ^^^^^^^^^^^^^
[INFO] [stderr]    |
[INFO] [stderr]    = note: `#[warn(unused_imports)]` on by default
[INFO] [stderr] 
[INFO] [stderr] warning: missing documentation for a module
[INFO] [stderr]   --> src/lib.rs:35:1
[INFO] [stderr]    |
[INFO] [stderr] 35 | pub mod client;
[INFO] [stderr]    | ^^^^^^^^^^^^^^
[INFO] [stderr]    |
[INFO] [stderr] note: the lint level is defined here
[INFO] [stderr]   --> src/lib.rs:5:9
[INFO] [stderr]    |
[INFO] [stderr] 5  | #![warn(missing_docs, missing_doc_code_examples)]
[INFO] [stderr]    |         ^^^^^^^^^^^^
[INFO] [stderr] 
[INFO] [stderr] warning: missing documentation for a method
[INFO] [stderr]    --> src/client.rs:185:5
[INFO] [stderr]     |
[INFO] [stderr] 185 |     pub async fn remove_authenticator(&self) {
[INFO] [stderr]     |     ^^^^^^^^^^^^^^^^^^^^^^^^^^^^^^^^^^^^^^^^
[INFO] [stderr] 
[INFO] [stderr] warning: missing documentation for a method
[INFO] [stderr]    --> src/client.rs:260:5
[INFO] [stderr]     |
[INFO] [stderr] 260 |     pub fn dump_cookie(&self, steam_domain_host: &str, steam_cookie_name: &str) -> Option<String> {
[INFO] [stderr]     |     ^^^^^^^^^^^^^^^^^^^^^^^^^^^^^^^^^^^^^^^^^^^^^^^^^^^^^^^^^^^^^^^^^^^^^^^^^^^^^^^^^^^^^^^^^^^^^
[INFO] [stderr] 
[INFO] [stderr] warning: missing documentation for a struct
[INFO] [stderr]    --> src/client.rs:267:1
[INFO] [stderr]     |
[INFO] [stderr] 267 | pub struct MobileClient {
[INFO] [stderr]     | ^^^^^^^^^^^^^^^^^^^^^^^
[INFO] [stderr] 
[INFO] [stderr] warning: missing documentation for a module
[INFO] [stderr]   --> src/lib.rs:36:1
[INFO] [stderr]    |
[INFO] [stderr] 36 | pub mod errors;
[INFO] [stderr]    | ^^^^^^^^^^^^^^
[INFO] [stderr] 
[INFO] [stderr] warning: missing documentation for a variant
[INFO] [stderr]   --> src/errors.rs:14:5
[INFO] [stderr]    |
[INFO] [stderr] 14 |     AuthenticatorError(#[from] LinkerError),
[INFO] [stderr]    |     ^^^^^^^^^^^^^^^^^^
[INFO] [stderr] 
[INFO] [stderr] warning: missing documentation for a variant
[INFO] [stderr]   --> src/errors.rs:16:5
[INFO] [stderr]    |
[INFO] [stderr] 16 |     ApiKeyError(#[from] ApiKeyError),
[INFO] [stderr]    |     ^^^^^^^^^^^
[INFO] [stderr] 
[INFO] [stderr] warning: missing documentation for a variant
[INFO] [stderr]   --> src/errors.rs:18:5
[INFO] [stderr]    |
[INFO] [stderr] 18 |     Login(#[from] LoginError),
[INFO] [stderr]    |     ^^^^^
[INFO] [stderr] 
[INFO] [stderr] warning: missing documentation for a variant
[INFO] [stderr]   --> src/errors.rs:20:5
[INFO] [stderr]    |
[INFO] [stderr] 20 |     MobileAuthFile(#[from] MobileAuthFileError),
[INFO] [stderr]    |     ^^^^^^^^^^^^^^
[INFO] [stderr] 
[INFO] [stderr] warning: missing documentation for a variant
[INFO] [stderr]   --> src/errors.rs:22:5
[INFO] [stderr]    |
[INFO] [stderr] 22 |     HttpError(#[from] reqwest::Error),
[INFO] [stderr]    |     ^^^^^^^^^
[INFO] [stderr] 
[INFO] [stderr] warning: missing documentation for a variant
[INFO] [stderr]   --> src/errors.rs:30:5
[INFO] [stderr]    |
[INFO] [stderr] 30 |     GeneralError(String),
[INFO] [stderr]    |     ^^^^^^^^^^^^
[INFO] [stderr] 
[INFO] [stderr] warning: missing documentation for a variant
[INFO] [stderr]   --> src/errors.rs:32:5
[INFO] [stderr]    |
[INFO] [stderr] 32 |     AccessDenied,
[INFO] [stderr]    |     ^^^^^^^^^^^^
[INFO] [stderr] 
[INFO] [stderr] warning: missing documentation for a variant
[INFO] [stderr]   --> src/errors.rs:34:5
[INFO] [stderr]    |
[INFO] [stderr] 34 |     NotRegistered,
[INFO] [stderr]    |     ^^^^^^^^^^^^^
[INFO] [stderr] 
[INFO] [stderr] warning: missing documentation for a variant
[INFO] [stderr]   --> src/errors.rs:37:5
[INFO] [stderr]    |
[INFO] [stderr] 37 |     NotCached,
[INFO] [stderr]    |     ^^^^^^^^^
[INFO] [stderr] 
[INFO] [stderr] warning: missing documentation for a variant
[INFO] [stderr]   --> src/errors.rs:39:5
[INFO] [stderr]    |
[INFO] [stderr] 39 |     HttpError(#[from] reqwest::Error),
[INFO] [stderr]    |     ^^^^^^^^^
[INFO] [stderr] 
[INFO] [stderr] warning: missing documentation for an enum
[INFO] [stderr]   --> src/errors.rs:43:1
[INFO] [stderr]    |
[INFO] [stderr] 43 | pub enum LoginError {
[INFO] [stderr]    | ^^^^^^^^^^^^^^^^^^^
[INFO] [stderr] 
[INFO] [stderr] warning: missing documentation for a variant
[INFO] [stderr]   --> src/errors.rs:45:5
[INFO] [stderr]    |
[INFO] [stderr] 45 |     GeneralFailure(String),
[INFO] [stderr]    |     ^^^^^^^^^^^^^^
[INFO] [stderr] 
[INFO] [stderr] warning: missing documentation for a variant
[INFO] [stderr]   --> src/errors.rs:47:5
[INFO] [stderr]    |
[INFO] [stderr] 47 |     NeedSteamID,
[INFO] [stderr]    |     ^^^^^^^^^^^
[INFO] [stderr] 
[INFO] [stderr] warning: missing documentation for a variant
[INFO] [stderr]   --> src/errors.rs:49:5
[INFO] [stderr]    |
[INFO] [stderr] 49 |     ParentalUnlock(String),
[INFO] [stderr]    |     ^^^^^^^^^^^^^^
[INFO] [stderr] 
[INFO] [stderr] warning: missing documentation for a variant
[INFO] [stderr]   --> src/errors.rs:51:5
[INFO] [stderr]    |
[INFO] [stderr] 51 |     IncorrectCredentials,
[INFO] [stderr]    |     ^^^^^^^^^^^^^^^^^^^^
[INFO] [stderr] 
[INFO] [stderr] warning: missing documentation for a variant
[INFO] [stderr]   --> src/errors.rs:54:5
[INFO] [stderr]    |
[INFO] [stderr] 54 |     CaptchaRequired { captcha_guid: String },
[INFO] [stderr]    |     ^^^^^^^^^^^^^^^
[INFO] [stderr] 
[INFO] [stderr] warning: missing documentation for a struct field
[INFO] [stderr]   --> src/errors.rs:54:23
[INFO] [stderr]    |
[INFO] [stderr] 54 |     CaptchaRequired { captcha_guid: String },
[INFO] [stderr]    |                       ^^^^^^^^^^^^^^^^^^^^
[INFO] [stderr] 
[INFO] [stderr] warning: missing documentation for a variant
[INFO] [stderr]   --> src/errors.rs:57:5
[INFO] [stderr]    |
[INFO] [stderr] 57 |     HttpError(#[from] reqwest::Error),
[INFO] [stderr]    |     ^^^^^^^^^
[INFO] [stderr] 
[INFO] [stderr] warning: missing documentation for a variant
[INFO] [stderr]   --> src/errors.rs:60:5
[INFO] [stderr]    |
[INFO] [stderr] 60 |     TotpError(#[from] steam_totp::error::TotpError),
[INFO] [stderr]    |     ^^^^^^^^^
[INFO] [stderr] 
[INFO] [stderr] warning: missing documentation for a variant
[INFO] [stderr]   --> src/errors.rs:67:5
[INFO] [stderr]    |
[INFO] [stderr] 67 |     GeneralFailure(String),
[INFO] [stderr]    |     ^^^^^^^^^^^^^^
[INFO] [stderr] 
[INFO] [stderr] warning: missing documentation for a variant
[INFO] [stderr]   --> src/errors.rs:74:5
[INFO] [stderr]    |
[INFO] [stderr] 74 |     BadSMSCode,
[INFO] [stderr]    |     ^^^^^^^^^^
[INFO] [stderr] 
[INFO] [stderr] warning: missing documentation for a variant
[INFO] [stderr]   --> src/errors.rs:76:5
[INFO] [stderr]    |
[INFO] [stderr] 76 |     UnableToGenerateCorrectCodes,
[INFO] [stderr]    |     ^^^^^^^^^^^^^^^^^^^^^^^^^^^^
[INFO] [stderr] 
[INFO] [stderr] warning: missing documentation for a variant
[INFO] [stderr]   --> src/errors.rs:79:5
[INFO] [stderr]    |
[INFO] [stderr] 79 |     HttpError(#[from] reqwest::Error),
[INFO] [stderr]    |     ^^^^^^^^^
[INFO] [stderr] 
[INFO] [stderr] warning: missing documentation for a variant
[INFO] [stderr]   --> src/errors.rs:81:5
[INFO] [stderr]    |
[INFO] [stderr] 81 |     TotpError(#[from] steam_totp::error::TotpError),
[INFO] [stderr]    |     ^^^^^^^^^
[INFO] [stderr] 
[INFO] [stderr] warning: missing documentation for a variant
[INFO] [stderr]   --> src/errors.rs:88:5
[INFO] [stderr]    |
[INFO] [stderr] 88 |     DeserializationError(#[from] serde_json::Error),
[INFO] [stderr]    |     ^^^^^^^^^^^^^^^^^^^^
[INFO] [stderr] 
[INFO] [stderr] warning: missing documentation for a variant
[INFO] [stderr]   --> src/errors.rs:91:5
[INFO] [stderr]    |
[INFO] [stderr] 91 |     GeneralFailure(String),
[INFO] [stderr]    |     ^^^^^^^^^^^^^^
[INFO] [stderr] 
[INFO] [stderr] warning: missing documentation for a method
[INFO] [stderr]    --> src/web_handler/confirmation.rs:122:5
[INFO] [stderr]     |
[INFO] [stderr] 122 |     pub fn has_trade_offer_id(&self, trade_offer_id: i64) -> bool {
[INFO] [stderr]     |     ^^^^^^^^^^^^^^^^^^^^^^^^^^^^^^^^^^^^^^^^^^^^^^^^^^^^^^^^^^^^^
[INFO] [stderr] 
[INFO] [stderr] warning: missing documentation for an enum
[INFO] [stderr]   --> src/web_handler/steam_guard_linker/mod.rs:38:1
[INFO] [stderr]    |
[INFO] [stderr] 38 | pub enum AddAuthenticatorStep {
[INFO] [stderr]    | ^^^^^^^^^^^^^^^^^^^^^^^^^^^^^
[INFO] [stderr] 
[INFO] [stderr] warning: missing documentation for a method
[INFO] [stderr]    --> src/lib.rs:180:5
[INFO] [stderr]     |
[INFO] [stderr] 180 |     pub fn ma_file(mut self, ma_file: MobileAuthFile) -> Self {
[INFO] [stderr]     |     ^^^^^^^^^^^^^^^^^^^^^^^^^^^^^^^^^^^^^^^^^^^^^^^^^^^^^^^^^
[INFO] [stderr] 
[INFO] [stderr] warning: missing documentation for an associated function
[INFO] [stderr]    --> src/lib.rs:246:5
[INFO] [stderr]     |
[INFO] [stderr] 246 |     pub fn from_str(string: &str) -> Result<Self, MobileAuthFileError> {
[INFO] [stderr]     |     ^^^^^^^^^^^^^^^^^^^^^^^^^^^^^^^^^^^^^^^^^^^^^^^^^^^^^^^^^^^^^^^^^^
[INFO] [stderr] 
[INFO] [stderr] warning: `steam-mobile` (lib) generated 36 warnings (run `cargo fix --lib -p steam-mobile` to apply 1 suggestion)
[INFO] [stderr] warning: `steam-mobile` (lib test) generated 1 warning (1 duplicate)
[INFO] [stderr]     Finished test [unoptimized + debuginfo] target(s) in 0.21s
[INFO] [stderr]      Running unittests src/lib.rs (/opt/rustwide/target/debug/deps/steam_mobile-d5c742ad9ffa29cc)
[INFO] [stdout] 
[INFO] [stdout] running 8 tests
[INFO] [stdout] test page_scraper::tests::test_empty_confirmation ... ok
[INFO] [stdout] test page_scraper::tests::test_multi_confirmation ... ok
[INFO] [stdout] test web_handler::confirmation::tests::filter_trade_offer_id ... ok
[INFO] [stdout] test web_handler::steam_guard_linker::types::tests::phoneajax_serialization ... ok
[INFO] [stdout] test web_handler::tests::test_path_handling ... ok
[INFO] [stdout] test web_handler::confirmation::tests::filter_confirmation_type ... ok
[INFO] [stdout] test web_handler::confirmation::tests::has_tradeoffer_id ... ok
[INFO] [stdout] test page_scraper::tests::test_resolve_api_key_status ... ok
[INFO] [stdout] 
[INFO] [stdout] test result: ok. 8 passed; 0 failed; 0 ignored; 0 measured; 0 filtered out; finished in 0.03s
[INFO] [stdout] 
[INFO] [stderr]      Running unittests src/bin/main.rs (/opt/rustwide/target/debug/deps/main-ca9d82342c12f9cc)
[INFO] [stdout] 
[INFO] [stdout] running 0 tests
[INFO] [stdout] 
[INFO] [stdout] test result: ok. 0 passed; 0 failed; 0 ignored; 0 measured; 0 filtered out; finished in 0.00s
[INFO] [stdout] 
[INFO] [stderr]    Doc-tests steam-mobile
[INFO] [stderr] warning: unknown lint: `rustdoc::missing_doc_code_examples`
[INFO] [stderr]  --> /opt/rustwide/workdir/src/lib.rs:5:1
[INFO] [stderr]   |
[INFO] [stderr] 5 | #![warn(missing_docs, missing_doc_code_examples)]
[INFO] [stderr]   | ^^^^^^^^^^^^^^^^^^^^^^^^^^^^^^^^^^^^^^^^^^^^^^^^^
[INFO] [stderr]   |
[INFO] [stderr]   = note: the `rustdoc::missing_doc_code_examples` lint is unstable
[INFO] [stderr]   = note: see issue #101730 <https://github.com/rust-lang/rust/issues/101730> for more information
[INFO] [stderr]   = note: `#[warn(unknown_lints)]` on by default
[INFO] [stderr] 
[INFO] [stderr] warning: lint `missing_doc_code_examples` has been renamed to `rustdoc::missing_doc_code_examples`
[INFO] [stderr]  --> /opt/rustwide/workdir/src/lib.rs:5:23
[INFO] [stderr]   |
[INFO] [stderr] 5 | #![warn(missing_docs, missing_doc_code_examples)]
[INFO] [stderr]   |                       ^^^^^^^^^^^^^^^^^^^^^^^^^ help: use the new name: `rustdoc::missing_doc_code_examples`
[INFO] [stderr]   |
[INFO] [stderr]   = note: `#[warn(renamed_and_removed_lints)]` on by default
[INFO] [stderr] 
[INFO] [stderr] warning: 2 warnings emitted
[INFO] [stderr] 
[INFO] [stdout] 
[INFO] [stdout] running 4 tests
[INFO] [stdout] test src/web_handler/confirmation.rs - web_handler::confirmation::Confirmations::filter_by_confirmation_type (line 64) - compile ... FAILED
[INFO] [stdout] test src/lib.rs - User (line 73) - compile ... ok
[INFO] [stdout] test src/web_handler/confirmation.rs - web_handler::confirmation::Confirmations::filter_by_trade_offer_ids (line 96) - compile ... ok
[INFO] [stdout] test src/client.rs - client::SteamAuthenticator (line 36) ... ok
[INFO] [stderr] error: doctest failed, to rerun pass `--doc`
[INFO] [stdout] 
[INFO] [stdout] failures:
[INFO] [stdout] 
[INFO] [stdout] ---- src/web_handler/confirmation.rs - web_handler::confirmation::Confirmations::filter_by_confirmation_type (line 64) stdout ----
[INFO] [stdout] error[E0599]: no function or associated item named `build` found for struct `User` in the current scope
[INFO] [stdout]  --> src/web_handler/confirmation.rs:71:18
[INFO] [stdout]   |
[INFO] [stdout] 9 | let user = User::build();
[INFO] [stdout]   |                  ^^^^^ function or associated item not found in `User`
[INFO] [stdout] 
[INFO] [stdout] error: aborting due to previous error
[INFO] [stdout] 
[INFO] [stdout] For more information about this error, try `rustc --explain E0599`.
[INFO] [stdout] Couldn't compile the test.
[INFO] [stdout] 
[INFO] [stdout] failures:
[INFO] [stdout]     src/web_handler/confirmation.rs - web_handler::confirmation::Confirmations::filter_by_confirmation_type (line 64)
[INFO] [stdout] 
[INFO] [stdout] test result: FAILED. 3 passed; 1 failed; 0 ignored; 0 measured; 0 filtered out; finished in 0.51s
[INFO] [stdout] 
[INFO] running `Command { std: "docker" "inspect" "6b0d2cb81c0b8b52334a244e137cc70a03ab4a1be300405c490a5f5ae7b7e796", kill_on_drop: false }`
[INFO] running `Command { std: "docker" "rm" "-f" "6b0d2cb81c0b8b52334a244e137cc70a03ab4a1be300405c490a5f5ae7b7e796", kill_on_drop: false }`
[INFO] [stdout] 6b0d2cb81c0b8b52334a244e137cc70a03ab4a1be300405c490a5f5ae7b7e796
