[INFO] fetching crate stdweb-derive 0.5.3...
[INFO] testing stdweb-derive-0.5.3 against beta-2023-04-20 for beta-1.70-1
[INFO] extracting crate stdweb-derive 0.5.3 into /workspace/builds/worker-6-tc2/source
[INFO] validating manifest of crates.io crate stdweb-derive 0.5.3 on toolchain beta-2023-04-20
[INFO] running `Command { std: CARGO_HOME="/workspace/cargo-home" RUSTUP_HOME="/workspace/rustup-home" "/workspace/cargo-home/bin/cargo" "+beta-2023-04-20" "metadata" "--manifest-path" "Cargo.toml" "--no-deps", kill_on_drop: false }`
[INFO] started tweaking crates.io crate stdweb-derive 0.5.3
[INFO] finished tweaking crates.io crate stdweb-derive 0.5.3
[INFO] tweaked toml for crates.io crate stdweb-derive 0.5.3 written to /workspace/builds/worker-6-tc2/source/Cargo.toml
[INFO] running `Command { std: CARGO_HOME="/workspace/cargo-home" RUSTUP_HOME="/workspace/rustup-home" __CARGO_TEST_CHANNEL_OVERRIDE_DO_NOT_USE_THIS="nightly" "/workspace/cargo-home/bin/cargo" "+beta-2023-04-20" "generate-lockfile" "--manifest-path" "Cargo.toml" "-Zno-index-update", kill_on_drop: false }`
[INFO] running `Command { std: CARGO_HOME="/workspace/cargo-home" RUSTUP_HOME="/workspace/rustup-home" "/workspace/cargo-home/bin/cargo" "+beta-2023-04-20" "fetch" "--manifest-path" "Cargo.toml", kill_on_drop: false }`
[INFO] running `Command { std: "docker" "create" "-v" "/var/lib/crater-agent-workspace/builds/worker-6-tc2/target:/opt/rustwide/target:rw,Z" "-v" "/var/lib/crater-agent-workspace/builds/worker-6-tc2/source:/opt/rustwide/workdir:ro,Z" "-v" "/var/lib/crater-agent-workspace/cargo-home:/opt/rustwide/cargo-home:ro,Z" "-v" "/var/lib/crater-agent-workspace/rustup-home:/opt/rustwide/rustup-home:ro,Z" "-e" "SOURCE_DIR=/opt/rustwide/workdir" "-e" "CARGO_TARGET_DIR=/opt/rustwide/target" "-e" "CARGO_HOME=/opt/rustwide/cargo-home" "-e" "RUSTUP_HOME=/opt/rustwide/rustup-home" "-w" "/opt/rustwide/workdir" "-m" "1610612736" "--user" "0:0" "--network" "none" "ghcr.io/rust-lang/crates-build-env/linux@sha256:5ff2268d62e97bff2cde7d5815dd6ed5b47097566f13b8d0ca110b04b60e07ed" "/opt/rustwide/cargo-home/bin/cargo" "+beta-2023-04-20" "metadata" "--no-deps" "--format-version=1", kill_on_drop: false }`
[INFO] [stdout] d87209fd2a13d791a6df686946c495584032f6cd58202d1b2305109a1373d1c8
[INFO] running `Command { std: "docker" "start" "-a" "d87209fd2a13d791a6df686946c495584032f6cd58202d1b2305109a1373d1c8", kill_on_drop: false }`
[INFO] running `Command { std: "docker" "inspect" "d87209fd2a13d791a6df686946c495584032f6cd58202d1b2305109a1373d1c8", kill_on_drop: false }`
[INFO] running `Command { std: "docker" "rm" "-f" "d87209fd2a13d791a6df686946c495584032f6cd58202d1b2305109a1373d1c8", kill_on_drop: false }`
[INFO] [stdout] d87209fd2a13d791a6df686946c495584032f6cd58202d1b2305109a1373d1c8
[INFO] running `Command { std: "docker" "create" "-v" "/var/lib/crater-agent-workspace/builds/worker-6-tc2/target:/opt/rustwide/target:rw,Z" "-v" "/var/lib/crater-agent-workspace/builds/worker-6-tc2/source:/opt/rustwide/workdir:ro,Z" "-v" "/var/lib/crater-agent-workspace/cargo-home:/opt/rustwide/cargo-home:ro,Z" "-v" "/var/lib/crater-agent-workspace/rustup-home:/opt/rustwide/rustup-home:ro,Z" "-e" "SOURCE_DIR=/opt/rustwide/workdir" "-e" "CARGO_TARGET_DIR=/opt/rustwide/target" "-e" "CARGO_INCREMENTAL=0" "-e" "RUST_BACKTRACE=full" "-e" "RUSTFLAGS=--cap-lints=warn" "-e" "RUSTDOCFLAGS=--cap-lints=warn" "-e" "CARGO_HOME=/opt/rustwide/cargo-home" "-e" "RUSTUP_HOME=/opt/rustwide/rustup-home" "-w" "/opt/rustwide/workdir" "-m" "1610612736" "--user" "0:0" "--network" "none" "ghcr.io/rust-lang/crates-build-env/linux@sha256:5ff2268d62e97bff2cde7d5815dd6ed5b47097566f13b8d0ca110b04b60e07ed" "/opt/rustwide/cargo-home/bin/cargo" "+beta-2023-04-20" "build" "--frozen" "--message-format=json", kill_on_drop: false }`
[INFO] [stdout] a77c1013967b1326ea27aeef3cfa3fa2666c04688c46d0ddde8924ffe24856ae
[INFO] running `Command { std: "docker" "start" "-a" "a77c1013967b1326ea27aeef3cfa3fa2666c04688c46d0ddde8924ffe24856ae", kill_on_drop: false }`
[INFO] [stderr]    Compiling proc-macro2 v1.0.56
[INFO] [stderr]    Compiling quote v1.0.26
[INFO] [stderr]    Compiling unicode-ident v1.0.8
[INFO] [stderr]    Compiling serde_derive v1.0.160
[INFO] [stderr]    Compiling serde v1.0.160
[INFO] [stderr]    Compiling syn v1.0.109
[INFO] [stderr]    Compiling syn v2.0.15
[INFO] [stderr]    Compiling stdweb-derive v0.5.3 (/opt/rustwide/workdir)
[INFO] [stderr]     Finished dev [unoptimized + debuginfo] target(s) in 5.69s
[INFO] running `Command { std: "docker" "inspect" "a77c1013967b1326ea27aeef3cfa3fa2666c04688c46d0ddde8924ffe24856ae", kill_on_drop: false }`
[INFO] running `Command { std: "docker" "rm" "-f" "a77c1013967b1326ea27aeef3cfa3fa2666c04688c46d0ddde8924ffe24856ae", kill_on_drop: false }`
[INFO] [stdout] a77c1013967b1326ea27aeef3cfa3fa2666c04688c46d0ddde8924ffe24856ae
[INFO] running `Command { std: "docker" "create" "-v" "/var/lib/crater-agent-workspace/builds/worker-6-tc2/target:/opt/rustwide/target:rw,Z" "-v" "/var/lib/crater-agent-workspace/builds/worker-6-tc2/source:/opt/rustwide/workdir:ro,Z" "-v" "/var/lib/crater-agent-workspace/cargo-home:/opt/rustwide/cargo-home:ro,Z" "-v" "/var/lib/crater-agent-workspace/rustup-home:/opt/rustwide/rustup-home:ro,Z" "-e" "SOURCE_DIR=/opt/rustwide/workdir" "-e" "CARGO_TARGET_DIR=/opt/rustwide/target" "-e" "CARGO_INCREMENTAL=0" "-e" "RUST_BACKTRACE=full" "-e" "RUSTFLAGS=--cap-lints=warn" "-e" "RUSTDOCFLAGS=--cap-lints=warn" "-e" "CARGO_HOME=/opt/rustwide/cargo-home" "-e" "RUSTUP_HOME=/opt/rustwide/rustup-home" "-w" "/opt/rustwide/workdir" "-m" "1610612736" "--user" "0:0" "--network" "none" "ghcr.io/rust-lang/crates-build-env/linux@sha256:5ff2268d62e97bff2cde7d5815dd6ed5b47097566f13b8d0ca110b04b60e07ed" "/opt/rustwide/cargo-home/bin/cargo" "+beta-2023-04-20" "test" "--frozen" "--no-run" "--message-format=json", kill_on_drop: false }`
[INFO] [stdout] dfc88612d50e1c70730b43c03c9db918bf13bf9d232327cd98eeef02088893ad
[INFO] running `Command { std: "docker" "start" "-a" "dfc88612d50e1c70730b43c03c9db918bf13bf9d232327cd98eeef02088893ad", kill_on_drop: false }`
[INFO] [stderr]    Compiling stdweb-derive v0.5.3 (/opt/rustwide/workdir)
[INFO] [stderr]     Finished test [unoptimized + debuginfo] target(s) in 0.48s
[INFO] running `Command { std: "docker" "inspect" "dfc88612d50e1c70730b43c03c9db918bf13bf9d232327cd98eeef02088893ad", kill_on_drop: false }`
[INFO] running `Command { std: "docker" "rm" "-f" "dfc88612d50e1c70730b43c03c9db918bf13bf9d232327cd98eeef02088893ad", kill_on_drop: false }`
[INFO] [stdout] dfc88612d50e1c70730b43c03c9db918bf13bf9d232327cd98eeef02088893ad
[INFO] running `Command { std: "docker" "create" "-v" "/var/lib/crater-agent-workspace/builds/worker-6-tc2/target:/opt/rustwide/target:rw,Z" "-v" "/var/lib/crater-agent-workspace/builds/worker-6-tc2/source:/opt/rustwide/workdir:ro,Z" "-v" "/var/lib/crater-agent-workspace/cargo-home:/opt/rustwide/cargo-home:ro,Z" "-v" "/var/lib/crater-agent-workspace/rustup-home:/opt/rustwide/rustup-home:ro,Z" "-e" "SOURCE_DIR=/opt/rustwide/workdir" "-e" "CARGO_TARGET_DIR=/opt/rustwide/target" "-e" "CARGO_INCREMENTAL=0" "-e" "RUST_BACKTRACE=full" "-e" "RUSTFLAGS=--cap-lints=warn" "-e" "RUSTDOCFLAGS=--cap-lints=warn" "-e" "CARGO_HOME=/opt/rustwide/cargo-home" "-e" "RUSTUP_HOME=/opt/rustwide/rustup-home" "-w" "/opt/rustwide/workdir" "-m" "1610612736" "--user" "0:0" "--network" "none" "ghcr.io/rust-lang/crates-build-env/linux@sha256:5ff2268d62e97bff2cde7d5815dd6ed5b47097566f13b8d0ca110b04b60e07ed" "/opt/rustwide/cargo-home/bin/cargo" "+beta-2023-04-20" "test" "--frozen", kill_on_drop: false }`
[INFO] [stdout] f3425d184597a070285a6e48fb700c2eec44f2c279e35ac6e3d9d47238b795b0
[INFO] running `Command { std: "docker" "start" "-a" "f3425d184597a070285a6e48fb700c2eec44f2c279e35ac6e3d9d47238b795b0", kill_on_drop: false }`
[INFO] [stderr]     Blocking waiting for file lock on package cache
[INFO] [stderr]     Finished test [unoptimized + debuginfo] target(s) in 0.17s
[INFO] [stderr]      Running unittests src/lib.rs (/opt/rustwide/target/debug/deps/stdweb_derive-df2028b497f80187)
[INFO] [stdout] 
[INFO] [stdout] running 0 tests
[INFO] [stdout] 
[INFO] [stdout] test result: ok. 0 passed; 0 failed; 0 ignored; 0 measured; 0 filtered out; finished in 0.00s
[INFO] [stdout] 
[INFO] [stderr]    Doc-tests stdweb-derive
[INFO] [stdout] 
[INFO] [stdout] running 2 tests
[INFO] [stdout] test src/lib.rs - derive_reference_type (line 43) ... FAILED
[INFO] [stdout] test src/lib.rs - derive_reference_type (line 30) ... FAILED
[INFO] [stdout] 
[INFO] [stdout] failures:
[INFO] [stdout] 
[INFO] [stdout] ---- src/lib.rs - derive_reference_type (line 43) stdout ----
[INFO] [stdout] error: cannot find macro `js` in this scope
[INFO] [stdout]  --> src/lib.rs:48:1
[INFO] [stdout]   |
[INFO] [stdout] 7 | js!( console.log( @{error} ); );
[INFO] [stdout]   | ^^
[INFO] [stdout] 
[INFO] [stdout] error: cannot find macro `js` in this scope
[INFO] [stdout]  --> src/lib.rs:45:24
[INFO] [stdout]   |
[INFO] [stdout] 4 | let error: TypeError = js!( return new TypeError(); ).try_into().unwrap();
[INFO] [stdout]   |                        ^^
[INFO] [stdout] 
[INFO] [stdout] error[E0412]: cannot find type `TypeError` in this scope
[INFO] [stdout]  --> src/lib.rs:45:12
[INFO] [stdout]   |
[INFO] [stdout] 4 | let error: TypeError = js!( return new TypeError(); ).try_into().unwrap();
[INFO] [stdout]   |            ^^^^^^^^^ not found in this scope
[INFO] [stdout] 
[INFO] [stdout] error: aborting due to 3 previous errors
[INFO] [stdout] 
[INFO] [stdout] For more information about this error, try `rustc --explain E0412`.
[INFO] [stdout] Couldn't compile the test.
[INFO] [stdout] ---- src/lib.rs - derive_reference_type (line 30) stdout ----
[INFO] [stdout] error: cannot find derive macro `ReferenceType` in this scope
[INFO] [stdout]  --> src/lib.rs:35:39
[INFO] [stdout]   |
[INFO] [stdout] 7 | #[derive(Clone, Debug, PartialEq, Eq, ReferenceType)]
[INFO] [stdout]   |                                       ^^^^^^^^^^^^^
[INFO] [stdout] 
[INFO] [stdout] error: cannot find attribute `reference` in this scope
[INFO] [stdout]  --> src/lib.rs:36:3
[INFO] [stdout]   |
[INFO] [stdout] 8 | #[reference(instance_of = "TypeError")]
[INFO] [stdout]   |   ^^^^^^^^^
[INFO] [stdout] 
[INFO] [stdout] error: cannot find attribute `reference` in this scope
[INFO] [stdout]  --> src/lib.rs:37:3
[INFO] [stdout]   |
[INFO] [stdout] 9 | #[reference(subclass_of(Error))]
[INFO] [stdout]   |   ^^^^^^^^^
[INFO] [stdout] 
[INFO] [stdout] error: cannot find derive macro `ReferenceType` in this scope
[INFO] [stdout]  --> src/lib.rs:31:39
[INFO] [stdout]   |
[INFO] [stdout] 3 | #[derive(Clone, Debug, PartialEq, Eq, ReferenceType)]
[INFO] [stdout]   |                                       ^^^^^^^^^^^^^
[INFO] [stdout] 
[INFO] [stdout] error: cannot find attribute `reference` in this scope
[INFO] [stdout]  --> src/lib.rs:32:3
[INFO] [stdout]   |
[INFO] [stdout] 4 | #[reference(instance_of = "Error")]
[INFO] [stdout]   |   ^^^^^^^^^
[INFO] [stdout] 
[INFO] [stdout] error[E0412]: cannot find type `Reference` in this scope
[INFO] [stdout]  --> src/lib.rs:33:19
[INFO] [stdout]   |
[INFO] [stdout] 5 | pub struct Error( Reference );
[INFO] [stdout]   |                   ^^^^^^^^^ not found in this scope
[INFO] [stdout] 
[INFO] [stdout] error[E0412]: cannot find type `Reference` in this scope
[INFO] [stdout]  --> src/lib.rs:33:19
[INFO] [stdout]   |
[INFO] [stdout] 5 | pub struct Error( Reference );
[INFO] [stdout]   |                   ^^^^^^^^^ not found in this scope
[INFO] [stdout]   |
[INFO] [stdout] help: you might be missing a type parameter
[INFO] [stdout]   |
[INFO] [stdout] 5 | pub struct Error<Reference>( Reference );
[INFO] [stdout]   |                 +++++++++++
[INFO] [stdout] 
[INFO] [stdout] error[E0412]: cannot find type `Reference` in this scope
[INFO] [stdout]   --> src/lib.rs:38:23
[INFO] [stdout]    |
[INFO] [stdout] 10 | pub struct TypeError( Reference );
[INFO] [stdout]    |                       ^^^^^^^^^ not found in this scope
[INFO] [stdout] 
[INFO] [stdout] error[E0412]: cannot find type `Reference` in this scope
[INFO] [stdout]   --> src/lib.rs:38:23
[INFO] [stdout]    |
[INFO] [stdout] 10 | pub struct TypeError( Reference );
[INFO] [stdout]    |                       ^^^^^^^^^ not found in this scope
[INFO] [stdout]    |
[INFO] [stdout] help: you might be missing a type parameter
[INFO] [stdout]    |
[INFO] [stdout] 10 | pub struct TypeError<Reference>( Reference );
[INFO] [stdout]    |                     +++++++++++
[INFO] [stdout] 
[INFO] [stdout] error: aborting due to 9 previous errors
[INFO] [stdout] 
[INFO] [stdout] For more information about this error, try `rustc --explain E0412`.
[INFO] [stdout] Couldn't compile the test.
[INFO] [stdout] 
[INFO] [stdout] failures:
[INFO] [stdout]     src/lib.rs - derive_reference_type (line 30)
[INFO] [stdout]     src/lib.rs - derive_reference_type (line 43)
[INFO] [stdout] 
[INFO] [stdout] test result: FAILED. 0 passed; 2 failed; 0 ignored; 0 measured; 0 filtered out; finished in 0.05s
[INFO] [stdout] 
[INFO] [stderr] error: doctest failed, to rerun pass `--doc`
[INFO] running `Command { std: "docker" "inspect" "f3425d184597a070285a6e48fb700c2eec44f2c279e35ac6e3d9d47238b795b0", kill_on_drop: false }`
[INFO] running `Command { std: "docker" "rm" "-f" "f3425d184597a070285a6e48fb700c2eec44f2c279e35ac6e3d9d47238b795b0", kill_on_drop: false }`
[INFO] [stdout] f3425d184597a070285a6e48fb700c2eec44f2c279e35ac6e3d9d47238b795b0
