[INFO] fetching crate st7735 0.1.0...
[INFO] testing st7735-0.1.0 against beta-2023-04-20 for beta-1.70-1
[INFO] extracting crate st7735 0.1.0 into /workspace/builds/worker-4-tc2/source
[INFO] validating manifest of crates.io crate st7735 0.1.0 on toolchain beta-2023-04-20
[INFO] running `Command { std: CARGO_HOME="/workspace/cargo-home" RUSTUP_HOME="/workspace/rustup-home" "/workspace/cargo-home/bin/cargo" "+beta-2023-04-20" "metadata" "--manifest-path" "Cargo.toml" "--no-deps", kill_on_drop: false }`
[INFO] started tweaking crates.io crate st7735 0.1.0
[INFO] finished tweaking crates.io crate st7735 0.1.0
[INFO] tweaked toml for crates.io crate st7735 0.1.0 written to /workspace/builds/worker-4-tc2/source/Cargo.toml
[INFO] running `Command { std: CARGO_HOME="/workspace/cargo-home" RUSTUP_HOME="/workspace/rustup-home" __CARGO_TEST_CHANNEL_OVERRIDE_DO_NOT_USE_THIS="nightly" "/workspace/cargo-home/bin/cargo" "+beta-2023-04-20" "generate-lockfile" "--manifest-path" "Cargo.toml" "-Zno-index-update", kill_on_drop: false }`
[INFO] running `Command { std: CARGO_HOME="/workspace/cargo-home" RUSTUP_HOME="/workspace/rustup-home" "/workspace/cargo-home/bin/cargo" "+beta-2023-04-20" "fetch" "--manifest-path" "Cargo.toml", kill_on_drop: false }`
[INFO] [stderr]  Downloading crates ...
[INFO] [stderr]   Downloaded spidev v0.3.0
[INFO] [stderr]   Downloaded bitflags v0.4.0
[INFO] [stderr]   Downloaded bitflags v0.3.3
[INFO] [stderr]   Downloaded nix v0.6.0
[INFO] running `Command { std: "docker" "create" "-v" "/var/lib/crater-agent-workspace/builds/worker-4-tc2/target:/opt/rustwide/target:rw,Z" "-v" "/var/lib/crater-agent-workspace/builds/worker-4-tc2/source:/opt/rustwide/workdir:ro,Z" "-v" "/var/lib/crater-agent-workspace/cargo-home:/opt/rustwide/cargo-home:ro,Z" "-v" "/var/lib/crater-agent-workspace/rustup-home:/opt/rustwide/rustup-home:ro,Z" "-e" "SOURCE_DIR=/opt/rustwide/workdir" "-e" "CARGO_TARGET_DIR=/opt/rustwide/target" "-e" "CARGO_HOME=/opt/rustwide/cargo-home" "-e" "RUSTUP_HOME=/opt/rustwide/rustup-home" "-w" "/opt/rustwide/workdir" "-m" "1610612736" "--user" "0:0" "--network" "none" "ghcr.io/rust-lang/crates-build-env/linux@sha256:5ff2268d62e97bff2cde7d5815dd6ed5b47097566f13b8d0ca110b04b60e07ed" "/opt/rustwide/cargo-home/bin/cargo" "+beta-2023-04-20" "metadata" "--no-deps" "--format-version=1", kill_on_drop: false }`
[INFO] [stdout] 26beb02c62b24eb45c1c40daabb98b4c72708db6d9a4b4abd060812b2a3f358c
[INFO] running `Command { std: "docker" "start" "-a" "26beb02c62b24eb45c1c40daabb98b4c72708db6d9a4b4abd060812b2a3f358c", kill_on_drop: false }`
[INFO] running `Command { std: "docker" "inspect" "26beb02c62b24eb45c1c40daabb98b4c72708db6d9a4b4abd060812b2a3f358c", kill_on_drop: false }`
[INFO] running `Command { std: "docker" "rm" "-f" "26beb02c62b24eb45c1c40daabb98b4c72708db6d9a4b4abd060812b2a3f358c", kill_on_drop: false }`
[INFO] [stdout] 26beb02c62b24eb45c1c40daabb98b4c72708db6d9a4b4abd060812b2a3f358c
[INFO] running `Command { std: "docker" "create" "-v" "/var/lib/crater-agent-workspace/builds/worker-4-tc2/target:/opt/rustwide/target:rw,Z" "-v" "/var/lib/crater-agent-workspace/builds/worker-4-tc2/source:/opt/rustwide/workdir:ro,Z" "-v" "/var/lib/crater-agent-workspace/cargo-home:/opt/rustwide/cargo-home:ro,Z" "-v" "/var/lib/crater-agent-workspace/rustup-home:/opt/rustwide/rustup-home:ro,Z" "-e" "SOURCE_DIR=/opt/rustwide/workdir" "-e" "CARGO_TARGET_DIR=/opt/rustwide/target" "-e" "CARGO_INCREMENTAL=0" "-e" "RUST_BACKTRACE=full" "-e" "RUSTFLAGS=--cap-lints=warn" "-e" "RUSTDOCFLAGS=--cap-lints=warn" "-e" "CARGO_HOME=/opt/rustwide/cargo-home" "-e" "RUSTUP_HOME=/opt/rustwide/rustup-home" "-w" "/opt/rustwide/workdir" "-m" "1610612736" "--user" "0:0" "--network" "none" "ghcr.io/rust-lang/crates-build-env/linux@sha256:5ff2268d62e97bff2cde7d5815dd6ed5b47097566f13b8d0ca110b04b60e07ed" "/opt/rustwide/cargo-home/bin/cargo" "+beta-2023-04-20" "build" "--frozen" "--message-format=json", kill_on_drop: false }`
[INFO] [stdout] f9d9af67665380a25203a5b36fa308cf428c2f5e86fd99de06463c47da7d8d63
[INFO] running `Command { std: "docker" "start" "-a" "f9d9af67665380a25203a5b36fa308cf428c2f5e86fd99de06463c47da7d8d63", kill_on_drop: false }`
[INFO] [stderr]    Compiling libc v0.2.142
[INFO] [stderr]    Compiling num-integer v0.1.45
[INFO] [stderr]    Compiling semver v0.1.20
[INFO] [stderr]    Compiling proc-macro2 v0.4.30
[INFO] [stderr]    Compiling unicode-xid v0.1.0
[INFO] [stderr]    Compiling void v1.0.2
[INFO] [stderr]    Compiling cfg-if v0.1.10
[INFO] [stderr]    Compiling syn v0.15.44
[INFO] [stderr]    Compiling nix v0.14.1
[INFO] [stderr]    Compiling num-derive v0.2.5
[INFO] [stderr]    Compiling bitflags v0.4.0
[INFO] [stderr]    Compiling num-bigint v0.2.6
[INFO] [stderr]    Compiling num-complex v0.2.4
[INFO] [stderr]    Compiling num-rational v0.2.4
[INFO] [stderr]    Compiling num-iter v0.1.43
[INFO] [stderr]    Compiling bitflags v0.3.3
[INFO] [stderr]    Compiling rustc_version v0.1.7
[INFO] [stderr]    Compiling nix v0.6.0
[INFO] [stderr]    Compiling quote v0.6.13
[INFO] [stderr]    Compiling num v0.2.1
[INFO] [stderr]    Compiling spidev v0.3.0
[INFO] [stderr]    Compiling sysfs_gpio v0.5.4
[INFO] [stderr]    Compiling st7735 v0.1.0 (/opt/rustwide/workdir)
[INFO] [stderr]     Finished dev [unoptimized + debuginfo] target(s) in 4.92s
[INFO] running `Command { std: "docker" "inspect" "f9d9af67665380a25203a5b36fa308cf428c2f5e86fd99de06463c47da7d8d63", kill_on_drop: false }`
[INFO] running `Command { std: "docker" "rm" "-f" "f9d9af67665380a25203a5b36fa308cf428c2f5e86fd99de06463c47da7d8d63", kill_on_drop: false }`
[INFO] [stdout] f9d9af67665380a25203a5b36fa308cf428c2f5e86fd99de06463c47da7d8d63
[INFO] running `Command { std: "docker" "create" "-v" "/var/lib/crater-agent-workspace/builds/worker-4-tc2/target:/opt/rustwide/target:rw,Z" "-v" "/var/lib/crater-agent-workspace/builds/worker-4-tc2/source:/opt/rustwide/workdir:ro,Z" "-v" "/var/lib/crater-agent-workspace/cargo-home:/opt/rustwide/cargo-home:ro,Z" "-v" "/var/lib/crater-agent-workspace/rustup-home:/opt/rustwide/rustup-home:ro,Z" "-e" "SOURCE_DIR=/opt/rustwide/workdir" "-e" "CARGO_TARGET_DIR=/opt/rustwide/target" "-e" "CARGO_INCREMENTAL=0" "-e" "RUST_BACKTRACE=full" "-e" "RUSTFLAGS=--cap-lints=warn" "-e" "RUSTDOCFLAGS=--cap-lints=warn" "-e" "CARGO_HOME=/opt/rustwide/cargo-home" "-e" "RUSTUP_HOME=/opt/rustwide/rustup-home" "-w" "/opt/rustwide/workdir" "-m" "1610612736" "--user" "0:0" "--network" "none" "ghcr.io/rust-lang/crates-build-env/linux@sha256:5ff2268d62e97bff2cde7d5815dd6ed5b47097566f13b8d0ca110b04b60e07ed" "/opt/rustwide/cargo-home/bin/cargo" "+beta-2023-04-20" "test" "--frozen" "--no-run" "--message-format=json", kill_on_drop: false }`
[INFO] [stdout] f07bfcf55b93699f96c016035848e0550a9cb795539399c2ef3cc3603a2a5645
[INFO] running `Command { std: "docker" "start" "-a" "f07bfcf55b93699f96c016035848e0550a9cb795539399c2ef3cc3603a2a5645", kill_on_drop: false }`
[INFO] [stderr]    Compiling st7735 v0.1.0 (/opt/rustwide/workdir)
[INFO] [stderr]     Finished test [unoptimized + debuginfo] target(s) in 0.45s
[INFO] running `Command { std: "docker" "inspect" "f07bfcf55b93699f96c016035848e0550a9cb795539399c2ef3cc3603a2a5645", kill_on_drop: false }`
[INFO] running `Command { std: "docker" "rm" "-f" "f07bfcf55b93699f96c016035848e0550a9cb795539399c2ef3cc3603a2a5645", kill_on_drop: false }`
[INFO] [stdout] f07bfcf55b93699f96c016035848e0550a9cb795539399c2ef3cc3603a2a5645
[INFO] running `Command { std: "docker" "create" "-v" "/var/lib/crater-agent-workspace/builds/worker-4-tc2/target:/opt/rustwide/target:rw,Z" "-v" "/var/lib/crater-agent-workspace/builds/worker-4-tc2/source:/opt/rustwide/workdir:ro,Z" "-v" "/var/lib/crater-agent-workspace/cargo-home:/opt/rustwide/cargo-home:ro,Z" "-v" "/var/lib/crater-agent-workspace/rustup-home:/opt/rustwide/rustup-home:ro,Z" "-e" "SOURCE_DIR=/opt/rustwide/workdir" "-e" "CARGO_TARGET_DIR=/opt/rustwide/target" "-e" "CARGO_INCREMENTAL=0" "-e" "RUST_BACKTRACE=full" "-e" "RUSTFLAGS=--cap-lints=warn" "-e" "RUSTDOCFLAGS=--cap-lints=warn" "-e" "CARGO_HOME=/opt/rustwide/cargo-home" "-e" "RUSTUP_HOME=/opt/rustwide/rustup-home" "-w" "/opt/rustwide/workdir" "-m" "1610612736" "--user" "0:0" "--network" "none" "ghcr.io/rust-lang/crates-build-env/linux@sha256:5ff2268d62e97bff2cde7d5815dd6ed5b47097566f13b8d0ca110b04b60e07ed" "/opt/rustwide/cargo-home/bin/cargo" "+beta-2023-04-20" "test" "--frozen", kill_on_drop: false }`
[INFO] [stdout] 4f34c321db3440398e36113d42b304d8bc35adb89c1bb960843aef4c47507c24
[INFO] running `Command { std: "docker" "start" "-a" "4f34c321db3440398e36113d42b304d8bc35adb89c1bb960843aef4c47507c24", kill_on_drop: false }`
[INFO] [stderr]     Finished test [unoptimized + debuginfo] target(s) in 0.02s
[INFO] [stderr]      Running unittests src/lib.rs (/opt/rustwide/target/debug/deps/st7735-b172f705569e26ef)
[INFO] [stdout] 
[INFO] [stdout] running 0 tests
[INFO] [stdout] 
[INFO] [stdout] test result: ok. 0 passed; 0 failed; 0 ignored; 0 measured; 0 filtered out; finished in 0.00s
[INFO] [stdout] 
[INFO] [stderr]    Doc-tests st7735
[INFO] [stdout] 
[INFO] [stdout] running 20 tests
[INFO] [stdout] test src/color.rs - color::Color::from_default (line 24) ... FAILED
[INFO] [stdout] test src/lib.rs - (line 19) ... FAILED
[INFO] [stdout] test src/lib.rs - ST7734::draw_horizontal_line (line 460) ... FAILED
[INFO] [stdout] test src/lib.rs - ST7734::draw_vertical_line (line 475) ... FAILED
[INFO] [stdout] test src/color.rs - color::Color::from_rgb (line 37) ... FAILED
[INFO] [stdout] test src/lib.rs - ST7734::draw_filled_rect (line 428) ... FAILED
[INFO] [stdout] test src/lib.rs - ST7734::draw_filled_circle (line 547) ... FAILED
[INFO] [stdout] test src/lib.rs - ST7734 (line 53) ... FAILED
[INFO] [stdout] test src/lib.rs - ST7734::draw_circle (line 521) ... FAILED
[INFO] [stdout] test src/color.rs - color::Color::from_hex (line 13) ... FAILED
[INFO] [stdout] test src/lib.rs - ST7734::draw_pixel (line 413) ... FAILED
[INFO] [stdout] test src/lib.rs - ST7734::new (line 122) ... FAILED
[INFO] [stdout] test src/lib.rs - ST7734::hard_reset (line 264) ... FAILED
[INFO] [stdout] test src/lib.rs - ST7734::draw_line (line 490) ... FAILED
[INFO] [stdout] test src/lib.rs - ST7734::clear_screen (line 605) ... FAILED
[INFO] [stdout] test src/lib.rs - ST7734::draw_rect (line 444) ... FAILED
[INFO] [stdout] test src/lib.rs - ST7734::fill_screen (line 592) ... FAILED
[INFO] [stdout] test src/lib.rs - ST7734::new_with_spi (line 90) ... FAILED
[INFO] [stdout] test src/lib.rs - ST7734::draw_character (line 567) ... FAILED
[INFO] [stdout] test src/lib.rs - ST7734::set_orientation (line 395) ... FAILED
[INFO] [stdout] 
[INFO] [stdout] failures:
[INFO] [stdout] 
[INFO] [stdout] ---- src/color.rs - color::Color::from_default (line 24) stdout ----
[INFO] [stdout] error[E0433]: failed to resolve: use of undeclared type `DefaultColor`
[INFO] [stdout]  --> src/color.rs:25:37
[INFO] [stdout]   |
[INFO] [stdout] 3 | let color_red = Color::from_default(DefaultColor::Red);
[INFO] [stdout]   |                                     ^^^^^^^^^^^^ use of undeclared type `DefaultColor`
[INFO] [stdout] 
[INFO] [stdout] error[E0433]: failed to resolve: use of undeclared type `Color`
[INFO] [stdout]  --> src/color.rs:25:17
[INFO] [stdout]   |
[INFO] [stdout] 3 | let color_red = Color::from_default(DefaultColor::Red);
[INFO] [stdout]   |                 ^^^^^ use of undeclared type `Color`
[INFO] [stdout]   |
[INFO] [stdout] help: consider importing this struct
[INFO] [stdout]   |
[INFO] [stdout] 2 + use st7735::color::Color;
[INFO] [stdout]   |
[INFO] [stdout] 
[INFO] [stdout] error: aborting due to 2 previous errors
[INFO] [stdout] 
[INFO] [stdout] For more information about this error, try `rustc --explain E0433`.
[INFO] [stdout] Couldn't compile the test.
[INFO] [stdout] ---- src/lib.rs - (line 19) stdout ----
[INFO] [stdout] error[E0433]: failed to resolve: use of undeclared type `Orientation`
[INFO] [stdout]  --> src/lib.rs:21:26
[INFO] [stdout]   |
[INFO] [stdout] 4 | display.set_orientation(&Orientation::Portrait);
[INFO] [stdout]   |                          ^^^^^^^^^^^ use of undeclared type `Orientation`
[INFO] [stdout] 
[INFO] [stdout] error[E0433]: failed to resolve: use of undeclared type `DefaultColor`
[INFO] [stdout]  --> src/lib.rs:22:56
[INFO] [stdout]   |
[INFO] [stdout] 5 | display.draw_rect(30, 30, 60, 70, &Color::from_default(DefaultColor::Blue));
[INFO] [stdout]   |                                                        ^^^^^^^^^^^^ use of undeclared type `DefaultColor`
[INFO] [stdout] 
[INFO] [stdout] error[E0433]: failed to resolve: use of undeclared type `ST7734`
[INFO] [stdout]  --> src/lib.rs:20:19
[INFO] [stdout]   |
[INFO] [stdout] 3 | let mut display = ST7734::new_with_spi("/dev/spidev0.0", 25);
[INFO] [stdout]   |                   ^^^^^^ use of undeclared type `ST7734`
[INFO] [stdout]   |
[INFO] [stdout] help: consider importing this struct
[INFO] [stdout]   |
[INFO] [stdout] 2 + use st7735::ST7734;
[INFO] [stdout]   |
[INFO] [stdout] 
[INFO] [stdout] error[E0433]: failed to resolve: use of undeclared type `Color`
[INFO] [stdout]  --> src/lib.rs:22:36
[INFO] [stdout]   |
[INFO] [stdout] 5 | display.draw_rect(30, 30, 60, 70, &Color::from_default(DefaultColor::Blue));
[INFO] [stdout]   |                                    ^^^^^ use of undeclared type `Color`
[INFO] [stdout]   |
[INFO] [stdout] help: consider importing this struct
[INFO] [stdout]   |
[INFO] [stdout] 2 + use st7735::color::Color;
[INFO] [stdout]   |
[INFO] [stdout] 
[INFO] [stdout] error: aborting due to 4 previous errors
[INFO] [stdout] 
[INFO] [stdout] For more information about this error, try `rustc --explain E0433`.
[INFO] [stdout] Couldn't compile the test.
[INFO] [stdout] ---- src/lib.rs - ST7734::draw_horizontal_line (line 460) stdout ----
[INFO] [stdout] error[E0433]: failed to resolve: use of undeclared type `ST7734`
[INFO] [stdout]  --> src/lib.rs:461:15
[INFO] [stdout]   |
[INFO] [stdout] 3 | let display = ST7734::new(None, 24, 25, 23);
[INFO] [stdout]   |               ^^^^^^ use of undeclared type `ST7734`
[INFO] [stdout]   |
[INFO] [stdout] help: consider importing this struct
[INFO] [stdout]   |
[INFO] [stdout] 2 + use st7735::ST7734;
[INFO] [stdout]   |
[INFO] [stdout] 
[INFO] [stdout] error: aborting due to previous error
[INFO] [stdout] 
[INFO] [stdout] For more information about this error, try `rustc --explain E0433`.
[INFO] [stdout] Couldn't compile the test.
[INFO] [stdout] ---- src/lib.rs - ST7734::draw_vertical_line (line 475) stdout ----
[INFO] [stdout] error[E0433]: failed to resolve: use of undeclared type `ST7734`
[INFO] [stdout]  --> src/lib.rs:476:15
[INFO] [stdout]   |
[INFO] [stdout] 3 | let display = ST7734::new(None, 24, 25, 23);
[INFO] [stdout]   |               ^^^^^^ use of undeclared type `ST7734`
[INFO] [stdout]   |
[INFO] [stdout] help: consider importing this struct
[INFO] [stdout]   |
[INFO] [stdout] 2 + use st7735::ST7734;
[INFO] [stdout]   |
[INFO] [stdout] 
[INFO] [stdout] error: aborting due to previous error
[INFO] [stdout] 
[INFO] [stdout] For more information about this error, try `rustc --explain E0433`.
[INFO] [stdout] Couldn't compile the test.
[INFO] [stdout] ---- src/color.rs - color::Color::from_rgb (line 37) stdout ----
[INFO] [stdout] error[E0433]: failed to resolve: use of undeclared type `Color`
[INFO] [stdout]  --> src/color.rs:38:17
[INFO] [stdout]   |
[INFO] [stdout] 3 | let color_red = Color::from_rgb(255, 0, 0);
[INFO] [stdout]   |                 ^^^^^ use of undeclared type `Color`
[INFO] [stdout]   |
[INFO] [stdout] help: consider importing this struct
[INFO] [stdout]   |
[INFO] [stdout] 2 + use st7735::color::Color;
[INFO] [stdout]   |
[INFO] [stdout] 
[INFO] [stdout] error: aborting due to previous error
[INFO] [stdout] 
[INFO] [stdout] For more information about this error, try `rustc --explain E0433`.
[INFO] [stdout] Couldn't compile the test.
[INFO] [stdout] ---- src/lib.rs - ST7734::draw_filled_rect (line 428) stdout ----
[INFO] [stdout] error[E0433]: failed to resolve: use of undeclared type `ST7734`
[INFO] [stdout]  --> src/lib.rs:429:15
[INFO] [stdout]   |
[INFO] [stdout] 3 | let display = ST7734::new(None, 24, 25, 23);
[INFO] [stdout]   |               ^^^^^^ use of undeclared type `ST7734`
[INFO] [stdout]   |
[INFO] [stdout] help: consider importing this struct
[INFO] [stdout]   |
[INFO] [stdout] 2 + use st7735::ST7734;
[INFO] [stdout]   |
[INFO] [stdout] 
[INFO] [stdout] error: aborting due to previous error
[INFO] [stdout] 
[INFO] [stdout] For more information about this error, try `rustc --explain E0433`.
[INFO] [stdout] Couldn't compile the test.
[INFO] [stdout] ---- src/lib.rs - ST7734::draw_filled_circle (line 547) stdout ----
[INFO] [stdout] error[E0433]: failed to resolve: use of undeclared type `ST7734`
[INFO] [stdout]  --> src/lib.rs:548:15
[INFO] [stdout]   |
[INFO] [stdout] 3 | let display = ST7734::new(None, 24, 25, 23);
[INFO] [stdout]   |               ^^^^^^ use of undeclared type `ST7734`
[INFO] [stdout]   |
[INFO] [stdout] help: consider importing this struct
[INFO] [stdout]   |
[INFO] [stdout] 2 + use st7735::ST7734;
[INFO] [stdout]   |
[INFO] [stdout] 
[INFO] [stdout] error: aborting due to previous error
[INFO] [stdout] 
[INFO] [stdout] For more information about this error, try `rustc --explain E0433`.
[INFO] [stdout] Couldn't compile the test.
[INFO] [stdout] ---- src/lib.rs - ST7734 (line 53) stdout ----
[INFO] [stdout] error[E0433]: failed to resolve: use of undeclared type `Orientation`
[INFO] [stdout]  --> src/lib.rs:55:26
[INFO] [stdout]   |
[INFO] [stdout] 4 | display.set_orientation(&Orientation::Portrait);
[INFO] [stdout]   |                          ^^^^^^^^^^^ use of undeclared type `Orientation`
[INFO] [stdout] 
[INFO] [stdout] error[E0433]: failed to resolve: use of undeclared type `DefaultColor`
[INFO] [stdout]  --> src/lib.rs:56:56
[INFO] [stdout]   |
[INFO] [stdout] 5 | display.draw_rect(30, 30, 60, 70, &Color::from_default(DefaultColor::Blue));
[INFO] [stdout]   |                                                        ^^^^^^^^^^^^ use of undeclared type `DefaultColor`
[INFO] [stdout] 
[INFO] [stdout] error[E0433]: failed to resolve: use of undeclared type `ST7734`
[INFO] [stdout]  --> src/lib.rs:54:19
[INFO] [stdout]   |
[INFO] [stdout] 3 | let mut display = ST7734::new_with_spi("/dev/spidev0.0", 25);
[INFO] [stdout]   |                   ^^^^^^ use of undeclared type `ST7734`
[INFO] [stdout]   |
[INFO] [stdout] help: consider importing this struct
[INFO] [stdout]   |
[INFO] [stdout] 2 + use st7735::ST7734;
[INFO] [stdout]   |
[INFO] [stdout] 
[INFO] [stdout] error[E0433]: failed to resolve: use of undeclared type `Color`
[INFO] [stdout]  --> src/lib.rs:56:36
[INFO] [stdout]   |
[INFO] [stdout] 5 | display.draw_rect(30, 30, 60, 70, &Color::from_default(DefaultColor::Blue));
[INFO] [stdout]   |                                    ^^^^^ use of undeclared type `Color`
[INFO] [stdout]   |
[INFO] [stdout] help: consider importing this struct
[INFO] [stdout]   |
[INFO] [stdout] 2 + use st7735::color::Color;
[INFO] [stdout]   |
[INFO] [stdout] 
[INFO] [stdout] error: aborting due to 4 previous errors
[INFO] [stdout] 
[INFO] [stdout] For more information about this error, try `rustc --explain E0433`.
[INFO] [stdout] Couldn't compile the test.
[INFO] [stdout] ---- src/lib.rs - ST7734::draw_circle (line 521) stdout ----
[INFO] [stdout] error[E0433]: failed to resolve: use of undeclared type `ST7734`
[INFO] [stdout]  --> src/lib.rs:522:15
[INFO] [stdout]   |
[INFO] [stdout] 3 | let display = ST7734::new(None, 24, 25, 23);
[INFO] [stdout]   |               ^^^^^^ use of undeclared type `ST7734`
[INFO] [stdout]   |
[INFO] [stdout] help: consider importing this struct
[INFO] [stdout]   |
[INFO] [stdout] 2 + use st7735::ST7734;
[INFO] [stdout]   |
[INFO] [stdout] 
[INFO] [stdout] error: aborting due to previous error
[INFO] [stdout] 
[INFO] [stdout] For more information about this error, try `rustc --explain E0433`.
[INFO] [stdout] Couldn't compile the test.
[INFO] [stdout] ---- src/color.rs - color::Color::from_hex (line 13) stdout ----
[INFO] [stdout] error[E0433]: failed to resolve: use of undeclared type `Color`
[INFO] [stdout]  --> src/color.rs:14:19
[INFO] [stdout]   |
[INFO] [stdout] 3 | let color_green = Color::from_hex(0x00FF00);
[INFO] [stdout]   |                   ^^^^^ use of undeclared type `Color`
[INFO] [stdout]   |
[INFO] [stdout] help: consider importing this struct
[INFO] [stdout]   |
[INFO] [stdout] 2 + use st7735::color::Color;
[INFO] [stdout]   |
[INFO] [stdout] 
[INFO] [stdout] error: aborting due to previous error
[INFO] [stdout] 
[INFO] [stdout] For more information about this error, try `rustc --explain E0433`.
[INFO] [stdout] Couldn't compile the test.
[INFO] [stdout] ---- src/lib.rs - ST7734::draw_pixel (line 413) stdout ----
[INFO] [stdout] error[E0433]: failed to resolve: use of undeclared type `ST7734`
[INFO] [stdout]  --> src/lib.rs:414:15
[INFO] [stdout]   |
[INFO] [stdout] 3 | let display = ST7734::new(None, 24, 25, 23);
[INFO] [stdout]   |               ^^^^^^ use of undeclared type `ST7734`
[INFO] [stdout]   |
[INFO] [stdout] help: consider importing this struct
[INFO] [stdout]   |
[INFO] [stdout] 2 + use st7735::ST7734;
[INFO] [stdout]   |
[INFO] [stdout] 
[INFO] [stdout] error: aborting due to previous error
[INFO] [stdout] 
[INFO] [stdout] For more information about this error, try `rustc --explain E0433`.
[INFO] [stdout] Couldn't compile the test.
[INFO] [stdout] ---- src/lib.rs - ST7734::new (line 122) stdout ----
[INFO] [stdout] error[E0433]: failed to resolve: use of undeclared type `ST7734`
[INFO] [stdout]  --> src/lib.rs:123:15
[INFO] [stdout]   |
[INFO] [stdout] 3 | let display = ST7734::new(None, 24, 25, 23);
[INFO] [stdout]   |               ^^^^^^ use of undeclared type `ST7734`
[INFO] [stdout]   |
[INFO] [stdout] help: consider importing this struct
[INFO] [stdout]   |
[INFO] [stdout] 2 + use st7735::ST7734;
[INFO] [stdout]   |
[INFO] [stdout] 
[INFO] [stdout] error: aborting due to previous error
[INFO] [stdout] 
[INFO] [stdout] For more information about this error, try `rustc --explain E0433`.
[INFO] [stdout] Couldn't compile the test.
[INFO] [stdout] ---- src/lib.rs - ST7734::hard_reset (line 264) stdout ----
[INFO] [stdout] error[E0433]: failed to resolve: use of undeclared type `ST7734`
[INFO] [stdout]  --> src/lib.rs:265:15
[INFO] [stdout]   |
[INFO] [stdout] 3 | let display = ST7734::new(21, 24, 25, 23);
[INFO] [stdout]   |               ^^^^^^ use of undeclared type `ST7734`
[INFO] [stdout]   |
[INFO] [stdout] help: consider importing this struct
[INFO] [stdout]   |
[INFO] [stdout] 2 + use st7735::ST7734;
[INFO] [stdout]   |
[INFO] [stdout] 
[INFO] [stdout] error: aborting due to previous error
[INFO] [stdout] 
[INFO] [stdout] For more information about this error, try `rustc --explain E0433`.
[INFO] [stdout] Couldn't compile the test.
[INFO] [stdout] ---- src/lib.rs - ST7734::draw_line (line 490) stdout ----
[INFO] [stdout] error[E0433]: failed to resolve: use of undeclared type `ST7734`
[INFO] [stdout]  --> src/lib.rs:491:15
[INFO] [stdout]   |
[INFO] [stdout] 3 | let display = ST7734::new(None, 24, 25, 23);
[INFO] [stdout]   |               ^^^^^^ use of undeclared type `ST7734`
[INFO] [stdout]   |
[INFO] [stdout] help: consider importing this struct
[INFO] [stdout]   |
[INFO] [stdout] 2 + use st7735::ST7734;
[INFO] [stdout]   |
[INFO] [stdout] 
[INFO] [stdout] error: aborting due to previous error
[INFO] [stdout] 
[INFO] [stdout] For more information about this error, try `rustc --explain E0433`.
[INFO] [stdout] Couldn't compile the test.
[INFO] [stdout] ---- src/lib.rs - ST7734::clear_screen (line 605) stdout ----
[INFO] [stdout] error[E0433]: failed to resolve: use of undeclared type `ST7734`
[INFO] [stdout]  --> src/lib.rs:606:15
[INFO] [stdout]   |
[INFO] [stdout] 3 | let display = ST7734::new(None, 24, 25, 23);
[INFO] [stdout]   |               ^^^^^^ use of undeclared type `ST7734`
[INFO] [stdout]   |
[INFO] [stdout] help: consider importing this struct
[INFO] [stdout]   |
[INFO] [stdout] 2 + use st7735::ST7734;
[INFO] [stdout]   |
[INFO] [stdout] 
[INFO] [stdout] error: aborting due to previous error
[INFO] [stdout] 
[INFO] [stdout] For more information about this error, try `rustc --explain E0433`.
[INFO] [stdout] Couldn't compile the test.
[INFO] [stdout] ---- src/lib.rs - ST7734::draw_rect (line 444) stdout ----
[INFO] [stdout] error[E0433]: failed to resolve: use of undeclared type `ST7734`
[INFO] [stdout]  --> src/lib.rs:445:15
[INFO] [stdout]   |
[INFO] [stdout] 3 | let display = ST7734::new(None, 24, 25, 23);
[INFO] [stdout]   |               ^^^^^^ use of undeclared type `ST7734`
[INFO] [stdout]   |
[INFO] [stdout] help: consider importing this struct
[INFO] [stdout]   |
[INFO] [stdout] 2 + use st7735::ST7734;
[INFO] [stdout]   |
[INFO] [stdout] 
[INFO] [stdout] error: aborting due to previous error
[INFO] [stdout] 
[INFO] [stdout] For more information about this error, try `rustc --explain E0433`.
[INFO] [stdout] Couldn't compile the test.
[INFO] [stdout] ---- src/lib.rs - ST7734::fill_screen (line 592) stdout ----
[INFO] [stdout] error[E0433]: failed to resolve: use of undeclared type `ST7734`
[INFO] [stdout]  --> src/lib.rs:593:15
[INFO] [stdout]   |
[INFO] [stdout] 3 | let display = ST7734::new(None, 24, 25, 23);
[INFO] [stdout]   |               ^^^^^^ use of undeclared type `ST7734`
[INFO] [stdout]   |
[INFO] [stdout] help: consider importing this struct
[INFO] [stdout]   |
[INFO] [stdout] 2 + use st7735::ST7734;
[INFO] [stdout]   |
[INFO] [stdout] 
[INFO] [stdout] error: aborting due to previous error
[INFO] [stdout] 
[INFO] [stdout] For more information about this error, try `rustc --explain E0433`.
[INFO] [stdout] Couldn't compile the test.
[INFO] [stdout] ---- src/lib.rs - ST7734::new_with_spi (line 90) stdout ----
[INFO] [stdout] error[E0433]: failed to resolve: use of undeclared type `ST7734`
[INFO] [stdout]  --> src/lib.rs:91:19
[INFO] [stdout]   |
[INFO] [stdout] 3 | let mut display = ST7734::new_with_spi("/dev/spidev0.0", 25);
[INFO] [stdout]   |                   ^^^^^^ use of undeclared type `ST7734`
[INFO] [stdout]   |
[INFO] [stdout] help: consider importing this struct
[INFO] [stdout]   |
[INFO] [stdout] 2 + use st7735::ST7734;
[INFO] [stdout]   |
[INFO] [stdout] 
[INFO] [stdout] error: aborting due to previous error
[INFO] [stdout] 
[INFO] [stdout] For more information about this error, try `rustc --explain E0433`.
[INFO] [stdout] Couldn't compile the test.
[INFO] [stdout] ---- src/lib.rs - ST7734::draw_character (line 567) stdout ----
[INFO] [stdout] error[E0433]: failed to resolve: use of undeclared type `ST7734`
[INFO] [stdout]  --> src/lib.rs:568:15
[INFO] [stdout]   |
[INFO] [stdout] 3 | let display = ST7734::new(None, 24, 25, 23);
[INFO] [stdout]   |               ^^^^^^ use of undeclared type `ST7734`
[INFO] [stdout]   |
[INFO] [stdout] help: consider importing this struct
[INFO] [stdout]   |
[INFO] [stdout] 2 + use st7735::ST7734;
[INFO] [stdout]   |
[INFO] [stdout] 
[INFO] [stdout] error[E0425]: cannot find value `Font57` in this scope
[INFO] [stdout]  --> src/lib.rs:569:47
[INFO] [stdout]   |
[INFO] [stdout] 4 | display.draw_character(50, 20, 10, 0xFF0000, &Font57);
[INFO] [stdout]   |                                               ^^^^^^ not found in this scope
[INFO] [stdout] 
[INFO] [stdout] error: aborting due to 2 previous errors
[INFO] [stdout] 
[INFO] [stdout] Some errors have detailed explanations: E0425, E0433.
[INFO] [stdout] For more information about an error, try `rustc --explain E0425`.
[INFO] [stdout] Couldn't compile the test.
[INFO] [stdout] ---- src/lib.rs - ST7734::set_orientation (line 395) stdout ----
[INFO] [stdout] error[E0433]: failed to resolve: use of undeclared type `Orientation`
[INFO] [stdout]  --> src/lib.rs:397:26
[INFO] [stdout]   |
[INFO] [stdout] 4 | display.set_orientation(&Orientation::Portrait);
[INFO] [stdout]   |                          ^^^^^^^^^^^ use of undeclared type `Orientation`
[INFO] [stdout] 
[INFO] [stdout] error[E0433]: failed to resolve: use of undeclared type `ST7734`
[INFO] [stdout]  --> src/lib.rs:396:15
[INFO] [stdout]   |
[INFO] [stdout] 3 | let display = ST7734::new(None, 24, 25, 23);
[INFO] [stdout]   |               ^^^^^^ use of undeclared type `ST7734`
[INFO] [stdout]   |
[INFO] [stdout] help: consider importing this struct
[INFO] [stdout]   |
[INFO] [stdout] 2 + use st7735::ST7734;
[INFO] [stdout]   |
[INFO] [stdout] 
[INFO] [stdout] error: aborting due to 2 previous errors
[INFO] [stdout] 
[INFO] [stdout] For more information about this error, try `rustc --explain E0433`.
[INFO] [stdout] Couldn't compile the test.
[INFO] [stdout] 
[INFO] [stdout] failures:
[INFO] [stdout]     src/color.rs - color::Color::from_default (line 24)
[INFO] [stdout]     src/color.rs - color::Color::from_hex (line 13)
[INFO] [stdout]     src/color.rs - color::Color::from_rgb (line 37)
[INFO] [stdout]     src/lib.rs - (line 19)
[INFO] [stdout]     src/lib.rs - ST7734 (line 53)
[INFO] [stdout]     src/lib.rs - ST7734::clear_screen (line 605)
[INFO] [stdout]     src/lib.rs - ST7734::draw_character (line 567)
[INFO] [stdout]     src/lib.rs - ST7734::draw_circle (line 521)
[INFO] [stdout]     src/lib.rs - ST7734::draw_filled_circle (line 547)
[INFO] [stdout]     src/lib.rs - ST7734::draw_filled_rect (line 428)
[INFO] [stdout]     src/lib.rs - ST7734::draw_horizontal_line (line 460)
[INFO] [stdout]     src/lib.rs - ST7734::draw_line (line 490)
[INFO] [stdout]     src/lib.rs - ST7734::draw_pixel (line 413)
[INFO] [stdout]     src/lib.rs - ST7734::draw_rect (line 444)
[INFO] [stdout]     src/lib.rs - ST7734::draw_vertical_line (line 475)
[INFO] [stdout]     src/lib.rs - ST7734::fill_screen (line 592)
[INFO] [stdout]     src/lib.rs - ST7734::hard_reset (line 264)
[INFO] [stdout]     src/lib.rs - ST7734::new (line 122)
[INFO] [stdout]     src/lib.rs - ST7734::new_with_spi (line 90)
[INFO] [stdout]     src/lib.rs - ST7734::set_orientation (line 395)
[INFO] [stdout] 
[INFO] [stdout] test result: FAILED. 0 passed; 20 failed; 0 ignored; 0 measured; 0 filtered out; finished in 0.29s
[INFO] [stdout] 
[INFO] [stderr] error: doctest failed, to rerun pass `--doc`
[INFO] running `Command { std: "docker" "inspect" "4f34c321db3440398e36113d42b304d8bc35adb89c1bb960843aef4c47507c24", kill_on_drop: false }`
[INFO] running `Command { std: "docker" "rm" "-f" "4f34c321db3440398e36113d42b304d8bc35adb89c1bb960843aef4c47507c24", kill_on_drop: false }`
[INFO] [stdout] 4f34c321db3440398e36113d42b304d8bc35adb89c1bb960843aef4c47507c24
