[INFO] fetching crate sspi 0.8.1...
[INFO] testing sspi-0.8.1 against beta-2023-04-20 for beta-1.70-1
[INFO] extracting crate sspi 0.8.1 into /workspace/builds/worker-7-tc2/source
[INFO] validating manifest of crates.io crate sspi 0.8.1 on toolchain beta-2023-04-20
[INFO] running `Command { std: CARGO_HOME="/workspace/cargo-home" RUSTUP_HOME="/workspace/rustup-home" "/workspace/cargo-home/bin/cargo" "+beta-2023-04-20" "metadata" "--manifest-path" "Cargo.toml" "--no-deps", kill_on_drop: false }`
[INFO] removed /workspace/builds/worker-7-tc2/source/rust-toolchain.toml
[INFO] started tweaking crates.io crate sspi 0.8.1
[INFO] finished tweaking crates.io crate sspi 0.8.1
[INFO] tweaked toml for crates.io crate sspi 0.8.1 written to /workspace/builds/worker-7-tc2/source/Cargo.toml
[INFO] crate crates.io crate sspi 0.8.1 already has a lockfile, it will not be regenerated
[INFO] running `Command { std: CARGO_HOME="/workspace/cargo-home" RUSTUP_HOME="/workspace/rustup-home" "/workspace/cargo-home/bin/cargo" "+beta-2023-04-20" "fetch" "--manifest-path" "Cargo.toml", kill_on_drop: false }`
[INFO] [stderr]     Updating crates.io index
[INFO] [stderr]  Downloading crates ...
[INFO] [stderr]   Downloaded picky-asn1-x509 v0.9.0
[INFO] [stderr]   Downloaded enum-as-inner v0.4.0
[INFO] [stderr]   Downloaded picky-asn1-der v0.4.0
[INFO] [stderr]   Downloaded trust-dns-resolver v0.21.2
[INFO] [stderr]   Downloaded hyper-rustls v0.23.1
[INFO] [stderr]   Downloaded serde_derive v1.0.158
[INFO] [stderr]   Downloaded zeroize_derive v1.4.1
[INFO] [stderr]   Downloaded md4 v0.9.0
[INFO] [stderr]   Downloaded crypto-bigint v0.3.2
[INFO] [stderr]   Downloaded pkcs1 v0.3.3
[INFO] [stderr]   Downloaded rsa v0.6.1
[INFO] [stderr]   Downloaded serde v1.0.158
[INFO] [stderr]   Downloaded async-dnssd v0.5.0
[INFO] [stderr]   Downloaded picky v7.0.0-rc.4
[INFO] [stderr]   Downloaded picky-asn1 v0.7.1
[INFO] [stderr]   Downloaded picky-krb v0.6.0
[INFO] [stderr]   Downloaded syn v2.0.10
[INFO] [stderr]   Downloaded pem-rfc7468 v0.3.1
[INFO] [stderr]   Downloaded pkcs8 v0.8.0
[INFO] [stderr]   Downloaded crypto v0.4.0
[INFO] [stderr]   Downloaded oid v0.2.1
[INFO] [stderr]   Downloaded trust-dns-proto v0.21.2
[INFO] running `Command { std: "docker" "create" "-v" "/var/lib/crater-agent-workspace/builds/worker-7-tc2/target:/opt/rustwide/target:rw,Z" "-v" "/var/lib/crater-agent-workspace/builds/worker-7-tc2/source:/opt/rustwide/workdir:ro,Z" "-v" "/var/lib/crater-agent-workspace/cargo-home:/opt/rustwide/cargo-home:ro,Z" "-v" "/var/lib/crater-agent-workspace/rustup-home:/opt/rustwide/rustup-home:ro,Z" "-e" "SOURCE_DIR=/opt/rustwide/workdir" "-e" "CARGO_TARGET_DIR=/opt/rustwide/target" "-e" "CARGO_HOME=/opt/rustwide/cargo-home" "-e" "RUSTUP_HOME=/opt/rustwide/rustup-home" "-w" "/opt/rustwide/workdir" "-m" "1610612736" "--user" "0:0" "--network" "none" "ghcr.io/rust-lang/crates-build-env/linux@sha256:5ff2268d62e97bff2cde7d5815dd6ed5b47097566f13b8d0ca110b04b60e07ed" "/opt/rustwide/cargo-home/bin/cargo" "+beta-2023-04-20" "metadata" "--no-deps" "--format-version=1", kill_on_drop: false }`
[INFO] [stdout] 9ef1a426955d2ef17cc2ebb8f5ca8f094a2a696c74e26a495d83dfe829d8862e
[INFO] running `Command { std: "docker" "start" "-a" "9ef1a426955d2ef17cc2ebb8f5ca8f094a2a696c74e26a495d83dfe829d8862e", kill_on_drop: false }`
[INFO] running `Command { std: "docker" "inspect" "9ef1a426955d2ef17cc2ebb8f5ca8f094a2a696c74e26a495d83dfe829d8862e", kill_on_drop: false }`
[INFO] running `Command { std: "docker" "rm" "-f" "9ef1a426955d2ef17cc2ebb8f5ca8f094a2a696c74e26a495d83dfe829d8862e", kill_on_drop: false }`
[INFO] [stdout] 9ef1a426955d2ef17cc2ebb8f5ca8f094a2a696c74e26a495d83dfe829d8862e
[INFO] running `Command { std: "docker" "create" "-v" "/var/lib/crater-agent-workspace/builds/worker-7-tc2/target:/opt/rustwide/target:rw,Z" "-v" "/var/lib/crater-agent-workspace/builds/worker-7-tc2/source:/opt/rustwide/workdir:ro,Z" "-v" "/var/lib/crater-agent-workspace/cargo-home:/opt/rustwide/cargo-home:ro,Z" "-v" "/var/lib/crater-agent-workspace/rustup-home:/opt/rustwide/rustup-home:ro,Z" "-e" "SOURCE_DIR=/opt/rustwide/workdir" "-e" "CARGO_TARGET_DIR=/opt/rustwide/target" "-e" "CARGO_INCREMENTAL=0" "-e" "RUST_BACKTRACE=full" "-e" "RUSTFLAGS=--cap-lints=warn" "-e" "RUSTDOCFLAGS=--cap-lints=warn" "-e" "CARGO_HOME=/opt/rustwide/cargo-home" "-e" "RUSTUP_HOME=/opt/rustwide/rustup-home" "-w" "/opt/rustwide/workdir" "-m" "1610612736" "--user" "0:0" "--network" "none" "ghcr.io/rust-lang/crates-build-env/linux@sha256:5ff2268d62e97bff2cde7d5815dd6ed5b47097566f13b8d0ca110b04b60e07ed" "/opt/rustwide/cargo-home/bin/cargo" "+beta-2023-04-20" "build" "--frozen" "--message-format=json", kill_on_drop: false }`
[INFO] [stdout] 9578d9ce2e7a7b219ce291d666aec8309e812b4b67d2dfd1f8226a870f1178a2
[INFO] running `Command { std: "docker" "start" "-a" "9578d9ce2e7a7b219ce291d666aec8309e812b4b67d2dfd1f8226a870f1178a2", kill_on_drop: false }`
[INFO] [stderr]    Compiling typenum v1.15.0
[INFO] [stderr]    Compiling generic-array v0.14.6
[INFO] [stderr]    Compiling proc-macro2 v1.0.54
[INFO] [stderr]    Compiling unicode-ident v1.0.5
[INFO] [stderr]    Compiling subtle v2.4.1
[INFO] [stderr]    Compiling libc v0.2.137
[INFO] [stderr]    Compiling libm v0.2.6
[INFO] [stderr]    Compiling serde_derive v1.0.158
[INFO] [stderr]    Compiling serde v1.0.158
[INFO] [stderr]    Compiling base64ct v1.5.3
[INFO] [stderr]    Compiling cpufeatures v0.2.5
[INFO] [stderr]    Compiling iana-time-zone v0.1.53
[INFO] [stderr]    Compiling num-traits v0.2.15
[INFO] [stderr]    Compiling num-integer v0.1.45
[INFO] [stderr]    Compiling num-iter v0.1.43
[INFO] [stderr]    Compiling num-bigint-dig v0.8.2
[INFO] [stderr]    Compiling const-oid v0.7.1
[INFO] [stderr]    Compiling spin v0.5.2
[INFO] [stderr]    Compiling proc-macro2 v0.4.30
[INFO] [stderr]    Compiling byteorder v1.4.3
[INFO] [stderr]    Compiling smallvec v1.10.0
[INFO] [stderr]    Compiling tinyvec_macros v0.1.0
[INFO] [stderr]    Compiling syn v1.0.104
[INFO] [stderr]    Compiling lazy_static v1.4.0
[INFO] [stderr]    Compiling unicode-xid v0.1.0
[INFO] [stderr]    Compiling pem-rfc7468 v0.3.1
[INFO] [stderr]    Compiling tinyvec v1.6.0
[INFO] [stderr]    Compiling widestring v0.5.1
[INFO] [stderr]    Compiling syn v0.15.44
[INFO] [stderr]    Compiling unicode-bidi v0.3.8
[INFO] [stderr]    Compiling num-derive v0.2.5
[INFO] [stderr]    Compiling keccak v0.1.3
[INFO] [stderr]    Compiling percent-encoding v2.2.0
[INFO] [stderr]    Compiling once_cell v1.16.0
[INFO] [stderr]    Compiling form_urlencoded v1.1.0
[INFO] [stderr]    Compiling tracing-core v0.1.30
[INFO] [stderr]    Compiling quote v1.0.26
[INFO] [stderr]    Compiling bitflags v1.3.2
[INFO] [stderr]    Compiling cfg-if v0.1.10
[INFO] [stderr]    Compiling syn v2.0.10
[INFO] [stderr]    Compiling quote v0.6.13
[INFO] [stderr]    Compiling getrandom v0.2.8
[INFO] [stderr]    Compiling time v0.1.45
[INFO] [stderr]    Compiling unicode-normalization v0.1.22
[INFO] [stderr]    Compiling rand_core v0.6.4
[INFO] [stderr]    Compiling rand_chacha v0.3.1
[INFO] [stderr]    Compiling password-hash v0.4.2
[INFO] [stderr]    Compiling idna v0.3.0
[INFO] [stderr]    Compiling rand v0.8.5
[INFO] [stderr]    Compiling url v2.3.1
[INFO] [stderr]    Compiling chrono v0.4.23
[INFO] [stderr]    Compiling crypto-common v0.1.6
[INFO] [stderr]    Compiling block-buffer v0.10.3
[INFO] [stderr]    Compiling crypto-bigint v0.3.2
[INFO] [stderr]    Compiling block-padding v0.3.2
[INFO] [stderr]    Compiling digest v0.9.0
[INFO] [stderr]    Compiling block-buffer v0.9.0
[INFO] [stderr]    Compiling crypto-mac v0.11.1
[INFO] [stderr]    Compiling crypto v0.4.0
[INFO] [stderr]    Compiling inout v0.1.3
[INFO] [stderr]    Compiling md4 v0.9.0
[INFO] [stderr]    Compiling md-5 v0.9.1
[INFO] [stderr]    Compiling sha2 v0.9.9
[INFO] [stderr]    Compiling hmac v0.11.0
[INFO] [stderr]    Compiling digest v0.10.6
[INFO] [stderr]    Compiling cipher v0.4.3
[INFO] [stderr]    Compiling sha-1 v0.10.1
[INFO] [stderr]    Compiling sha2 v0.10.6
[INFO] [stderr]    Compiling hmac v0.12.1
[INFO] [stderr]    Compiling sha3 v0.10.6
[INFO] [stderr]    Compiling md-5 v0.10.5
[INFO] [stderr]    Compiling des v0.8.1
[INFO] [stderr]    Compiling cbc v0.1.2
[INFO] [stderr]    Compiling aes v0.8.2
[INFO] [stderr]    Compiling sha1 v0.10.5
[INFO] [stderr]    Compiling pbkdf2 v0.11.0
[INFO] [stderr]    Compiling der v0.5.1
[INFO] [stderr]    Compiling spki v0.5.4
[INFO] [stderr]    Compiling zeroize_derive v1.4.1
[INFO] [stderr]    Compiling thiserror-impl v1.0.40
[INFO] [stderr]    Compiling zeroize v1.5.7
[INFO] [stderr]    Compiling pkcs8 v0.8.0
[INFO] [stderr]    Compiling pkcs1 v0.3.3
[INFO] [stderr]    Compiling thiserror v1.0.40
[INFO] [stderr]    Compiling tracing-attributes v0.1.23
[INFO] [stderr]    Compiling tracing v0.1.37
[INFO] [stderr]    Compiling oid v0.2.1
[INFO] [stderr]    Compiling serde_bytes v0.11.9
[INFO] [stderr]    Compiling uuid v1.2.2
[INFO] [stderr]    Compiling picky-asn1 v0.7.1
[INFO] [stderr]    Compiling picky-asn1-der v0.4.0
[INFO] [stderr]    Compiling rsa v0.6.1
[INFO] [stderr]    Compiling picky-asn1-x509 v0.9.0
[INFO] [stderr]    Compiling picky v7.0.0-rc.4
[INFO] [stderr]    Compiling picky-krb v0.6.0
[INFO] [stderr]    Compiling sspi v0.8.1 (/opt/rustwide/workdir)
[INFO] [stderr]     Finished dev [unoptimized + debuginfo] target(s) in 44.53s
[INFO] running `Command { std: "docker" "inspect" "9578d9ce2e7a7b219ce291d666aec8309e812b4b67d2dfd1f8226a870f1178a2", kill_on_drop: false }`
[INFO] running `Command { std: "docker" "rm" "-f" "9578d9ce2e7a7b219ce291d666aec8309e812b4b67d2dfd1f8226a870f1178a2", kill_on_drop: false }`
[INFO] [stdout] 9578d9ce2e7a7b219ce291d666aec8309e812b4b67d2dfd1f8226a870f1178a2
[INFO] running `Command { std: "docker" "create" "-v" "/var/lib/crater-agent-workspace/builds/worker-7-tc2/target:/opt/rustwide/target:rw,Z" "-v" "/var/lib/crater-agent-workspace/builds/worker-7-tc2/source:/opt/rustwide/workdir:ro,Z" "-v" "/var/lib/crater-agent-workspace/cargo-home:/opt/rustwide/cargo-home:ro,Z" "-v" "/var/lib/crater-agent-workspace/rustup-home:/opt/rustwide/rustup-home:ro,Z" "-e" "SOURCE_DIR=/opt/rustwide/workdir" "-e" "CARGO_TARGET_DIR=/opt/rustwide/target" "-e" "CARGO_INCREMENTAL=0" "-e" "RUST_BACKTRACE=full" "-e" "RUSTFLAGS=--cap-lints=warn" "-e" "RUSTDOCFLAGS=--cap-lints=warn" "-e" "CARGO_HOME=/opt/rustwide/cargo-home" "-e" "RUSTUP_HOME=/opt/rustwide/rustup-home" "-w" "/opt/rustwide/workdir" "-m" "1610612736" "--user" "0:0" "--network" "none" "ghcr.io/rust-lang/crates-build-env/linux@sha256:5ff2268d62e97bff2cde7d5815dd6ed5b47097566f13b8d0ca110b04b60e07ed" "/opt/rustwide/cargo-home/bin/cargo" "+beta-2023-04-20" "test" "--frozen" "--no-run" "--message-format=json", kill_on_drop: false }`
[INFO] [stdout] 660a25c09876809092a5024dc84c7666102bdb7a48efde57671624ad70c12e44
[INFO] running `Command { std: "docker" "start" "-a" "660a25c09876809092a5024dc84c7666102bdb7a48efde57671624ad70c12e44", kill_on_drop: false }`
[INFO] [stderr]     Blocking waiting for file lock on package cache
[INFO] [stderr]    Compiling whoami v0.5.3
[INFO] [stderr]    Compiling sspi v0.8.1 (/opt/rustwide/workdir)
[INFO] [stderr]     Finished test [unoptimized + debuginfo] target(s) in 11.54s
[INFO] running `Command { std: "docker" "inspect" "660a25c09876809092a5024dc84c7666102bdb7a48efde57671624ad70c12e44", kill_on_drop: false }`
[INFO] running `Command { std: "docker" "rm" "-f" "660a25c09876809092a5024dc84c7666102bdb7a48efde57671624ad70c12e44", kill_on_drop: false }`
[INFO] [stdout] 660a25c09876809092a5024dc84c7666102bdb7a48efde57671624ad70c12e44
[INFO] running `Command { std: "docker" "create" "-v" "/var/lib/crater-agent-workspace/builds/worker-7-tc2/target:/opt/rustwide/target:rw,Z" "-v" "/var/lib/crater-agent-workspace/builds/worker-7-tc2/source:/opt/rustwide/workdir:ro,Z" "-v" "/var/lib/crater-agent-workspace/cargo-home:/opt/rustwide/cargo-home:ro,Z" "-v" "/var/lib/crater-agent-workspace/rustup-home:/opt/rustwide/rustup-home:ro,Z" "-e" "SOURCE_DIR=/opt/rustwide/workdir" "-e" "CARGO_TARGET_DIR=/opt/rustwide/target" "-e" "CARGO_INCREMENTAL=0" "-e" "RUST_BACKTRACE=full" "-e" "RUSTFLAGS=--cap-lints=warn" "-e" "RUSTDOCFLAGS=--cap-lints=warn" "-e" "CARGO_HOME=/opt/rustwide/cargo-home" "-e" "RUSTUP_HOME=/opt/rustwide/rustup-home" "-w" "/opt/rustwide/workdir" "-m" "1610612736" "--user" "0:0" "--network" "none" "ghcr.io/rust-lang/crates-build-env/linux@sha256:5ff2268d62e97bff2cde7d5815dd6ed5b47097566f13b8d0ca110b04b60e07ed" "/opt/rustwide/cargo-home/bin/cargo" "+beta-2023-04-20" "test" "--frozen", kill_on_drop: false }`
[INFO] [stdout] f3c9b90b71b4b957d1d3dd0e6be8fce280478c6c2b7a20985c745adf46f35be1
[INFO] running `Command { std: "docker" "start" "-a" "f3c9b90b71b4b957d1d3dd0e6be8fce280478c6c2b7a20985c745adf46f35be1", kill_on_drop: false }`
[INFO] [stderr]     Finished test [unoptimized + debuginfo] target(s) in 0.14s
[INFO] [stderr]      Running unittests src/lib.rs (/opt/rustwide/target/debug/deps/sspi-20ffe7ef216d657c)
[INFO] [stdout] 
[INFO] [stdout] running 191 tests
[INFO] [stdout] test ber::tests::read_contextual_tag_returns_error_on_invalid_tag ... ok
[INFO] [stdout] test ber::tests::read_integer_is_correct_with_2_byte_integer ... ok
[INFO] [stdout] test ber::tests::read_integer_is_correct_with_3_byte_integer ... ok
[INFO] [stdout] test ber::tests::read_integer_returns_error_on_incorrect_len ... ok
[INFO] [stdout] test ber::tests::read_integer_is_correct_with_4_byte_integer ... ok
[INFO] [stdout] test ber::tests::read_contextual_tag_returns_correct_length ... ok
[INFO] [stdout] test ber::tests::read_integer_is_correct_with_1_byte_integer ... ok
[INFO] [stdout] test ber::tests::read_length_is_correct_with_3_byte_length ... ok
[INFO] [stdout] test ber::tests::read_integer_is_correct_with_8_byte_integer ... ok
[INFO] [stdout] test ber::tests::read_sequence_tag_returns_correct_length ... ok
[INFO] [stdout] test ber::tests::write_integer_is_correct_with_4_byte_integer ... ok
[INFO] [stdout] test ber::tests::sizeof_length_with_long_len ... ok
[INFO] [stdout] test ber::tests::write_integer_is_correct_with_3_byte_integer ... ok
[INFO] [stdout] test ber::tests::read_length_returns_error_on_invalid_length ... ok
[INFO] [stdout] test ber::tests::read_octet_string_tag_is_correct ... ok
[INFO] [stdout] test ber::tests::read_length_is_correct_with_2_byte_length ... ok
[INFO] [stdout] test ber::tests::read_octet_string_tag_returns_error_on_wrong_tag ... ok
[INFO] [stdout] test ber::tests::read_length_is_correct_with_1_byte_length ... ok
[INFO] [stdout] test ber::tests::write_length_is_correct_with_3_byte_length ... ok
[INFO] [stdout] test ber::tests::write_octet_string_is_correct ... ok
[INFO] [stdout] test ber::tests::write_octet_string_tag_is_correct ... ok
[INFO] [stdout] test ber::tests::write_sequence_tag_is_correct ... ok
[INFO] [stdout] test ber::tests::write_universal_tag_construct_enumerated_is_correct ... ok
[INFO] [stdout] test ber::tests::write_universal_tag_primitive_integer_is_correct ... ok
[INFO] [stdout] test channel_bindings::tests::from_bytes ... ok
[INFO] [stdout] test channel_bindings::tests::invalid_len ... ok
[INFO] [stdout] test channel_bindings::tests::invalid_offset ... ok
[INFO] [stdout] test channel_bindings::tests::too_small_buffer ... ok
[INFO] [stdout] test credssp::tests::cred_sspi_client_is_send ... ok
[INFO] [stdout] test credssp::tests::cred_sspi_client_is_sync ... ok
[INFO] [stdout] test credssp::ts_request::test::decode_ts_credentials_fails_on_incomplete_buffer ... ok
[INFO] [stdout] test credssp::ts_request::test::decode_ts_credentials_with_one_symbol_user_and_password ... ok
[INFO] [stdout] test credssp::ts_request::test::decode_ts_credentials_with_restricted_admin_mode_required ... ok
[INFO] [stdout] test credssp::ts_request::test::decode_with_wrong_len ... ok
[INFO] [stdout] test credssp::ts_request::test::decode_ts_credentials_with_simple_username_and_domain_and_password ... ok
[INFO] [stdout] test credssp::ts_request::test::decode_ts_request_fails_on_incomplete_buffer ... ok
[INFO] [stdout] test credssp::ts_request::test::encode_ts_credentials_with_restricted_admin_mode_required ... ok
[INFO] [stdout] test credssp::ts_request::test::encode_ts_credentials_with_simple_username_and_domain_and_password ... ok
[INFO] [stdout] test credssp::ts_request::test::buffer_len_correct_returns_len ... ok
[INFO] [stdout] test credssp::ts_request::test::decode_ts_credentials_with_strong_user_and_password ... ok
[INFO] [stdout] test credssp::ts_request::test::ntlm_decode_first_phase_with_nego_token_and_client_nonce ... ok
[INFO] [stdout] test credssp::ts_request::test::decode_with_error_code ... ok
[INFO] [stdout] test credssp::ts_request::test::encode_ts_credentials_with_strong_user_and_password ... ok
[INFO] [stdout] test credssp::ts_request::test::ntlm_decode_fiveth_phase_with_auth_info_and_client_nonce ... ok
[INFO] [stdout] test credssp::ts_request::test::ntlm_decode_fourth_phase_with_pub_key_auth_and_client_nonce ... ok
[INFO] [stdout] test credssp::ts_request::test::ntlm_decode_second_phase_with_nego_token_and_client_nonce ... ok
[INFO] [stdout] test ber::tests::write_contextual_tag_constuct_is_correct ... ok
[INFO] [stdout] test ber::tests::write_contextual_tag_primitive_is_correct ... ok
[INFO] [stdout] test ber::tests::write_sequence_octet_string_is_correct ... ok
[INFO] [stdout] test ber::tests::write_length_is_correct_with_1_byte_length ... ok
[INFO] [stdout] test ber::tests::write_length_is_correct_with_2_byte_length ... ok
[INFO] [stdout] test credssp::ts_request::test::ntlm_encode_first_phase_with_nego_token_and_client_nonce ... ok
[INFO] [stdout] test credssp::ts_request::test::ntlm_decode_third_phase_with_nego_token_and_pub_key_auth_and_client_nonce ... ok
[INFO] [stdout] test credssp::ts_request::test::ntlm_encode_fiveth_phase_with_auth_info_and_client_nonce ... ok
[INFO] [stdout] test credssp::ts_request::test::encode_ts_credentials_with_one_symbol_user_and_password ... ok
[INFO] [stdout] test credssp::ts_request::test::ntlm_encode_second_phase_with_nego_token_and_client_nonce ... ok
[INFO] [stdout] test credssp::ts_request::test::buffer_len_correct_returns_len_with_garbage ... ok
[INFO] [stdout] test ber::tests::read_sequence_tag_returns_error_on_invalid_tag ... ok
[INFO] [stdout] test ber::tests::write_integer_is_correct_with_2_byte_integer ... ok
[INFO] [stdout] test ber::tests::write_integer_is_correct_with_1_byte_integer ... ok
[INFO] [stdout] test credssp::ts_request::test::ntlm_encode_third_phase_with_nego_token_and_pub_key_auth_and_client_nonce ... ok
[INFO] [stdout] test crypto::rc4::test::empty_message ... ok
[INFO] [stdout] test credssp::ts_request::test::decode_without_client_nonce ... ok
[INFO] [stdout] test kdc::tests::test_detect_kdc ... ok
[INFO] [stdout] test crypto::rc4::test::long_key_message ... ok
[INFO] [stdout] test crypto::rc4::test::one_symbol_key ... ok
[INFO] [stdout] test crypto::rc4::test::one_symbol_similar_key_and_message ... ok
[INFO] [stdout] test crypto::rc4::test::long_key ... ok
[INFO] [stdout] test crypto::rc4::test::one_symbol_key_and_message ... ok
[INFO] [stdout] test credssp::ts_request::test::ntlm_encode_with_error_code ... ok
[INFO] [stdout] test credssp::ts_request::test::ntlm_encode_fourth_phase_with_pub_key_auth_and_client_nonce ... ok
[INFO] [stdout] test crypto::rc4::test::long_message ... ok
[INFO] [stdout] test crypto::rc4::test::check_common_case ... ok
[INFO] [stdout] test kerberos::utils::tests::parse_invalid_target_name ... ok
[INFO] [stdout] test ntlm::messages::client::test::read_challenge_fails_on_incorrect_state ... ok
[INFO] [stdout] test kerberos::tests::stream_buffer_decryption ... ok
[INFO] [stdout] test kerberos::utils::tests::parse_valid_target_name ... ok
[INFO] [stdout] test ntlm::messages::client::test::read_challenge_fails_with_incorrect_message_type ... ok
[INFO] [stdout] test krb::tests::test_parse_krb5_conf ... ok
[INFO] [stdout] test ntlm::messages::client::test::read_challenge_does_not_fail_with_correct_header ... ok
[INFO] [stdout] test ntlm::messages::client::test::read_challenge_fails_with_incorrect_signature ... ok
[INFO] [stdout] test ntlm::messages::client::test::write_negotiate_failed_on_incorrect_state ... ok
[INFO] [stdout] test ntlm::messages::client::test::write_negotiate_changes_context_state_on_success ... ok
[INFO] [stdout] test ntlm::messages::client::test::write_negotiate_writes_buffer_to_context ... ok
[INFO] [stdout] test ntlm::messages::client::test::write_negotiate_writes_correct_message_type ... ok
[INFO] [stdout] test ntlm::messages::client::test::read_challenge_reads_correct_server_challenge ... ok
[INFO] [stdout] test ntlm::messages::client::test::write_authenticate_correct_writes_domain_name ... ok
[INFO] [stdout] test ntlm::messages::client::test::write_negotiate_writes_workstation ... ok
[INFO] [stdout] test ntlm::messages::computations::test::av_pair_from_buffer_fails_on_invalid_av_type ... ok
[INFO] [stdout] test ntlm::messages::computations::test::av_pair_from_buffer_fails_on_invalid_channel_bindings_size ... ok
[INFO] [stdout] test ntlm::messages::computations::test::av_pair_from_buffer_fails_on_invalid_flags_size ... ok
[INFO] [stdout] test ntlm::messages::client::test::write_negotiate_writes_flags ... ok
[INFO] [stdout] test ntlm::messages::computations::test::av_pair_from_buffer_fails_on_invalid_single_host_data_size ... ok
[INFO] [stdout] test ntlm::messages::computations::test::av_pair_from_buffer_fails_on_invalid_eol_size ... ok
[INFO] [stdout] test ntlm::messages::computations::test::compute_lm_v2_repsonse_correct_computes_response ... ok
[INFO] [stdout] test ntlm::messages::computations::test::av_pair_from_buffer_fails_on_invalid_timestamp_size ... ok
[INFO] [stdout] test ntlm::messages::client::test::read_challenge_reads_correct_target_info ... ok
[INFO] [stdout] test ntlm::messages::client::test::write_negotiate_writes_version ... ok
[INFO] [stdout] test ntlm::messages::computations::test::compute_ntlm_v2_repsonse_correct_computes_key_exchange_key ... ok
[INFO] [stdout] test ntlm::messages::computations::test::av_pair_list_to_buffer_with_all_possible_pairs ... ok
[INFO] [stdout] test ntlm::messages::computations::test::compute_ntlm_v2_repsonse_correct_computes_challenge_response ... ok
[INFO] [stdout] test ntlm::messages::computations::test::compute_ntlmv2_hash_password_is_less_than_hash_len_offset ... ok
[INFO] [stdout] test ntlm::messages::computations::test::compute_ntlmv2_hash_password_local_logon ... ok
[INFO] [stdout] test ntlm::messages::computations::test::convert_password_hash_random_symbols ... ok
[INFO] [stdout] test ntlm::messages::computations::test::compute_ntlmv2_hash_password_domain_logon ... ok
[INFO] [stdout] test ntlm::messages::computations::test::convert_password_hash_spec_chars ... ok
[INFO] [stdout] test ntlm::messages::client::test::write_negotiate_writes_domain_name ... ok
[INFO] [stdout] test ntlm::messages::client::test::write_negotiate_writes_correct_signature ... ok
[INFO] [stdout] test ntlm::messages::client::test::read_challenge_writes_buffer_to_context ... ok
[INFO] [stdout] test ntlm::messages::computations::test::get_authenticate_target_info_correct_returns_with_send_single_host_data ... ok
[INFO] [stdout] test ntlm::messages::computations::test::get_authenticate_target_info_correct_returns_with_use_mic ... ok
[INFO] [stdout] test ntlm::messages::computations::test::convert_password_hash_simple_chars ... ok
[INFO] [stdout] test ntlm::messages::client::test::read_challenge_reads_correct_timestamp ... ok
[INFO] [stdout] test ntlm::messages::client::test::read_challenge_reads_correct_flags ... ok
[INFO] [stdout] test ntlm::messages::client::test::write_authenticate_fails_on_incorrect_state ... ok
[INFO] [stdout] test ntlm::messages::computations::test::compute_ntlmv2_hash_works_on_empty_password ... ok
[INFO] [stdout] test ntlm::messages::computations::test::get_challenge_target_info_correct_writes_needed_values_with_empty_timestamp ... ok
[INFO] [stdout] test ntlm::messages::client::test::write_authenticate_changes_context_state_on_success ... ok
[INFO] [stdout] test ntlm::messages::computations::test::get_av_flags_from_response_returns_empty_flags_if_flags_are_absent ... ok
[INFO] [stdout] test ntlm::messages::client::test::write_authenticate_writes_correct_header ... ok
[INFO] [stdout] test ntlm::messages::computations::test::get_system_time_as_file_time_test_one_second_diff ... ok
[INFO] [stdout] test ntlm::messages::computations::test::get_challenge_target_info_correct_writes_needed_values_with_timestamp ... ok
[INFO] [stdout] test ntlm::messages::computations::test::get_authenticate_target_info_returns_without_principal_name ... ok
[INFO] [stdout] test ntlm::messages::computations::test::compute_ntlmv2_hash_with_large_password ... ok
[INFO] [stdout] test ntlm::messages::computations::test::convert_password_hash_only_spaces ... ok
[INFO] [stdout] test ntlm::messages::computations::test::get_system_time_as_file_time_test_returns_value_in_correct_case ... ok
[INFO] [stdout] test ntlm::messages::client::test::write_authenticate_correct_writes_user_name ... ok
[INFO] [stdout] test ntlm::messages::computations::test::get_system_time_as_file_time_test_same_start_and_end_date ... ok
[INFO] [stdout] test ntlm::messages::computations::test::get_system_time_as_file_time_test_start_date_is_bigger_than_end_date ... ok
[INFO] [stdout] test ntlm::messages::computations::test::get_system_time_as_file_time_test_start_date_is_not_windows_file_time_start_date ... ok
[INFO] [stdout] test ntlm::messages::server::test::read_authenticate_fails_on_incorrect_state ... ok
[INFO] [stdout] test ntlm::messages::server::test::read_authenticate_domain_logon_correct_reads_mic ... ok
[INFO] [stdout] test ntlm::messages::server::test::read_authenticate_domain_logon_correct_reads_user_name ... ok
[INFO] [stdout] test ntlm::messages::server::test::read_authenticate_fails_without_key_exchange_flag ... ok
[INFO] [stdout] test ntlm::messages::server::test::complete_authenticate_does_not_fail_on_correct_mic ... ok
[INFO] [stdout] test ntlm::messages::server::test::complete_authenticate_fails_on_incorrect_state ... ok
[INFO] [stdout] test ntlm::messages::server::test::read_authenticate_fail_with_incorrect_signature ... ok
[INFO] [stdout] test ntlm::messages::server::test::read_authenticate_fail_with_incorrect_message_type ... ok
[INFO] [stdout] test ntlm::messages::server::test::read_authenticate_local_logon_correct_reads_encrypted_random_session_key ... ok
[INFO] [stdout] test ntlm::messages::server::test::complete_authenticate_fails_on_incorrect_challenge_message ... ok
[INFO] [stdout] test ntlm::messages::server::test::read_authenticate_domain_logon_correct_reads_domain_name ... ok
[INFO] [stdout] test ntlm::messages::server::test::read_negotiate_fails_on_incorrect_state ... ok
[INFO] [stdout] test ntlm::messages::server::test::read_negotiate_changes_context_state_on_success ... ok
[INFO] [stdout] test ntlm::messages::server::test::read_negotiate_fails_with_incorrect_signature ... ok
[INFO] [stdout] test ntlm::messages::server::test::write_challenge_fails_on_incorrect_state ... ok
[INFO] [stdout] test ntlm::messages::server::test::read_authenticate_fails_with_incorrect_encrypted_key_size ... ok
[INFO] [stdout] test ntlm::messages::server::test::read_authenticate_local_logon_correct_reads_user_name ... ok
[INFO] [stdout] test ntlm::messages::server::test::write_challenge_writes_correct_message_type ... ok
[INFO] [stdout] test ntlm::messages::server::test::write_challenge_writes_target_info ... ok
[INFO] [stdout] test ntlm::messages::server::test::read_negotiate_fails_without_needed_flags ... ok
[INFO] [stdout] test ntlm::test::accept_security_context_fails_on_empty_output_on_negotiate_state ... ok
[INFO] [stdout] test ntlm::messages::server::test::read_negotiate_writes_buffer_to_context ... ok
[INFO] [stdout] test ntlm::messages::server::test::read_negotiate_reads_correct_flags ... ok
[INFO] [stdout] test ntlm::messages::server::test::read_authenticate_local_logon_correct_reads_mic ... ok
[INFO] [stdout] test ntlm::messages::server::test::read_negotiate_fails_with_incorrect_message_type ... ok
[INFO] [stdout] test ntlm::messages::server::test::read_negotiate_does_not_fail_with_correct_header ... ok
[INFO] [stdout] test ntlm::messages::server::test::write_challenge_writes_correct_target_name ... ok
[INFO] [stdout] test ntlm::messages::server::test::write_challenge_writes_timestamp ... ok
[INFO] [stdout] test ntlm::test::accept_security_context_reads_authenticate ... ok
[INFO] [stdout] test ntlm::test::accept_security_context_reads_negotiate_message ... ok
[INFO] [stdout] test ntlm::messages::server::test::write_challenge_writes_correct_signature ... ok
[INFO] [stdout] test ntlm::test::accept_security_context_wrong_state_final ... ok
[INFO] [stdout] test ntlm::messages::server::test::write_challenge_writes_correct_flags ... ok
[INFO] [stdout] test ntlm::test::accept_security_context_writes_challenge_message ... ok
[INFO] [stdout] test ntlm::test::accept_security_context_wrong_state_completion ... ok
[INFO] [stdout] test ntlm::test::accept_security_context_wrong_state_challenge ... ok
[INFO] [stdout] test ntlm::messages::server::test::write_challenge_writes_server_challenge ... ok
[INFO] [stdout] test ntlm::messages::server::test::write_challenge_writes_correct_version ... ok
[INFO] [stdout] test ntlm::test::encrypt_message_crypts_data ... ok
[INFO] [stdout] test ntlm::test::complete_auth_token_fails_on_incorrect_state ... ok
[INFO] [stdout] test ntlm::test::decrypt_message_fails_on_incorrect_version ... ok
[INFO] [stdout] test ntlm::test::decrypt_message_fails_on_incorrect_signing_key ... ok
[INFO] [stdout] test ntlm::test::initialize_security_context_writes_negotiate_message ... ok
[INFO] [stdout] test ntlm::test::initialize_security_context_fails_on_empty_output_on_challenge_state ... ok
[INFO] [stdout] test ntlm::test::initialize_security_context_wrong_state_completion ... ok
[INFO] [stdout] test ntlm::test::encrypt_message_correct_computes_digest ... ok
[INFO] [stdout] test ntlm::test::initialize_security_context_writes_authenticate_message ... ok
[INFO] [stdout] test ntlm::test::accept_security_context_wrong_state_negotiate ... ok
[INFO] [stdout] test ntlm::test::complete_auth_token_changes_state ... ok
[INFO] [stdout] test ntlm::test::initialize_security_context_wrong_state_authenticate ... ok
[INFO] [stdout] test ntlm::test::decrypt_message_fails_on_incorrect_checksum ... ok
[INFO] [stdout] test ntlm::test::decrypt_message_decrypts_data ... ok
[INFO] [stdout] test ntlm::test::decrypt_message_fails_on_incorrect_seq_num ... ok
[INFO] [stdout] test ntlm::test::decrypt_message_does_not_fail_on_correct_signature ... ok
[INFO] [stdout] test ntlm::test::encrypt_message_writes_seq_num_to_signature ... ok
[INFO] [stdout] test ntlm::test::initialize_security_context_wrong_state_final ... ok
[INFO] [stdout] test ntlm::test::initialize_security_context_wrong_state_negotiate ... ok
[INFO] [stdout] test ntlm::test::decrypt_message_fails_on_incorrect_sealing_key ... ok
[INFO] [stdout] test ntlm::test::initialize_security_context_reads_challenge_message ... ok
[INFO] [stdout] test pku2u::tests::stream_buffer_decryption ... ok
[INFO] [stdout] test ntlm::messages::computations::test::compute_ntlmv2_hash_fails_on_empty_identity - should panic ... ok
[INFO] [stderr]      Running tests/common.rs (/opt/rustwide/target/debug/deps/common-d728bd8a8e4f2d77)
[INFO] [stdout] 
[INFO] [stdout] test result: ok. 191 passed; 0 failed; 0 ignored; 0 measured; 0 filtered out; finished in 0.29s
[INFO] [stdout] 
[INFO] [stdout] 
[INFO] [stdout] running 0 tests
[INFO] [stdout] 
[INFO] [stdout] test result: ok. 0 passed; 0 failed; 0 ignored; 0 measured; 0 filtered out; finished in 0.00s
[INFO] [stdout] 
[INFO] [stderr]      Running tests/hybrid.rs (/opt/rustwide/target/debug/deps/hybrid-f857c217f1a960f9)
[INFO] [stdout] 
[INFO] [stdout] running 0 tests
[INFO] [stdout] 
[INFO] [stdout] test result: ok. 0 passed; 0 failed; 0 ignored; 0 measured; 0 filtered out; finished in 0.00s
[INFO] [stdout] 
[INFO] [stderr]      Running tests/ntlm.rs (/opt/rustwide/target/debug/deps/ntlm-d45bf2a73978d5c8)
[INFO] [stdout] 
[INFO] [stdout] running 1 test
[INFO] [stdout] test successful_ntlm_authentication_with_client_auth_data ... ok
[INFO] [stdout] 
[INFO] [stdout] test result: ok. 1 passed; 0 failed; 0 ignored; 0 measured; 0 filtered out; finished in 0.00s
[INFO] [stdout] 
[INFO] [stderr]      Running tests/winapi.rs (/opt/rustwide/target/debug/deps/winapi-a6772db926fd223e)
[INFO] [stdout] 
[INFO] [stdout] running 0 tests
[INFO] [stdout] 
[INFO] [stdout] test result: ok. 0 passed; 0 failed; 0 ignored; 0 measured; 0 filtered out; finished in 0.00s
[INFO] [stdout] 
[INFO] [stderr]    Doc-tests sspi
[INFO] [stdout] 
[INFO] [stdout] running 15 tests
[INFO] [stdout] test src/lib.rs - Sspi::change_password (line 872) ... ignored
[INFO] [stdout] test src/lib.rs - (line 58) ... ok
[INFO] [stdout] test src/lib.rs - Sspi::query_context_sizes (line 715) ... FAILED
[INFO] [stdout] test src/lib.rs - Sspi::acquire_credentials_handle (line 230) ... FAILED
[INFO] [stdout] test src/lib.rs - Sspi::initialize_security_context (line 278) ... FAILED
[INFO] [stdout] test src/lib.rs - Sspi::query_context_package_info (line 785) ... FAILED
[INFO] [stdout] test src/lib.rs - query_security_package_info (line 144) ... FAILED
[INFO] [stdout] test src/lib.rs - Sspi::decrypt_message (line 615) ... FAILED
[INFO] [stdout] test src/lib.rs - Sspi::query_context_cert_trust_status (line 805) ... ok
[INFO] [stdout] test src/lib.rs - enumerate_security_packages (line 179) ... ok
[INFO] [stdout] test src/lib.rs - Sspi::encrypt_message (line 505) ... ok
[INFO] [stdout] test src/lib.rs - Sspi::query_context_names (line 739) ... ok
[INFO] [stdout] test src/lib.rs - Sspi::complete_auth_token (line 419) ... ok
[INFO] [stdout] test src/lib.rs - Sspi::accept_security_context (line 339) ... ok
[INFO] [stdout] test src/lib.rs - (line 13) ... ok
[INFO] [stdout] 
[INFO] [stdout] failures:
[INFO] [stdout] 
[INFO] [stdout] ---- src/lib.rs - Sspi::query_context_sizes (line 715) stdout ----
[INFO] [stdout] error: linking with `cc` failed: exit status: 1
[INFO] [stdout]   |
[INFO] [stdout]   = note: LC_ALL="C" PATH="/opt/rustwide/rustup-home/toolchains/beta-2023-04-20-x86_64-unknown-linux-gnu/lib/rustlib/x86_64-unknown-linux-gnu/bin:/opt/rustwide/cargo-home/bin:/usr/local/sbin:/usr/local/bin:/usr/sbin:/usr/bin:/sbin:/bin" VSLANG="1033" "cc" "-m64" "/tmp/rustcM4BWGp/symbols.o" "/tmp/rustdoctest9LaH2K/rust_out.rust_out.c38b68ff-cgu.0.rcgu.o" "/tmp/rustdoctest9LaH2K/rust_out.38a7fyhsvjn6z0qy.rcgu.o" "-Wl,--as-needed" "-L" "/opt/rustwide/target/debug/deps" "-L" "/opt/rustwide/target/debug/deps" "-L" "/opt/rustwide/rustup-home/toolchains/beta-2023-04-20-x86_64-unknown-linux-gnu/lib/rustlib/x86_64-unknown-linux-gnu/lib" "-Wl,-Bstatic" "/opt/rustwide/target/debug/deps/libsspi-b1141b6b3ea06b06.rlib" "/opt/rustwide/target/debug/deps/libcfg_if-b22544e46cbb7baa.rlib" "/opt/rustwide/target/debug/deps/libhmac-0707c852e857848d.rlib" "/opt/rustwide/target/debug/deps/libsha2-5bdc6c0eb322721e.rlib" "/opt/rustwide/target/debug/deps/libmd4-a360aa38ef01dcfa.rlib" "/opt/rustwide/target/debug/deps/libcrypto_mac-9c6179e575b0f273.rlib" "/opt/rustwide/target/debug/deps/libpicky-53dfd705c30b6d6f.rlib" "/opt/rustwide/target/debug/deps/libsha3-f65dedc725203cdc.rlib" "/opt/rustwide/target/debug/deps/libkeccak-5a05f7fde80988af.rlib" "/opt/rustwide/target/debug/deps/libmd5-15643ff0adff813f.rlib" "/opt/rustwide/target/debug/deps/libbase64-0c872e3f7d1ba17a.rlib" "/opt/rustwide/target/debug/deps/librsa-e66a8c6a22592eb5.rlib" "/opt/rustwide/target/debug/deps/libpkcs1-68da6b3a9bf28874.rlib" "/opt/rustwide/target/debug/deps/libpkcs8-afa01fee5dffa179.rlib" "/opt/rustwide/target/debug/deps/libspki-74d554f38631b975.rlib" "/opt/rustwide/target/debug/deps/libder-43798133997a58b3.rlib" "/opt/rustwide/target/debug/deps/libpem_rfc7468-df97e51c594bff11.rlib" "/opt/rustwide/target/debug/deps/libconst_oid-261c18220c6041c2.rlib" "/opt/rustwide/target/debug/deps/libcrypto_bigint-808bc7897d2de9b3.rlib" "/opt/rustwide/target/debug/deps/libbitflags-610a73087f46ba3b.rlib" "/opt/rustwide/target/debug/deps/liburl-54e6c50546bb79ad.rlib" "/opt/rustwide/target/debug/deps/libidna-59d0d2f4fea0a975.rlib" "/opt/rustwide/target/debug/deps/libunicode_normalization-6c3f1f506de52d5b.rlib" "/opt/rustwide/target/debug/deps/libtinyvec-4ebd66a73cc74e35.rlib" "/opt/rustwide/target/debug/deps/libtinyvec_macros-c8728763a1cfbcab.rlib" "/opt/rustwide/target/debug/deps/libunicode_bidi-064678f529798c53.rlib" "/opt/rustwide/target/debug/deps/libform_urlencoded-c6dce5f233f9dc81.rlib" "/opt/rustwide/target/debug/deps/libpercent_encoding-4a77b5e8a25d80c2.rlib" "/opt/rustwide/target/debug/deps/libmd5-23fcc312ea84ecbb.rlib" "/opt/rustwide/target/debug/deps/libopaque_debug-ffbe13ab2928830a.rlib" "/opt/rustwide/target/debug/deps/libblock_buffer-f25c1ca99ceef206.rlib" "/opt/rustwide/target/debug/deps/libdigest-dd4c7b4d12790fb2.rlib" "/opt/rustwide/target/debug/deps/libpicky_krb-775a61901b74f48a.rlib" "/opt/rustwide/target/debug/deps/libpicky_asn1_x509-6a987b99971efa62.rlib" "/opt/rustwide/target/debug/deps/libwidestring-bcbff167ca491c65.rlib" "/opt/rustwide/target/debug/deps/libuuid-38323497713fbf34.rlib" "/opt/rustwide/target/debug/deps/libpicky_asn1_der-0c8d61b784f36587.rlib" "/opt/rustwide/target/debug/deps/libthiserror-6bd0070339f52018.rlib" "/opt/rustwide/target/debug/deps/libnum_bigint_dig-00eb68d1cc4091b5.rlib" "/opt/rustwide/target/debug/deps/libnum_iter-f7e4d95a3056e9f1.rlib" "/opt/rustwide/target/debug/deps/liblazy_static-4518308ec030f146.rlib" "/opt/rustwide/target/debug/deps/libspin-0ce7eed86e654be1.rlib" "/opt/rustwide/target/debug/deps/libsmallvec-3cb97bebc0d13694.rlib" "/opt/rustwide/target/debug/deps/libdes-59be994ee913d201.rlib" "/opt/rustwide/target/debug/deps/libsha1-49dfc00c397d471d.rlib" "/opt/rustwide/target/debug/deps/libpbkdf2-c0877c6acc1efb86.rlib" "/opt/rustwide/target/debug/deps/libsha1-74de1fafe991a7bf.rlib" "/opt/rustwide/target/debug/deps/libsha2-ef90fd42c0b5045b.rlib" "/opt/rustwide/target/debug/deps/libpassword_hash-0f462a26bffc7c87.rlib" "/opt/rustwide/target/debug/deps/libbase64ct-a811b2b05047520d.rlib" "/opt/rustwide/target/debug/deps/libhmac-77670da393b9c334.rlib" "/opt/rustwide/target/debug/deps/libdigest-543426016393cd5d.rlib" "/opt/rustwide/target/debug/deps/libsubtle-0ca152887405db79.rlib" "/opt/rustwide/target/debug/deps/libblock_buffer-b093997f2a0dfe0d.rlib" "/opt/rustwide/target/debug/deps/libcbc-ed10ab47eb68dc79.rlib" "/opt/rustwide/target/debug/deps/libaes-77c08fb7e3d7b50e.rlib" "/opt/rustwide/target/debug/deps/libcpufeatures-a834a1d164d66bf9.rlib" "/opt/rustwide/target/debug/deps/libcipher-59a3dc12ae333677.rlib" "/opt/rustwide/target/debug/deps/libinout-99b0e930601184a1.rlib" "/opt/rustwide/target/debug/deps/libblock_padding-b52aa43fc41fefe8.rlib" "/opt/rustwide/target/debug/deps/libcrypto_common-101dd4aea0d4c15b.rlib" "/opt/rustwide/target/debug/deps/libgeneric_array-428225fb55c47719.rlib" "/opt/rustwide/target/debug/deps/libtypenum-f068cdcc1d945756.rlib" "/opt/rustwide/target/debug/deps/libpicky_asn1-5252d62b0a8e7bb4.rlib" "/opt/rustwide/target/debug/deps/libzeroize-bfc5c3305ee9b20a.rlib" "/opt/rustwide/target/debug/deps/libserde_bytes-d3fc455234af8308.rlib" "/opt/rustwide/target/debug/deps/liboid-91e5bdf6a2c72f26.rlib" "/opt/rustwide/target/debug/deps/libserde-5193efd9721728c3.rlib" "/opt/rustwide/target/debug/deps/librand-23056cac024bcc08.rlib" "/opt/rustwide/target/debug/deps/librand_chacha-7c0dba8a999930ea.rlib" "/opt/rustwide/target/debug/deps/libppv_lite86-79b67cdd215cb07c.rlib" "/opt/rustwide/target/debug/deps/librand_core-23ec2ae0cc68458a.rlib" "/opt/rustwide/target/debug/deps/libgetrandom-964dad3dbf191bae.rlib" "/opt/rustwide/target/debug/deps/libbyteorder-614d7e4e7f7903e2.rlib" "/opt/rustwide/target/debug/deps/libchrono-874787aaa4e72748.rlib" "/opt/rustwide/target/debug/deps/libiana_time_zone-b49c1de53d2717aa.rlib" "/opt/rustwide/target/debug/deps/libnum_integer-5250f236e975ded2.rlib" "/opt/rustwide/target/debug/deps/libnum_traits-e49363bc7c77310c.rlib" "/opt/rustwide/target/debug/deps/libtime-219168f016f2dd2a.rlib" "/opt/rustwide/target/debug/deps/liblibc-0862579a9f3922a6.rlib" "/opt/rustwide/target/debug/deps/libtracing-1bd004ba732b5574.rlib" "/opt/rustwide/target/debug/deps/libcfg_if-97437e183f3ae6e4.rlib" "/opt/rustwide/target/debug/deps/libpin_project_lite-3a747526c5b5aadd.rlib" "/opt/rustwide/target/debug/deps/libtracing_core-f6c3b5e7685a4e09.rlib" "/opt/rustwide/target/debug/deps/libonce_cell-3cdae169d48e1efa.rlib" "/opt/rustwide/rustup-home/toolchains/beta-2023-04-20-x86_64-unknown-linux-gnu/lib/rustlib/x86_64-unknown-linux-gnu/lib/libstd-0e29cc23c5e02021.rlib" "/opt/rustwide/rustup-home/toolchains/beta-2023-04-20-x86_64-unknown-linux-gnu/lib/rustlib/x86_64-unknown-linux-gnu/lib/libpanic_unwind-d903621768a861d9.rlib" "/opt/rustwide/rustup-home/toolchains/beta-2023-04-20-x86_64-unknown-linux-gnu/lib/rustlib/x86_64-unknown-linux-gnu/lib/libobject-6d0225e655f31c13.rlib" "/opt/rustwide/rustup-home/toolchains/beta-2023-04-20-x86_64-unknown-linux-gnu/lib/rustlib/x86_64-unknown-linux-gnu/lib/libmemchr-9dbaf4eac7eaa079.rlib" "/opt/rustwide/rustup-home/toolchains/beta-2023-04-20-x86_64-unknown-linux-gnu/lib/rustlib/x86_64-unknown-linux-gnu/lib/libaddr2line-27f05b3d42a66dd0.rlib" "/opt/rustwide/rustup-home/toolchains/beta-2023-04-20-x86_64-unknown-linux-gnu/lib/rustlib/x86_64-unknown-linux-gnu/lib/libgimli-4d73f1030321c9a2.rlib" "/opt/rustwide/rustup-home/toolchains/beta-2023-04-20-x86_64-unknown-linux-gnu/lib/rustlib/x86_64-unknown-linux-gnu/lib/librustc_demangle-2846c9e58abd0acb.rlib" "/opt/rustwide/rustup-home/toolchains/beta-2023-04-20-x86_64-unknown-linux-gnu/lib/rustlib/x86_64-unknown-linux-gnu/lib/libstd_detect-a53d0f50415947be.rlib" "/opt/rustwide/rustup-home/toolchains/beta-2023-04-20-x86_64-unknown-linux-gnu/lib/rustlib/x86_64-unknown-linux-gnu/lib/libhashbrown-d48e4b6abc25b9dc.rlib" "/opt/rustwide/rustup-home/toolchains/beta-2023-04-20-x86_64-unknown-linux-gnu/lib/rustlib/x86_64-unknown-linux-gnu/lib/libminiz_oxide-2991859439ef1207.rlib" "/opt/rustwide/rustup-home/toolchains/beta-2023-04-20-x86_64-unknown-linux-gnu/lib/rustlib/x86_64-unknown-linux-gnu/lib/libadler-8a687517e4221bae.rlib" "/opt/rustwide/rustup-home/toolchains/beta-2023-04-20-x86_64-unknown-linux-gnu/lib/rustlib/x86_64-unknown-linux-gnu/lib/librustc_std_workspace_alloc-e07b554f6a67f5b3.rlib" "/opt/rustwide/rustup-home/toolchains/beta-2023-04-20-x86_64-unknown-linux-gnu/lib/rustlib/x86_64-unknown-linux-gnu/lib/libunwind-b68238b7c3c619dd.rlib" "/opt/rustwide/rustup-home/toolchains/beta-2023-04-20-x86_64-unknown-linux-gnu/lib/rustlib/x86_64-unknown-linux-gnu/lib/libcfg_if-d5e213e896c017e4.rlib" "/opt/rustwide/rustup-home/toolchains/beta-2023-04-20-x86_64-unknown-linux-gnu/lib/rustlib/x86_64-unknown-linux-gnu/lib/liblibc-0211a3b2e61d8689.rlib" "/opt/rustwide/rustup-home/toolchains/beta-2023-04-20-x86_64-unknown-linux-gnu/lib/rustlib/x86_64-unknown-linux-gnu/lib/liballoc-b371f055239ba51f.rlib" "/opt/rustwide/rustup-home/toolchains/beta-2023-04-20-x86_64-unknown-linux-gnu/lib/rustlib/x86_64-unknown-linux-gnu/lib/librustc_std_workspace_core-e60518d2760eb01e.rlib" "/opt/rustwide/rustup-home/toolchains/beta-2023-04-20-x86_64-unknown-linux-gnu/lib/rustlib/x86_64-unknown-linux-gnu/lib/libcore-1ad943f92a4b1081.rlib" "/opt/rustwide/rustup-home/toolchains/beta-2023-04-20-x86_64-unknown-linux-gnu/lib/rustlib/x86_64-unknown-linux-gnu/lib/libcompiler_builtins-f0d6e4d0fc1e80b4.rlib" "-Wl,-Bdynamic" "-lgcc_s" "-lutil" "-lrt" "-lpthread" "-lm" "-ldl" "-lc" "-Wl,--eh-frame-hdr" "-Wl,-z,noexecstack" "-L" "/opt/rustwide/rustup-home/toolchains/beta-2023-04-20-x86_64-unknown-linux-gnu/lib/rustlib/x86_64-unknown-linux-gnu/lib" "-o" "/tmp/rustdoctest9LaH2K/rust_out" "-Wl,--gc-sections" "-pie" "-Wl,-z,relro,-z,now" "-nodefaultlibs"
[INFO] [stdout]   = note: collect2: fatal error: ld terminated with signal 9 [Killed]
[INFO] [stdout]           compilation terminated.
[INFO] [stdout]           
[INFO] [stdout] 
[INFO] [stdout] error: aborting due to previous error
[INFO] [stdout] 
[INFO] [stdout] Couldn't compile the test.
[INFO] [stdout] ---- src/lib.rs - Sspi::acquire_credentials_handle (line 230) stdout ----
[INFO] [stdout] error: linking with `cc` failed: exit status: 1
[INFO] [stdout]   |
[INFO] [stdout]   = note: LC_ALL="C" PATH="/opt/rustwide/rustup-home/toolchains/beta-2023-04-20-x86_64-unknown-linux-gnu/lib/rustlib/x86_64-unknown-linux-gnu/bin:/opt/rustwide/cargo-home/bin:/usr/local/sbin:/usr/local/bin:/usr/sbin:/usr/bin:/sbin:/bin" VSLANG="1033" "cc" "-m64" "/tmp/rustcaES2HR/symbols.o" "/tmp/rustdoctestaE38vA/rust_out.rust_out.c38b68ff-cgu.0.rcgu.o" "/tmp/rustdoctestaE38vA/rust_out.38a7fyhsvjn6z0qy.rcgu.o" "-Wl,--as-needed" "-L" "/opt/rustwide/target/debug/deps" "-L" "/opt/rustwide/target/debug/deps" "-L" "/opt/rustwide/rustup-home/toolchains/beta-2023-04-20-x86_64-unknown-linux-gnu/lib/rustlib/x86_64-unknown-linux-gnu/lib" "-Wl,-Bstatic" "/opt/rustwide/target/debug/deps/libsspi-b1141b6b3ea06b06.rlib" "/opt/rustwide/target/debug/deps/libcfg_if-b22544e46cbb7baa.rlib" "/opt/rustwide/target/debug/deps/libhmac-0707c852e857848d.rlib" "/opt/rustwide/target/debug/deps/libsha2-5bdc6c0eb322721e.rlib" "/opt/rustwide/target/debug/deps/libmd4-a360aa38ef01dcfa.rlib" "/opt/rustwide/target/debug/deps/libcrypto_mac-9c6179e575b0f273.rlib" "/opt/rustwide/target/debug/deps/libpicky-53dfd705c30b6d6f.rlib" "/opt/rustwide/target/debug/deps/libsha3-f65dedc725203cdc.rlib" "/opt/rustwide/target/debug/deps/libkeccak-5a05f7fde80988af.rlib" "/opt/rustwide/target/debug/deps/libmd5-15643ff0adff813f.rlib" "/opt/rustwide/target/debug/deps/libbase64-0c872e3f7d1ba17a.rlib" "/opt/rustwide/target/debug/deps/librsa-e66a8c6a22592eb5.rlib" "/opt/rustwide/target/debug/deps/libpkcs1-68da6b3a9bf28874.rlib" "/opt/rustwide/target/debug/deps/libpkcs8-afa01fee5dffa179.rlib" "/opt/rustwide/target/debug/deps/libspki-74d554f38631b975.rlib" "/opt/rustwide/target/debug/deps/libder-43798133997a58b3.rlib" "/opt/rustwide/target/debug/deps/libpem_rfc7468-df97e51c594bff11.rlib" "/opt/rustwide/target/debug/deps/libconst_oid-261c18220c6041c2.rlib" "/opt/rustwide/target/debug/deps/libcrypto_bigint-808bc7897d2de9b3.rlib" "/opt/rustwide/target/debug/deps/libbitflags-610a73087f46ba3b.rlib" "/opt/rustwide/target/debug/deps/liburl-54e6c50546bb79ad.rlib" "/opt/rustwide/target/debug/deps/libidna-59d0d2f4fea0a975.rlib" "/opt/rustwide/target/debug/deps/libunicode_normalization-6c3f1f506de52d5b.rlib" "/opt/rustwide/target/debug/deps/libtinyvec-4ebd66a73cc74e35.rlib" "/opt/rustwide/target/debug/deps/libtinyvec_macros-c8728763a1cfbcab.rlib" "/opt/rustwide/target/debug/deps/libunicode_bidi-064678f529798c53.rlib" "/opt/rustwide/target/debug/deps/libform_urlencoded-c6dce5f233f9dc81.rlib" "/opt/rustwide/target/debug/deps/libpercent_encoding-4a77b5e8a25d80c2.rlib" "/opt/rustwide/target/debug/deps/libmd5-23fcc312ea84ecbb.rlib" "/opt/rustwide/target/debug/deps/libopaque_debug-ffbe13ab2928830a.rlib" "/opt/rustwide/target/debug/deps/libblock_buffer-f25c1ca99ceef206.rlib" "/opt/rustwide/target/debug/deps/libdigest-dd4c7b4d12790fb2.rlib" "/opt/rustwide/target/debug/deps/libpicky_krb-775a61901b74f48a.rlib" "/opt/rustwide/target/debug/deps/libpicky_asn1_x509-6a987b99971efa62.rlib" "/opt/rustwide/target/debug/deps/libwidestring-bcbff167ca491c65.rlib" "/opt/rustwide/target/debug/deps/libuuid-38323497713fbf34.rlib" "/opt/rustwide/target/debug/deps/libpicky_asn1_der-0c8d61b784f36587.rlib" "/opt/rustwide/target/debug/deps/libthiserror-6bd0070339f52018.rlib" "/opt/rustwide/target/debug/deps/libnum_bigint_dig-00eb68d1cc4091b5.rlib" "/opt/rustwide/target/debug/deps/libnum_iter-f7e4d95a3056e9f1.rlib" "/opt/rustwide/target/debug/deps/liblazy_static-4518308ec030f146.rlib" "/opt/rustwide/target/debug/deps/libspin-0ce7eed86e654be1.rlib" "/opt/rustwide/target/debug/deps/libsmallvec-3cb97bebc0d13694.rlib" "/opt/rustwide/target/debug/deps/libdes-59be994ee913d201.rlib" "/opt/rustwide/target/debug/deps/libsha1-49dfc00c397d471d.rlib" "/opt/rustwide/target/debug/deps/libpbkdf2-c0877c6acc1efb86.rlib" "/opt/rustwide/target/debug/deps/libsha1-74de1fafe991a7bf.rlib" "/opt/rustwide/target/debug/deps/libsha2-ef90fd42c0b5045b.rlib" "/opt/rustwide/target/debug/deps/libpassword_hash-0f462a26bffc7c87.rlib" "/opt/rustwide/target/debug/deps/libbase64ct-a811b2b05047520d.rlib" "/opt/rustwide/target/debug/deps/libhmac-77670da393b9c334.rlib" "/opt/rustwide/target/debug/deps/libdigest-543426016393cd5d.rlib" "/opt/rustwide/target/debug/deps/libsubtle-0ca152887405db79.rlib" "/opt/rustwide/target/debug/deps/libblock_buffer-b093997f2a0dfe0d.rlib" "/opt/rustwide/target/debug/deps/libcbc-ed10ab47eb68dc79.rlib" "/opt/rustwide/target/debug/deps/libaes-77c08fb7e3d7b50e.rlib" "/opt/rustwide/target/debug/deps/libcpufeatures-a834a1d164d66bf9.rlib" "/opt/rustwide/target/debug/deps/libcipher-59a3dc12ae333677.rlib" "/opt/rustwide/target/debug/deps/libinout-99b0e930601184a1.rlib" "/opt/rustwide/target/debug/deps/libblock_padding-b52aa43fc41fefe8.rlib" "/opt/rustwide/target/debug/deps/libcrypto_common-101dd4aea0d4c15b.rlib" "/opt/rustwide/target/debug/deps/libgeneric_array-428225fb55c47719.rlib" "/opt/rustwide/target/debug/deps/libtypenum-f068cdcc1d945756.rlib" "/opt/rustwide/target/debug/deps/libpicky_asn1-5252d62b0a8e7bb4.rlib" "/opt/rustwide/target/debug/deps/libzeroize-bfc5c3305ee9b20a.rlib" "/opt/rustwide/target/debug/deps/libserde_bytes-d3fc455234af8308.rlib" "/opt/rustwide/target/debug/deps/liboid-91e5bdf6a2c72f26.rlib" "/opt/rustwide/target/debug/deps/libserde-5193efd9721728c3.rlib" "/opt/rustwide/target/debug/deps/librand-23056cac024bcc08.rlib" "/opt/rustwide/target/debug/deps/librand_chacha-7c0dba8a999930ea.rlib" "/opt/rustwide/target/debug/deps/libppv_lite86-79b67cdd215cb07c.rlib" "/opt/rustwide/target/debug/deps/librand_core-23ec2ae0cc68458a.rlib" "/opt/rustwide/target/debug/deps/libgetrandom-964dad3dbf191bae.rlib" "/opt/rustwide/target/debug/deps/libbyteorder-614d7e4e7f7903e2.rlib" "/opt/rustwide/target/debug/deps/libchrono-874787aaa4e72748.rlib" "/opt/rustwide/target/debug/deps/libiana_time_zone-b49c1de53d2717aa.rlib" "/opt/rustwide/target/debug/deps/libnum_integer-5250f236e975ded2.rlib" "/opt/rustwide/target/debug/deps/libnum_traits-e49363bc7c77310c.rlib" "/opt/rustwide/target/debug/deps/libtime-219168f016f2dd2a.rlib" "/opt/rustwide/target/debug/deps/liblibc-0862579a9f3922a6.rlib" "/opt/rustwide/target/debug/deps/libtracing-1bd004ba732b5574.rlib" "/opt/rustwide/target/debug/deps/libcfg_if-97437e183f3ae6e4.rlib" "/opt/rustwide/target/debug/deps/libpin_project_lite-3a747526c5b5aadd.rlib" "/opt/rustwide/target/debug/deps/libtracing_core-f6c3b5e7685a4e09.rlib" "/opt/rustwide/target/debug/deps/libonce_cell-3cdae169d48e1efa.rlib" "/opt/rustwide/rustup-home/toolchains/beta-2023-04-20-x86_64-unknown-linux-gnu/lib/rustlib/x86_64-unknown-linux-gnu/lib/libstd-0e29cc23c5e02021.rlib" "/opt/rustwide/rustup-home/toolchains/beta-2023-04-20-x86_64-unknown-linux-gnu/lib/rustlib/x86_64-unknown-linux-gnu/lib/libpanic_unwind-d903621768a861d9.rlib" "/opt/rustwide/rustup-home/toolchains/beta-2023-04-20-x86_64-unknown-linux-gnu/lib/rustlib/x86_64-unknown-linux-gnu/lib/libobject-6d0225e655f31c13.rlib" "/opt/rustwide/rustup-home/toolchains/beta-2023-04-20-x86_64-unknown-linux-gnu/lib/rustlib/x86_64-unknown-linux-gnu/lib/libmemchr-9dbaf4eac7eaa079.rlib" "/opt/rustwide/rustup-home/toolchains/beta-2023-04-20-x86_64-unknown-linux-gnu/lib/rustlib/x86_64-unknown-linux-gnu/lib/libaddr2line-27f05b3d42a66dd0.rlib" "/opt/rustwide/rustup-home/toolchains/beta-2023-04-20-x86_64-unknown-linux-gnu/lib/rustlib/x86_64-unknown-linux-gnu/lib/libgimli-4d73f1030321c9a2.rlib" "/opt/rustwide/rustup-home/toolchains/beta-2023-04-20-x86_64-unknown-linux-gnu/lib/rustlib/x86_64-unknown-linux-gnu/lib/librustc_demangle-2846c9e58abd0acb.rlib" "/opt/rustwide/rustup-home/toolchains/beta-2023-04-20-x86_64-unknown-linux-gnu/lib/rustlib/x86_64-unknown-linux-gnu/lib/libstd_detect-a53d0f50415947be.rlib" "/opt/rustwide/rustup-home/toolchains/beta-2023-04-20-x86_64-unknown-linux-gnu/lib/rustlib/x86_64-unknown-linux-gnu/lib/libhashbrown-d48e4b6abc25b9dc.rlib" "/opt/rustwide/rustup-home/toolchains/beta-2023-04-20-x86_64-unknown-linux-gnu/lib/rustlib/x86_64-unknown-linux-gnu/lib/libminiz_oxide-2991859439ef1207.rlib" "/opt/rustwide/rustup-home/toolchains/beta-2023-04-20-x86_64-unknown-linux-gnu/lib/rustlib/x86_64-unknown-linux-gnu/lib/libadler-8a687517e4221bae.rlib" "/opt/rustwide/rustup-home/toolchains/beta-2023-04-20-x86_64-unknown-linux-gnu/lib/rustlib/x86_64-unknown-linux-gnu/lib/librustc_std_workspace_alloc-e07b554f6a67f5b3.rlib" "/opt/rustwide/rustup-home/toolchains/beta-2023-04-20-x86_64-unknown-linux-gnu/lib/rustlib/x86_64-unknown-linux-gnu/lib/libunwind-b68238b7c3c619dd.rlib" "/opt/rustwide/rustup-home/toolchains/beta-2023-04-20-x86_64-unknown-linux-gnu/lib/rustlib/x86_64-unknown-linux-gnu/lib/libcfg_if-d5e213e896c017e4.rlib" "/opt/rustwide/rustup-home/toolchains/beta-2023-04-20-x86_64-unknown-linux-gnu/lib/rustlib/x86_64-unknown-linux-gnu/lib/liblibc-0211a3b2e61d8689.rlib" "/opt/rustwide/rustup-home/toolchains/beta-2023-04-20-x86_64-unknown-linux-gnu/lib/rustlib/x86_64-unknown-linux-gnu/lib/liballoc-b371f055239ba51f.rlib" "/opt/rustwide/rustup-home/toolchains/beta-2023-04-20-x86_64-unknown-linux-gnu/lib/rustlib/x86_64-unknown-linux-gnu/lib/librustc_std_workspace_core-e60518d2760eb01e.rlib" "/opt/rustwide/rustup-home/toolchains/beta-2023-04-20-x86_64-unknown-linux-gnu/lib/rustlib/x86_64-unknown-linux-gnu/lib/libcore-1ad943f92a4b1081.rlib" "/opt/rustwide/rustup-home/toolchains/beta-2023-04-20-x86_64-unknown-linux-gnu/lib/rustlib/x86_64-unknown-linux-gnu/lib/libcompiler_builtins-f0d6e4d0fc1e80b4.rlib" "-Wl,-Bdynamic" "-lgcc_s" "-lutil" "-lrt" "-lpthread" "-lm" "-ldl" "-lc" "-Wl,--eh-frame-hdr" "-Wl,-z,noexecstack" "-L" "/opt/rustwide/rustup-home/toolchains/beta-2023-04-20-x86_64-unknown-linux-gnu/lib/rustlib/x86_64-unknown-linux-gnu/lib" "-o" "/tmp/rustdoctestaE38vA/rust_out" "-Wl,--gc-sections" "-pie" "-Wl,-z,relro,-z,now" "-nodefaultlibs"
[INFO] [stdout]   = note: collect2: fatal error: ld terminated with signal 9 [Killed]
[INFO] [stdout]           compilation terminated.
[INFO] [stdout]           
[INFO] [stdout] 
[INFO] [stdout] error: aborting due to previous error
[INFO] [stdout] 
[INFO] [stdout] Couldn't compile the test.
[INFO] [stdout] ---- src/lib.rs - Sspi::initialize_security_context (line 278) stdout ----
[INFO] [stdout] error: linking with `cc` failed: exit status: 1
[INFO] [stdout]   |
[INFO] [stdout]   = note: LC_ALL="C" PATH="/opt/rustwide/rustup-home/toolchains/beta-2023-04-20-x86_64-unknown-linux-gnu/lib/rustlib/x86_64-unknown-linux-gnu/bin:/opt/rustwide/cargo-home/bin:/usr/local/sbin:/usr/local/bin:/usr/sbin:/usr/bin:/sbin:/bin" VSLANG="1033" "cc" "-m64" "/tmp/rustcD1Y1mh/symbols.o" "/tmp/rustdoctest9urGtV/rust_out.rust_out.c38b68ff-cgu.0.rcgu.o" "/tmp/rustdoctest9urGtV/rust_out.38a7fyhsvjn6z0qy.rcgu.o" "-Wl,--as-needed" "-L" "/opt/rustwide/target/debug/deps" "-L" "/opt/rustwide/target/debug/deps" "-L" "/opt/rustwide/rustup-home/toolchains/beta-2023-04-20-x86_64-unknown-linux-gnu/lib/rustlib/x86_64-unknown-linux-gnu/lib" "-Wl,-Bstatic" "/opt/rustwide/target/debug/deps/libwhoami-93829343236eeb34.rlib" "/opt/rustwide/target/debug/deps/libsspi-b1141b6b3ea06b06.rlib" "/opt/rustwide/target/debug/deps/libcfg_if-b22544e46cbb7baa.rlib" "/opt/rustwide/target/debug/deps/libhmac-0707c852e857848d.rlib" "/opt/rustwide/target/debug/deps/libsha2-5bdc6c0eb322721e.rlib" "/opt/rustwide/target/debug/deps/libmd4-a360aa38ef01dcfa.rlib" "/opt/rustwide/target/debug/deps/libcrypto_mac-9c6179e575b0f273.rlib" "/opt/rustwide/target/debug/deps/libpicky-53dfd705c30b6d6f.rlib" "/opt/rustwide/target/debug/deps/libsha3-f65dedc725203cdc.rlib" "/opt/rustwide/target/debug/deps/libkeccak-5a05f7fde80988af.rlib" "/opt/rustwide/target/debug/deps/libmd5-15643ff0adff813f.rlib" "/opt/rustwide/target/debug/deps/libbase64-0c872e3f7d1ba17a.rlib" "/opt/rustwide/target/debug/deps/librsa-e66a8c6a22592eb5.rlib" "/opt/rustwide/target/debug/deps/libpkcs1-68da6b3a9bf28874.rlib" "/opt/rustwide/target/debug/deps/libpkcs8-afa01fee5dffa179.rlib" "/opt/rustwide/target/debug/deps/libspki-74d554f38631b975.rlib" "/opt/rustwide/target/debug/deps/libder-43798133997a58b3.rlib" "/opt/rustwide/target/debug/deps/libpem_rfc7468-df97e51c594bff11.rlib" "/opt/rustwide/target/debug/deps/libconst_oid-261c18220c6041c2.rlib" "/opt/rustwide/target/debug/deps/libcrypto_bigint-808bc7897d2de9b3.rlib" "/opt/rustwide/target/debug/deps/libbitflags-610a73087f46ba3b.rlib" "/opt/rustwide/target/debug/deps/liburl-54e6c50546bb79ad.rlib" "/opt/rustwide/target/debug/deps/libidna-59d0d2f4fea0a975.rlib" "/opt/rustwide/target/debug/deps/libunicode_normalization-6c3f1f506de52d5b.rlib" "/opt/rustwide/target/debug/deps/libtinyvec-4ebd66a73cc74e35.rlib" "/opt/rustwide/target/debug/deps/libtinyvec_macros-c8728763a1cfbcab.rlib" "/opt/rustwide/target/debug/deps/libunicode_bidi-064678f529798c53.rlib" "/opt/rustwide/target/debug/deps/libform_urlencoded-c6dce5f233f9dc81.rlib" "/opt/rustwide/target/debug/deps/libpercent_encoding-4a77b5e8a25d80c2.rlib" "/opt/rustwide/target/debug/deps/libmd5-23fcc312ea84ecbb.rlib" "/opt/rustwide/target/debug/deps/libopaque_debug-ffbe13ab2928830a.rlib" "/opt/rustwide/target/debug/deps/libblock_buffer-f25c1ca99ceef206.rlib" "/opt/rustwide/target/debug/deps/libdigest-dd4c7b4d12790fb2.rlib" "/opt/rustwide/target/debug/deps/libpicky_krb-775a61901b74f48a.rlib" "/opt/rustwide/target/debug/deps/libpicky_asn1_x509-6a987b99971efa62.rlib" "/opt/rustwide/target/debug/deps/libwidestring-bcbff167ca491c65.rlib" "/opt/rustwide/target/debug/deps/libuuid-38323497713fbf34.rlib" "/opt/rustwide/target/debug/deps/libpicky_asn1_der-0c8d61b784f36587.rlib" "/opt/rustwide/target/debug/deps/libthiserror-6bd0070339f52018.rlib" "/opt/rustwide/target/debug/deps/libnum_bigint_dig-00eb68d1cc4091b5.rlib" "/opt/rustwide/target/debug/deps/libnum_iter-f7e4d95a3056e9f1.rlib" "/opt/rustwide/target/debug/deps/liblazy_static-4518308ec030f146.rlib" "/opt/rustwide/target/debug/deps/libspin-0ce7eed86e654be1.rlib" "/opt/rustwide/target/debug/deps/libsmallvec-3cb97bebc0d13694.rlib" "/opt/rustwide/target/debug/deps/libdes-59be994ee913d201.rlib" "/opt/rustwide/target/debug/deps/libsha1-49dfc00c397d471d.rlib" "/opt/rustwide/target/debug/deps/libpbkdf2-c0877c6acc1efb86.rlib" "/opt/rustwide/target/debug/deps/libsha1-74de1fafe991a7bf.rlib" "/opt/rustwide/target/debug/deps/libsha2-ef90fd42c0b5045b.rlib" "/opt/rustwide/target/debug/deps/libpassword_hash-0f462a26bffc7c87.rlib" "/opt/rustwide/target/debug/deps/libbase64ct-a811b2b05047520d.rlib" "/opt/rustwide/target/debug/deps/libhmac-77670da393b9c334.rlib" "/opt/rustwide/target/debug/deps/libdigest-543426016393cd5d.rlib" "/opt/rustwide/target/debug/deps/libsubtle-0ca152887405db79.rlib" "/opt/rustwide/target/debug/deps/libblock_buffer-b093997f2a0dfe0d.rlib" "/opt/rustwide/target/debug/deps/libcbc-ed10ab47eb68dc79.rlib" "/opt/rustwide/target/debug/deps/libaes-77c08fb7e3d7b50e.rlib" "/opt/rustwide/target/debug/deps/libcpufeatures-a834a1d164d66bf9.rlib" "/opt/rustwide/target/debug/deps/libcipher-59a3dc12ae333677.rlib" "/opt/rustwide/target/debug/deps/libinout-99b0e930601184a1.rlib" "/opt/rustwide/target/debug/deps/libblock_padding-b52aa43fc41fefe8.rlib" "/opt/rustwide/target/debug/deps/libcrypto_common-101dd4aea0d4c15b.rlib" "/opt/rustwide/target/debug/deps/libgeneric_array-428225fb55c47719.rlib" "/opt/rustwide/target/debug/deps/libtypenum-f068cdcc1d945756.rlib" "/opt/rustwide/target/debug/deps/libpicky_asn1-5252d62b0a8e7bb4.rlib" "/opt/rustwide/target/debug/deps/libzeroize-bfc5c3305ee9b20a.rlib" "/opt/rustwide/target/debug/deps/libserde_bytes-d3fc455234af8308.rlib" "/opt/rustwide/target/debug/deps/liboid-91e5bdf6a2c72f26.rlib" "/opt/rustwide/target/debug/deps/libserde-5193efd9721728c3.rlib" "/opt/rustwide/target/debug/deps/librand-23056cac024bcc08.rlib" "/opt/rustwide/target/debug/deps/librand_chacha-7c0dba8a999930ea.rlib" "/opt/rustwide/target/debug/deps/libppv_lite86-79b67cdd215cb07c.rlib" "/opt/rustwide/target/debug/deps/librand_core-23ec2ae0cc68458a.rlib" "/opt/rustwide/target/debug/deps/libgetrandom-964dad3dbf191bae.rlib" "/opt/rustwide/target/debug/deps/libbyteorder-614d7e4e7f7903e2.rlib" "/opt/rustwide/target/debug/deps/libchrono-874787aaa4e72748.rlib" "/opt/rustwide/target/debug/deps/libiana_time_zone-b49c1de53d2717aa.rlib" "/opt/rustwide/target/debug/deps/libnum_integer-5250f236e975ded2.rlib" "/opt/rustwide/target/debug/deps/libnum_traits-e49363bc7c77310c.rlib" "/opt/rustwide/target/debug/deps/libtime-219168f016f2dd2a.rlib" "/opt/rustwide/target/debug/deps/liblibc-0862579a9f3922a6.rlib" "/opt/rustwide/target/debug/deps/libtracing-1bd004ba732b5574.rlib" "/opt/rustwide/target/debug/deps/libcfg_if-97437e183f3ae6e4.rlib" "/opt/rustwide/target/debug/deps/libpin_project_lite-3a747526c5b5aadd.rlib" "/opt/rustwide/target/debug/deps/libtracing_core-f6c3b5e7685a4e09.rlib" "/opt/rustwide/target/debug/deps/libonce_cell-3cdae169d48e1efa.rlib" "/opt/rustwide/rustup-home/toolchains/beta-2023-04-20-x86_64-unknown-linux-gnu/lib/rustlib/x86_64-unknown-linux-gnu/lib/libstd-0e29cc23c5e02021.rlib" "/opt/rustwide/rustup-home/toolchains/beta-2023-04-20-x86_64-unknown-linux-gnu/lib/rustlib/x86_64-unknown-linux-gnu/lib/libpanic_unwind-d903621768a861d9.rlib" "/opt/rustwide/rustup-home/toolchains/beta-2023-04-20-x86_64-unknown-linux-gnu/lib/rustlib/x86_64-unknown-linux-gnu/lib/libobject-6d0225e655f31c13.rlib" "/opt/rustwide/rustup-home/toolchains/beta-2023-04-20-x86_64-unknown-linux-gnu/lib/rustlib/x86_64-unknown-linux-gnu/lib/libmemchr-9dbaf4eac7eaa079.rlib" "/opt/rustwide/rustup-home/toolchains/beta-2023-04-20-x86_64-unknown-linux-gnu/lib/rustlib/x86_64-unknown-linux-gnu/lib/libaddr2line-27f05b3d42a66dd0.rlib" "/opt/rustwide/rustup-home/toolchains/beta-2023-04-20-x86_64-unknown-linux-gnu/lib/rustlib/x86_64-unknown-linux-gnu/lib/libgimli-4d73f1030321c9a2.rlib" "/opt/rustwide/rustup-home/toolchains/beta-2023-04-20-x86_64-unknown-linux-gnu/lib/rustlib/x86_64-unknown-linux-gnu/lib/librustc_demangle-2846c9e58abd0acb.rlib" "/opt/rustwide/rustup-home/toolchains/beta-2023-04-20-x86_64-unknown-linux-gnu/lib/rustlib/x86_64-unknown-linux-gnu/lib/libstd_detect-a53d0f50415947be.rlib" "/opt/rustwide/rustup-home/toolchains/beta-2023-04-20-x86_64-unknown-linux-gnu/lib/rustlib/x86_64-unknown-linux-gnu/lib/libhashbrown-d48e4b6abc25b9dc.rlib" "/opt/rustwide/rustup-home/toolchains/beta-2023-04-20-x86_64-unknown-linux-gnu/lib/rustlib/x86_64-unknown-linux-gnu/lib/libminiz_oxide-2991859439ef1207.rlib" "/opt/rustwide/rustup-home/toolchains/beta-2023-04-20-x86_64-unknown-linux-gnu/lib/rustlib/x86_64-unknown-linux-gnu/lib/libadler-8a687517e4221bae.rlib" "/opt/rustwide/rustup-home/toolchains/beta-2023-04-20-x86_64-unknown-linux-gnu/lib/rustlib/x86_64-unknown-linux-gnu/lib/librustc_std_workspace_alloc-e07b554f6a67f5b3.rlib" "/opt/rustwide/rustup-home/toolchains/beta-2023-04-20-x86_64-unknown-linux-gnu/lib/rustlib/x86_64-unknown-linux-gnu/lib/libunwind-b68238b7c3c619dd.rlib" "/opt/rustwide/rustup-home/toolchains/beta-2023-04-20-x86_64-unknown-linux-gnu/lib/rustlib/x86_64-unknown-linux-gnu/lib/libcfg_if-d5e213e896c017e4.rlib" "/opt/rustwide/rustup-home/toolchains/beta-2023-04-20-x86_64-unknown-linux-gnu/lib/rustlib/x86_64-unknown-linux-gnu/lib/liblibc-0211a3b2e61d8689.rlib" "/opt/rustwide/rustup-home/toolchains/beta-2023-04-20-x86_64-unknown-linux-gnu/lib/rustlib/x86_64-unknown-linux-gnu/lib/liballoc-b371f055239ba51f.rlib" "/opt/rustwide/rustup-home/toolchains/beta-2023-04-20-x86_64-unknown-linux-gnu/lib/rustlib/x86_64-unknown-linux-gnu/lib/librustc_std_workspace_core-e60518d2760eb01e.rlib" "/opt/rustwide/rustup-home/toolchains/beta-2023-04-20-x86_64-unknown-linux-gnu/lib/rustlib/x86_64-unknown-linux-gnu/lib/libcore-1ad943f92a4b1081.rlib" "/opt/rustwide/rustup-home/toolchains/beta-2023-04-20-x86_64-unknown-linux-gnu/lib/rustlib/x86_64-unknown-linux-gnu/lib/libcompiler_builtins-f0d6e4d0fc1e80b4.rlib" "-Wl,-Bdynamic" "-lgcc_s" "-lutil" "-lrt" "-lpthread" "-lm" "-ldl" "-lc" "-Wl,--eh-frame-hdr" "-Wl,-z,noexecstack" "-L" "/opt/rustwide/rustup-home/toolchains/beta-2023-04-20-x86_64-unknown-linux-gnu/lib/rustlib/x86_64-unknown-linux-gnu/lib" "-o" "/tmp/rustdoctest9urGtV/rust_out" "-Wl,--gc-sections" "-pie" "-Wl,-z,relro,-z,now" "-nodefaultlibs"
[INFO] [stdout]   = note: collect2: fatal error: ld terminated with signal 9 [Killed]
[INFO] [stdout]           compilation terminated.
[INFO] [stdout]           
[INFO] [stdout] 
[INFO] [stdout] error: aborting due to previous error
[INFO] [stdout] 
[INFO] [stdout] Couldn't compile the test.
[INFO] [stdout] ---- src/lib.rs - Sspi::query_context_package_info (line 785) stdout ----
[INFO] [stdout] error: linking with `cc` failed: exit status: 1
[INFO] [stdout]   |
[INFO] [stdout]   = note: LC_ALL="C" PATH="/opt/rustwide/rustup-home/toolchains/beta-2023-04-20-x86_64-unknown-linux-gnu/lib/rustlib/x86_64-unknown-linux-gnu/bin:/opt/rustwide/cargo-home/bin:/usr/local/sbin:/usr/local/bin:/usr/sbin:/usr/bin:/sbin:/bin" VSLANG="1033" "cc" "-m64" "/tmp/rustcyx4blq/symbols.o" "/tmp/rustdoctestqEb8sn/rust_out.rust_out.c38b68ff-cgu.0.rcgu.o" "/tmp/rustdoctestqEb8sn/rust_out.38a7fyhsvjn6z0qy.rcgu.o" "-Wl,--as-needed" "-L" "/opt/rustwide/target/debug/deps" "-L" "/opt/rustwide/target/debug/deps" "-L" "/opt/rustwide/rustup-home/toolchains/beta-2023-04-20-x86_64-unknown-linux-gnu/lib/rustlib/x86_64-unknown-linux-gnu/lib" "-Wl,-Bstatic" "/opt/rustwide/target/debug/deps/libsspi-b1141b6b3ea06b06.rlib" "/opt/rustwide/target/debug/deps/libcfg_if-b22544e46cbb7baa.rlib" "/opt/rustwide/target/debug/deps/libhmac-0707c852e857848d.rlib" "/opt/rustwide/target/debug/deps/libsha2-5bdc6c0eb322721e.rlib" "/opt/rustwide/target/debug/deps/libmd4-a360aa38ef01dcfa.rlib" "/opt/rustwide/target/debug/deps/libcrypto_mac-9c6179e575b0f273.rlib" "/opt/rustwide/target/debug/deps/libpicky-53dfd705c30b6d6f.rlib" "/opt/rustwide/target/debug/deps/libsha3-f65dedc725203cdc.rlib" "/opt/rustwide/target/debug/deps/libkeccak-5a05f7fde80988af.rlib" "/opt/rustwide/target/debug/deps/libmd5-15643ff0adff813f.rlib" "/opt/rustwide/target/debug/deps/libbase64-0c872e3f7d1ba17a.rlib" "/opt/rustwide/target/debug/deps/librsa-e66a8c6a22592eb5.rlib" "/opt/rustwide/target/debug/deps/libpkcs1-68da6b3a9bf28874.rlib" "/opt/rustwide/target/debug/deps/libpkcs8-afa01fee5dffa179.rlib" "/opt/rustwide/target/debug/deps/libspki-74d554f38631b975.rlib" "/opt/rustwide/target/debug/deps/libder-43798133997a58b3.rlib" "/opt/rustwide/target/debug/deps/libpem_rfc7468-df97e51c594bff11.rlib" "/opt/rustwide/target/debug/deps/libconst_oid-261c18220c6041c2.rlib" "/opt/rustwide/target/debug/deps/libcrypto_bigint-808bc7897d2de9b3.rlib" "/opt/rustwide/target/debug/deps/libbitflags-610a73087f46ba3b.rlib" "/opt/rustwide/target/debug/deps/liburl-54e6c50546bb79ad.rlib" "/opt/rustwide/target/debug/deps/libidna-59d0d2f4fea0a975.rlib" "/opt/rustwide/target/debug/deps/libunicode_normalization-6c3f1f506de52d5b.rlib" "/opt/rustwide/target/debug/deps/libtinyvec-4ebd66a73cc74e35.rlib" "/opt/rustwide/target/debug/deps/libtinyvec_macros-c8728763a1cfbcab.rlib" "/opt/rustwide/target/debug/deps/libunicode_bidi-064678f529798c53.rlib" "/opt/rustwide/target/debug/deps/libform_urlencoded-c6dce5f233f9dc81.rlib" "/opt/rustwide/target/debug/deps/libpercent_encoding-4a77b5e8a25d80c2.rlib" "/opt/rustwide/target/debug/deps/libmd5-23fcc312ea84ecbb.rlib" "/opt/rustwide/target/debug/deps/libopaque_debug-ffbe13ab2928830a.rlib" "/opt/rustwide/target/debug/deps/libblock_buffer-f25c1ca99ceef206.rlib" "/opt/rustwide/target/debug/deps/libdigest-dd4c7b4d12790fb2.rlib" "/opt/rustwide/target/debug/deps/libpicky_krb-775a61901b74f48a.rlib" "/opt/rustwide/target/debug/deps/libpicky_asn1_x509-6a987b99971efa62.rlib" "/opt/rustwide/target/debug/deps/libwidestring-bcbff167ca491c65.rlib" "/opt/rustwide/target/debug/deps/libuuid-38323497713fbf34.rlib" "/opt/rustwide/target/debug/deps/libpicky_asn1_der-0c8d61b784f36587.rlib" "/opt/rustwide/target/debug/deps/libthiserror-6bd0070339f52018.rlib" "/opt/rustwide/target/debug/deps/libnum_bigint_dig-00eb68d1cc4091b5.rlib" "/opt/rustwide/target/debug/deps/libnum_iter-f7e4d95a3056e9f1.rlib" "/opt/rustwide/target/debug/deps/liblazy_static-4518308ec030f146.rlib" "/opt/rustwide/target/debug/deps/libspin-0ce7eed86e654be1.rlib" "/opt/rustwide/target/debug/deps/libsmallvec-3cb97bebc0d13694.rlib" "/opt/rustwide/target/debug/deps/libdes-59be994ee913d201.rlib" "/opt/rustwide/target/debug/deps/libsha1-49dfc00c397d471d.rlib" "/opt/rustwide/target/debug/deps/libpbkdf2-c0877c6acc1efb86.rlib" "/opt/rustwide/target/debug/deps/libsha1-74de1fafe991a7bf.rlib" "/opt/rustwide/target/debug/deps/libsha2-ef90fd42c0b5045b.rlib" "/opt/rustwide/target/debug/deps/libpassword_hash-0f462a26bffc7c87.rlib" "/opt/rustwide/target/debug/deps/libbase64ct-a811b2b05047520d.rlib" "/opt/rustwide/target/debug/deps/libhmac-77670da393b9c334.rlib" "/opt/rustwide/target/debug/deps/libdigest-543426016393cd5d.rlib" "/opt/rustwide/target/debug/deps/libsubtle-0ca152887405db79.rlib" "/opt/rustwide/target/debug/deps/libblock_buffer-b093997f2a0dfe0d.rlib" "/opt/rustwide/target/debug/deps/libcbc-ed10ab47eb68dc79.rlib" "/opt/rustwide/target/debug/deps/libaes-77c08fb7e3d7b50e.rlib" "/opt/rustwide/target/debug/deps/libcpufeatures-a834a1d164d66bf9.rlib" "/opt/rustwide/target/debug/deps/libcipher-59a3dc12ae333677.rlib" "/opt/rustwide/target/debug/deps/libinout-99b0e930601184a1.rlib" "/opt/rustwide/target/debug/deps/libblock_padding-b52aa43fc41fefe8.rlib" "/opt/rustwide/target/debug/deps/libcrypto_common-101dd4aea0d4c15b.rlib" "/opt/rustwide/target/debug/deps/libgeneric_array-428225fb55c47719.rlib" "/opt/rustwide/target/debug/deps/libtypenum-f068cdcc1d945756.rlib" "/opt/rustwide/target/debug/deps/libpicky_asn1-5252d62b0a8e7bb4.rlib" "/opt/rustwide/target/debug/deps/libzeroize-bfc5c3305ee9b20a.rlib" "/opt/rustwide/target/debug/deps/libserde_bytes-d3fc455234af8308.rlib" "/opt/rustwide/target/debug/deps/liboid-91e5bdf6a2c72f26.rlib" "/opt/rustwide/target/debug/deps/libserde-5193efd9721728c3.rlib" "/opt/rustwide/target/debug/deps/librand-23056cac024bcc08.rlib" "/opt/rustwide/target/debug/deps/librand_chacha-7c0dba8a999930ea.rlib" "/opt/rustwide/target/debug/deps/libppv_lite86-79b67cdd215cb07c.rlib" "/opt/rustwide/target/debug/deps/librand_core-23ec2ae0cc68458a.rlib" "/opt/rustwide/target/debug/deps/libgetrandom-964dad3dbf191bae.rlib" "/opt/rustwide/target/debug/deps/libbyteorder-614d7e4e7f7903e2.rlib" "/opt/rustwide/target/debug/deps/libchrono-874787aaa4e72748.rlib" "/opt/rustwide/target/debug/deps/libiana_time_zone-b49c1de53d2717aa.rlib" "/opt/rustwide/target/debug/deps/libnum_integer-5250f236e975ded2.rlib" "/opt/rustwide/target/debug/deps/libnum_traits-e49363bc7c77310c.rlib" "/opt/rustwide/target/debug/deps/libtime-219168f016f2dd2a.rlib" "/opt/rustwide/target/debug/deps/liblibc-0862579a9f3922a6.rlib" "/opt/rustwide/target/debug/deps/libtracing-1bd004ba732b5574.rlib" "/opt/rustwide/target/debug/deps/libcfg_if-97437e183f3ae6e4.rlib" "/opt/rustwide/target/debug/deps/libpin_project_lite-3a747526c5b5aadd.rlib" "/opt/rustwide/target/debug/deps/libtracing_core-f6c3b5e7685a4e09.rlib" "/opt/rustwide/target/debug/deps/libonce_cell-3cdae169d48e1efa.rlib" "/opt/rustwide/rustup-home/toolchains/beta-2023-04-20-x86_64-unknown-linux-gnu/lib/rustlib/x86_64-unknown-linux-gnu/lib/libstd-0e29cc23c5e02021.rlib" "/opt/rustwide/rustup-home/toolchains/beta-2023-04-20-x86_64-unknown-linux-gnu/lib/rustlib/x86_64-unknown-linux-gnu/lib/libpanic_unwind-d903621768a861d9.rlib" "/opt/rustwide/rustup-home/toolchains/beta-2023-04-20-x86_64-unknown-linux-gnu/lib/rustlib/x86_64-unknown-linux-gnu/lib/libobject-6d0225e655f31c13.rlib" "/opt/rustwide/rustup-home/toolchains/beta-2023-04-20-x86_64-unknown-linux-gnu/lib/rustlib/x86_64-unknown-linux-gnu/lib/libmemchr-9dbaf4eac7eaa079.rlib" "/opt/rustwide/rustup-home/toolchains/beta-2023-04-20-x86_64-unknown-linux-gnu/lib/rustlib/x86_64-unknown-linux-gnu/lib/libaddr2line-27f05b3d42a66dd0.rlib" "/opt/rustwide/rustup-home/toolchains/beta-2023-04-20-x86_64-unknown-linux-gnu/lib/rustlib/x86_64-unknown-linux-gnu/lib/libgimli-4d73f1030321c9a2.rlib" "/opt/rustwide/rustup-home/toolchains/beta-2023-04-20-x86_64-unknown-linux-gnu/lib/rustlib/x86_64-unknown-linux-gnu/lib/librustc_demangle-2846c9e58abd0acb.rlib" "/opt/rustwide/rustup-home/toolchains/beta-2023-04-20-x86_64-unknown-linux-gnu/lib/rustlib/x86_64-unknown-linux-gnu/lib/libstd_detect-a53d0f50415947be.rlib" "/opt/rustwide/rustup-home/toolchains/beta-2023-04-20-x86_64-unknown-linux-gnu/lib/rustlib/x86_64-unknown-linux-gnu/lib/libhashbrown-d48e4b6abc25b9dc.rlib" "/opt/rustwide/rustup-home/toolchains/beta-2023-04-20-x86_64-unknown-linux-gnu/lib/rustlib/x86_64-unknown-linux-gnu/lib/libminiz_oxide-2991859439ef1207.rlib" "/opt/rustwide/rustup-home/toolchains/beta-2023-04-20-x86_64-unknown-linux-gnu/lib/rustlib/x86_64-unknown-linux-gnu/lib/libadler-8a687517e4221bae.rlib" "/opt/rustwide/rustup-home/toolchains/beta-2023-04-20-x86_64-unknown-linux-gnu/lib/rustlib/x86_64-unknown-linux-gnu/lib/librustc_std_workspace_alloc-e07b554f6a67f5b3.rlib" "/opt/rustwide/rustup-home/toolchains/beta-2023-04-20-x86_64-unknown-linux-gnu/lib/rustlib/x86_64-unknown-linux-gnu/lib/libunwind-b68238b7c3c619dd.rlib" "/opt/rustwide/rustup-home/toolchains/beta-2023-04-20-x86_64-unknown-linux-gnu/lib/rustlib/x86_64-unknown-linux-gnu/lib/libcfg_if-d5e213e896c017e4.rlib" "/opt/rustwide/rustup-home/toolchains/beta-2023-04-20-x86_64-unknown-linux-gnu/lib/rustlib/x86_64-unknown-linux-gnu/lib/liblibc-0211a3b2e61d8689.rlib" "/opt/rustwide/rustup-home/toolchains/beta-2023-04-20-x86_64-unknown-linux-gnu/lib/rustlib/x86_64-unknown-linux-gnu/lib/liballoc-b371f055239ba51f.rlib" "/opt/rustwide/rustup-home/toolchains/beta-2023-04-20-x86_64-unknown-linux-gnu/lib/rustlib/x86_64-unknown-linux-gnu/lib/librustc_std_workspace_core-e60518d2760eb01e.rlib" "/opt/rustwide/rustup-home/toolchains/beta-2023-04-20-x86_64-unknown-linux-gnu/lib/rustlib/x86_64-unknown-linux-gnu/lib/libcore-1ad943f92a4b1081.rlib" "/opt/rustwide/rustup-home/toolchains/beta-2023-04-20-x86_64-unknown-linux-gnu/lib/rustlib/x86_64-unknown-linux-gnu/lib/libcompiler_builtins-f0d6e4d0fc1e80b4.rlib" "-Wl,-Bdynamic" "-lgcc_s" "-lutil" "-lrt" "-lpthread" "-lm" "-ldl" "-lc" "-Wl,--eh-frame-hdr" "-Wl,-z,noexecstack" "-L" "/opt/rustwide/rustup-home/toolchains/beta-2023-04-20-x86_64-unknown-linux-gnu/lib/rustlib/x86_64-unknown-linux-gnu/lib" "-o" "/tmp/rustdoctestqEb8sn/rust_out" "-Wl,--gc-sections" "-pie" "-Wl,-z,relro,-z,now" "-nodefaultlibs"
[INFO] [stdout]   = note: collect2: fatal error: ld terminated with signal 9 [Killed]
[INFO] [stdout]           compilation terminated.
[INFO] [stdout]           
[INFO] [stdout] 
[INFO] [stdout] error: aborting due to previous error
[INFO] [stdout] 
[INFO] [stdout] Couldn't compile the test.
[INFO] [stdout] ---- src/lib.rs - query_security_package_info (line 144) stdout ----
[INFO] [stdout] error: linking with `cc` failed: exit status: 1
[INFO] [stdout]   |
[INFO] [stdout]   = note: LC_ALL="C" PATH="/opt/rustwide/rustup-home/toolchains/beta-2023-04-20-x86_64-unknown-linux-gnu/lib/rustlib/x86_64-unknown-linux-gnu/bin:/opt/rustwide/cargo-home/bin:/usr/local/sbin:/usr/local/bin:/usr/sbin:/usr/bin:/sbin:/bin" VSLANG="1033" "cc" "-m64" "/tmp/rustcOh3wEz/symbols.o" "/tmp/rustdoctestKri1uN/rust_out.rust_out.c38b68ff-cgu.0.rcgu.o" "/tmp/rustdoctestKri1uN/rust_out.38a7fyhsvjn6z0qy.rcgu.o" "-Wl,--as-needed" "-L" "/opt/rustwide/target/debug/deps" "-L" "/opt/rustwide/target/debug/deps" "-L" "/opt/rustwide/rustup-home/toolchains/beta-2023-04-20-x86_64-unknown-linux-gnu/lib/rustlib/x86_64-unknown-linux-gnu/lib" "-Wl,-Bstatic" "/opt/rustwide/target/debug/deps/libsspi-b1141b6b3ea06b06.rlib" "/opt/rustwide/target/debug/deps/libcfg_if-b22544e46cbb7baa.rlib" "/opt/rustwide/target/debug/deps/libhmac-0707c852e857848d.rlib" "/opt/rustwide/target/debug/deps/libsha2-5bdc6c0eb322721e.rlib" "/opt/rustwide/target/debug/deps/libmd4-a360aa38ef01dcfa.rlib" "/opt/rustwide/target/debug/deps/libcrypto_mac-9c6179e575b0f273.rlib" "/opt/rustwide/target/debug/deps/libpicky-53dfd705c30b6d6f.rlib" "/opt/rustwide/target/debug/deps/libsha3-f65dedc725203cdc.rlib" "/opt/rustwide/target/debug/deps/libkeccak-5a05f7fde80988af.rlib" "/opt/rustwide/target/debug/deps/libmd5-15643ff0adff813f.rlib" "/opt/rustwide/target/debug/deps/libbase64-0c872e3f7d1ba17a.rlib" "/opt/rustwide/target/debug/deps/librsa-e66a8c6a22592eb5.rlib" "/opt/rustwide/target/debug/deps/libpkcs1-68da6b3a9bf28874.rlib" "/opt/rustwide/target/debug/deps/libpkcs8-afa01fee5dffa179.rlib" "/opt/rustwide/target/debug/deps/libspki-74d554f38631b975.rlib" "/opt/rustwide/target/debug/deps/libder-43798133997a58b3.rlib" "/opt/rustwide/target/debug/deps/libpem_rfc7468-df97e51c594bff11.rlib" "/opt/rustwide/target/debug/deps/libconst_oid-261c18220c6041c2.rlib" "/opt/rustwide/target/debug/deps/libcrypto_bigint-808bc7897d2de9b3.rlib" "/opt/rustwide/target/debug/deps/libbitflags-610a73087f46ba3b.rlib" "/opt/rustwide/target/debug/deps/liburl-54e6c50546bb79ad.rlib" "/opt/rustwide/target/debug/deps/libidna-59d0d2f4fea0a975.rlib" "/opt/rustwide/target/debug/deps/libunicode_normalization-6c3f1f506de52d5b.rlib" "/opt/rustwide/target/debug/deps/libtinyvec-4ebd66a73cc74e35.rlib" "/opt/rustwide/target/debug/deps/libtinyvec_macros-c8728763a1cfbcab.rlib" "/opt/rustwide/target/debug/deps/libunicode_bidi-064678f529798c53.rlib" "/opt/rustwide/target/debug/deps/libform_urlencoded-c6dce5f233f9dc81.rlib" "/opt/rustwide/target/debug/deps/libpercent_encoding-4a77b5e8a25d80c2.rlib" "/opt/rustwide/target/debug/deps/libmd5-23fcc312ea84ecbb.rlib" "/opt/rustwide/target/debug/deps/libopaque_debug-ffbe13ab2928830a.rlib" "/opt/rustwide/target/debug/deps/libblock_buffer-f25c1ca99ceef206.rlib" "/opt/rustwide/target/debug/deps/libdigest-dd4c7b4d12790fb2.rlib" "/opt/rustwide/target/debug/deps/libpicky_krb-775a61901b74f48a.rlib" "/opt/rustwide/target/debug/deps/libpicky_asn1_x509-6a987b99971efa62.rlib" "/opt/rustwide/target/debug/deps/libwidestring-bcbff167ca491c65.rlib" "/opt/rustwide/target/debug/deps/libuuid-38323497713fbf34.rlib" "/opt/rustwide/target/debug/deps/libpicky_asn1_der-0c8d61b784f36587.rlib" "/opt/rustwide/target/debug/deps/libthiserror-6bd0070339f52018.rlib" "/opt/rustwide/target/debug/deps/libnum_bigint_dig-00eb68d1cc4091b5.rlib" "/opt/rustwide/target/debug/deps/libnum_iter-f7e4d95a3056e9f1.rlib" "/opt/rustwide/target/debug/deps/liblazy_static-4518308ec030f146.rlib" "/opt/rustwide/target/debug/deps/libspin-0ce7eed86e654be1.rlib" "/opt/rustwide/target/debug/deps/libsmallvec-3cb97bebc0d13694.rlib" "/opt/rustwide/target/debug/deps/libdes-59be994ee913d201.rlib" "/opt/rustwide/target/debug/deps/libsha1-49dfc00c397d471d.rlib" "/opt/rustwide/target/debug/deps/libpbkdf2-c0877c6acc1efb86.rlib" "/opt/rustwide/target/debug/deps/libsha1-74de1fafe991a7bf.rlib" "/opt/rustwide/target/debug/deps/libsha2-ef90fd42c0b5045b.rlib" "/opt/rustwide/target/debug/deps/libpassword_hash-0f462a26bffc7c87.rlib" "/opt/rustwide/target/debug/deps/libbase64ct-a811b2b05047520d.rlib" "/opt/rustwide/target/debug/deps/libhmac-77670da393b9c334.rlib" "/opt/rustwide/target/debug/deps/libdigest-543426016393cd5d.rlib" "/opt/rustwide/target/debug/deps/libsubtle-0ca152887405db79.rlib" "/opt/rustwide/target/debug/deps/libblock_buffer-b093997f2a0dfe0d.rlib" "/opt/rustwide/target/debug/deps/libcbc-ed10ab47eb68dc79.rlib" "/opt/rustwide/target/debug/deps/libaes-77c08fb7e3d7b50e.rlib" "/opt/rustwide/target/debug/deps/libcpufeatures-a834a1d164d66bf9.rlib" "/opt/rustwide/target/debug/deps/libcipher-59a3dc12ae333677.rlib" "/opt/rustwide/target/debug/deps/libinout-99b0e930601184a1.rlib" "/opt/rustwide/target/debug/deps/libblock_padding-b52aa43fc41fefe8.rlib" "/opt/rustwide/target/debug/deps/libcrypto_common-101dd4aea0d4c15b.rlib" "/opt/rustwide/target/debug/deps/libgeneric_array-428225fb55c47719.rlib" "/opt/rustwide/target/debug/deps/libtypenum-f068cdcc1d945756.rlib" "/opt/rustwide/target/debug/deps/libpicky_asn1-5252d62b0a8e7bb4.rlib" "/opt/rustwide/target/debug/deps/libzeroize-bfc5c3305ee9b20a.rlib" "/opt/rustwide/target/debug/deps/libserde_bytes-d3fc455234af8308.rlib" "/opt/rustwide/target/debug/deps/liboid-91e5bdf6a2c72f26.rlib" "/opt/rustwide/target/debug/deps/libserde-5193efd9721728c3.rlib" "/opt/rustwide/target/debug/deps/librand-23056cac024bcc08.rlib" "/opt/rustwide/target/debug/deps/librand_chacha-7c0dba8a999930ea.rlib" "/opt/rustwide/target/debug/deps/libppv_lite86-79b67cdd215cb07c.rlib" "/opt/rustwide/target/debug/deps/librand_core-23ec2ae0cc68458a.rlib" "/opt/rustwide/target/debug/deps/libgetrandom-964dad3dbf191bae.rlib" "/opt/rustwide/target/debug/deps/libbyteorder-614d7e4e7f7903e2.rlib" "/opt/rustwide/target/debug/deps/libchrono-874787aaa4e72748.rlib" "/opt/rustwide/target/debug/deps/libiana_time_zone-b49c1de53d2717aa.rlib" "/opt/rustwide/target/debug/deps/libnum_integer-5250f236e975ded2.rlib" "/opt/rustwide/target/debug/deps/libnum_traits-e49363bc7c77310c.rlib" "/opt/rustwide/target/debug/deps/libtime-219168f016f2dd2a.rlib" "/opt/rustwide/target/debug/deps/liblibc-0862579a9f3922a6.rlib" "/opt/rustwide/target/debug/deps/libtracing-1bd004ba732b5574.rlib" "/opt/rustwide/target/debug/deps/libcfg_if-97437e183f3ae6e4.rlib" "/opt/rustwide/target/debug/deps/libpin_project_lite-3a747526c5b5aadd.rlib" "/opt/rustwide/target/debug/deps/libtracing_core-f6c3b5e7685a4e09.rlib" "/opt/rustwide/target/debug/deps/libonce_cell-3cdae169d48e1efa.rlib" "/opt/rustwide/rustup-home/toolchains/beta-2023-04-20-x86_64-unknown-linux-gnu/lib/rustlib/x86_64-unknown-linux-gnu/lib/libstd-0e29cc23c5e02021.rlib" "/opt/rustwide/rustup-home/toolchains/beta-2023-04-20-x86_64-unknown-linux-gnu/lib/rustlib/x86_64-unknown-linux-gnu/lib/libpanic_unwind-d903621768a861d9.rlib" "/opt/rustwide/rustup-home/toolchains/beta-2023-04-20-x86_64-unknown-linux-gnu/lib/rustlib/x86_64-unknown-linux-gnu/lib/libobject-6d0225e655f31c13.rlib" "/opt/rustwide/rustup-home/toolchains/beta-2023-04-20-x86_64-unknown-linux-gnu/lib/rustlib/x86_64-unknown-linux-gnu/lib/libmemchr-9dbaf4eac7eaa079.rlib" "/opt/rustwide/rustup-home/toolchains/beta-2023-04-20-x86_64-unknown-linux-gnu/lib/rustlib/x86_64-unknown-linux-gnu/lib/libaddr2line-27f05b3d42a66dd0.rlib" "/opt/rustwide/rustup-home/toolchains/beta-2023-04-20-x86_64-unknown-linux-gnu/lib/rustlib/x86_64-unknown-linux-gnu/lib/libgimli-4d73f1030321c9a2.rlib" "/opt/rustwide/rustup-home/toolchains/beta-2023-04-20-x86_64-unknown-linux-gnu/lib/rustlib/x86_64-unknown-linux-gnu/lib/librustc_demangle-2846c9e58abd0acb.rlib" "/opt/rustwide/rustup-home/toolchains/beta-2023-04-20-x86_64-unknown-linux-gnu/lib/rustlib/x86_64-unknown-linux-gnu/lib/libstd_detect-a53d0f50415947be.rlib" "/opt/rustwide/rustup-home/toolchains/beta-2023-04-20-x86_64-unknown-linux-gnu/lib/rustlib/x86_64-unknown-linux-gnu/lib/libhashbrown-d48e4b6abc25b9dc.rlib" "/opt/rustwide/rustup-home/toolchains/beta-2023-04-20-x86_64-unknown-linux-gnu/lib/rustlib/x86_64-unknown-linux-gnu/lib/libminiz_oxide-2991859439ef1207.rlib" "/opt/rustwide/rustup-home/toolchains/beta-2023-04-20-x86_64-unknown-linux-gnu/lib/rustlib/x86_64-unknown-linux-gnu/lib/libadler-8a687517e4221bae.rlib" "/opt/rustwide/rustup-home/toolchains/beta-2023-04-20-x86_64-unknown-linux-gnu/lib/rustlib/x86_64-unknown-linux-gnu/lib/librustc_std_workspace_alloc-e07b554f6a67f5b3.rlib" "/opt/rustwide/rustup-home/toolchains/beta-2023-04-20-x86_64-unknown-linux-gnu/lib/rustlib/x86_64-unknown-linux-gnu/lib/libunwind-b68238b7c3c619dd.rlib" "/opt/rustwide/rustup-home/toolchains/beta-2023-04-20-x86_64-unknown-linux-gnu/lib/rustlib/x86_64-unknown-linux-gnu/lib/libcfg_if-d5e213e896c017e4.rlib" "/opt/rustwide/rustup-home/toolchains/beta-2023-04-20-x86_64-unknown-linux-gnu/lib/rustlib/x86_64-unknown-linux-gnu/lib/liblibc-0211a3b2e61d8689.rlib" "/opt/rustwide/rustup-home/toolchains/beta-2023-04-20-x86_64-unknown-linux-gnu/lib/rustlib/x86_64-unknown-linux-gnu/lib/liballoc-b371f055239ba51f.rlib" "/opt/rustwide/rustup-home/toolchains/beta-2023-04-20-x86_64-unknown-linux-gnu/lib/rustlib/x86_64-unknown-linux-gnu/lib/librustc_std_workspace_core-e60518d2760eb01e.rlib" "/opt/rustwide/rustup-home/toolchains/beta-2023-04-20-x86_64-unknown-linux-gnu/lib/rustlib/x86_64-unknown-linux-gnu/lib/libcore-1ad943f92a4b1081.rlib" "/opt/rustwide/rustup-home/toolchains/beta-2023-04-20-x86_64-unknown-linux-gnu/lib/rustlib/x86_64-unknown-linux-gnu/lib/libcompiler_builtins-f0d6e4d0fc1e80b4.rlib" "-Wl,-Bdynamic" "-lgcc_s" "-lutil" "-lrt" "-lpthread" "-lm" "-ldl" "-lc" "-Wl,--eh-frame-hdr" "-Wl,-z,noexecstack" "-L" "/opt/rustwide/rustup-home/toolchains/beta-2023-04-20-x86_64-unknown-linux-gnu/lib/rustlib/x86_64-unknown-linux-gnu/lib" "-o" "/tmp/rustdoctestKri1uN/rust_out" "-Wl,--gc-sections" "-pie" "-Wl,-z,relro,-z,now" "-nodefaultlibs"
[INFO] [stdout]   = note: collect2: fatal error: ld terminated with signal 9 [Killed]
[INFO] [stdout]           compilation terminated.
[INFO] [stdout]           
[INFO] [stdout] 
[INFO] [stdout] error: aborting due to previous error
[INFO] [stdout] 
[INFO] [stdout] Couldn't compile the test.
[INFO] [stdout] ---- src/lib.rs - Sspi::decrypt_message (line 615) stdout ----
[INFO] [stdout] error: linking with `cc` failed: exit status: 1
[INFO] [stdout]   |
[INFO] [stdout]   = note: LC_ALL="C" PATH="/opt/rustwide/rustup-home/toolchains/beta-2023-04-20-x86_64-unknown-linux-gnu/lib/rustlib/x86_64-unknown-linux-gnu/bin:/opt/rustwide/cargo-home/bin:/usr/local/sbin:/usr/local/bin:/usr/sbin:/usr/bin:/sbin:/bin" VSLANG="1033" "cc" "-m64" "/tmp/rustcWp9G5H/symbols.o" "/tmp/rustdoctestkdAugN/rust_out.rust_out.c38b68ff-cgu.0.rcgu.o" "/tmp/rustdoctestkdAugN/rust_out.38a7fyhsvjn6z0qy.rcgu.o" "-Wl,--as-needed" "-L" "/opt/rustwide/target/debug/deps" "-L" "/opt/rustwide/target/debug/deps" "-L" "/opt/rustwide/rustup-home/toolchains/beta-2023-04-20-x86_64-unknown-linux-gnu/lib/rustlib/x86_64-unknown-linux-gnu/lib" "-Wl,-Bstatic" "/opt/rustwide/target/debug/deps/libsspi-b1141b6b3ea06b06.rlib" "/opt/rustwide/target/debug/deps/libcfg_if-b22544e46cbb7baa.rlib" "/opt/rustwide/target/debug/deps/libhmac-0707c852e857848d.rlib" "/opt/rustwide/target/debug/deps/libsha2-5bdc6c0eb322721e.rlib" "/opt/rustwide/target/debug/deps/libmd4-a360aa38ef01dcfa.rlib" "/opt/rustwide/target/debug/deps/libcrypto_mac-9c6179e575b0f273.rlib" "/opt/rustwide/target/debug/deps/libpicky-53dfd705c30b6d6f.rlib" "/opt/rustwide/target/debug/deps/libsha3-f65dedc725203cdc.rlib" "/opt/rustwide/target/debug/deps/libkeccak-5a05f7fde80988af.rlib" "/opt/rustwide/target/debug/deps/libmd5-15643ff0adff813f.rlib" "/opt/rustwide/target/debug/deps/libbase64-0c872e3f7d1ba17a.rlib" "/opt/rustwide/target/debug/deps/librsa-e66a8c6a22592eb5.rlib" "/opt/rustwide/target/debug/deps/libpkcs1-68da6b3a9bf28874.rlib" "/opt/rustwide/target/debug/deps/libpkcs8-afa01fee5dffa179.rlib" "/opt/rustwide/target/debug/deps/libspki-74d554f38631b975.rlib" "/opt/rustwide/target/debug/deps/libder-43798133997a58b3.rlib" "/opt/rustwide/target/debug/deps/libpem_rfc7468-df97e51c594bff11.rlib" "/opt/rustwide/target/debug/deps/libconst_oid-261c18220c6041c2.rlib" "/opt/rustwide/target/debug/deps/libcrypto_bigint-808bc7897d2de9b3.rlib" "/opt/rustwide/target/debug/deps/libbitflags-610a73087f46ba3b.rlib" "/opt/rustwide/target/debug/deps/liburl-54e6c50546bb79ad.rlib" "/opt/rustwide/target/debug/deps/libidna-59d0d2f4fea0a975.rlib" "/opt/rustwide/target/debug/deps/libunicode_normalization-6c3f1f506de52d5b.rlib" "/opt/rustwide/target/debug/deps/libtinyvec-4ebd66a73cc74e35.rlib" "/opt/rustwide/target/debug/deps/libtinyvec_macros-c8728763a1cfbcab.rlib" "/opt/rustwide/target/debug/deps/libunicode_bidi-064678f529798c53.rlib" "/opt/rustwide/target/debug/deps/libform_urlencoded-c6dce5f233f9dc81.rlib" "/opt/rustwide/target/debug/deps/libpercent_encoding-4a77b5e8a25d80c2.rlib" "/opt/rustwide/target/debug/deps/libmd5-23fcc312ea84ecbb.rlib" "/opt/rustwide/target/debug/deps/libopaque_debug-ffbe13ab2928830a.rlib" "/opt/rustwide/target/debug/deps/libblock_buffer-f25c1ca99ceef206.rlib" "/opt/rustwide/target/debug/deps/libdigest-dd4c7b4d12790fb2.rlib" "/opt/rustwide/target/debug/deps/libpicky_krb-775a61901b74f48a.rlib" "/opt/rustwide/target/debug/deps/libpicky_asn1_x509-6a987b99971efa62.rlib" "/opt/rustwide/target/debug/deps/libwidestring-bcbff167ca491c65.rlib" "/opt/rustwide/target/debug/deps/libuuid-38323497713fbf34.rlib" "/opt/rustwide/target/debug/deps/libpicky_asn1_der-0c8d61b784f36587.rlib" "/opt/rustwide/target/debug/deps/libthiserror-6bd0070339f52018.rlib" "/opt/rustwide/target/debug/deps/libnum_bigint_dig-00eb68d1cc4091b5.rlib" "/opt/rustwide/target/debug/deps/libnum_iter-f7e4d95a3056e9f1.rlib" "/opt/rustwide/target/debug/deps/liblazy_static-4518308ec030f146.rlib" "/opt/rustwide/target/debug/deps/libspin-0ce7eed86e654be1.rlib" "/opt/rustwide/target/debug/deps/libsmallvec-3cb97bebc0d13694.rlib" "/opt/rustwide/target/debug/deps/libdes-59be994ee913d201.rlib" "/opt/rustwide/target/debug/deps/libsha1-49dfc00c397d471d.rlib" "/opt/rustwide/target/debug/deps/libpbkdf2-c0877c6acc1efb86.rlib" "/opt/rustwide/target/debug/deps/libsha1-74de1fafe991a7bf.rlib" "/opt/rustwide/target/debug/deps/libsha2-ef90fd42c0b5045b.rlib" "/opt/rustwide/target/debug/deps/libpassword_hash-0f462a26bffc7c87.rlib" "/opt/rustwide/target/debug/deps/libbase64ct-a811b2b05047520d.rlib" "/opt/rustwide/target/debug/deps/libhmac-77670da393b9c334.rlib" "/opt/rustwide/target/debug/deps/libdigest-543426016393cd5d.rlib" "/opt/rustwide/target/debug/deps/libsubtle-0ca152887405db79.rlib" "/opt/rustwide/target/debug/deps/libblock_buffer-b093997f2a0dfe0d.rlib" "/opt/rustwide/target/debug/deps/libcbc-ed10ab47eb68dc79.rlib" "/opt/rustwide/target/debug/deps/libaes-77c08fb7e3d7b50e.rlib" "/opt/rustwide/target/debug/deps/libcpufeatures-a834a1d164d66bf9.rlib" "/opt/rustwide/target/debug/deps/libcipher-59a3dc12ae333677.rlib" "/opt/rustwide/target/debug/deps/libinout-99b0e930601184a1.rlib" "/opt/rustwide/target/debug/deps/libblock_padding-b52aa43fc41fefe8.rlib" "/opt/rustwide/target/debug/deps/libcrypto_common-101dd4aea0d4c15b.rlib" "/opt/rustwide/target/debug/deps/libgeneric_array-428225fb55c47719.rlib" "/opt/rustwide/target/debug/deps/libtypenum-f068cdcc1d945756.rlib" "/opt/rustwide/target/debug/deps/libpicky_asn1-5252d62b0a8e7bb4.rlib" "/opt/rustwide/target/debug/deps/libzeroize-bfc5c3305ee9b20a.rlib" "/opt/rustwide/target/debug/deps/libserde_bytes-d3fc455234af8308.rlib" "/opt/rustwide/target/debug/deps/liboid-91e5bdf6a2c72f26.rlib" "/opt/rustwide/target/debug/deps/libserde-5193efd9721728c3.rlib" "/opt/rustwide/target/debug/deps/librand-23056cac024bcc08.rlib" "/opt/rustwide/target/debug/deps/librand_chacha-7c0dba8a999930ea.rlib" "/opt/rustwide/target/debug/deps/libppv_lite86-79b67cdd215cb07c.rlib" "/opt/rustwide/target/debug/deps/librand_core-23ec2ae0cc68458a.rlib" "/opt/rustwide/target/debug/deps/libgetrandom-964dad3dbf191bae.rlib" "/opt/rustwide/target/debug/deps/libbyteorder-614d7e4e7f7903e2.rlib" "/opt/rustwide/target/debug/deps/libchrono-874787aaa4e72748.rlib" "/opt/rustwide/target/debug/deps/libiana_time_zone-b49c1de53d2717aa.rlib" "/opt/rustwide/target/debug/deps/libnum_integer-5250f236e975ded2.rlib" "/opt/rustwide/target/debug/deps/libnum_traits-e49363bc7c77310c.rlib" "/opt/rustwide/target/debug/deps/libtime-219168f016f2dd2a.rlib" "/opt/rustwide/target/debug/deps/liblibc-0862579a9f3922a6.rlib" "/opt/rustwide/target/debug/deps/libtracing-1bd004ba732b5574.rlib" "/opt/rustwide/target/debug/deps/libcfg_if-97437e183f3ae6e4.rlib" "/opt/rustwide/target/debug/deps/libpin_project_lite-3a747526c5b5aadd.rlib" "/opt/rustwide/target/debug/deps/libtracing_core-f6c3b5e7685a4e09.rlib" "/opt/rustwide/target/debug/deps/libonce_cell-3cdae169d48e1efa.rlib" "/opt/rustwide/rustup-home/toolchains/beta-2023-04-20-x86_64-unknown-linux-gnu/lib/rustlib/x86_64-unknown-linux-gnu/lib/libstd-0e29cc23c5e02021.rlib" "/opt/rustwide/rustup-home/toolchains/beta-2023-04-20-x86_64-unknown-linux-gnu/lib/rustlib/x86_64-unknown-linux-gnu/lib/libpanic_unwind-d903621768a861d9.rlib" "/opt/rustwide/rustup-home/toolchains/beta-2023-04-20-x86_64-unknown-linux-gnu/lib/rustlib/x86_64-unknown-linux-gnu/lib/libobject-6d0225e655f31c13.rlib" "/opt/rustwide/rustup-home/toolchains/beta-2023-04-20-x86_64-unknown-linux-gnu/lib/rustlib/x86_64-unknown-linux-gnu/lib/libmemchr-9dbaf4eac7eaa079.rlib" "/opt/rustwide/rustup-home/toolchains/beta-2023-04-20-x86_64-unknown-linux-gnu/lib/rustlib/x86_64-unknown-linux-gnu/lib/libaddr2line-27f05b3d42a66dd0.rlib" "/opt/rustwide/rustup-home/toolchains/beta-2023-04-20-x86_64-unknown-linux-gnu/lib/rustlib/x86_64-unknown-linux-gnu/lib/libgimli-4d73f1030321c9a2.rlib" "/opt/rustwide/rustup-home/toolchains/beta-2023-04-20-x86_64-unknown-linux-gnu/lib/rustlib/x86_64-unknown-linux-gnu/lib/librustc_demangle-2846c9e58abd0acb.rlib" "/opt/rustwide/rustup-home/toolchains/beta-2023-04-20-x86_64-unknown-linux-gnu/lib/rustlib/x86_64-unknown-linux-gnu/lib/libstd_detect-a53d0f50415947be.rlib" "/opt/rustwide/rustup-home/toolchains/beta-2023-04-20-x86_64-unknown-linux-gnu/lib/rustlib/x86_64-unknown-linux-gnu/lib/libhashbrown-d48e4b6abc25b9dc.rlib" "/opt/rustwide/rustup-home/toolchains/beta-2023-04-20-x86_64-unknown-linux-gnu/lib/rustlib/x86_64-unknown-linux-gnu/lib/libminiz_oxide-2991859439ef1207.rlib" "/opt/rustwide/rustup-home/toolchains/beta-2023-04-20-x86_64-unknown-linux-gnu/lib/rustlib/x86_64-unknown-linux-gnu/lib/libadler-8a687517e4221bae.rlib" "/opt/rustwide/rustup-home/toolchains/beta-2023-04-20-x86_64-unknown-linux-gnu/lib/rustlib/x86_64-unknown-linux-gnu/lib/librustc_std_workspace_alloc-e07b554f6a67f5b3.rlib" "/opt/rustwide/rustup-home/toolchains/beta-2023-04-20-x86_64-unknown-linux-gnu/lib/rustlib/x86_64-unknown-linux-gnu/lib/libunwind-b68238b7c3c619dd.rlib" "/opt/rustwide/rustup-home/toolchains/beta-2023-04-20-x86_64-unknown-linux-gnu/lib/rustlib/x86_64-unknown-linux-gnu/lib/libcfg_if-d5e213e896c017e4.rlib" "/opt/rustwide/rustup-home/toolchains/beta-2023-04-20-x86_64-unknown-linux-gnu/lib/rustlib/x86_64-unknown-linux-gnu/lib/liblibc-0211a3b2e61d8689.rlib" "/opt/rustwide/rustup-home/toolchains/beta-2023-04-20-x86_64-unknown-linux-gnu/lib/rustlib/x86_64-unknown-linux-gnu/lib/liballoc-b371f055239ba51f.rlib" "/opt/rustwide/rustup-home/toolchains/beta-2023-04-20-x86_64-unknown-linux-gnu/lib/rustlib/x86_64-unknown-linux-gnu/lib/librustc_std_workspace_core-e60518d2760eb01e.rlib" "/opt/rustwide/rustup-home/toolchains/beta-2023-04-20-x86_64-unknown-linux-gnu/lib/rustlib/x86_64-unknown-linux-gnu/lib/libcore-1ad943f92a4b1081.rlib" "/opt/rustwide/rustup-home/toolchains/beta-2023-04-20-x86_64-unknown-linux-gnu/lib/rustlib/x86_64-unknown-linux-gnu/lib/libcompiler_builtins-f0d6e4d0fc1e80b4.rlib" "-Wl,-Bdynamic" "-lgcc_s" "-lutil" "-lrt" "-lpthread" "-lm" "-ldl" "-lc" "-Wl,--eh-frame-hdr" "-Wl,-z,noexecstack" "-L" "/opt/rustwide/rustup-home/toolchains/beta-2023-04-20-x86_64-unknown-linux-gnu/lib/rustlib/x86_64-unknown-linux-gnu/lib" "-o" "/tmp/rustdoctestkdAugN/rust_out" "-Wl,--gc-sections" "-pie" "-Wl,-z,relro,-z,now" "-nodefaultlibs"
[INFO] [stdout]   = note: collect2: fatal error: ld terminated with signal 9 [Killed]
[INFO] [stdout]           compilation terminated.
[INFO] [stdout]           
[INFO] [stdout] 
[INFO] [stdout] error: aborting due to previous error
[INFO] [stdout] 
[INFO] [stdout] Couldn't compile the test.
[INFO] [stdout] 
[INFO] [stdout] failures:
[INFO] [stdout]     src/lib.rs - Sspi::acquire_credentials_handle (line 230)
[INFO] [stdout]     src/lib.rs - Sspi::decrypt_message (line 615)
[INFO] [stdout]     src/lib.rs - Sspi::initialize_security_context (line 278)
[INFO] [stdout]     src/lib.rs - Sspi::query_context_package_info (line 785)
[INFO] [stdout]     src/lib.rs - Sspi::query_context_sizes (line 715)
[INFO] [stdout]     src/lib.rs - query_security_package_info (line 144)
[INFO] [stdout] 
[INFO] [stdout] test result: FAILED. 8 passed; 6 failed; 1 ignored; 0 measured; 0 filtered out; finished in 8.31s
[INFO] [stdout] 
[INFO] [stderr] error: doctest failed, to rerun pass `--doc`
[INFO] running `Command { std: "docker" "inspect" "f3c9b90b71b4b957d1d3dd0e6be8fce280478c6c2b7a20985c745adf46f35be1", kill_on_drop: false }`
[INFO] running `Command { std: "docker" "rm" "-f" "f3c9b90b71b4b957d1d3dd0e6be8fce280478c6c2b7a20985c745adf46f35be1", kill_on_drop: false }`
[INFO] [stdout] f3c9b90b71b4b957d1d3dd0e6be8fce280478c6c2b7a20985c745adf46f35be1
