[INFO] fetching crate sqlx-models-parser 0.0.1...
[INFO] testing sqlx-models-parser-0.0.1 against 1.69.0 for beta-1.70-1
[INFO] extracting crate sqlx-models-parser 0.0.1 into /workspace/builds/worker-4-tc1/source
[INFO] validating manifest of crates.io crate sqlx-models-parser 0.0.1 on toolchain 1.69.0
[INFO] running `Command { std: CARGO_HOME="/workspace/cargo-home" RUSTUP_HOME="/workspace/rustup-home" "/workspace/cargo-home/bin/cargo" "+1.69.0" "metadata" "--manifest-path" "Cargo.toml" "--no-deps", kill_on_drop: false }`
[INFO] started tweaking crates.io crate sqlx-models-parser 0.0.1
[INFO] finished tweaking crates.io crate sqlx-models-parser 0.0.1
[INFO] tweaked toml for crates.io crate sqlx-models-parser 0.0.1 written to /workspace/builds/worker-4-tc1/source/Cargo.toml
[INFO] running `Command { std: CARGO_HOME="/workspace/cargo-home" RUSTUP_HOME="/workspace/rustup-home" __CARGO_TEST_CHANNEL_OVERRIDE_DO_NOT_USE_THIS="nightly" "/workspace/cargo-home/bin/cargo" "+1.69.0" "generate-lockfile" "--manifest-path" "Cargo.toml" "-Zno-index-update", kill_on_drop: false }`
[INFO] running `Command { std: CARGO_HOME="/workspace/cargo-home" RUSTUP_HOME="/workspace/rustup-home" "/workspace/cargo-home/bin/cargo" "+1.69.0" "fetch" "--manifest-path" "Cargo.toml", kill_on_drop: false }`
[INFO] running `Command { std: "docker" "create" "-v" "/var/lib/crater-agent-workspace/builds/worker-4-tc1/target:/opt/rustwide/target:rw,Z" "-v" "/var/lib/crater-agent-workspace/builds/worker-4-tc1/source:/opt/rustwide/workdir:ro,Z" "-v" "/var/lib/crater-agent-workspace/cargo-home:/opt/rustwide/cargo-home:ro,Z" "-v" "/var/lib/crater-agent-workspace/rustup-home:/opt/rustwide/rustup-home:ro,Z" "-e" "SOURCE_DIR=/opt/rustwide/workdir" "-e" "CARGO_TARGET_DIR=/opt/rustwide/target" "-e" "CARGO_HOME=/opt/rustwide/cargo-home" "-e" "RUSTUP_HOME=/opt/rustwide/rustup-home" "-w" "/opt/rustwide/workdir" "-m" "1610612736" "--user" "0:0" "--network" "none" "ghcr.io/rust-lang/crates-build-env/linux@sha256:5ff2268d62e97bff2cde7d5815dd6ed5b47097566f13b8d0ca110b04b60e07ed" "/opt/rustwide/cargo-home/bin/cargo" "+1.69.0" "metadata" "--no-deps" "--format-version=1", kill_on_drop: false }`
[INFO] [stdout] 98baf8168340d768d1008ee269968c7da36611989affad7356725f546a5cf4ea
[INFO] running `Command { std: "docker" "start" "-a" "98baf8168340d768d1008ee269968c7da36611989affad7356725f546a5cf4ea", kill_on_drop: false }`
[INFO] running `Command { std: "docker" "inspect" "98baf8168340d768d1008ee269968c7da36611989affad7356725f546a5cf4ea", kill_on_drop: false }`
[INFO] running `Command { std: "docker" "rm" "-f" "98baf8168340d768d1008ee269968c7da36611989affad7356725f546a5cf4ea", kill_on_drop: false }`
[INFO] [stdout] 98baf8168340d768d1008ee269968c7da36611989affad7356725f546a5cf4ea
[INFO] running `Command { std: "docker" "create" "-v" "/var/lib/crater-agent-workspace/builds/worker-4-tc1/target:/opt/rustwide/target:rw,Z" "-v" "/var/lib/crater-agent-workspace/builds/worker-4-tc1/source:/opt/rustwide/workdir:ro,Z" "-v" "/var/lib/crater-agent-workspace/cargo-home:/opt/rustwide/cargo-home:ro,Z" "-v" "/var/lib/crater-agent-workspace/rustup-home:/opt/rustwide/rustup-home:ro,Z" "-e" "SOURCE_DIR=/opt/rustwide/workdir" "-e" "CARGO_TARGET_DIR=/opt/rustwide/target" "-e" "CARGO_INCREMENTAL=0" "-e" "RUST_BACKTRACE=full" "-e" "RUSTFLAGS=--cap-lints=warn" "-e" "RUSTDOCFLAGS=--cap-lints=warn" "-e" "CARGO_HOME=/opt/rustwide/cargo-home" "-e" "RUSTUP_HOME=/opt/rustwide/rustup-home" "-w" "/opt/rustwide/workdir" "-m" "1610612736" "--user" "0:0" "--network" "none" "ghcr.io/rust-lang/crates-build-env/linux@sha256:5ff2268d62e97bff2cde7d5815dd6ed5b47097566f13b8d0ca110b04b60e07ed" "/opt/rustwide/cargo-home/bin/cargo" "+1.69.0" "build" "--frozen" "--message-format=json", kill_on_drop: false }`
[INFO] [stdout] 560dd9d7f163b3bade4c4a6e8ffdb527ae708561af9dcee16263d2f4a29fff82
[INFO] running `Command { std: "docker" "start" "-a" "560dd9d7f163b3bade4c4a6e8ffdb527ae708561af9dcee16263d2f4a29fff82", kill_on_drop: false }`
[INFO] [stderr]    Compiling log v0.4.17
[INFO] [stderr]    Compiling sqlx-models-parser v0.0.1 (/opt/rustwide/workdir)
[INFO] [stderr]     Finished dev [unoptimized + debuginfo] target(s) in 3.69s
[INFO] running `Command { std: "docker" "inspect" "560dd9d7f163b3bade4c4a6e8ffdb527ae708561af9dcee16263d2f4a29fff82", kill_on_drop: false }`
[INFO] running `Command { std: "docker" "rm" "-f" "560dd9d7f163b3bade4c4a6e8ffdb527ae708561af9dcee16263d2f4a29fff82", kill_on_drop: false }`
[INFO] [stdout] 560dd9d7f163b3bade4c4a6e8ffdb527ae708561af9dcee16263d2f4a29fff82
[INFO] running `Command { std: "docker" "create" "-v" "/var/lib/crater-agent-workspace/builds/worker-4-tc1/target:/opt/rustwide/target:rw,Z" "-v" "/var/lib/crater-agent-workspace/builds/worker-4-tc1/source:/opt/rustwide/workdir:ro,Z" "-v" "/var/lib/crater-agent-workspace/cargo-home:/opt/rustwide/cargo-home:ro,Z" "-v" "/var/lib/crater-agent-workspace/rustup-home:/opt/rustwide/rustup-home:ro,Z" "-e" "SOURCE_DIR=/opt/rustwide/workdir" "-e" "CARGO_TARGET_DIR=/opt/rustwide/target" "-e" "CARGO_INCREMENTAL=0" "-e" "RUST_BACKTRACE=full" "-e" "RUSTFLAGS=--cap-lints=warn" "-e" "RUSTDOCFLAGS=--cap-lints=warn" "-e" "CARGO_HOME=/opt/rustwide/cargo-home" "-e" "RUSTUP_HOME=/opt/rustwide/rustup-home" "-w" "/opt/rustwide/workdir" "-m" "1610612736" "--user" "0:0" "--network" "none" "ghcr.io/rust-lang/crates-build-env/linux@sha256:5ff2268d62e97bff2cde7d5815dd6ed5b47097566f13b8d0ca110b04b60e07ed" "/opt/rustwide/cargo-home/bin/cargo" "+1.69.0" "test" "--frozen" "--no-run" "--message-format=json", kill_on_drop: false }`
[INFO] [stdout] 0210caa806385d0c59da90cc7811619a3660d0f7d8d32987774e3c7eb815ebb2
[INFO] running `Command { std: "docker" "start" "-a" "0210caa806385d0c59da90cc7811619a3660d0f7d8d32987774e3c7eb815ebb2", kill_on_drop: false }`
[INFO] [stderr]    Compiling libc v0.2.142
[INFO] [stderr]    Compiling time-core v0.1.0
[INFO] [stderr]    Compiling itoa v1.0.6
[INFO] [stderr]    Compiling num_threads v0.1.6
[INFO] [stderr]    Compiling matches v0.1.10
[INFO] [stderr]    Compiling time-macros v0.2.8
[INFO] [stderr]    Compiling atty v0.2.14
[INFO] [stderr]    Compiling colored v1.9.3
[INFO] [stderr]    Compiling time v0.3.20
[INFO] [stderr]    Compiling simple_logger v1.16.0
[INFO] [stderr]    Compiling sqlx-models-parser v0.0.1 (/opt/rustwide/workdir)
[INFO] [stderr]     Finished test [unoptimized + debuginfo] target(s) in 7.52s
[INFO] running `Command { std: "docker" "inspect" "0210caa806385d0c59da90cc7811619a3660d0f7d8d32987774e3c7eb815ebb2", kill_on_drop: false }`
[INFO] running `Command { std: "docker" "rm" "-f" "0210caa806385d0c59da90cc7811619a3660d0f7d8d32987774e3c7eb815ebb2", kill_on_drop: false }`
[INFO] [stdout] 0210caa806385d0c59da90cc7811619a3660d0f7d8d32987774e3c7eb815ebb2
[INFO] running `Command { std: "docker" "create" "-v" "/var/lib/crater-agent-workspace/builds/worker-4-tc1/target:/opt/rustwide/target:rw,Z" "-v" "/var/lib/crater-agent-workspace/builds/worker-4-tc1/source:/opt/rustwide/workdir:ro,Z" "-v" "/var/lib/crater-agent-workspace/cargo-home:/opt/rustwide/cargo-home:ro,Z" "-v" "/var/lib/crater-agent-workspace/rustup-home:/opt/rustwide/rustup-home:ro,Z" "-e" "SOURCE_DIR=/opt/rustwide/workdir" "-e" "CARGO_TARGET_DIR=/opt/rustwide/target" "-e" "CARGO_INCREMENTAL=0" "-e" "RUST_BACKTRACE=full" "-e" "RUSTFLAGS=--cap-lints=warn" "-e" "RUSTDOCFLAGS=--cap-lints=warn" "-e" "CARGO_HOME=/opt/rustwide/cargo-home" "-e" "RUSTUP_HOME=/opt/rustwide/rustup-home" "-w" "/opt/rustwide/workdir" "-m" "1610612736" "--user" "0:0" "--network" "none" "ghcr.io/rust-lang/crates-build-env/linux@sha256:5ff2268d62e97bff2cde7d5815dd6ed5b47097566f13b8d0ca110b04b60e07ed" "/opt/rustwide/cargo-home/bin/cargo" "+1.69.0" "test" "--frozen", kill_on_drop: false }`
[INFO] [stdout] 3d846424de6d2c1996cace190068943d8a6ddebd146f5a6e06ef1ad13ed7f6ac
[INFO] running `Command { std: "docker" "start" "-a" "3d846424de6d2c1996cace190068943d8a6ddebd146f5a6e06ef1ad13ed7f6ac", kill_on_drop: false }`
[INFO] [stderr]     Finished test [unoptimized + debuginfo] target(s) in 0.03s
[INFO] [stderr]      Running unittests src/lib.rs (/opt/rustwide/target/debug/deps/sqlx_models_parser-a0e1162c68f916e5)
[INFO] [stdout] 
[INFO] [stdout] running 26 tests
[INFO] [stdout] test tokenizer::tests::tokenize_invalid_string ... ok
[INFO] [stdout] test tokenizer::tests::tokenize_explain_analyze_select ... ok
[INFO] [stdout] test tokenizer::tests::tokenize_comment_at_eof ... ok
[INFO] [stdout] test tokenizer::tests::tokenize_comment ... ok
[INFO] [stdout] test dialect::tests::test_is_dialect ... ok
[INFO] [stdout] test tokenizer::tests::tokenize_bitwise_op ... ok
[INFO] [stdout] test ast::tests::test_window_frame_default ... ok
[INFO] [stdout] test parser::tests::test_prev_index ... ok
[INFO] [stdout] test tokenizer::tests::tokenize_explain_select ... ok
[INFO] [stdout] test tokenizer::tests::tokenize_invalid_string_cols ... ok
[INFO] [stdout] test tokenizer::tests::tokenize_scalar_function ... ok
[INFO] [stdout] test tokenizer::tests::tokenize_newline_in_string_literal ... ok
[INFO] [stdout] test tokenizer::tests::tokenize_newlines ... ok
[INFO] [stdout] test tokenizer::tests::tokenize_string_predicate ... ok
[INFO] [stdout] test tokenizer::tests::tokenize_string_string_concat ... ok
[INFO] [stdout] test tokenizer::tests::tokenize_unterminated_string_literal ... ok
[INFO] [stdout] test tokenizer::tests::tokenize_select_float ... ok
[INFO] [stdout] test tokenizer::tests::tokenize_right_arrow ... ok
[INFO] [stdout] test tokenizer::tests::tokenize_simple_select ... ok
[INFO] [stdout] test tokenizer::tests::tokenize_select_1 ... ok
[INFO] [stdout] test tokenizer::tests::tokenize_multiline_comment ... ok
[INFO] [stdout] test tokenizer::tests::tokenize_multiline_comment_with_even_asterisks ... ok
[INFO] [stdout] test tokenizer::tests::tokenize_mssql_top ... ok
[INFO] [stdout] test tokenizer::tests::tokenize_pg_regex_match ... ok
[INFO] [stdout] test tokenizer::tests::tokenize_is_null ... ok
[INFO] [stdout] test tokenizer::tests::tokenize_mismatched_quotes ... ok
[INFO] [stdout] 
[INFO] [stdout] test result: ok. 26 passed; 0 failed; 0 ignored; 0 measured; 0 filtered out; finished in 0.06s
[INFO] [stdout] 
[INFO] [stderr]    Doc-tests sqlx-models-parser
[INFO] [stdout] 
[INFO] [stdout] running 1 test
[INFO] [stdout] test src/lib.rs - (line 20) ... FAILED
[INFO] [stdout] 
[INFO] [stdout] failures:
[INFO] [stdout] 
[INFO] [stdout] ---- src/lib.rs - (line 20) stdout ----
[INFO] [stdout] error[E0433]: failed to resolve: use of undeclared crate or module `sqlparser`
[INFO] [stdout]  --> src/lib.rs:21:5
[INFO] [stdout]   |
[INFO] [stdout] 3 | use sqlparser::dialect::GenericDialect;
[INFO] [stdout]   |     ^^^^^^^^^ use of undeclared crate or module `sqlparser`
[INFO] [stdout] 
[INFO] [stdout] error[E0433]: failed to resolve: use of undeclared crate or module `sqlparser`
[INFO] [stdout]  --> src/lib.rs:22:5
[INFO] [stdout]   |
[INFO] [stdout] 4 | use sqlparser::parser::Parser;
[INFO] [stdout]   |     ^^^^^^^^^ use of undeclared crate or module `sqlparser`
[INFO] [stdout] 
[INFO] [stdout] error: aborting due to 2 previous errors
[INFO] [stdout] 
[INFO] [stdout] For more information about this error, try `rustc --explain E0433`.
[INFO] [stdout] Couldn't compile the test.
[INFO] [stdout] 
[INFO] [stdout] failures:
[INFO] [stdout]     src/lib.rs - (line 20)
[INFO] [stdout] 
[INFO] [stdout] test result: FAILED. 0 passed; 1 failed; 0 ignored; 0 measured; 0 filtered out; finished in 0.03s
[INFO] [stdout] 
[INFO] [stderr] error: doctest failed, to rerun pass `--doc`
[INFO] running `Command { std: "docker" "inspect" "3d846424de6d2c1996cace190068943d8a6ddebd146f5a6e06ef1ad13ed7f6ac", kill_on_drop: false }`
[INFO] running `Command { std: "docker" "rm" "-f" "3d846424de6d2c1996cace190068943d8a6ddebd146f5a6e06ef1ad13ed7f6ac", kill_on_drop: false }`
[INFO] [stdout] 3d846424de6d2c1996cace190068943d8a6ddebd146f5a6e06ef1ad13ed7f6ac
