[INFO] fetching crate sqlite3_ext_macro 0.1.0...
[INFO] testing sqlite3_ext_macro-0.1.0 against 1.69.0 for beta-1.70-1
[INFO] extracting crate sqlite3_ext_macro 0.1.0 into /workspace/builds/worker-1-tc1/source
[INFO] validating manifest of crates.io crate sqlite3_ext_macro 0.1.0 on toolchain 1.69.0
[INFO] running `Command { std: CARGO_HOME="/workspace/cargo-home" RUSTUP_HOME="/workspace/rustup-home" "/workspace/cargo-home/bin/cargo" "+1.69.0" "metadata" "--manifest-path" "Cargo.toml" "--no-deps", kill_on_drop: false }`
[INFO] started tweaking crates.io crate sqlite3_ext_macro 0.1.0
[INFO] finished tweaking crates.io crate sqlite3_ext_macro 0.1.0
[INFO] tweaked toml for crates.io crate sqlite3_ext_macro 0.1.0 written to /workspace/builds/worker-1-tc1/source/Cargo.toml
[INFO] running `Command { std: CARGO_HOME="/workspace/cargo-home" RUSTUP_HOME="/workspace/rustup-home" __CARGO_TEST_CHANNEL_OVERRIDE_DO_NOT_USE_THIS="nightly" "/workspace/cargo-home/bin/cargo" "+1.69.0" "generate-lockfile" "--manifest-path" "Cargo.toml" "-Zno-index-update", kill_on_drop: false }`
[INFO] running `Command { std: CARGO_HOME="/workspace/cargo-home" RUSTUP_HOME="/workspace/rustup-home" "/workspace/cargo-home/bin/cargo" "+1.69.0" "fetch" "--manifest-path" "Cargo.toml", kill_on_drop: false }`
[INFO] running `Command { std: "docker" "create" "-v" "/var/lib/crater-agent-workspace/builds/worker-1-tc1/target:/opt/rustwide/target:rw,Z" "-v" "/var/lib/crater-agent-workspace/builds/worker-1-tc1/source:/opt/rustwide/workdir:ro,Z" "-v" "/var/lib/crater-agent-workspace/cargo-home:/opt/rustwide/cargo-home:ro,Z" "-v" "/var/lib/crater-agent-workspace/rustup-home:/opt/rustwide/rustup-home:ro,Z" "-e" "SOURCE_DIR=/opt/rustwide/workdir" "-e" "CARGO_TARGET_DIR=/opt/rustwide/target" "-e" "CARGO_HOME=/opt/rustwide/cargo-home" "-e" "RUSTUP_HOME=/opt/rustwide/rustup-home" "-w" "/opt/rustwide/workdir" "-m" "1610612736" "--user" "0:0" "--network" "none" "ghcr.io/rust-lang/crates-build-env/linux@sha256:5ff2268d62e97bff2cde7d5815dd6ed5b47097566f13b8d0ca110b04b60e07ed" "/opt/rustwide/cargo-home/bin/cargo" "+1.69.0" "metadata" "--no-deps" "--format-version=1", kill_on_drop: false }`
[INFO] [stdout] 7b842ee2077719c9fc2c219c794d82dcfa28fde02f8c9dc23ef5fc4498efa8d4
[INFO] running `Command { std: "docker" "start" "-a" "7b842ee2077719c9fc2c219c794d82dcfa28fde02f8c9dc23ef5fc4498efa8d4", kill_on_drop: false }`
[INFO] running `Command { std: "docker" "inspect" "7b842ee2077719c9fc2c219c794d82dcfa28fde02f8c9dc23ef5fc4498efa8d4", kill_on_drop: false }`
[INFO] running `Command { std: "docker" "rm" "-f" "7b842ee2077719c9fc2c219c794d82dcfa28fde02f8c9dc23ef5fc4498efa8d4", kill_on_drop: false }`
[INFO] [stdout] 7b842ee2077719c9fc2c219c794d82dcfa28fde02f8c9dc23ef5fc4498efa8d4
[INFO] running `Command { std: "docker" "create" "-v" "/var/lib/crater-agent-workspace/builds/worker-1-tc1/target:/opt/rustwide/target:rw,Z" "-v" "/var/lib/crater-agent-workspace/builds/worker-1-tc1/source:/opt/rustwide/workdir:ro,Z" "-v" "/var/lib/crater-agent-workspace/cargo-home:/opt/rustwide/cargo-home:ro,Z" "-v" "/var/lib/crater-agent-workspace/rustup-home:/opt/rustwide/rustup-home:ro,Z" "-e" "SOURCE_DIR=/opt/rustwide/workdir" "-e" "CARGO_TARGET_DIR=/opt/rustwide/target" "-e" "CARGO_INCREMENTAL=0" "-e" "RUST_BACKTRACE=full" "-e" "RUSTFLAGS=--cap-lints=warn" "-e" "RUSTDOCFLAGS=--cap-lints=warn" "-e" "CARGO_HOME=/opt/rustwide/cargo-home" "-e" "RUSTUP_HOME=/opt/rustwide/rustup-home" "-w" "/opt/rustwide/workdir" "-m" "1610612736" "--user" "0:0" "--network" "none" "ghcr.io/rust-lang/crates-build-env/linux@sha256:5ff2268d62e97bff2cde7d5815dd6ed5b47097566f13b8d0ca110b04b60e07ed" "/opt/rustwide/cargo-home/bin/cargo" "+1.69.0" "build" "--frozen" "--message-format=json", kill_on_drop: false }`
[INFO] [stdout] caeacd6eb89e6879ff1083936004d722c713a8048ea6dc2b07dc078368bb18dd
[INFO] running `Command { std: "docker" "start" "-a" "caeacd6eb89e6879ff1083936004d722c713a8048ea6dc2b07dc078368bb18dd", kill_on_drop: false }`
[INFO] [stderr]    Compiling memchr v2.5.0
[INFO] [stderr]    Compiling proc-macro2 v1.0.56
[INFO] [stderr]    Compiling quote v1.0.26
[INFO] [stderr]    Compiling unicode-ident v1.0.8
[INFO] [stderr]    Compiling syn v1.0.109
[INFO] [stderr]    Compiling regex-syntax v0.7.1
[INFO] [stderr]    Compiling convert_case v0.5.0
[INFO] [stderr]    Compiling aho-corasick v1.0.1
[INFO] [stderr]    Compiling regex v1.8.1
[INFO] [stderr]    Compiling sqlite3_ext_macro v0.1.0 (/opt/rustwide/workdir)
[INFO] [stderr]     Finished dev [unoptimized + debuginfo] target(s) in 8.49s
[INFO] running `Command { std: "docker" "inspect" "caeacd6eb89e6879ff1083936004d722c713a8048ea6dc2b07dc078368bb18dd", kill_on_drop: false }`
[INFO] running `Command { std: "docker" "rm" "-f" "caeacd6eb89e6879ff1083936004d722c713a8048ea6dc2b07dc078368bb18dd", kill_on_drop: false }`
[INFO] [stdout] caeacd6eb89e6879ff1083936004d722c713a8048ea6dc2b07dc078368bb18dd
[INFO] running `Command { std: "docker" "create" "-v" "/var/lib/crater-agent-workspace/builds/worker-1-tc1/target:/opt/rustwide/target:rw,Z" "-v" "/var/lib/crater-agent-workspace/builds/worker-1-tc1/source:/opt/rustwide/workdir:ro,Z" "-v" "/var/lib/crater-agent-workspace/cargo-home:/opt/rustwide/cargo-home:ro,Z" "-v" "/var/lib/crater-agent-workspace/rustup-home:/opt/rustwide/rustup-home:ro,Z" "-e" "SOURCE_DIR=/opt/rustwide/workdir" "-e" "CARGO_TARGET_DIR=/opt/rustwide/target" "-e" "CARGO_INCREMENTAL=0" "-e" "RUST_BACKTRACE=full" "-e" "RUSTFLAGS=--cap-lints=warn" "-e" "RUSTDOCFLAGS=--cap-lints=warn" "-e" "CARGO_HOME=/opt/rustwide/cargo-home" "-e" "RUSTUP_HOME=/opt/rustwide/rustup-home" "-w" "/opt/rustwide/workdir" "-m" "1610612736" "--user" "0:0" "--network" "none" "ghcr.io/rust-lang/crates-build-env/linux@sha256:5ff2268d62e97bff2cde7d5815dd6ed5b47097566f13b8d0ca110b04b60e07ed" "/opt/rustwide/cargo-home/bin/cargo" "+1.69.0" "test" "--frozen" "--no-run" "--message-format=json", kill_on_drop: false }`
[INFO] [stdout] 9f792c0a77413b777911f80da3c01549f32865177b5c8f2c91454b12d3c65aa1
[INFO] running `Command { std: "docker" "start" "-a" "9f792c0a77413b777911f80da3c01549f32865177b5c8f2c91454b12d3c65aa1", kill_on_drop: false }`
[INFO] [stderr]    Compiling sqlite3_ext_macro v0.1.0 (/opt/rustwide/workdir)
[INFO] [stderr]     Finished test [unoptimized + debuginfo] target(s) in 1.86s
[INFO] running `Command { std: "docker" "inspect" "9f792c0a77413b777911f80da3c01549f32865177b5c8f2c91454b12d3c65aa1", kill_on_drop: false }`
[INFO] running `Command { std: "docker" "rm" "-f" "9f792c0a77413b777911f80da3c01549f32865177b5c8f2c91454b12d3c65aa1", kill_on_drop: false }`
[INFO] [stdout] 9f792c0a77413b777911f80da3c01549f32865177b5c8f2c91454b12d3c65aa1
[INFO] running `Command { std: "docker" "create" "-v" "/var/lib/crater-agent-workspace/builds/worker-1-tc1/target:/opt/rustwide/target:rw,Z" "-v" "/var/lib/crater-agent-workspace/builds/worker-1-tc1/source:/opt/rustwide/workdir:ro,Z" "-v" "/var/lib/crater-agent-workspace/cargo-home:/opt/rustwide/cargo-home:ro,Z" "-v" "/var/lib/crater-agent-workspace/rustup-home:/opt/rustwide/rustup-home:ro,Z" "-e" "SOURCE_DIR=/opt/rustwide/workdir" "-e" "CARGO_TARGET_DIR=/opt/rustwide/target" "-e" "CARGO_INCREMENTAL=0" "-e" "RUST_BACKTRACE=full" "-e" "RUSTFLAGS=--cap-lints=warn" "-e" "RUSTDOCFLAGS=--cap-lints=warn" "-e" "CARGO_HOME=/opt/rustwide/cargo-home" "-e" "RUSTUP_HOME=/opt/rustwide/rustup-home" "-w" "/opt/rustwide/workdir" "-m" "1610612736" "--user" "0:0" "--network" "none" "ghcr.io/rust-lang/crates-build-env/linux@sha256:5ff2268d62e97bff2cde7d5815dd6ed5b47097566f13b8d0ca110b04b60e07ed" "/opt/rustwide/cargo-home/bin/cargo" "+1.69.0" "test" "--frozen", kill_on_drop: false }`
[INFO] [stdout] f3b2eeecf4aa6ca4fcb8dba8af2102b4c0829519a08ff0d9aedff97ad1223d56
[INFO] running `Command { std: "docker" "start" "-a" "f3b2eeecf4aa6ca4fcb8dba8af2102b4c0829519a08ff0d9aedff97ad1223d56", kill_on_drop: false }`
[INFO] [stderr]     Finished test [unoptimized + debuginfo] target(s) in 0.03s
[INFO] [stderr]      Running unittests src/lib.rs (/opt/rustwide/target/debug/deps/sqlite3_ext_macro-a9aa11a3bebd37f4)
[INFO] [stdout] 
[INFO] [stdout] running 0 tests
[INFO] [stdout] 
[INFO] [stdout] test result: ok. 0 passed; 0 failed; 0 ignored; 0 measured; 0 filtered out; finished in 0.00s
[INFO] [stdout] 
[INFO] [stderr]    Doc-tests sqlite3_ext_macro
[INFO] [stdout] 
[INFO] [stdout] running 6 tests
[INFO] [stdout] test src/lib.rs - sqlite3_ext_vtab (line 216) - compile ... FAILED
[INFO] [stdout] test src/lib.rs - sqlite3_ext_fn (line 370) - compile ... FAILED
[INFO] [stdout] test src/lib.rs - sqlite3_ext_main (line 42) - compile ... FAILED
[INFO] [stdout] test src/lib.rs - sqlite3_ext_vtab (line 199) - compile ... FAILED
[INFO] [stdout] test src/lib.rs - sqlite3_ext_init (line 83) - compile ... FAILED
[INFO] [stdout] test src/lib.rs - sqlite3_ext_vtab (line 233) - compile ... FAILED
[INFO] [stdout] 
[INFO] [stdout] failures:
[INFO] [stdout] 
[INFO] [stdout] ---- src/lib.rs - sqlite3_ext_vtab (line 216) stdout ----
[INFO] [stdout] error[E0433]: failed to resolve: could not find `sqlite3_ext` in the list of imported crates
[INFO] [stdout]  --> src/lib.rs:220:1
[INFO] [stdout]   |
[INFO] [stdout] 7 | #[sqlite3_ext_vtab(StandardModule, UpdateVTab)]
[INFO] [stdout]   | ^^^^^^^^^^^^^^^^^^^^^^^^^^^^^^^^^^^^^^^^^^^^^^^ could not find `sqlite3_ext` in the list of imported crates
[INFO] [stdout]   |
[INFO] [stdout]   = note: this error originates in the attribute macro `sqlite3_ext_vtab` (in Nightly builds, run with -Z macro-backtrace for more info)
[INFO] [stdout] 
[INFO] [stdout] error[E0432]: unresolved import `sqlite3_ext`
[INFO] [stdout]  --> src/lib.rs:218:5
[INFO] [stdout]   |
[INFO] [stdout] 5 | use sqlite3_ext::*;
[INFO] [stdout]   |     ^^^^^^^^^^^ use of undeclared crate or module `sqlite3_ext`
[INFO] [stdout] 
[INFO] [stdout] error[E0433]: failed to resolve: could not find `sqlite3_ext` in the list of imported crates
[INFO] [stdout]   --> src/lib.rs:224:1
[INFO] [stdout]    |
[INFO] [stdout] 11 | #[sqlite3_ext_main]
[INFO] [stdout]    | ^^^^^^^^^^^^^^^^^^^ could not find `sqlite3_ext` in the list of imported crates
[INFO] [stdout]    |
[INFO] [stdout]    = note: this error originates in the attribute macro `sqlite3_ext_main` (in Nightly builds, run with -Z macro-backtrace for more info)
[INFO] [stdout] 
[INFO] [stdout] error[E0433]: failed to resolve: could not find `sqlite3_ext` in the list of imported crates
[INFO] [stdout]  --> src/lib.rs:222:1
[INFO] [stdout]   |
[INFO] [stdout] 9 | sqlite3_ext_doctest_impl!(MyTable);
[INFO] [stdout]   | ^^^^^^^^^^^^^^^^^^^^^^^^^^^^^^^^^^ could not find `sqlite3_ext` in the list of imported crates
[INFO] [stdout]   |
[INFO] [stdout]   = note: this error originates in the macro `sqlite3_ext_doctest_impl` (in Nightly builds, run with -Z macro-backtrace for more info)
[INFO] [stdout] 
[INFO] [stdout] error[E0412]: cannot find type `ValueRef` in this scope
[INFO] [stdout]  --> src/lib.rs:222:1
[INFO] [stdout]   |
[INFO] [stdout] 9 | sqlite3_ext_doctest_impl!(MyTable);
[INFO] [stdout]   | ^^^^^^^^^^^^^^^^^^^^^^^^^^^^^^^^^^ not found in this scope
[INFO] [stdout]   |
[INFO] [stdout]   = note: this error originates in the macro `sqlite3_ext_doctest_impl` (in Nightly builds, run with -Z macro-backtrace for more info)
[INFO] [stdout] 
[INFO] [stdout] error[E0412]: cannot find type `Connection` in this scope
[INFO] [stdout]   --> src/lib.rs:225:14
[INFO] [stdout]    |
[INFO] [stdout] 12 | fn init(db: &Connection) -> Result<()> {
[INFO] [stdout]    |              ^^^^^^^^^^ not found in this scope
[INFO] [stdout] 
[INFO] [stdout] error: aborting due to 6 previous errors
[INFO] [stdout] 
[INFO] [stdout] Some errors have detailed explanations: E0412, E0432, E0433.
[INFO] [stdout] For more information about an error, try `rustc --explain E0412`.
[INFO] [stdout] Couldn't compile the test.
[INFO] [stdout] ---- src/lib.rs - sqlite3_ext_fn (line 370) stdout ----
[INFO] [stdout] error[E0433]: failed to resolve: use of undeclared crate or module `sqlite3_ext`
[INFO] [stdout]  --> src/lib.rs:371:5
[INFO] [stdout]   |
[INFO] [stdout] 3 | use sqlite3_ext::{function::*, *};
[INFO] [stdout]   |     ^^^^^^^^^^^ use of undeclared crate or module `sqlite3_ext`
[INFO] [stdout] 
[INFO] [stdout] error[E0432]: unresolved imports `sqlite3_ext::function::*`, `sqlite3_ext`
[INFO] [stdout]  --> src/lib.rs:371:5
[INFO] [stdout]   |
[INFO] [stdout] 3 | use sqlite3_ext::{function::*, *};
[INFO] [stdout]   |     ^^^^^^^^^^^   ^^^^^^^^^^^
[INFO] [stdout]   |     |
[INFO] [stdout]   |     use of undeclared crate or module `sqlite3_ext`
[INFO] [stdout] 
[INFO] [stdout] error: cannot find attribute `sqlite3_ext_fn` in this scope
[INFO] [stdout]  --> src/lib.rs:373:3
[INFO] [stdout]   |
[INFO] [stdout] 5 | #[sqlite3_ext_fn(n_args=0, risk_level=Innocuous)]
[INFO] [stdout]   |   ^^^^^^^^^^^^^^
[INFO] [stdout]   |
[INFO] [stdout]   = help: consider importing this attribute macro:
[INFO] [stdout]           sqlite3_ext_macro::sqlite3_ext_fn
[INFO] [stdout] 
[INFO] [stdout] error[E0412]: cannot find type `Context` in this scope
[INFO] [stdout]  --> src/lib.rs:374:28
[INFO] [stdout]   |
[INFO] [stdout] 6 | pub fn random_number(ctx: &Context, args: &mut [&mut ValueRef]) -> Result<()> {
[INFO] [stdout]   |                            ^^^^^^^ not found in this scope
[INFO] [stdout]   |
[INFO] [stdout] help: consider importing one of these items
[INFO] [stdout]   |
[INFO] [stdout] 2 | use core::task::Context;
[INFO] [stdout]   |
[INFO] [stdout] 2 | use std::task::Context;
[INFO] [stdout]   |
[INFO] [stdout] 
[INFO] [stdout] error[E0412]: cannot find type `ValueRef` in this scope
[INFO] [stdout]  --> src/lib.rs:374:54
[INFO] [stdout]   |
[INFO] [stdout] 6 | pub fn random_number(ctx: &Context, args: &mut [&mut ValueRef]) -> Result<()> {
[INFO] [stdout]   |                                                      ^^^^^^^^ not found in this scope
[INFO] [stdout] 
[INFO] [stderr] error: doctest failed, to rerun pass `--doc`
[INFO] [stdout] error[E0412]: cannot find type `Connection` in this scope
[INFO] [stdout]   --> src/lib.rs:378:18
[INFO] [stdout]    |
[INFO] [stdout] 10 | pub fn init(db: &Connection) -> Result<()> {
[INFO] [stdout]    |                  ^^^^^^^^^^ not found in this scope
[INFO] [stdout] 
[INFO] [stdout] error[E0425]: cannot find value `RANDOM_NUMBER_OPTS` in this scope
[INFO] [stdout]   --> src/lib.rs:379:49
[INFO] [stdout]    |
[INFO] [stdout] 11 |     db.create_scalar_function("random_number", &RANDOM_NUMBER_OPTS, random_number)
[INFO] [stdout]    |                                                 ^^^^^^^^^^^^^^^^^^ not found in this scope
[INFO] [stdout] 
[INFO] [stdout] error[E0107]: enum takes 2 generic arguments but 1 generic argument was supplied
[INFO] [stdout]  --> src/lib.rs:374:68
[INFO] [stdout]   |
[INFO] [stdout] 6 | pub fn random_number(ctx: &Context, args: &mut [&mut ValueRef]) -> Result<()> {
[INFO] [stdout]   |                                                                    ^^^^^^ -- supplied 1 generic argument
[INFO] [stdout]   |                                                                    |
[INFO] [stdout]   |                                                                    expected 2 generic arguments
[INFO] [stdout]   |
[INFO] [stdout] help: add missing generic argument
[INFO] [stdout]   |
[INFO] [stdout] 6 | pub fn random_number(ctx: &Context, args: &mut [&mut ValueRef]) -> Result<(), E> {
[INFO] [stdout]   |                                                                             +++
[INFO] [stdout] 
[INFO] [stdout] error[E0107]: enum takes 2 generic arguments but 1 generic argument was supplied
[INFO] [stdout]   --> src/lib.rs:378:33
[INFO] [stdout]    |
[INFO] [stdout] 10 | pub fn init(db: &Connection) -> Result<()> {
[INFO] [stdout]    |                                 ^^^^^^ -- supplied 1 generic argument
[INFO] [stdout]    |                                 |
[INFO] [stdout]    |                                 expected 2 generic arguments
[INFO] [stdout]    |
[INFO] [stdout] help: add missing generic argument
[INFO] [stdout]    |
[INFO] [stdout] 10 | pub fn init(db: &Connection) -> Result<(), E> {
[INFO] [stdout]    |                                          +++
[INFO] [stdout] 
[INFO] [stdout] error: aborting due to 9 previous errors
[INFO] [stdout] 
[INFO] [stdout] Some errors have detailed explanations: E0107, E0412, E0425, E0432, E0433.
[INFO] [stdout] For more information about an error, try `rustc --explain E0107`.
[INFO] [stdout] Couldn't compile the test.
[INFO] [stdout] ---- src/lib.rs - sqlite3_ext_main (line 42) stdout ----
[INFO] [stdout] error[E0432]: unresolved import `sqlite3_ext`
[INFO] [stdout]  --> src/lib.rs:44:5
[INFO] [stdout]   |
[INFO] [stdout] 5 | use sqlite3_ext::*;
[INFO] [stdout]   |     ^^^^^^^^^^^ use of undeclared crate or module `sqlite3_ext`
[INFO] [stdout] 
[INFO] [stdout] error[E0433]: failed to resolve: could not find `sqlite3_ext` in the list of imported crates
[INFO] [stdout]  --> src/lib.rs:46:1
[INFO] [stdout]   |
[INFO] [stdout] 7 | #[sqlite3_ext_main(persistent)]
[INFO] [stdout]   | ^^^^^^^^^^^^^^^^^^^^^^^^^^^^^^^ could not find `sqlite3_ext` in the list of imported crates
[INFO] [stdout]   |
[INFO] [stdout]   = note: this error originates in the attribute macro `sqlite3_ext_main` (in Nightly builds, run with -Z macro-backtrace for more info)
[INFO] [stdout] 
[INFO] [stdout] error[E0412]: cannot find type `Connection` in this scope
[INFO] [stdout]  --> src/lib.rs:47:14
[INFO] [stdout]   |
[INFO] [stdout] 8 | fn init(db: &Connection) -> Result<()> {
[INFO] [stdout]   |              ^^^^^^^^^^ not found in this scope
[INFO] [stdout] 
[INFO] [stdout] error[E0107]: enum takes 2 generic arguments but 1 generic argument was supplied
[INFO] [stdout]  --> src/lib.rs:47:29
[INFO] [stdout]   |
[INFO] [stdout] 8 | fn init(db: &Connection) -> Result<()> {
[INFO] [stdout]   |                             ^^^^^^ -- supplied 1 generic argument
[INFO] [stdout]   |                             |
[INFO] [stdout]   |                             expected 2 generic arguments
[INFO] [stdout]   |
[INFO] [stdout] help: add missing generic argument
[INFO] [stdout]   |
[INFO] [stdout] 8 | fn init(db: &Connection) -> Result<(), E> {
[INFO] [stdout]   |                                      +++
[INFO] [stdout] 
[INFO] [stdout] error: aborting due to 4 previous errors
[INFO] [stdout] 
[INFO] [stdout] Some errors have detailed explanations: E0107, E0412, E0432, E0433.
[INFO] [stdout] For more information about an error, try `rustc --explain E0107`.
[INFO] [stdout] Couldn't compile the test.
[INFO] [stdout] ---- src/lib.rs - sqlite3_ext_vtab (line 199) stdout ----
[INFO] [stdout] error[E0433]: failed to resolve: could not find `sqlite3_ext` in the list of imported crates
[INFO] [stdout]  --> src/lib.rs:203:1
[INFO] [stdout]   |
[INFO] [stdout] 7 | #[sqlite3_ext_vtab(EponymousModule)]
[INFO] [stdout]   | ^^^^^^^^^^^^^^^^^^^^^^^^^^^^^^^^^^^^ could not find `sqlite3_ext` in the list of imported crates
[INFO] [stdout]   |
[INFO] [stdout]   = note: this error originates in the attribute macro `sqlite3_ext_vtab` (in Nightly builds, run with -Z macro-backtrace for more info)
[INFO] [stdout] 
[INFO] [stdout] error[E0432]: unresolved import `sqlite3_ext`
[INFO] [stdout]  --> src/lib.rs:201:5
[INFO] [stdout]   |
[INFO] [stdout] 5 | use sqlite3_ext::*;
[INFO] [stdout]   |     ^^^^^^^^^^^ use of undeclared crate or module `sqlite3_ext`
[INFO] [stdout] 
[INFO] [stdout] error[E0433]: failed to resolve: could not find `sqlite3_ext` in the list of imported crates
[INFO] [stdout]   --> src/lib.rs:207:1
[INFO] [stdout]    |
[INFO] [stdout] 11 | #[sqlite3_ext_main]
[INFO] [stdout]    | ^^^^^^^^^^^^^^^^^^^ could not find `sqlite3_ext` in the list of imported crates
[INFO] [stdout]    |
[INFO] [stdout]    = note: this error originates in the attribute macro `sqlite3_ext_main` (in Nightly builds, run with -Z macro-backtrace for more info)
[INFO] [stdout] 
[INFO] [stdout] error[E0433]: failed to resolve: could not find `sqlite3_ext` in the list of imported crates
[INFO] [stdout]  --> src/lib.rs:205:1
[INFO] [stdout]   |
[INFO] [stdout] 9 | sqlite3_ext_doctest_impl!(MyTableFunction);
[INFO] [stdout]   | ^^^^^^^^^^^^^^^^^^^^^^^^^^^^^^^^^^^^^^^^^^ could not find `sqlite3_ext` in the list of imported crates
[INFO] [stdout]   |
[INFO] [stdout]   = note: this error originates in the macro `sqlite3_ext_doctest_impl` (in Nightly builds, run with -Z macro-backtrace for more info)
[INFO] [stdout] 
[INFO] [stdout] error[E0412]: cannot find type `ValueRef` in this scope
[INFO] [stdout]  --> src/lib.rs:205:1
[INFO] [stdout]   |
[INFO] [stdout] 9 | sqlite3_ext_doctest_impl!(MyTableFunction);
[INFO] [stdout]   | ^^^^^^^^^^^^^^^^^^^^^^^^^^^^^^^^^^^^^^^^^^ not found in this scope
[INFO] [stdout]   |
[INFO] [stdout]   = note: this error originates in the macro `sqlite3_ext_doctest_impl` (in Nightly builds, run with -Z macro-backtrace for more info)
[INFO] [stdout] 
[INFO] [stdout] error[E0412]: cannot find type `Connection` in this scope
[INFO] [stdout]   --> src/lib.rs:208:14
[INFO] [stdout]    |
[INFO] [stdout] 12 | fn init(db: &Connection) -> Result<()> {
[INFO] [stdout]    |              ^^^^^^^^^^ not found in this scope
[INFO] [stdout] 
[INFO] [stdout] error: aborting due to 6 previous errors
[INFO] [stdout] 
[INFO] [stdout] Some errors have detailed explanations: E0412, E0432, E0433.
[INFO] [stdout] For more information about an error, try `rustc --explain E0412`.
[INFO] [stdout] Couldn't compile the test.
[INFO] [stdout] ---- src/lib.rs - sqlite3_ext_init (line 83) stdout ----
[INFO] [stdout] error[E0432]: unresolved import `sqlite3_ext`
[INFO] [stdout]  --> src/lib.rs:85:5
[INFO] [stdout]   |
[INFO] [stdout] 5 | use sqlite3_ext::*;
[INFO] [stdout]   |     ^^^^^^^^^^^ use of undeclared crate or module `sqlite3_ext`
[INFO] [stdout] 
[INFO] [stdout] error[E0433]: failed to resolve: could not find `sqlite3_ext` in the list of imported crates
[INFO] [stdout]  --> src/lib.rs:87:1
[INFO] [stdout]   |
[INFO] [stdout] 7 | #[sqlite3_ext_init(export = nonstandard_entry_point, persistent)]
[INFO] [stdout]   | ^^^^^^^^^^^^^^^^^^^^^^^^^^^^^^^^^^^^^^^^^^^^^^^^^^^^^^^^^^^^^^^^^ could not find `sqlite3_ext` in the list of imported crates
[INFO] [stdout]   |
[INFO] [stdout]   = note: this error originates in the attribute macro `sqlite3_ext_init` (in Nightly builds, run with -Z macro-backtrace for more info)
[INFO] [stdout] 
[INFO] [stdout] error[E0412]: cannot find type `Connection` in this scope
[INFO] [stdout]  --> src/lib.rs:88:14
[INFO] [stdout]   |
[INFO] [stdout] 8 | fn init(db: &Connection) -> Result<()> {
[INFO] [stdout]   |              ^^^^^^^^^^ not found in this scope
[INFO] [stdout] 
[INFO] [stdout] error[E0107]: enum takes 2 generic arguments but 1 generic argument was supplied
[INFO] [stdout]  --> src/lib.rs:88:29
[INFO] [stdout]   |
[INFO] [stdout] 8 | fn init(db: &Connection) -> Result<()> {
[INFO] [stdout]   |                             ^^^^^^ -- supplied 1 generic argument
[INFO] [stdout]   |                             |
[INFO] [stdout]   |                             expected 2 generic arguments
[INFO] [stdout]   |
[INFO] [stdout] help: add missing generic argument
[INFO] [stdout]   |
[INFO] [stdout] 8 | fn init(db: &Connection) -> Result<(), E> {
[INFO] [stdout]   |                                      +++
[INFO] [stdout] 
[INFO] [stdout] error: aborting due to 4 previous errors
[INFO] [stdout] 
[INFO] [stdout] Some errors have detailed explanations: E0107, E0412, E0432, E0433.
[INFO] [stdout] For more information about an error, try `rustc --explain E0107`.
[INFO] [stdout] Couldn't compile the test.
[INFO] [stdout] ---- src/lib.rs - sqlite3_ext_vtab (line 233) stdout ----
[INFO] [stdout] error[E0433]: failed to resolve: could not find `sqlite3_ext` in the list of imported crates
[INFO] [stdout]  --> src/lib.rs:237:1
[INFO] [stdout]   |
[INFO] [stdout] 7 | #[sqlite3_ext_vtab(EponymousOnlyModule, UpdateVTab)]
[INFO] [stdout]   | ^^^^^^^^^^^^^^^^^^^^^^^^^^^^^^^^^^^^^^^^^^^^^^^^^^^^ could not find `sqlite3_ext` in the list of imported crates
[INFO] [stdout]   |
[INFO] [stdout]   = note: this error originates in the attribute macro `sqlite3_ext_vtab` (in Nightly builds, run with -Z macro-backtrace for more info)
[INFO] [stdout] 
[INFO] [stdout] error[E0432]: unresolved import `sqlite3_ext`
[INFO] [stdout]  --> src/lib.rs:235:5
[INFO] [stdout]   |
[INFO] [stdout] 5 | use sqlite3_ext::*;
[INFO] [stdout]   |     ^^^^^^^^^^^ use of undeclared crate or module `sqlite3_ext`
[INFO] [stdout] 
[INFO] [stdout] error[E0433]: failed to resolve: could not find `sqlite3_ext` in the list of imported crates
[INFO] [stdout]   --> src/lib.rs:241:1
[INFO] [stdout]    |
[INFO] [stdout] 11 | #[sqlite3_ext_main]
[INFO] [stdout]    | ^^^^^^^^^^^^^^^^^^^ could not find `sqlite3_ext` in the list of imported crates
[INFO] [stdout]    |
[INFO] [stdout]    = note: this error originates in the attribute macro `sqlite3_ext_main` (in Nightly builds, run with -Z macro-backtrace for more info)
[INFO] [stdout] 
[INFO] [stdout] error[E0433]: failed to resolve: could not find `sqlite3_ext` in the list of imported crates
[INFO] [stdout]  --> src/lib.rs:239:1
[INFO] [stdout]   |
[INFO] [stdout] 9 | sqlite3_ext_doctest_impl!(MyTable);
[INFO] [stdout]   | ^^^^^^^^^^^^^^^^^^^^^^^^^^^^^^^^^^ could not find `sqlite3_ext` in the list of imported crates
[INFO] [stdout]   |
[INFO] [stdout]   = note: this error originates in the macro `sqlite3_ext_doctest_impl` (in Nightly builds, run with -Z macro-backtrace for more info)
[INFO] [stdout] 
[INFO] [stdout] error[E0412]: cannot find type `ValueRef` in this scope
[INFO] [stdout]  --> src/lib.rs:239:1
[INFO] [stdout]   |
[INFO] [stdout] 9 | sqlite3_ext_doctest_impl!(MyTable);
[INFO] [stdout]   | ^^^^^^^^^^^^^^^^^^^^^^^^^^^^^^^^^^ not found in this scope
[INFO] [stdout]   |
[INFO] [stdout]   = note: this error originates in the macro `sqlite3_ext_doctest_impl` (in Nightly builds, run with -Z macro-backtrace for more info)
[INFO] [stdout] 
[INFO] [stdout] error[E0412]: cannot find type `Connection` in this scope
[INFO] [stdout]   --> src/lib.rs:242:14
[INFO] [stdout]    |
[INFO] [stdout] 12 | fn init(db: &Connection) -> Result<()> {
[INFO] [stdout]    |              ^^^^^^^^^^ not found in this scope
[INFO] [stdout] 
[INFO] [stdout] error: aborting due to 6 previous errors
[INFO] [stdout] 
[INFO] [stdout] Some errors have detailed explanations: E0412, E0432, E0433.
[INFO] [stdout] For more information about an error, try `rustc --explain E0412`.
[INFO] [stdout] Couldn't compile the test.
[INFO] [stdout] 
[INFO] [stdout] failures:
[INFO] [stdout]     src/lib.rs - sqlite3_ext_fn (line 370)
[INFO] [stdout]     src/lib.rs - sqlite3_ext_init (line 83)
[INFO] [stdout]     src/lib.rs - sqlite3_ext_main (line 42)
[INFO] [stdout]     src/lib.rs - sqlite3_ext_vtab (line 199)
[INFO] [stdout]     src/lib.rs - sqlite3_ext_vtab (line 216)
[INFO] [stdout]     src/lib.rs - sqlite3_ext_vtab (line 233)
[INFO] [stdout] 
[INFO] [stdout] test result: FAILED. 0 passed; 6 failed; 0 ignored; 0 measured; 0 filtered out; finished in 0.22s
[INFO] [stdout] 
[INFO] running `Command { std: "docker" "inspect" "f3b2eeecf4aa6ca4fcb8dba8af2102b4c0829519a08ff0d9aedff97ad1223d56", kill_on_drop: false }`
[INFO] running `Command { std: "docker" "rm" "-f" "f3b2eeecf4aa6ca4fcb8dba8af2102b4c0829519a08ff0d9aedff97ad1223d56", kill_on_drop: false }`
[INFO] [stdout] f3b2eeecf4aa6ca4fcb8dba8af2102b4c0829519a08ff0d9aedff97ad1223d56
