[INFO] fetching crate sql_query_builder 1.0.2...
[INFO] testing sql_query_builder-1.0.2 against 1.69.0 for beta-1.70-1
[INFO] extracting crate sql_query_builder 1.0.2 into /workspace/builds/worker-4-tc1/source
[INFO] validating manifest of crates.io crate sql_query_builder 1.0.2 on toolchain 1.69.0
[INFO] running `Command { std: CARGO_HOME="/workspace/cargo-home" RUSTUP_HOME="/workspace/rustup-home" "/workspace/cargo-home/bin/cargo" "+1.69.0" "metadata" "--manifest-path" "Cargo.toml" "--no-deps", kill_on_drop: false }`
[INFO] started tweaking crates.io crate sql_query_builder 1.0.2
[INFO] finished tweaking crates.io crate sql_query_builder 1.0.2
[INFO] tweaked toml for crates.io crate sql_query_builder 1.0.2 written to /workspace/builds/worker-4-tc1/source/Cargo.toml
[INFO] running `Command { std: CARGO_HOME="/workspace/cargo-home" RUSTUP_HOME="/workspace/rustup-home" __CARGO_TEST_CHANNEL_OVERRIDE_DO_NOT_USE_THIS="nightly" "/workspace/cargo-home/bin/cargo" "+1.69.0" "generate-lockfile" "--manifest-path" "Cargo.toml" "-Zno-index-update", kill_on_drop: false }`
[INFO] running `Command { std: CARGO_HOME="/workspace/cargo-home" RUSTUP_HOME="/workspace/rustup-home" "/workspace/cargo-home/bin/cargo" "+1.69.0" "fetch" "--manifest-path" "Cargo.toml", kill_on_drop: false }`
[INFO] running `Command { std: "docker" "create" "-v" "/var/lib/crater-agent-workspace/builds/worker-4-tc1/target:/opt/rustwide/target:rw,Z" "-v" "/var/lib/crater-agent-workspace/builds/worker-4-tc1/source:/opt/rustwide/workdir:ro,Z" "-v" "/var/lib/crater-agent-workspace/cargo-home:/opt/rustwide/cargo-home:ro,Z" "-v" "/var/lib/crater-agent-workspace/rustup-home:/opt/rustwide/rustup-home:ro,Z" "-e" "SOURCE_DIR=/opt/rustwide/workdir" "-e" "CARGO_TARGET_DIR=/opt/rustwide/target" "-e" "CARGO_HOME=/opt/rustwide/cargo-home" "-e" "RUSTUP_HOME=/opt/rustwide/rustup-home" "-w" "/opt/rustwide/workdir" "-m" "1610612736" "--user" "0:0" "--network" "none" "ghcr.io/rust-lang/crates-build-env/linux@sha256:5ff2268d62e97bff2cde7d5815dd6ed5b47097566f13b8d0ca110b04b60e07ed" "/opt/rustwide/cargo-home/bin/cargo" "+1.69.0" "metadata" "--no-deps" "--format-version=1", kill_on_drop: false }`
[INFO] [stdout] d26319fa9822baa92ded53104bfc775dd1505f915767fe60bce2d84ebfbad13b
[INFO] running `Command { std: "docker" "start" "-a" "d26319fa9822baa92ded53104bfc775dd1505f915767fe60bce2d84ebfbad13b", kill_on_drop: false }`
[INFO] running `Command { std: "docker" "inspect" "d26319fa9822baa92ded53104bfc775dd1505f915767fe60bce2d84ebfbad13b", kill_on_drop: false }`
[INFO] running `Command { std: "docker" "rm" "-f" "d26319fa9822baa92ded53104bfc775dd1505f915767fe60bce2d84ebfbad13b", kill_on_drop: false }`
[INFO] [stdout] d26319fa9822baa92ded53104bfc775dd1505f915767fe60bce2d84ebfbad13b
[INFO] running `Command { std: "docker" "create" "-v" "/var/lib/crater-agent-workspace/builds/worker-4-tc1/target:/opt/rustwide/target:rw,Z" "-v" "/var/lib/crater-agent-workspace/builds/worker-4-tc1/source:/opt/rustwide/workdir:ro,Z" "-v" "/var/lib/crater-agent-workspace/cargo-home:/opt/rustwide/cargo-home:ro,Z" "-v" "/var/lib/crater-agent-workspace/rustup-home:/opt/rustwide/rustup-home:ro,Z" "-e" "SOURCE_DIR=/opt/rustwide/workdir" "-e" "CARGO_TARGET_DIR=/opt/rustwide/target" "-e" "CARGO_INCREMENTAL=0" "-e" "RUST_BACKTRACE=full" "-e" "RUSTFLAGS=--cap-lints=warn" "-e" "RUSTDOCFLAGS=--cap-lints=warn" "-e" "CARGO_HOME=/opt/rustwide/cargo-home" "-e" "RUSTUP_HOME=/opt/rustwide/rustup-home" "-w" "/opt/rustwide/workdir" "-m" "1610612736" "--user" "0:0" "--network" "none" "ghcr.io/rust-lang/crates-build-env/linux@sha256:5ff2268d62e97bff2cde7d5815dd6ed5b47097566f13b8d0ca110b04b60e07ed" "/opt/rustwide/cargo-home/bin/cargo" "+1.69.0" "build" "--frozen" "--message-format=json", kill_on_drop: false }`
[INFO] [stdout] e354b05c6da6dc58cd926d08c7696eebf374d62947c2247637b33320c22d701d
[INFO] running `Command { std: "docker" "start" "-a" "e354b05c6da6dc58cd926d08c7696eebf374d62947c2247637b33320c22d701d", kill_on_drop: false }`
[INFO] [stderr]    Compiling sql_query_builder v1.0.2 (/opt/rustwide/workdir)
[INFO] [stderr]     Finished dev [unoptimized + debuginfo] target(s) in 0.83s
[INFO] running `Command { std: "docker" "inspect" "e354b05c6da6dc58cd926d08c7696eebf374d62947c2247637b33320c22d701d", kill_on_drop: false }`
[INFO] running `Command { std: "docker" "rm" "-f" "e354b05c6da6dc58cd926d08c7696eebf374d62947c2247637b33320c22d701d", kill_on_drop: false }`
[INFO] [stdout] e354b05c6da6dc58cd926d08c7696eebf374d62947c2247637b33320c22d701d
[INFO] running `Command { std: "docker" "create" "-v" "/var/lib/crater-agent-workspace/builds/worker-4-tc1/target:/opt/rustwide/target:rw,Z" "-v" "/var/lib/crater-agent-workspace/builds/worker-4-tc1/source:/opt/rustwide/workdir:ro,Z" "-v" "/var/lib/crater-agent-workspace/cargo-home:/opt/rustwide/cargo-home:ro,Z" "-v" "/var/lib/crater-agent-workspace/rustup-home:/opt/rustwide/rustup-home:ro,Z" "-e" "SOURCE_DIR=/opt/rustwide/workdir" "-e" "CARGO_TARGET_DIR=/opt/rustwide/target" "-e" "CARGO_INCREMENTAL=0" "-e" "RUST_BACKTRACE=full" "-e" "RUSTFLAGS=--cap-lints=warn" "-e" "RUSTDOCFLAGS=--cap-lints=warn" "-e" "CARGO_HOME=/opt/rustwide/cargo-home" "-e" "RUSTUP_HOME=/opt/rustwide/rustup-home" "-w" "/opt/rustwide/workdir" "-m" "1610612736" "--user" "0:0" "--network" "none" "ghcr.io/rust-lang/crates-build-env/linux@sha256:5ff2268d62e97bff2cde7d5815dd6ed5b47097566f13b8d0ca110b04b60e07ed" "/opt/rustwide/cargo-home/bin/cargo" "+1.69.0" "test" "--frozen" "--no-run" "--message-format=json", kill_on_drop: false }`
[INFO] [stdout] f363ae57c742b9a8ef807f66db17277245da2c43b06fc1cd9f1bde15355c338c
[INFO] running `Command { std: "docker" "start" "-a" "f363ae57c742b9a8ef807f66db17277245da2c43b06fc1cd9f1bde15355c338c", kill_on_drop: false }`
[INFO] [stderr]    Compiling diff v0.1.13
[INFO] [stderr]    Compiling yansi v0.5.1
[INFO] [stderr]    Compiling pretty_assertions v1.3.0
[INFO] [stderr]    Compiling sql_query_builder v1.0.2 (/opt/rustwide/workdir)
[INFO] [stderr]     Finished test [unoptimized + debuginfo] target(s) in 6.26s
[INFO] running `Command { std: "docker" "inspect" "f363ae57c742b9a8ef807f66db17277245da2c43b06fc1cd9f1bde15355c338c", kill_on_drop: false }`
[INFO] running `Command { std: "docker" "rm" "-f" "f363ae57c742b9a8ef807f66db17277245da2c43b06fc1cd9f1bde15355c338c", kill_on_drop: false }`
[INFO] [stdout] f363ae57c742b9a8ef807f66db17277245da2c43b06fc1cd9f1bde15355c338c
[INFO] running `Command { std: "docker" "create" "-v" "/var/lib/crater-agent-workspace/builds/worker-4-tc1/target:/opt/rustwide/target:rw,Z" "-v" "/var/lib/crater-agent-workspace/builds/worker-4-tc1/source:/opt/rustwide/workdir:ro,Z" "-v" "/var/lib/crater-agent-workspace/cargo-home:/opt/rustwide/cargo-home:ro,Z" "-v" "/var/lib/crater-agent-workspace/rustup-home:/opt/rustwide/rustup-home:ro,Z" "-e" "SOURCE_DIR=/opt/rustwide/workdir" "-e" "CARGO_TARGET_DIR=/opt/rustwide/target" "-e" "CARGO_INCREMENTAL=0" "-e" "RUST_BACKTRACE=full" "-e" "RUSTFLAGS=--cap-lints=warn" "-e" "RUSTDOCFLAGS=--cap-lints=warn" "-e" "CARGO_HOME=/opt/rustwide/cargo-home" "-e" "RUSTUP_HOME=/opt/rustwide/rustup-home" "-w" "/opt/rustwide/workdir" "-m" "1610612736" "--user" "0:0" "--network" "none" "ghcr.io/rust-lang/crates-build-env/linux@sha256:5ff2268d62e97bff2cde7d5815dd6ed5b47097566f13b8d0ca110b04b60e07ed" "/opt/rustwide/cargo-home/bin/cargo" "+1.69.0" "test" "--frozen", kill_on_drop: false }`
[INFO] [stdout] 5cd2e03d7b2c22821cfad05b997b0dda37136d423038b7827607f89d88af6939
[INFO] running `Command { std: "docker" "start" "-a" "5cd2e03d7b2c22821cfad05b997b0dda37136d423038b7827607f89d88af6939", kill_on_drop: false }`
[INFO] [stderr]     Finished test [unoptimized + debuginfo] target(s) in 0.02s
[INFO] [stdout] 
[INFO] [stderr]      Running unittests src/lib.rs (/opt/rustwide/target/debug/deps/sql_query_builder-382152982cec6330)
[INFO] [stdout] running 0 tests
[INFO] [stderr]      Running tests/delete_builder_api_spec.rs (/opt/rustwide/target/debug/deps/delete_builder_api_spec-17cba5e6f3683e11)
[INFO] [stdout] 
[INFO] [stdout] test result: ok. 0 passed; 0 failed; 0 ignored; 0 measured; 0 filtered out; finished in 0.00s
[INFO] [stdout] 
[INFO] [stdout] 
[INFO] [stdout] running 24 tests
[INFO] [stdout] test builder_methods::method_print_should_print_in_one_line_the_current_state_of_builder ... ok
[INFO] [stdout] test builder_methods::method_new_should_initialize_as_empty_string ... ok
[INFO] [stdout] test builder_methods::method_as_string_should_convert_the_current_state_into_string ... ok
[INFO] [stdout] test builder_methods::method_raw_after_should_trim_space_of_the_argument ... ok
[INFO] [stdout] test builder_methods::method_raw_before_should_trim_space_of_the_argument ... ok
[INFO] [stdout] test builder_methods::method_raw_should_accumulate_values_on_consecutive_calls ... ok
[INFO] [stdout] test builder_methods::method_raw_should_add_raw_sql ... ok
[INFO] [stdout] test builder_methods::method_raw_should_be_the_first_to_be_concatenated ... ok
[INFO] [stdout] test builder_methods::method_debug_should_print_at_console_in_a_human_readable_format ... ok
[INFO] [stdout] test delete_clause::method_delete_should_add_a_delete_clause ... ok
[INFO] [stdout] test delete_clause::method_delete_should_override_value_on_consecutive_calls ... ok
[INFO] [stdout] test and_clause::method_and_should_be_an_alias_to_where_clause ... ok
[INFO] [stdout] test delete_clause::method_delete_should_trim_space_of_the_argument ... ok
[INFO] [stdout] test builder_methods::method_raw_should_not_accumulate_arguments_with_the_same_content ... ok
[INFO] [stdout] test delete_clause::method_raw_after_should_add_raw_sql_after_delete_clause ... ok
[INFO] [stdout] test where_clause::clause_where_should_be_after_delete_from_clause ... ok
[INFO] [stdout] test where_clause::method_raw_after_should_add_raw_sql_after_where_clause ... ok
[INFO] [stdout] test where_clause::method_raw_before_should_add_raw_sql_before_where_clause ... ok
[INFO] [stdout] test where_clause::method_where_clause_should_not_accumulate_arguments_with_the_same_content ... ok
[INFO] [stdout] test builder_methods::method_raw_should_trim_space_of_the_argument ... ok
[INFO] [stdout] test delete_clause::method_raw_before_should_add_raw_sql_before_delete_clause ... ok
[INFO] [stderr]      Running tests/delete_builder_features_spec.rs (/opt/rustwide/target/debug/deps/delete_builder_features_spec-3970e32de4eb3755)
[INFO] [stdout] test where_clause::method_where_should_add_the_where_clause ... ok
[INFO] [stdout] test where_clause::method_where_should_trim_space_of_the_argument ... ok
[INFO] [stdout] test where_clause::method_where_should_accumulate_values_on_consecutive_calls ... ok
[INFO] [stdout] 
[INFO] [stdout] test result: ok. 24 passed; 0 failed; 0 ignored; 0 measured; 0 filtered out; finished in 0.01s
[INFO] [stdout] 
[INFO] [stderr]      Running tests/feature_flag_postgresql.rs (/opt/rustwide/target/debug/deps/feature_flag_postgresql-1737f4761a86808a)
[INFO] [stdout] 
[INFO] [stderr]      Running tests/insert_builder_api_spec.rs (/opt/rustwide/target/debug/deps/insert_builder_api_spec-d5cb8642834e8c77)
[INFO] [stdout] running 5 tests
[INFO] [stdout] test delete_builder_should_be_able_to_conditionally_add_clauses ... ok
[INFO] [stdout] test delete_builder_should_be_cloneable ... ok
[INFO] [stdout] test delete_builder_should_be_displayable ... ok
[INFO] [stdout] test delete_builder_should_be_composable ... ok
[INFO] [stdout] test delete_builder_should_be_debuggable ... ok
[INFO] [stdout] 
[INFO] [stdout] test result: ok. 5 passed; 0 failed; 0 ignored; 0 measured; 0 filtered out; finished in 0.00s
[INFO] [stdout] 
[INFO] [stdout] 
[INFO] [stdout] running 0 tests
[INFO] [stdout] 
[INFO] [stdout] test result: ok. 0 passed; 0 failed; 0 ignored; 0 measured; 0 filtered out; finished in 0.00s
[INFO] [stdout] 
[INFO] [stdout] 
[INFO] [stdout] running 40 tests
[INFO] [stdout] test builder_methods::method_as_string_should_convert_the_current_state_into_string ... ok
[INFO] [stdout] test builder_methods::method_print_should_print_in_one_line_the_current_state_of_builder ... ok
[INFO] [stdout] test builder_methods::method_raw_after_should_trim_space_of_the_argument ... ok
[INFO] [stdout] test builder_methods::method_raw_before_should_trim_space_of_the_argument ... ok
[INFO] [stdout] test builder_methods::method_raw_should_be_the_first_to_be_concatenated ... ok
[INFO] [stdout] test builder_methods::method_raw_should_not_accumulate_arguments_with_the_same_content ... ok
[INFO] [stdout] test builder_methods::method_raw_should_trim_space_of_the_argument ... ok
[INFO] [stdout] test insert_into_clause::method_insert_into_should_add_a_insert_into_clause ... ok
[INFO] [stdout] test insert_into_clause::method_insert_into_should_override_value_on_consecutive_calls ... ok
[INFO] [stdout] test insert_into_clause::method_insert_into_should_trim_space_of_the_argument ... ok
[INFO] [stdout] test insert_into_clause::method_raw_after_should_add_raw_sql_after_insert_into_clause ... ok
[INFO] [stdout] test insert_into_clause::method_raw_before_should_add_raw_sql_before_insert_into_clause ... ok
[INFO] [stdout] test on_conflict_clause::clause_on_conflict_should_be_after_values_clause ... ok
[INFO] [stdout] test on_conflict_clause::method_on_conflict_should_add_a_on_conflict_clause ... ok
[INFO] [stdout] test on_conflict_clause::method_on_conflict_should_override_value_on_consecutive_calls ... ok
[INFO] [stdout] test on_conflict_clause::method_on_conflict_should_trim_space_of_the_argument ... ok
[INFO] [stdout] test on_conflict_clause::method_raw_after_should_add_raw_sql_after_on_conflict_clause ... ok
[INFO] [stdout] test builder_methods::method_raw_should_accumulate_values_on_consecutive_calls ... ok
[INFO] [stdout] test builder_methods::method_debug_should_print_at_console_in_a_human_readable_format ... ok
[INFO] [stdout] test overriding_clause::clause_overriding_should_be_after_insert_into_clause ... ok
[INFO] [stdout] test overriding_clause::method_overriding_should_add_a_overriding_clause ... ok
[INFO] [stdout] test on_conflict_clause::method_raw_before_should_add_raw_sql_before_on_conflict_clause ... ok
[INFO] [stdout] test overriding_clause::method_overrinding_should_trim_space_of_the_argument ... ok
[INFO] [stdout] test overriding_clause::method_overriding_should_override_value_on_consecutive_calls ... ok
[INFO] [stdout] test builder_methods::method_new_should_initialize_as_empty_string ... ok
[INFO] [stdout] test select_clause::method_select_should_add_a_select_clause ... ok
[INFO] [stdout] test select_clause::clause_select_should_be_after_insert_into_clause ... ok
[INFO] [stdout] test select_clause::method_raw_after_should_add_raw_sql_after_select_clause ... ok
[INFO] [stdout] test select_clause::method_select_should_override_value_on_consecutive_calls ... ok
[INFO] [stdout] test select_clause::method_raw_before_should_add_raw_sql_before_select_clause ... ok
[INFO] [stdout] test overriding_clause::method_raw_before_should_add_raw_sql_before_overriding_clause ... ok
[INFO] [stdout] test values_clause::clause_values_should_be_after_insert_into_clause ... ok
[INFO] [stdout] test values_clause::method_raw_before_should_add_raw_sql_before_values_clause ... ok
[INFO] [stdout] test values_clause::method_values_should_accumulate_values_on_consecutive_calls ... ok
[INFO] [stdout] test values_clause::method_values_should_add_a_values_clause ... ok
[INFO] [stdout] test values_clause::method_values_should_not_accumulate_arguments_with_the_same_content ... ok
[INFO] [stdout] test overriding_clause::method_raw_after_should_add_raw_sql_after_overriding_clause ... ok
[INFO] [stdout] test values_clause::method_raw_after_should_add_raw_sql_after_values_clause ... ok
[INFO] [stdout] test builder_methods::method_raw_should_add_raw_sql ... ok
[INFO] [stderr]      Running tests/insert_builder_features_spec.rs (/opt/rustwide/target/debug/deps/insert_builder_features_spec-f7c88987fe084db9)
[INFO] [stdout] test values_clause::method_values_should_trim_space_of_the_argument ... ok
[INFO] [stdout] 
[INFO] [stdout] test result: ok. 40 passed; 0 failed; 0 ignored; 0 measured; 0 filtered out; finished in 0.01s
[INFO] [stdout] 
[INFO] [stdout] 
[INFO] [stdout] running 5 tests
[INFO] [stdout] test insert_builder_should_be_able_to_conditionally_add_clauses ... ok
[INFO] [stdout] test insert_builder_should_be_cloneable ... ok
[INFO] [stdout] test insert_builder_should_be_composable ... ok
[INFO] [stdout] test insert_builder_should_be_debuggable ... ok
[INFO] [stderr]      Running tests/select_builder_api_join_spec.rs (/opt/rustwide/target/debug/deps/select_builder_api_join_spec-2e0747962b34aecf)
[INFO] [stdout] test insert_builder_should_be_displayable ... ok
[INFO] [stdout] 
[INFO] [stdout] test result: ok. 5 passed; 0 failed; 0 ignored; 0 measured; 0 filtered out; finished in 0.00s
[INFO] [stdout] 
[INFO] [stdout] 
[INFO] [stdout] running 22 tests
[INFO] [stdout] test cross_join_clause::method_cross_join_by_should_trim_space_of_the_argument ... ok
[INFO] [stdout] test cross_join_clause::method_cross_join_should_accumulate_values_on_consecutive_calls ... ok
[INFO] [stdout] test cross_join_clause::method_cross_join_should_add_the_cross_join_clause ... ok
[INFO] [stdout] test inner_join_clause::clause_inner_join_should_be_after_from_clause ... ok
[INFO] [stdout] test inner_join_clause::method_inner_join_should_not_accumulate_arguments_with_the_same_content ... ok
[INFO] [stdout] test left_join_clause::method_left_join_should_accumulate_values_on_consecutive_calls ... ok
[INFO] [stdout] test left_join_clause::clause_left_join_should_be_after_from_clause ... ok
[INFO] [stdout] test left_join_clause::method_left_join_should_not_accumulate_arguments_with_the_same_content ... ok
[INFO] [stdout] test inner_join_clause::method_inner_join_should_add_the_inner_join_clause ... ok
[INFO] [stdout] test inner_join_clause::method_inner_join_should_accumulate_values_on_consecutive_calls ... ok
[INFO] [stdout] test method_raw_before_should_add_raw_sql_before_join_clause ... ok
[INFO] [stdout] test right_join_clause::clause_right_join_should_be_after_from_clause ... ok
[INFO] [stdout] test method_raw_after_should_add_raw_sql_after_join_clause ... ok
[INFO] [stdout] test right_join_clause::method_right_join_by_should_trim_space_of_the_argument ... ok
[INFO] [stdout] test right_join_clause::method_right_join_should_add_the_right_join_clause ... ok
[INFO] [stdout] test right_join_clause::method_right_join_should_not_accumulate_arguments_with_the_same_content ... ok
[INFO] [stdout] test right_join_clause::method_right_join_should_accumulate_values_on_consecutive_calls ... ok
[INFO] [stderr]      Running tests/select_builder_api_spec.rs (/opt/rustwide/target/debug/deps/select_builder_api_spec-4ec6d7467bd57117)
[INFO] [stdout] test left_join_clause::method_left_join_by_should_trim_space_of_the_argument ... ok
[INFO] [stdout] test left_join_clause::method_left_join_should_add_the_left_join_clause ... ok
[INFO] [stdout] test cross_join_clause::clause_cross_join_should_be_after_from_clause ... ok
[INFO] [stdout] test inner_join_clause::method_inner_join_by_should_trim_space_of_the_argument ... ok
[INFO] [stdout] test cross_join_clause::method_cross_join_should_not_accumulate_arguments_with_the_same_content ... ok
[INFO] [stdout] 
[INFO] [stdout] test result: ok. 22 passed; 0 failed; 0 ignored; 0 measured; 0 filtered out; finished in 0.01s
[INFO] [stdout] 
[INFO] [stdout] 
[INFO] [stdout] running 69 tests
[INFO] [stdout] test and_clause::method_and_should_not_accumulate_arguments_with_the_same_content ... ok
[INFO] [stdout] test builder_methods::method_as_string_should_convert_the_current_state_into_string ... ok
[INFO] [stdout] test all_clauses_concatenated_in_order ... ok
[INFO] [stdout] test and_clause::method_and_should_be_an_alias_to_where_clause ... ok
[INFO] [stdout] test builder_methods::method_debug_should_print_at_console_in_a_human_readable_format ... ok
[INFO] [stdout] test builder_methods::method_raw_after_should_trim_space_of_the_argument ... ok
[INFO] [stdout] test and_clause::method_and_should_accumulate_values_on_consecutive_calls ... ok
[INFO] [stdout] test builder_methods::method_raw_should_accumulate_values_on_consecutive_calls ... ok
[INFO] [stdout] test builder_methods::method_raw_should_add_raw_sql ... ok
[INFO] [stdout] test builder_methods::method_raw_should_be_the_first_to_be_concatenated ... ok
[INFO] [stdout] test builder_methods::method_raw_before_should_trim_space_of_the_argument ... ok
[INFO] [stdout] test builder_methods::method_raw_should_trim_space_of_the_argument ... ok
[INFO] [stdout] test from_clause::clause_from_should_be_after_select_clause ... ok
[INFO] [stdout] test from_clause::method_from_should_accumulate_values_on_consecutive_calls ... ok
[INFO] [stdout] test from_clause::method_from_should_add_the_from_clause ... ok
[INFO] [stdout] test from_clause::method_from_should_not_accumulate_arguments_with_the_same_content ... ok
[INFO] [stdout] test from_clause::method_from_should_trim_space_of_the_argument ... ok
[INFO] [stdout] test from_clause::method_raw_after_should_add_raw_sql_after_from_clause ... ok
[INFO] [stdout] test from_clause::method_raw_before_should_add_raw_sql_before_from_clause ... ok
[INFO] [stdout] test group_by_clause::clause_group_by_should_be_after_where_clause ... ok
[INFO] [stdout] test group_by_clause::method_group_by_should_accumulate_values_on_consecutive_calls ... ok
[INFO] [stdout] test group_by_clause::method_group_by_should_add_the_group_by_clause ... ok
[INFO] [stdout] test group_by_clause::method_group_by_should_not_accumulate_arguments_with_the_same_content ... ok
[INFO] [stdout] test group_by_clause::method_group_by_should_trim_space_of_the_argument ... ok
[INFO] [stdout] test group_by_clause::method_raw_after_should_add_raw_sql_after_group_by_clause ... ok
[INFO] [stdout] test group_by_clause::method_raw_before_should_add_raw_sql_before_group_by_clause ... ok
[INFO] [stdout] test having_clause::clause_having_should_be_after_group_by_clause ... ok
[INFO] [stdout] test having_clause::method_having_should_accumulate_values_on_consecutive_calls ... ok
[INFO] [stdout] test having_clause::method_having_should_add_the_having_clause ... ok
[INFO] [stdout] test having_clause::method_having_should_not_accumulate_arguments_with_the_same_content ... ok
[INFO] [stdout] test having_clause::method_having_should_trim_space_of_the_argument ... ok
[INFO] [stdout] test having_clause::method_raw_after_should_add_raw_sql_after_having_clause ... ok
[INFO] [stdout] test having_clause::method_raw_before_should_add_raw_sql_before_having_clause ... ok
[INFO] [stdout] test limit_clause::clause_limit_should_be_after_order_by_clause ... ok
[INFO] [stdout] test limit_clause::method_limit_should_add_the_limit_clause ... ok
[INFO] [stdout] test limit_clause::method_limit_should_override_the_current_value ... ok
[INFO] [stdout] test limit_clause::method_limit_should_trim_space_of_the_argument ... ok
[INFO] [stdout] test limit_clause::method_raw_after_should_add_raw_sql_after_limit_clause ... ok
[INFO] [stdout] test limit_clause::method_raw_before_should_add_raw_sql_before_limit_clause ... ok
[INFO] [stdout] test offset_clause::clause_offset_should_be_after_limit_clause ... ok
[INFO] [stdout] test offset_clause::method_offset_should_add_the_offset_clause ... ok
[INFO] [stdout] test offset_clause::method_offset_should_override_the_current_value ... ok
[INFO] [stdout] test offset_clause::method_offset_should_trim_space_of_the_argument ... ok
[INFO] [stdout] test offset_clause::method_raw_after_should_add_raw_sql_after_offset_clause ... ok
[INFO] [stdout] test offset_clause::method_raw_before_should_add_raw_sql_before_offset_clause ... ok
[INFO] [stdout] test order_by_clause::clause_order_by_should_be_after_having_clause ... ok
[INFO] [stdout] test order_by_clause::method_order_by_should_accumulate_values_on_consecutive_calls ... ok
[INFO] [stdout] test order_by_clause::method_order_by_should_add_the_order_by_clause ... ok
[INFO] [stdout] test order_by_clause::method_order_by_should_not_accumulate_arguments_with_the_same_content ... ok
[INFO] [stdout] test order_by_clause::method_order_by_should_trim_space_of_the_argument ... ok
[INFO] [stdout] test order_by_clause::method_raw_after_should_add_raw_sql_after_order_by_clause ... ok
[INFO] [stdout] test order_by_clause::method_raw_before_should_add_raw_sql_before_order_by_clause ... ok
[INFO] [stdout] test select_clause::method_raw_after_should_add_raw_sql_after_select_clause ... ok
[INFO] [stdout] test select_clause::method_raw_before_should_add_raw_sql_before_select_clause ... ok
[INFO] [stdout] test select_clause::method_select_by_should_trim_space_of_the_argument ... ok
[INFO] [stdout] test select_clause::method_select_should_accumulate_values_on_consecutive_calls ... ok
[INFO] [stdout] test select_clause::method_select_should_add_the_select_clause ... ok
[INFO] [stdout] test select_clause::method_select_should_not_accumulate_arguments_with_the_same_content ... ok
[INFO] [stdout] test where_clause::clause_where_should_be_after_any_of_the_joins_clauses ... ok
[INFO] [stdout] test where_clause::method_raw_after_should_add_raw_sql_after_where_clause ... ok
[INFO] [stdout] test where_clause::method_raw_before_should_add_raw_sql_before_where_clause ... ok
[INFO] [stdout] test where_clause::method_where_by_should_trim_space_of_the_argument ... ok
[INFO] [stdout] test where_clause::method_where_should_accumulate_values_on_consecutive_calls ... ok
[INFO] [stdout] test where_clause::method_where_should_not_accumulate_arguments_with_the_same_content ... ok
[INFO] [stdout] test and_clause::method_and_should_trim_space_of_the_argument ... ok
[INFO] [stdout] test where_clause::method_where_should_add_the_where_clause ... ok
[INFO] [stdout] test builder_methods::method_print_should_print_in_one_line_the_current_state_of_builder ... ok
[INFO] [stdout] test builder_methods::method_new_should_initialize_as_empty_string ... ok
[INFO] [stderr]      Running tests/select_builder_features.rs (/opt/rustwide/target/debug/deps/select_builder_features-5745d2da9b5e410c)
[INFO] [stdout] test builder_methods::method_raw_should_not_accumulate_arguments_with_the_same_content ... ok
[INFO] [stdout] 
[INFO] [stdout] test result: ok. 69 passed; 0 failed; 0 ignored; 0 measured; 0 filtered out; finished in 0.02s
[INFO] [stdout] 
[INFO] [stdout] 
[INFO] [stdout] running 5 tests
[INFO] [stderr]      Running tests/update_builder_api_spec.rs (/opt/rustwide/target/debug/deps/update_builder_api_spec-24bff676808b84b7)
[INFO] [stdout] test select_builder_should_be_able_to_conditionally_add_clauses ... ok
[INFO] [stdout] test select_builder_should_be_displayable ... ok
[INFO] [stdout] test select_builder_should_be_debuggable ... ok
[INFO] [stdout] test select_builder_should_be_composable ... ok
[INFO] [stdout] test select_builder_should_be_cloneable ... ok
[INFO] [stdout] 
[INFO] [stdout] test result: ok. 5 passed; 0 failed; 0 ignored; 0 measured; 0 filtered out; finished in 0.00s
[INFO] [stdout] 
[INFO] [stdout] 
[INFO] [stdout] running 31 tests
[INFO] [stdout] test builder_methods::method_raw_before_should_trim_space_of_the_argument ... ok
[INFO] [stdout] test builder_methods::method_new_should_initialize_as_empty_string ... ok
[INFO] [stdout] test builder_methods::method_print_should_print_in_one_line_the_current_state_of_builder ... ok
[INFO] [stdout] test builder_methods::method_as_string_should_convert_the_current_state_into_string ... ok
[INFO] [stdout] test builder_methods::method_raw_after_should_trim_space_of_the_argument ... ok
[INFO] [stdout] test builder_methods::method_debug_should_print_at_console_in_a_human_readable_format ... ok
[INFO] [stdout] test builder_methods::method_raw_should_trim_space_of_the_argument ... ok
[INFO] [stdout] test set_clause::clause_set_should_be_after_update_clause ... ok
[INFO] [stdout] test set_clause::method_set_should_accumulate_values_on_consecutive_calls ... ok
[INFO] [stdout] test builder_methods::method_raw_should_accumulate_values_on_consecutive_calls ... ok
[INFO] [stdout] test builder_methods::method_raw_should_not_accumulate_arguments_with_the_same_content ... ok
[INFO] [stdout] test set_clause::method_raw_after_should_add_raw_sql_after_set_clause ... ok
[INFO] [stdout] test set_clause::method_set_should_add_a_set_clause ... ok
[INFO] [stdout] test set_clause::method_raw_before_should_add_raw_sql_before_set_clause ... ok
[INFO] [stdout] test set_clause::method_set_should_not_accumulate_arguments_with_the_same_content ... ok
[INFO] [stdout] test set_clause::method_set_should_trim_space_of_the_argument ... ok
[INFO] [stdout] test update_clause::method_raw_after_should_add_raw_sql_after_update_clause ... ok
[INFO] [stdout] test update_clause::method_update_should_override_value_on_consecutive_calls ... ok
[INFO] [stdout] test where_clause::clause_where_should_be_after_set_clause ... ok
[INFO] [stdout] test update_clause::method_update_should_trim_space_of_the_argument ... ok
[INFO] [stdout] test builder_methods::method_raw_should_add_raw_sql ... ok
[INFO] [stdout] test update_clause::method_raw_before_should_add_raw_sql_before_update_clause ... ok
[INFO] [stdout] test update_clause::method_update_should_add_a_update_clause ... ok
[INFO] [stdout] test and_clause::method_and_should_be_an_alias_to_where_clause ... ok
[INFO] [stdout] test where_clause::method_where_should_add_the_where_clause ... ok
[INFO] [stdout] test where_clause::method_where_clause_should_not_accumulate_arguments_with_the_same_content ... ok
[INFO] [stdout] test where_clause::method_raw_after_should_add_raw_sql_after_where_clause ... ok
[INFO] [stdout] test where_clause::method_raw_before_should_add_raw_sql_before_where_clause ... ok
[INFO] [stdout] test where_clause::method_where_should_accumulate_values_on_consecutive_calls ... ok
[INFO] [stdout] test where_clause::method_where_should_trim_space_of_the_argument ... ok
[INFO] [stderr]      Running tests/update_builder_features_spec.rs (/opt/rustwide/target/debug/deps/update_builder_features_spec-6ed99c8a2d8f0eef)
[INFO] [stdout] test builder_methods::method_raw_should_be_the_first_to_be_concatenated ... ok
[INFO] [stdout] 
[INFO] [stdout] test result: ok. 31 passed; 0 failed; 0 ignored; 0 measured; 0 filtered out; finished in 0.01s
[INFO] [stdout] 
[INFO] [stdout] 
[INFO] [stdout] running 5 tests
[INFO] [stdout] test update_builder_should_be_cloneable ... ok
[INFO] [stdout] test update_builder_should_be_composable ... ok
[INFO] [stdout] test update_builder_should_be_displayable ... ok
[INFO] [stdout] test update_builder_should_be_debuggable ... ok
[INFO] [stdout] test update_builder_should_be_able_to_conditionally_add_clauses ... ok
[INFO] [stdout] 
[INFO] [stdout] test result: ok. 5 passed; 0 failed; 0 ignored; 0 measured; 0 filtered out; finished in 0.01s
[INFO] [stdout] 
[INFO] [stderr]      Running tests/values_builder_api_spec.rs (/opt/rustwide/target/debug/deps/values_builder_api_spec-2aa5e7ccf5b5605a)
[INFO] [stdout] 
[INFO] [stdout] running 17 tests
[INFO] [stdout] test builder_methods::method_new_should_initialize_as_empty_string ... ok
[INFO] [stdout] test builder_methods::method_print_should_print_in_one_line_the_current_state_of_builder ... ok
[INFO] [stdout] test builder_methods::method_raw_before_should_trim_space_of_the_argument ... ok
[INFO] [stdout] test builder_methods::method_as_string_should_convert_the_current_state_into_string ... ok
[INFO] [stdout] test builder_methods::method_raw_after_should_trim_space_of_the_argument ... ok
[INFO] [stdout] test builder_methods::method_raw_should_be_the_first_to_be_concatenated ... ok
[INFO] [stdout] test builder_methods::method_debug_should_print_at_console_in_a_human_readable_format ... ok
[INFO] [stdout] test builder_methods::method_raw_should_accumulate_values_on_consecutive_calls ... ok
[INFO] [stdout] test values_clause::method_raw_after_should_add_raw_sql_after_values_clause ... ok
[INFO] [stdout] test builder_methods::method_raw_should_not_accumulate_arguments_with_the_same_content ... ok
[INFO] [stdout] test values_clause::method_values_should_accumulate_values_on_consecutive_calls ... ok
[INFO] [stdout] test values_clause::method_values_should_add_a_values_clause ... ok
[INFO] [stdout] test values_clause::method_values_should_not_accumulate_arguments_with_the_same_content ... ok
[INFO] [stdout] test builder_methods::method_raw_should_add_raw_sql ... ok
[INFO] [stdout] test values_clause::method_values_should_trim_space_of_the_argument ... ok
[INFO] [stdout] test builder_methods::method_raw_should_trim_space_of_the_argument ... ok
[INFO] [stdout] test values_clause::method_raw_before_should_add_raw_sql_before_values_clause ... ok
[INFO] [stdout] 
[INFO] [stdout] test result: ok. 17 passed; 0 failed; 0 ignored; 0 measured; 0 filtered out; finished in 0.02s
[INFO] [stdout] 
[INFO] [stderr]      Running tests/values_builder_features_spec.rs (/opt/rustwide/target/debug/deps/values_builder_features_spec-a3cc52299309fd29)
[INFO] [stdout] 
[INFO] [stdout] running 5 tests
[INFO] [stdout] test values_builder_should_be_composable ... ok
[INFO] [stdout] test values_builder_should_be_able_to_conditionally_add_clauses ... ok
[INFO] [stdout] test values_builder_should_be_displayable ... ok
[INFO] [stdout] test values_builder_should_be_cloneable ... ok
[INFO] [stdout] test values_builder_should_be_debuggable ... ok
[INFO] [stdout] 
[INFO] [stdout] test result: ok. 5 passed; 0 failed; 0 ignored; 0 measured; 0 filtered out; finished in 0.01s
[INFO] [stdout] 
[INFO] [stderr]    Doc-tests sql_query_builder
[INFO] [stdout] 
[INFO] [stdout] running 57 tests
[INFO] [stdout] test src/delete/delete.rs - delete::delete::Delete<'a>::as_string (line 27) ... ok
[INFO] [stdout] test src/delete/delete.rs - delete::delete::Delete<'a>::delete_from (line 75) ... ok
[INFO] [stdout] test src/delete/delete.rs - delete::delete::Delete<'a>::where_clause (line 185) ... ok
[INFO] [stdout] test src/delete/delete.rs - delete::delete::Delete<'a>::raw_after (line 130) ... ok
[INFO] [stdout] test src/delete/delete.rs - delete::delete::Delete<'a>::debug (line 49) ... ok
[INFO] [stdout] test src/delete/delete.rs - delete::delete::Delete<'a>::raw (line 106) ... ok
[INFO] [stdout] test src/delete/delete.rs - delete::delete::Delete<'a>::with (line 200) ... FAILED
[INFO] [stdout] test src/delete/delete.rs - delete::delete::Delete<'a>::raw_before (line 154) ... ok
[INFO] [stdout] test src/delete/delete.rs - delete::delete::Delete<'a>::and (line 11) ... ok
[INFO] [stdout] test src/insert/insert.rs - insert::insert::Insert<'a>::with (line 217) ... FAILED
[INFO] [stdout] test src/insert/insert.rs - insert::insert::Insert<'a>::debug (line 33) ... ok
[INFO] [stdout] test src/insert/insert.rs - insert::insert::Insert<'a>::insert_into (line 59) ... ok
[INFO] [stdout] test src/insert/insert.rs - insert::insert::Insert<'a>::as_string (line 11) ... ok
[INFO] [stdout] test src/insert/insert.rs - insert::insert::Insert<'a>::raw_before (line 180) ... ok
[INFO] [stdout] test src/insert/insert.rs - insert::insert::Insert<'a>::select (line 102) ... ok
[INFO] [stdout] test src/lib.rs - (line 100) ... ok
[INFO] [stdout] test src/insert/insert.rs - insert::insert::Insert<'a>::raw (line 132) ... ok
[INFO] [stdout] test src/insert/insert.rs - insert::insert::Insert<'a>::raw_after (line 156) ... ok
[INFO] [stdout] test src/lib.rs - (line 173) ... ok
[INFO] [stdout] test src/lib.rs - (line 120) ... ok
[INFO] [stdout] test src/lib.rs - (line 188) ... ok
[INFO] [stdout] test src/lib.rs - (line 58) ... ok
[INFO] [stdout] test src/lib.rs - (line 201) ... ok
[INFO] [stdout] test src/lib.rs - (line 9) ... ok
[INFO] [stdout] test src/lib.rs - (line 71) ... ok
[INFO] [stdout] test src/select/select.rs - select::select::Select<'a>::and (line 11) ... ok
[INFO] [stdout] test src/lib.rs - (line 84) ... ok
[INFO] [stdout] test src/select/select.rs - select::select::Select<'a>::debug (line 71) ... ok
[INFO] [stdout] test src/select/select.rs - select::select::Select<'a>::as_string (line 26) ... ok
[INFO] [stdout] test src/select/select.rs - select::select::Select<'a>::limit (line 162) ... ok
[INFO] [stdout] test src/select/select.rs - select::select::Select<'a>::with (line 323) ... FAILED
[INFO] [stdout] test src/select/select.rs - select::select::Select<'a>::debug (line 49) ... ok
[INFO] [stdout] test src/select/select.rs - select::select::Select<'a>::offset (line 185) ... ok
[INFO] [stdout] test src/select/select.rs - select::select::Select<'a>::raw_after (line 241) ... ok
[INFO] [stdout] test src/select/select.rs - select::select::Select<'a>::raw (line 217) ... ok
[INFO] [stdout] test src/select/select.rs - select::select::Select<'a>::where_clause (line 308) ... ok
[INFO] [stdout] test src/structure.rs - structure::DeleteClause (line 26) ... ok
[INFO] [stdout] test src/structure.rs - structure::SelectClause (line 119) ... ok
[INFO] [stdout] test src/structure.rs - structure::UpdateClause (line 173) ... ok
[INFO] [stdout] test src/structure.rs - structure::InsertClause (line 67) ... ok
[INFO] [stdout] test src/structure.rs - structure::ValuesClause (line 208) ... ok
[INFO] [stdout] test src/update/update.rs - update::update::Update<'a>::and (line 11) ... ok
[INFO] [stdout] test src/update/update.rs - update::update::Update<'a>::debug (line 50) ... ok
[INFO] [stdout] test src/update/update.rs - update::update::Update<'a>::raw (line 96) ... ok
[INFO] [stdout] test src/select/select.rs - select::select::Select<'a>::raw_before (line 269) ... ok
[INFO] [stdout] test src/update/update.rs - update::update::Update<'a>::raw_after (line 120) ... ok
[INFO] [stdout] test src/update/update.rs - update::update::Update<'a>::as_string (line 28) ... ok
[INFO] [stdout] test src/update/update.rs - update::update::Update<'a>::raw_before (line 144) ... ok
[INFO] [stdout] test src/update/update.rs - update::update::Update<'a>::with (line 215) ... FAILED
[INFO] [stdout] test src/update/update.rs - update::update::Update<'a>::update (line 181) ... ok
[INFO] [stdout] test src/update/update.rs - update::update::Update<'a>::where_clause (line 199) ... ok
[INFO] [stdout] test src/values/values.rs - values::values::Values::as_string (line 11) ... ok
[INFO] [stdout] test src/values/values.rs - values::values::Values::values (line 139) ... ok
[INFO] [stdout] test src/values/values.rs - values::values::Values::debug (line 32) ... ok
[INFO] [stdout] test src/values/values.rs - values::values::Values::raw_before (line 115) ... ok
[INFO] [stdout] test src/values/values.rs - values::values::Values::raw (line 68) ... ok
[INFO] [stdout] test src/values/values.rs - values::values::Values::raw_after (line 92) ... ok
[INFO] [stdout] 
[INFO] [stdout] failures:
[INFO] [stdout] 
[INFO] [stdout] ---- src/delete/delete.rs - delete::delete::Delete<'a>::with (line 200) stdout ----
[INFO] [stdout] error[E0599]: no method named `with` found for struct `Delete` in the current scope
[INFO] [stdout]  --> src/delete/delete.rs:205:4
[INFO] [stdout]   |
[INFO] [stdout] 7 |   let delete = sql::Delete::new()
[INFO] [stdout]   |  ______________-
[INFO] [stdout] 8 | |   .with("deactivated_users", deactivated_users)
[INFO] [stdout]   | |   -^^^^ method not found in `Delete<'_>`
[INFO] [stdout]   | |___|
[INFO] [stdout]   | 
[INFO] [stdout] 
[INFO] [stdout] error: aborting due to previous error
[INFO] [stdout] 
[INFO] [stdout] For more information about this error, try `rustc --explain E0599`.
[INFO] [stdout] Couldn't compile the test.
[INFO] [stdout] ---- src/insert/insert.rs - insert::insert::Insert<'a>::with (line 217) stdout ----
[INFO] [stdout] error[E0599]: no method named `with` found for struct `Insert` in the current scope
[INFO] [stdout]  --> src/insert/insert.rs:222:4
[INFO] [stdout]   |
[INFO] [stdout] 7 |   let insert = sql::Insert::new()
[INFO] [stdout]   |  ______________-
[INFO] [stdout] 8 | |   .with("active_users", active_users)
[INFO] [stdout]   | |   -^^^^ method not found in `Insert<'_>`
[INFO] [stdout]   | |___|
[INFO] [stdout]   | 
[INFO] [stdout] 
[INFO] [stdout] error: aborting due to previous error
[INFO] [stdout] 
[INFO] [stdout] For more information about this error, try `rustc --explain E0599`.
[INFO] [stdout] Couldn't compile the test.
[INFO] [stdout] ---- src/select/select.rs - select::select::Select<'a>::with (line 323) stdout ----
[INFO] [stdout] error[E0599]: no method named `with` found for struct `sql_query_builder::Select` in the current scope
[INFO] [stdout]  --> src/select/select.rs:328:4
[INFO] [stdout]   |
[INFO] [stdout] 7 |   let select = sql::Select::new()
[INFO] [stdout]   |  ______________-
[INFO] [stdout] 8 | |   .with("logins", logins)
[INFO] [stdout]   | |   -^^^^ method not found in `Select<'_>`
[INFO] [stdout]   | |___|
[INFO] [stdout]   | 
[INFO] [stdout] 
[INFO] [stdout] error: aborting due to previous error
[INFO] [stdout] 
[INFO] [stdout] For more information about this error, try `rustc --explain E0599`.
[INFO] [stdout] Couldn't compile the test.
[INFO] [stdout] ---- src/update/update.rs - update::update::Update<'a>::with (line 215) stdout ----
[INFO] [stdout] error[E0599]: no method named `returning` found for struct `Insert` in the current scope
[INFO] [stdout]  --> src/update/update.rs:221:4
[INFO] [stdout]   |
[INFO] [stdout] 6 |   let user = sql::Insert::new()
[INFO] [stdout]   |  ____________-
[INFO] [stdout] 7 | |   .insert_into("users(login, name)")
[INFO] [stdout] 8 | |   .values("('foo', 'Foo')")
[INFO] [stdout] 9 | |   .returning("group_id");
[INFO] [stdout]   | |   -^^^^^^^^^ method not found in `Insert<'_>`
[INFO] [stdout]   | |___|
[INFO] [stdout]   | 
[INFO] [stdout] 
[INFO] [stdout] error[E0599]: no method named `with` found for struct `sql_query_builder::Update` in the current scope
[INFO] [stdout]   --> src/update/update.rs:223:4
[INFO] [stdout]    |
[INFO] [stdout] 10 |   let update = sql::Update::new()
[INFO] [stdout]    |  ______________-
[INFO] [stdout] 11 | |   .with("user", user)
[INFO] [stdout]    | |   -^^^^ method not found in `Update<'_>`
[INFO] [stdout]    | |___|
[INFO] [stdout]    | 
[INFO] [stdout] 
[INFO] [stdout] error: aborting due to 2 previous errors
[INFO] [stdout] 
[INFO] [stdout] For more information about this error, try `rustc --explain E0599`.
[INFO] [stdout] Couldn't compile the test.
[INFO] [stdout] 
[INFO] [stdout] failures:
[INFO] [stdout]     src/delete/delete.rs - delete::delete::Delete<'a>::with (line 200)
[INFO] [stdout]     src/insert/insert.rs - insert::insert::Insert<'a>::with (line 217)
[INFO] [stdout]     src/select/select.rs - select::select::Select<'a>::with (line 323)
[INFO] [stdout]     src/update/update.rs - update::update::Update<'a>::with (line 215)
[INFO] [stdout] 
[INFO] [stdout] test result: FAILED. 53 passed; 4 failed; 0 ignored; 0 measured; 0 filtered out; finished in 6.04s
[INFO] [stdout] 
[INFO] [stderr] error: doctest failed, to rerun pass `--doc`
[INFO] running `Command { std: "docker" "inspect" "5cd2e03d7b2c22821cfad05b997b0dda37136d423038b7827607f89d88af6939", kill_on_drop: false }`
[INFO] running `Command { std: "docker" "rm" "-f" "5cd2e03d7b2c22821cfad05b997b0dda37136d423038b7827607f89d88af6939", kill_on_drop: false }`
[INFO] [stdout] 5cd2e03d7b2c22821cfad05b997b0dda37136d423038b7827607f89d88af6939
